11-10 23:01:36.870 18295 18295 I WindowManager: Override config changes=200 {1.0 ?mcc?mnc [ja_JP] ldltr sw392dp w392dp h786dp 440dpi nrml long port night finger -keyb/h/h -nav/h winConfig={ mBounds=Rect(0, 0 - 1080, 2400) mAppBounds=Rect(0, 104 - 1080, 2268) mWindowingMode=fullscreen mDisplayWindowingMode=fullscreen mActivityType=undefined mAlwaysOnTop=undefined mRotation=ROTATION_0} s.6} for displayId=0
11-10 23:01:36.870 0 0 D lahaina-asoc-snd soc: qcom,msm-audio-apr:qcom,q6core-audio:sound: msm_mi2s_snd_startup: substream = subdevice #0 stream = 0, dai name Tertiary MI2S, dai ID 2
11-10 23:01:36.870 0 0 D msm_be_hw_params_fixup: dai_id= 45, format = 2, rate = 96000
11-10 23:01:36.870 0 0 D msm_be_hw_params_fixup: dai_id= 45, format = 6, rate = 96000
11-10 23:01:36.870 0 0 E : tfa98xx_hw_params-1
11-10 23:01:36.870 0 0 D [tfa98xx] tfa98xx_hw_params(): Requested rate: 96000, sample size: 24, physical size: 32
11-10 23:01:36.870 0 0 D [tfa98xx] tfa98xx_hw_params(): tfa98xx_hw_params: Requested width: 24
11-10 23:01:36.870 0 0 D [tfa98xx] tfa98xx_hw_params(): mixer profile:container profile = [1:1]
11-10 23:01:36.870 0 0 D msm_be_hw_params_fixup: dai_id= 45, format = 6, rate = 96000
11-10 23:01:36.870 0 0 E : tfa98xx_hw_params-1
11-10 23:01:36.870 0 0 D [tfa98xx] tfa98xx_hw_params(): Requested rate: 96000, sample size: 24, physical size: 32
11-10 23:01:36.870 0 0 D [tfa98xx] tfa98xx_hw_params(): tfa98xx_hw_params: Requested width: 24
11-10 23:01:36.870 0 0 D [tfa98xx] tfa98xx_hw_params(): mixer profile:container profile = [1:1]
11-10 23:01:36.870 0 0 D msm_be_hw_params_fixup: dai_id= 45, format = 6, rate = 96000
11-10 23:01:36.870 0 0 D msm-dai-q6-mi2s soc: qcom,msm-dai-mi2s:qcom,msm-dai-q6-mi2s-tert: msm_dai_q6_mi2s_hw_params: dai id 2 dai_data->channels = 2
11-10 23:01:36.870 0 0 D : sample_rate = 96000 i2s_cfg_minor_version = 0x1
11-10 23:01:36.870 0 0 D : bit_width = 24 channel_mode = 0x2 mono_stereo = 0x1
11-10 23:01:36.870 0 0 D : ws_src = 0x1 sample_rate = 96000 data_format = 0x0
11-10 23:01:36.870 0 0 D : reserved = 0
11-10 23:01:36.871 18295 18295 I SystemServerTiming: OnBootPhase_500_com.android.server.locksettings.LockSettingsService$Lifecycle
11-10 23:01:36.871 18295 18295 I SystemServerTiming: OnBootPhase_500_com.android.server.PersistentDataBlockService
11-10 23:01:36.871 18295 18295 I SystemServerTiming: OnBootPhase_500_com.android.server.testharness.TestHarnessModeService
11-10 23:01:36.871 18295 18295 D TestHarnessModeService: Setting up test harness mode
11-10 23:01:36.871 18295 18295 D TestHarnessModeService: Getting PersistentDataBlockManagerInternal from LocalServices
11-10 23:01:36.871 0 0 D msm_mi2s_get_port_id: port_id = 0x1004
11-10 23:01:36.871 0 0 D msm-dai-q6-mi2s soc: qcom,msm-dai-mi2s:qcom,msm-dai-q6-mi2s-tert: msm_dai_q6_mi2s_prepare: dai id 2, afe port id = 0x1004
11-10 23:01:36.871 0 0 D : dai_data->channels = 2 sample_rate = 96000
11-10 23:01:36.871 0 0 I afe_get_cal_topology_id: port_id = 0x1004 acdb_id = 7 topology_id = 0x112fc cal_type_index=8 ret=0
11-10 23:01:36.871 0 0 E send_afe_cal_type: No cal sent for cal_index 0, port_id = 0x1004! ret -22
11-10 23:01:36.871 18295 18322 D PinnerService: pinRangeStream: null
11-10 23:01:36.871 18295 18322 D PinnerService: pinRangeStream: null
11-10 23:01:36.871 0 0 I afe_send_hw_delay: port_id 0x1004 rate 96000 delay_usec 0 status 0
11-10 23:01:36.874 0 0 I [CSPL] crus_afe_port_start: 0x1004
11-10 23:01:36.874 0 0 D msm-dai-q6-mi2s soc: qcom,msm-dai-mi2s:qcom,msm-dai-q6-mi2s-tert: msm_dai_q6_mi2s_prepare: set hwfree_status to started
11-10 23:01:36.874 0 0 I tfa98xx 1-0034: tfa98xx_mute: state: 0
11-10 23:01:36.874 0 0 E tfa98xx_mute-1 mute:
11-10 23:01:36.874 0 0 D [tfa98xx] tfa98xx_mute(): [goodix] tfa98xx_mute dsp_init=0
11-10 23:01:36.874 0 0 D [tfa98xx] tfa98xx_dsp_init(): [goodix] tfa98xx_dsp_init init_count=0
11-10 23:01:36.874 0 0 D [tfa98xx] tfa98xx_tfa_start(): tfa98xx_tfa_start next_profile=1 vstep=0
11-10 23:01:36.874 0 0 D [tfa98xx] tfa_dev_start(): entry...
11-10 23:01:36.874 18295 18295 I SystemServerTiming: OnBootPhase_500_com.android.server.oemlock.OemLockService
11-10 23:01:36.874 18295 18295 I SystemServerTiming: OnBootPhase_500_com.android.server.DeviceIdleController
11-10 23:01:36.875 0 0 I [tfa98xx] tfa_dev_start(): Active_profile:handset, next_profile:handset
11-10 23:01:36.875 0 0 D [tfa98xx] show_current_state(): Current HW manager state:
11-10 23:01:36.875 0 0 D [tfa98xx] show_current_state(): power_down_state
11-10 23:01:36.875 0 0 D [tfa98xx] show_current_state(): Current HW manager state:
11-10 23:01:36.875 0 0 D [tfa98xx] show_current_state(): power_down_state
11-10 23:01:36.875 18295 18295 E HistoricalRegistry: Interaction before persistence initialized
11-10 23:01:36.875 0 0 D [tfa98xx] tfaRunSpeakerBoost(): Startup of device [RCV] is a warmstart
11-10 23:01:36.875 0 0 D [tfa98xx] tfa_dev_start(): [goodix] tfa_dev_start after osc_powerdown
11-10 23:01:36.875 0 0 D [tfa98xx] tfa_dev_set_state(): tfa_dev_set_state() state=5 is_calibration=0
11-10 23:01:36.876 18295 18295 I SystemServerTiming: OnBootPhase_500_com.android.server.devicepolicy.DevicePolicyManagerService$Lifecycle
11-10 23:01:36.876 18295 18295 I SystemServerTiming: OnBootPhase_500_com.android.server.textservices.TextServicesManagerService$Lifecycle
11-10 23:01:36.876 18295 18295 I SystemServerTiming: OnBootPhase_500_com.android.server.textclassifier.TextClassificationManagerService$Lifecycle
11-10 23:01:36.876 18295 18295 I SystemServerTiming: OnBootPhase_500_com.android.server.NetworkScoreService$Lifecycle
11-10 23:01:36.876 18295 18295 I SystemServerTiming: OnBootPhase_500_com.android.server.wifi.WifiService
11-10 23:01:36.876 0 0 D [tfa98xx] tfa_dev_set_state(): tfa->is_probus_device=1 is_calibration=0
11-10 23:01:36.876 18295 18295 I SystemServerTiming: OnBootPhase_500_com.android.server.wifi.scanner.WifiScanningService
11-10 23:01:36.876 18295 18295 I SystemServerTiming: OnBootPhase_500_com.android.server.wifi.rtt.RttService
11-10 23:01:36.879 18295 18295 I SystemServerTiming: OnBootPhase_500_com.android.server.wifi.aware.WifiAwareService
11-10 23:01:36.880 0 0 D [tfa98xx] tfa_dev_start(): [goodix] tfa_dev_start after implemented tfa_dev_set_state()
11-10 23:01:36.881 0 0 D [tfa98xx] tfa_dev_start(): [goodix] tfa_dev_start after implemented tfaContWriteProfile()
11-10 23:01:36.881 0 0 D [tfa98xx] show_current_state(): Current HW manager state:
11-10 23:01:36.881 0 0 D [tfa98xx] show_current_state(): operating_state
11-10 23:01:36.884 0 0 D [tfa98xx] tfa_dev_start(): [goodix] tfa_dev_start end...
11-10 23:01:36.884 0 0 D [tfa98xx] show_current_state(): Current HW manager state:
11-10 23:01:36.884 0 0 D [tfa98xx] show_current_state(): operating_state
11-10 23:01:36.884 0 0 D [tfa98xx] tfa98xx_tfa_start(): tfa98xx_tfa_start after performed tfa_dev_start return (0)
11-10 23:01:36.885 0 0 D tfa98xx 1-0034: tfa_dev_start success (0)
11-10 23:01:36.885 0 0 I tfa98xx 1-0035: tfa98xx_mute: state: 0
11-10 23:01:36.885 0 0 E tfa98xx_mute-1 mute:
11-10 23:01:36.885 18295 18295 I SystemServerTiming: OnBootPhase_500_com.android.server.wifi.p2p.WifiP2pService
11-10 23:01:36.885 0 0 D [tfa98xx] tfa98xx_mute(): [goodix] tfa98xx_mute dsp_init=0
11-10 23:01:36.885 0 0 D [tfa98xx] tfa98xx_dsp_init(): [goodix] tfa98xx_dsp_init init_count=0
11-10 23:01:36.885 0 0 D [tfa98xx] tfa98xx_tfa_start(): tfa98xx_tfa_start next_profile=1 vstep=0
11-10 23:01:36.885 0 0 D [tfa98xx] tfa_dev_start(): entry...
11-10 23:01:36.885 18295 18295 I SystemServerTiming: OnBootPhase_500_com.android.server.ethernet.EthernetService
11-10 23:01:36.885 0 0 I [tfa98xx] tfa_dev_start(): Active_profile:NONE, next_profile:powerdown.standby
11-10 23:01:36.885 0 0 D [tfa98xx] show_current_state(): Current HW manager state:
11-10 23:01:36.885 0 0 D [tfa98xx] show_current_state(): power_down_state
11-10 23:01:36.885 0 0 I [tfa98xx] tfa_dev_start(): This is .standby profile, we do need power up device 0x35
11-10 23:01:36.885 0 0 D [tfa98xx] tfa_dev_start(): [goodix] tfa_dev_start end...
11-10 23:01:36.885 0 0 D [tfa98xx] show_current_state(): Current HW manager state:
11-10 23:01:36.885 0 0 D [tfa98xx] show_current_state(): power_down_state
11-10 23:01:36.885 0 0 D [tfa98xx] tfa98xx_tfa_start(): tfa98xx_tfa_start after performed tfa_dev_start return (0)
11-10 23:01:36.886 0 0 D tfa98xx 1-0035: tfa_dev_start success (0)
11-10 23:01:36.886 0 0 D [tfa98xx] tfa_dev_set_state(): tfa_dev_set_state() state=32 is_calibration=0
11-10 23:01:36.887 18295 18436 D ConnectivityService: Got NetworkProvider Messenger for Ethernet
11-10 23:01:36.887 0 0 D [tfa98xx] tfa_dev_set_state(): tfa_dev_set_state() state=32 is_calibration=0
11-10 23:01:36.887 18295 18295 I SystemServerTiming: OnBootPhase_500_com.android.server.notification.NotificationManagerService
11-10 23:01:36.887 0 0 D cnss : Runtime resume start
11-10 23:01:36.887 0 0 D cnss : Resuming PCI link
11-10 23:01:36.888 864 864 I android.hardware.wifi@1.0-service: Wifi HAL stopped
11-10 23:01:36.889 0 0 E elliptic_system_configuration_param_put: reg: 0 shift: 23 val: 0
11-10 23:01:36.889 0 0 D cnss : Set PCI link status to: 2
11-10 23:01:36.889 0 0 D cnss : Setting MHI state: RESUME(7)
11-10 23:01:36.890 18295 18295 I SystemServerTiming: OnBootPhase_500_com.android.server.storage.DeviceStorageMonitorService
11-10 23:01:36.890 18295 18295 I SystemServerTiming: OnBootPhase_500_com.android.server.location.LocationManagerService$Lifecycle
11-10 23:01:36.891 18295 18295 E HistoricalRegistry: Interaction before persistence initialized
11-10 23:01:36.891 0 0 D mi2s_rx_sample_rate_get: idx[2]_rx_sample_rate = 96000, item = 8
11-10 23:01:36.891 18295 18295 I SystemServerTiming: OnBootPhase_500_com.android.server.timedetector.TimeDetectorService$Lifecycle
11-10 23:01:36.891 18295 18295 I SystemServerTiming: OnBootPhase_500_com.android.server.timezonedetector.TimeZoneDetectorService$Lifecycle
11-10 23:01:36.891 18295 18295 I SystemServerTiming: OnBootPhase_500_com.android.server.search.SearchManagerService$Lifecycle
11-10 23:01:36.891 18295 18295 I SystemServerTiming: OnBootPhase_500_com.android.server.wallpaper.WallpaperManagerService$Lifecycle
11-10 23:01:36.891 18295 18295 I SystemServerTiming: OnBootPhase_500_com.android.server.audio.AudioService$Lifecycle
11-10 23:01:36.891 18295 18295 I SystemServerTiming: OnBootPhase_500_com.android.server.soundtrigger_middleware.SoundTriggerMiddlewareService$Lifecycle
11-10 23:01:36.891 18295 18295 I SystemServerTiming: OnBootPhase_500_com.android.server.DockObserver
11-10 23:01:36.891 18295 18295 I SystemServerTiming: OnBootPhase_500_com.android.server.midi.MidiService$Lifecycle
11-10 23:01:36.891 18295 18295 I SystemServerTiming: OnBootPhase_500_com.android.server.adb.AdbService$Lifecycle
11-10 23:01:36.891 18295 18295 I SystemServerTiming: OnBootPhase_500_com.android.server.usb.UsbService$Lifecycle
11-10 23:01:36.891 18295 18295 I SystemServerTiming: OnBootPhase_500_com.android.server.twilight.TwilightService
11-10 23:01:36.891 18295 18295 I SystemServerTiming: OnBootPhase_500_com.android.server.display.color.ColorDisplayService
11-10 23:01:36.892 18295 18295 I SystemServerTiming: OnBootPhase_500_com.android.server.job.JobSchedulerService
11-10 23:01:36.892 18295 18295 E HistoricalRegistry: Interaction before persistence initialized
11-10 23:01:36.892 0 0 D msm_mi2s_rx_format_get: idx[2]_rx_format = 6, item = 1
11-10 23:01:36.892 18295 18295 I SystemServerTiming: OnBootPhase_500_com.android.server.soundtrigger.SoundTriggerService
11-10 23:01:36.892 18295 18295 D SoundTriggerService: onBootPhase: 500 : false
11-10 23:01:36.892 18295 18295 I SystemServerTiming: OnBootPhase_500_com.android.server.trust.TrustManagerService
11-10 23:01:36.893 18295 18295 I SystemServerTiming: OnBootPhase_500_com.android.server.backup.BackupManagerService$Lifecycle
11-10 23:01:36.893 18295 18295 I SystemServerTiming: OnBootPhase_500_com.android.server.appwidget.AppWidgetService
11-10 23:01:36.893 18295 18295 I SystemServerTiming: OnBootPhase_500_com.android.server.role.RoleManagerService
11-10 23:01:36.893 18295 18295 I SystemServerTiming: OnBootPhase_500_com.android.server.voiceinteraction.VoiceInteractionManagerService
11-10 23:01:36.893 18295 18295 I SystemServerTiming: OnBootPhase_500_com.android.server.GestureLauncherService
11-10 23:01:36.893 18295 18295 I SystemServerTiming: OnBootPhase_500_com.android.server.SensorNotificationService
11-10 23:01:36.893 18295 18295 I SystemServerTiming: OnBootPhase_500_com.android.server.emergency.EmergencyAffordanceService
11-10 23:01:36.893 18295 18295 I SystemServerTiming: OnBootPhase_500_com.android.server.dreams.DreamManagerService
11-10 23:01:36.893 18295 18295 I SystemServerTiming: OnBootPhase_500_com.android.server.print.PrintManagerService
11-10 23:01:36.893 18295 18295 I SystemServerTiming: OnBootPhase_500_com.android.server.companion.CompanionDeviceManagerService
11-10 23:01:36.893 18295 18295 I SystemServerTiming: OnBootPhase_500_com.android.server.restrictions.RestrictionsManagerService
11-10 23:01:36.893 18295 18295 I SystemServerTiming: OnBootPhase_500_com.android.server.media.MediaSessionService
11-10 23:01:36.893 18295 18295 I SystemServerTiming: OnBootPhase_500_com.android.server.media.MediaResourceMonitorService
11-10 23:01:36.893 18295 18295 I SystemServerTiming: OnBootPhase_500_com.android.server.blob.BlobStoreManagerService
11-10 23:01:36.893 18295 18295 I SystemServerTiming: OnBootPhase_500_com.android.server.biometrics.fingerprint.FingerprintService
11-10 23:01:36.893 18295 18295 I SystemServerTiming: OnBootPhase_500_com.android.server.biometrics.BiometricService
11-10 23:01:36.893 18295 18295 I SystemServerTiming: OnBootPhase_500_com.android.server.biometrics.AuthService
11-10 23:01:36.893 18295 18295 I SystemServerTiming: OnBootPhase_500_com.android.server.pm.ShortcutService$Lifecycle
11-10 23:01:36.893 18295 18295 I SystemServerTiming: OnBootPhase_500_com.android.server.pm.LauncherAppsService
11-10 23:01:36.893 18295 18295 I SystemServerTiming: OnBootPhase_500_com.android.server.pm.CrossProfileAppsService
11-10 23:01:36.893 18295 18295 I SystemServerTiming: OnBootPhase_500_com.android.server.pocket.PocketService
11-10 23:01:36.893 18295 18295 I SystemServerTiming: OnBootPhase_500_com.android.server.people.PeopleService
11-10 23:01:36.893 18295 18295 I SystemServerTiming: OnBootPhase_500_com.android.server.media.projection.MediaProjectionManagerService
11-10 23:01:36.893 18295 18295 I SystemServerTiming: OnBootPhase_500_com.android.server.slice.SliceManagerService$Lifecycle
11-10 23:01:36.893 18295 18295 I SystemServerTiming: OnBootPhase_500_com.android.server.camera.CameraServiceProxy
11-10 23:01:36.893 18295 18295 I SystemServerTiming: OnBootPhase_500_com.android.server.stats.StatsCompanion$Lifecycle
11-10 23:01:36.893 18295 18295 I SystemServerTiming: OnBootPhase_500_com.android.server.stats.pull.StatsPullAtomService
11-10 23:01:36.893 18295 18295 I SystemServerTiming: OnBootPhase_500_com.android.server.incident.IncidentCompanionService
11-10 23:01:36.893 18295 18295 I SystemServerTiming: OnBootPhase_500_com.android.server.MmsServiceBroker
11-10 23:01:36.893 18295 18295 I SystemServerTiming: OnBootPhase_500_com.android.server.autofill.AutofillManagerService
11-10 23:01:36.893 18295 18295 I SystemServerTiming: OnBootPhase_500_com.android.server.clipboard.ClipboardService
11-10 23:01:36.893 18295 18295 I SystemServerTiming: OnBootPhase_500_com.android.server.appbinding.AppBindingService$Lifecycle
11-10 23:01:36.893 18295 18295 I SystemServerTiming: OnBootPhase_500_org.lineageos.platform.internal.ProfileManagerService
11-10 23:01:36.893 18295 18295 I SystemServerTiming: OnBootPhase_500_org.lineageos.platform.internal.LineageHardwareService
11-10 23:01:36.893 18295 18295 I SystemServerTiming: OnBootPhase_500_org.lineageos.platform.internal.PerformanceManagerService
11-10 23:01:36.893 0 0 D msm_mi2s_rx_ch_get: msm_mi2s_[2]_rx_ch = 2
11-10 23:01:36.893 0 0 I [kworke][0x154b00787][23:01:36.893914] wlan: [63:I:PMO] pmo_core_psoc_send_host_wakeup_ind_to_fw: Host wakeup indication sent to fw
11-10 23:01:36.894 18295 18295 I SystemServerTiming: OnBootPhase_500_org.lineageos.platform.internal.display.LiveDisplayService
11-10 23:01:36.894 18295 18295 I SystemServerTiming: OnBootPhase_500_org.lineageos.platform.internal.LineageAudioService
11-10 23:01:36.894 18295 18295 I SystemServerTiming: OnBootPhase_500_org.lineageos.platform.internal.TrustInterfaceService
11-10 23:01:36.894 18295 18295 I SystemServerTiming: OnBootPhase_500_org.lineageos.platform.internal.LineageSettingsService
11-10 23:01:36.894 18295 18295 I SystemServerTiming: OnBootPhase_500_org.lineageos.platform.internal.LineageGlobalActionsService
11-10 23:01:36.894 18295 18295 I SystemServerTiming: MakeWindowManagerServiceReady
11-10 23:01:36.895 18295 18436 D ConnectivityService: Got NetworkProvider Messenger for WIFI_AWARE_FACTORY
11-10 23:01:36.895 0 0 E [soft_i][0x154b0a153][23:01:36.895965] wlan: [0:E:WMA] wma_wake_event_packet: Wake reason UNSPECIFIED is not a packet event
11-10 23:01:36.896 0 0 D cnss : Runtime resume status: 0
11-10 23:01:36.900 0 0 I : Wifi Turning On from UI
11-10 23:01:36.901 864 864 I android.hardware.wifi@1.0-service: Wifi HAL started
11-10 23:01:36.903 18295 18295 I ActivityTaskManager: Config changes=20 {1.0 ?mcc?mnc [ja_JP] ldltr sw392dp w392dp h786dp 440dpi nrml long port night finger -keyb/v/h -nav/h winConfig={ mBounds=Rect(0, 0 - 1080, 2400) mAppBounds=Rect(0, 104 - 1080, 2268) mWindowingMode=fullscreen mDisplayWindowingMode=fullscreen mActivityType=undefined mAlwaysOnTop=undefined mRotation=ROTATION_0} s.8}
11-10 23:01:36.904 18295 18295 I WindowManager: Override config changes=20 {1.0 ?mcc?mnc [ja_JP] ldltr sw392dp w392dp h786dp 440dpi nrml long port night finger -keyb/v/h -nav/h winConfig={ mBounds=Rect(0, 0 - 1080, 2400) mAppBounds=Rect(0, 104 - 1080, 2268) mWindowingMode=fullscreen mDisplayWindowingMode=fullscreen mActivityType=undefined mAlwaysOnTop=undefined mRotation=ROTATION_0} s.8} for displayId=0
11-10 23:01:36.906 18295 18295 I SystemServerTiming: MakePowerManagerServiceReady
11-10 23:01:36.909 18295 18295 E DisplayPowerController: failed to set up display white-balance: java.lang.IllegalStateException: cannot find sensor com.google.sensor.color
11-10 23:01:36.910 0 0 I : xiaomi_touch_dev_open
11-10 23:01:36.910 0 0 I xiaomi_touch_dev_ioctl cmd: 0, touchId:0, mode:14, value:1
11-10 23:01:36.910 0 0 I [FTS_TS/I]fts_set_cur_value: mode:14, value:1
11-10 23:01:36.910 0 0 I [FTS_TS/I]fts_update_gesture_state: gesture state:0x01
11-10 23:01:36.910 0 0 I : Wifi Turning On from UI
11-10 23:01:36.914 18295 18295 I SystemServerTiming: StartPermissionPolicyService
11-10 23:01:36.914 0 0 I [wifi@1][0x154b607b2][23:01:36.914397] wlan: [864:I:DP] dp_vdev_attach_wifi3: wlan_cfg_ap_bridge_enabled 0
11-10 23:01:36.914 18295 18295 I SystemServiceManager: Starting com.android.server.policy.PermissionPolicyService
11-10 23:01:36.915 0 0 I [wifi@1][0x154b63a17][23:01:36.915068] wlan: [864:I:CFR] wlan_cfr_peer_obj_create_handler: cfr is disabled
11-10 23:01:36.915 18295 18295 I SystemServerTiming: MakePackageManagerServiceReady
11-10 23:01:36.916 18295 18330 W KernelCpuProcStringReader: File not found. It's normal if not implemented: /proc/uid_time_in_state
11-10 23:01:36.916 18295 18330 W KernelCpuProcStringReader: File not found. It's normal if not implemented: /proc/uid_concurrent_active_time
11-10 23:01:36.916 18295 18330 W KernelCpuProcStringReader: File not found. It's normal if not implemented: /proc/uid_concurrent_policy_time
11-10 23:01:36.925 864 864 I android.hardware.wifi@1.0-service: Adding interface handle for wifi-aware0
11-10 23:01:36.925 864 864 I android.hardware.wifi@1.0-service: Adding interface handle for wlan0
11-10 23:01:36.925 864 864 I android.hardware.wifi@1.0-service: Adding interface handle for p2p0
11-10 23:01:36.925 864 864 W android.hardware.wifi@1.0-service: No active wlan interfaces in use! Using default
11-10 23:01:36.925 864 864 W android.hardware.wifi@1.0-service: No active wlan interfaces in use! Using default
11-10 23:01:36.926 0 0 E [wifi@1][0x154b9a56d][23:01:36.926739] wlan: [18511:E:wifipos] wifi_pos_process_app_reg_req: Received App Req Req pid(-2105539744), len(16)
11-10 23:01:36.927 864 864 I android.hardware.wifi@1.0-service: Configured chip in mode 3
11-10 23:01:36.927 864 864 W android.hardware.wifi@1.0-service: No active wlan interfaces in use! Using default
11-10 23:01:36.927 0 0 I [wifi@1][0x154b9dee3][23:01:36.927506] wlan: [18511:I:wifipos] wifi_pos_get_ch_info: num channels: 26
11-10 23:01:36.928 0 0 I [wifi@1][0x154ba04cd][23:01:36.928011] wlan: [18511:I:wifipos] wifi_pos_get_ch_info: num channels: 26
11-10 23:01:36.932 864 864 W android.hardware.wifi@1.0-service: No active wlan interfaces in use! Using default
11-10 23:01:36.947 18245 18245 I wificond: create scanner for interface with index: 25
11-10 23:01:36.948 18245 18245 I wificond: subscribe scan result for interface with index: 25
11-10 23:01:37.028 18295 18295 I PackageManager: Permission ownership changed. Updating all permissions.
11-10 23:01:37.037 18295 18295 W PackageManager: Privileged permission android.permission.OBSERVE_GRANT_REVOKE_PERMISSIONS for package com.google.android.gms (/data/app/~~HYWXSbwMou0XMBnINbkfxQ==/com.google.android.gms-9BPfNfcXeZtDULbEUBdVIg==) not in privapp-permissions whitelist
11-10 23:01:37.037 18295 18295 W PackageManager: Privileged permission android.permission.MANAGE_SOUND_TRIGGER for package com.google.android.gms (/data/app/~~HYWXSbwMou0XMBnINbkfxQ==/com.google.android.gms-9BPfNfcXeZtDULbEUBdVIg==) not in privapp-permissions whitelist
11-10 23:01:37.038 18295 18295 W PackageManager: Privileged permission android.permission.START_ACTIVITIES_FROM_BACKGROUND for package com.google.android.gms (/data/app/~~HYWXSbwMou0XMBnINbkfxQ==/com.google.android.gms-9BPfNfcXeZtDULbEUBdVIg==) not in privapp-permissions whitelist
11-10 23:01:37.038 18295 18295 W PackageManager: Privileged permission android.permission.INTERACT_ACROSS_USERS for package com.google.android.gms (/data/app/~~HYWXSbwMou0XMBnINbkfxQ==/com.google.android.gms-9BPfNfcXeZtDULbEUBdVIg==) not in privapp-permissions whitelist
11-10 23:01:37.038 18295 18295 W PackageManager: Privileged permission android.permission.CAPTURE_AUDIO_OUTPUT for package com.google.android.gms (/data/app/~~HYWXSbwMou0XMBnINbkfxQ==/com.google.android.gms-9BPfNfcXeZtDULbEUBdVIg==) not in privapp-permissions whitelist
11-10 23:01:37.038 18295 18295 W PackageManager: Privileged permission android.permission.REMOTE_DISPLAY_PROVIDER for package com.google.android.gms (/data/app/~~HYWXSbwMou0XMBnINbkfxQ==/com.google.android.gms-9BPfNfcXeZtDULbEUBdVIg==) not in privapp-permissions whitelist
11-10 23:01:37.038 18295 18295 W PackageManager: Privileged permission android.permission.RECOVERY for package com.google.android.gms (/data/app/~~HYWXSbwMou0XMBnINbkfxQ==/com.google.android.gms-9BPfNfcXeZtDULbEUBdVIg==) not in privapp-permissions whitelist
11-10 23:01:37.038 18295 18295 W PackageManager: Privileged permission android.permission.READ_DREAM_STATE for package com.google.android.gms (/data/app/~~HYWXSbwMou0XMBnINbkfxQ==/com.google.android.gms-9BPfNfcXeZtDULbEUBdVIg==) not in privapp-permissions whitelist
11-10 23:01:37.038 18295 18295 W PackageManager: Privileged permission android.permission.RECEIVE_DATA_ACTIVITY_CHANGE for package com.google.android.gms (/data/app/~~HYWXSbwMou0XMBnINbkfxQ==/com.google.android.gms-9BPfNfcXeZtDULbEUBdVIg==) not in privapp-permissions whitelist
11-10 23:01:37.038 18295 18295 W PackageManager: Privileged permission android.permission.PROVIDE_TRUST_AGENT for package com.google.android.gms (/data/app/~~HYWXSbwMou0XMBnINbkfxQ==/com.google.android.gms-9BPfNfcXeZtDULbEUBdVIg==) not in privapp-permissions whitelist
11-10 23:01:37.038 18295 18295 W PackageManager: Privileged permission android.permission.DISPATCH_PROVISIONING_MESSAGE for package com.google.android.gms (/data/app/~~HYWXSbwMou0XMBnINbkfxQ==/com.google.android.gms-9BPfNfcXeZtDULbEUBdVIg==) not in privapp-permissions whitelist
11-10 23:01:37.038 18295 18295 W PackageManager: Privileged permission android.permission.RECOVER_KEYSTORE for package com.google.android.gms (/data/app/~~HYWXSbwMou0XMBnINbkfxQ==/com.google.android.gms-9BPfNfcXeZtDULbEUBdVIg==) not in privapp-permissions whitelist
11-10 23:01:37.038 18295 18295 W PackageManager: Privileged permission android.permission.MANAGE_FACTORY_RESET_PROTECTION for package com.google.android.gms (/data/app/~~HYWXSbwMou0XMBnINbkfxQ==/com.google.android.gms-9BPfNfcXeZtDULbEUBdVIg==) not in privapp-permissions whitelist
11-10 23:01:37.038 18295 18295 W PackageManager: Privileged permission android.permission.READ_PRIVILEGED_PHONE_STATE for package com.google.android.gms (/data/app/~~HYWXSbwMou0XMBnINbkfxQ==/com.google.android.gms-9BPfNfcXeZtDULbEUBdVIg==) not in privapp-permissions whitelist
11-10 23:01:37.038 18295 18295 W PackageManager: Privileged permission android.permission.CONNECTIVITY_USE_RESTRICTED_NETWORKS for package com.google.android.gms (/data/app/~~HYWXSbwMou0XMBnINbkfxQ==/com.google.android.gms-9BPfNfcXeZtDULbEUBdVIg==) not in privapp-permissions whitelist
11-10 23:01:37.038 18295 18295 W PackageManager: Privileged permission android.permission.ALLOCATE_AGGRESSIVE for package com.google.android.gms (/data/app/~~HYWXSbwMou0XMBnINbkfxQ==/com.google.android.gms-9BPfNfcXeZtDULbEUBdVIg==) not in privapp-permissions whitelist
11-10 23:01:37.038 18295 18295 W PackageManager: Privileged permission android.permission.SEND_SMS_NO_CONFIRMATION for package com.google.android.gms (/data/app/~~HYWXSbwMou0XMBnINbkfxQ==/com.google.android.gms-9BPfNfcXeZtDULbEUBdVIg==) not in privapp-permissions whitelist
11-10 23:01:37.038 18295 18295 W PackageManager: Privileged permission android.permission.PACKAGE_USAGE_STATS for package com.google.android.gms (/data/app/~~HYWXSbwMou0XMBnINbkfxQ==/com.google.android.gms-9BPfNfcXeZtDULbEUBdVIg==) not in privapp-permissions whitelist
11-10 23:01:37.038 18295 18295 W PackageManager: Privileged permission android.permission.ACCESS_CONTEXT_HUB for package com.google.android.gms (/data/app/~~HYWXSbwMou0XMBnINbkfxQ==/com.google.android.gms-9BPfNfcXeZtDULbEUBdVIg==) not in privapp-permissions whitelist
11-10 23:01:37.038 18295 18295 W PackageManager: Privileged permission android.permission.LOCATION_HARDWARE for package com.google.android.gms (/data/app/~~HYWXSbwMou0XMBnINbkfxQ==/com.google.android.gms-9BPfNfcXeZtDULbEUBdVIg==) not in privapp-permissions whitelist
11-10 23:01:37.038 18295 18295 W PackageManager: Privileged permission android.permission.GET_APP_OPS_STATS for package com.google.android.gms (/data/app/~~HYWXSbwMou0XMBnINbkfxQ==/com.google.android.gms-9BPfNfcXeZtDULbEUBdVIg==) not in privapp-permissions whitelist
11-10 23:01:37.038 18295 18295 W PackageManager: Privileged permission android.permission.UPDATE_APP_OPS_STATS for package com.google.android.gms (/data/app/~~HYWXSbwMou0XMBnINbkfxQ==/com.google.android.gms-9BPfNfcXeZtDULbEUBdVIg==) not in privapp-permissions whitelist
11-10 23:01:37.038 18295 18295 W PackageManager: Privileged permission android.permission.SUBSTITUTE_NOTIFICATION_APP_NAME for package com.google.android.gms (/data/app/~~HYWXSbwMou0XMBnINbkfxQ==/com.google.android.gms-9BPfNfcXeZtDULbEUBdVIg==) not in privapp-permissions whitelist
11-10 23:01:37.038 18295 18295 W PackageManager: Privileged permission android.permission.SUBSTITUTE_SHARE_TARGET_APP_NAME_AND_ICON for package com.google.android.gms (/data/app/~~HYWXSbwMou0XMBnINbkfxQ==/com.google.android.gms-9BPfNfcXeZtDULbEUBdVIg==) not in privapp-permissions whitelist
11-10 23:01:37.038 18295 18295 W PackageManager: Privileged permission android.permission.CAPTURE_AUDIO_HOTWORD for package com.google.android.gms (/data/app/~~HYWXSbwMou0XMBnINbkfxQ==/com.google.android.gms-9BPfNfcXeZtDULbEUBdVIg==) not in privapp-permissions whitelist
11-10 23:01:37.038 18295 18295 W PackageManager: Privileged permission android.permission.MANAGE_VOICE_KEYPHRASES for package com.google.android.gms (/data/app/~~HYWXSbwMou0XMBnINbkfxQ==/com.google.android.gms-9BPfNfcXeZtDULbEUBdVIg==) not in privapp-permissions whitelist
11-10 23:01:37.038 18295 18295 W PackageManager: Privileged permission android.permission.COMPANION_APPROVE_WIFI_CONNECTIONS for package com.google.android.gms (/data/app/~~HYWXSbwMou0XMBnINbkfxQ==/com.google.android.gms-9BPfNfcXeZtDULbEUBdVIg==) not in privapp-permissions whitelist
11-10 23:01:37.039 18295 18295 W PackageManager: Privileged permission android.permission.TETHER_PRIVILEGED for package com.google.android.gms (/data/app/~~HYWXSbwMou0XMBnINbkfxQ==/com.google.android.gms-9BPfNfcXeZtDULbEUBdVIg==) not in privapp-permissions whitelist
11-10 23:01:37.039 18295 18295 W PackageManager: Privileged permission android.permission.CONTROL_DISPLAY_SATURATION for package com.google.android.gms (/data/app/~~HYWXSbwMou0XMBnINbkfxQ==/com.google.android.gms-9BPfNfcXeZtDULbEUBdVIg==) not in privapp-permissions whitelist
11-10 23:01:37.039 18295 18295 W PackageManager: Privileged permission android.permission.SET_TIME_ZONE for package com.google.android.gms (/data/app/~~HYWXSbwMou0XMBnINbkfxQ==/com.google.android.gms-9BPfNfcXeZtDULbEUBdVIg==) not in privapp-permissions whitelist
11-10 23:01:37.039 18295 18295 W PackageManager: Privileged permission android.permission.REAL_GET_TASKS for package com.google.android.gms (/data/app/~~HYWXSbwMou0XMBnINbkfxQ==/com.google.android.gms-9BPfNfcXeZtDULbEUBdVIg==) not in privapp-permissions whitelist
11-10 23:01:37.039 18295 18295 W PackageManager: Privileged permission android.permission.READ_OEM_UNLOCK_STATE for package com.google.android.gms (/data/app/~~HYWXSbwMou0XMBnINbkfxQ==/com.google.android.gms-9BPfNfcXeZtDULbEUBdVIg==) not in privapp-permissions whitelist
11-10 23:01:37.039 18295 18295 W PackageManager: Privileged permission android.permission.ACCESS_NETWORK_CONDITIONS for package com.google.android.gms (/data/app/~~HYWXSbwMou0XMBnINbkfxQ==/com.google.android.gms-9BPfNfcXeZtDULbEUBdVIg==) not in privapp-permissions whitelist
11-10 23:01:37.039 18295 18295 W PackageManager: Privileged permission android.permission.SCORE_NETWORKS for package com.google.android.gms (/data/app/~~HYWXSbwMou0XMBnINbkfxQ==/com.google.android.gms-9BPfNfcXeZtDULbEUBdVIg==) not in privapp-permissions whitelist
11-10 23:01:37.039 18295 18295 W PackageManager: Privileged permission android.permission.OVERRIDE_WIFI_CONFIG for package com.google.android.gms (/data/app/~~HYWXSbwMou0XMBnINbkfxQ==/com.google.android.gms-9BPfNfcXeZtDULbEUBdVIg==) not in privapp-permissions whitelist
11-10 23:01:37.039 18295 18295 W PackageManager: Privileged permission android.permission.MODIFY_PHONE_STATE for package com.google.android.gms (/data/app/~~HYWXSbwMou0XMBnINbkfxQ==/com.google.android.gms-9BPfNfcXeZtDULbEUBdVIg==) not in privapp-permissions whitelist
11-10 23:01:37.039 18295 18295 W PackageManager: Privileged permission android.permission.CONTROL_INCALL_EXPERIENCE for package com.google.android.gms (/data/app/~~HYWXSbwMou0XMBnINbkfxQ==/com.google.android.gms-9BPfNfcXeZtDULbEUBdVIg==) not in privapp-permissions whitelist
11-10 23:01:37.039 18295 18295 W PackageManager: Privileged permission android.permission.MANAGE_USB for package com.google.android.gms (/data/app/~~HYWXSbwMou0XMBnINbkfxQ==/com.google.android.gms-9BPfNfcXeZtDULbEUBdVIg==) not in privapp-permissions whitelist
11-10 23:01:37.039 18295 18295 W PackageManager: Privileged permission android.permission.CALL_PRIVILEGED for package com.google.android.gms (/data/app/~~HYWXSbwMou0XMBnINbkfxQ==/com.google.android.gms-9BPfNfcXeZtDULbEUBdVIg==) not in privapp-permissions whitelist
11-10 23:01:37.039 18295 18295 W PackageManager: Privileged permission android.permission.BLUETOOTH_PRIVILEGED for package com.google.android.gms (/data/app/~~HYWXSbwMou0XMBnINbkfxQ==/com.google.android.gms-9BPfNfcXeZtDULbEUBdVIg==) not in privapp-permissions whitelist
11-10 23:01:37.039 18295 18295 W PackageManager: Privileged permission android.permission.USER_ACTIVITY for package com.google.android.gms (/data/app/~~HYWXSbwMou0XMBnINbkfxQ==/com.google.android.gms-9BPfNfcXeZtDULbEUBdVIg==) not in privapp-permissions whitelist
11-10 23:01:37.039 18295 18295 W PackageManager: Privileged permission android.permission.MODIFY_AUDIO_ROUTING for package com.google.android.gms (/data/app/~~HYWXSbwMou0XMBnINbkfxQ==/com.google.android.gms-9BPfNfcXeZtDULbEUBdVIg==) not in privapp-permissions whitelist
11-10 23:01:37.039 18295 18295 W PackageManager: Privileged permission android.permission.MODIFY_DAY_NIGHT_MODE for package com.google.android.gms (/data/app/~~HYWXSbwMou0XMBnINbkfxQ==/com.google.android.gms-9BPfNfcXeZtDULbEUBdVIg==) not in privapp-permissions whitelist
11-10 23:01:37.039 18295 18295 W PackageManager: Privileged permission android.permission.START_TASKS_FROM_RECENTS for package com.google.android.gms (/data/app/~~HYWXSbwMou0XMBnINbkfxQ==/com.google.android.gms-9BPfNfcXeZtDULbEUBdVIg==) not in privapp-permissions whitelist
11-10 23:01:37.039 18295 18295 W PackageManager: Privileged permission android.permission.ACTIVITY_EMBEDDING for package com.google.android.gms (/data/app/~~HYWXSbwMou0XMBnINbkfxQ==/com.google.android.gms-9BPfNfcXeZtDULbEUBdVIg==) not in privapp-permissions whitelist
11-10 23:01:37.039 18295 18295 W PackageManager: Privileged permission android.permission.PROVIDE_RESOLVER_RANKER_SERVICE for package com.google.android.gms (/data/app/~~HYWXSbwMou0XMBnINbkfxQ==/com.google.android.gms-9BPfNfcXeZtDULbEUBdVIg==) not in privapp-permissions whitelist
11-10 23:01:37.039 18295 18295 W PackageManager: Privileged permission android.permission.READ_LOGS for package com.google.android.gms (/data/app/~~HYWXSbwMou0XMBnINbkfxQ==/com.google.android.gms-9BPfNfcXeZtDULbEUBdVIg==) not in privapp-permissions whitelist
11-10 23:01:37.039 18295 18295 W PackageManager: Privileged permission android.permission.MODIFY_NETWORK_ACCOUNTING for package com.google.android.gms (/data/app/~~HYWXSbwMou0XMBnINbkfxQ==/com.google.android.gms-9BPfNfcXeZtDULbEUBdVIg==) not in privapp-permissions whitelist
11-10 23:01:37.039 18295 18295 W PackageManager: Privileged permission android.permission.INTENT_FILTER_VERIFICATION_AGENT for package com.google.android.gms (/data/app/~~HYWXSbwMou0XMBnINbkfxQ==/com.google.android.gms-9BPfNfcXeZtDULbEUBdVIg==) not in privapp-permissions whitelist
11-10 23:01:37.039 18295 18295 W PackageManager: Privileged permission android.permission.LOCAL_MAC_ADDRESS for package com.google.android.gms (/data/app/~~HYWXSbwMou0XMBnINbkfxQ==/com.google.android.gms-9BPfNfcXeZtDULbEUBdVIg==) not in privapp-permissions whitelist
11-10 23:01:37.039 18295 18295 W PackageManager: Privileged permission android.permission.CHANGE_DEVICE_IDLE_TEMP_WHITELIST for package com.google.android.gms (/data/app/~~HYWXSbwMou0XMBnINbkfxQ==/com.google.android.gms-9BPfNfcXeZtDULbEUBdVIg==) not in privapp-permissions whitelist
11-10 23:01:37.039 18295 18295 W PackageManager: Privileged permission android.permission.READ_WIFI_CREDENTIAL for package com.google.android.gms (/data/app/~~HYWXSbwMou0XMBnINbkfxQ==/com.google.android.gms-9BPfNfcXeZtDULbEUBdVIg==) not in privapp-permissions whitelist
11-10 23:01:37.039 18295 18295 W PackageManager: Privileged permission android.permission.MANAGE_SUBSCRIPTION_PLANS for package com.google.android.gms (/data/app/~~HYWXSbwMou0XMBnINbkfxQ==/com.google.android.gms-9BPfNfcXeZtDULbEUBdVIg==) not in privapp-permissions whitelist
11-10 23:01:37.039 18295 18295 W PackageManager: Privileged permission android.permission.MANAGE_ROLLBACKS for package com.google.android.gms (/data/app/~~HYWXSbwMou0XMBnINbkfxQ==/com.google.android.gms-9BPfNfcXeZtDULbEUBdVIg==) not in privapp-permissions whitelist
11-10 23:01:37.039 18295 18295 W PackageManager: Privileged permission android.permission.BACKUP for package com.google.android.gms (/data/app/~~HYWXSbwMou0XMBnINbkfxQ==/com.google.android.gms-9BPfNfcXeZtDULbEUBdVIg==) not in privapp-permissions whitelist
11-10 23:01:37.039 18295 18295 W PackageManager: Privileged permission android.permission.NOTIFY_PENDING_SYSTEM_UPDATE for package com.google.android.gms (/data/app/~~HYWXSbwMou0XMBnINbkfxQ==/com.google.android.gms-9BPfNfcXeZtDULbEUBdVIg==) not in privapp-permissions whitelist
11-10 23:01:37.039 18295 18295 W PackageManager: Privileged permission android.permission.RESET_PASSWORD for package com.google.android.gms (/data/app/~~HYWXSbwMou0XMBnINbkfxQ==/com.google.android.gms-9BPfNfcXeZtDULbEUBdVIg==) not in privapp-permissions whitelist
11-10 23:01:37.039 18295 18295 W PackageManager: Privileged permission android.permission.LOCK_DEVICE for package com.google.android.gms (/data/app/~~HYWXSbwMou0XMBnINbkfxQ==/com.google.android.gms-9BPfNfcXeZtDULbEUBdVIg==) not in privapp-permissions whitelist
11-10 23:01:37.039 18295 18295 W PackageManager: Privileged permission android.permission.CONTROL_KEYGUARD_SECURE_NOTIFICATIONS for package com.google.android.gms (/data/app/~~HYWXSbwMou0XMBnINbkfxQ==/com.google.android.gms-9BPfNfcXeZtDULbEUBdVIg==) not in privapp-permissions whitelist
11-10 23:01:37.044 18295 18344 W KeyguardServiceDelegate: onScreenTurningOn(): no keyguard service!
11-10 23:01:37.045 18295 18295 V UserDataPreparer: Found /data/user_de/0 with serial number 0
11-10 23:01:37.045 18295 18295 V UserDataPreparer: Found /data/user/0 with serial number 0
11-10 23:01:37.045 18295 18295 V UserDataPreparer: Found /data/system_de/0 with serial number 0
11-10 23:01:37.045 18295 18295 V UserDataPreparer: Found /data/system_ce/0 with serial number 0
11-10 23:01:37.045 18295 18295 V UserDataPreparer: Found /data/misc_ce/0 with serial number 0
11-10 23:01:37.046 18295 18295 E System : ******************************************
11-10 23:01:37.046 18295 18295 E System : ************ Failure starting system services
11-10 23:01:37.046 18295 18295 E System : java.lang.IllegalStateException: Signature|privileged permissions not in privapp-permissions whitelist: {com.google.android.gms (/data/app/~~HYWXSbwMou0XMBnINbkfxQ==/com.google.android.gms-9BPfNfcXeZtDULbEUBdVIg==): android.permission.MODIFY_NETWORK_ACCOUNTING, com.google.android.gms (/data/app/~~HYWXSbwMou0XMBnINbkfxQ==/com.google.android.gms-9BPfNfcXeZtDULbEUBdVIg==): android.permission.CAPTURE_AUDIO_OUTPUT, com.google.android.gms (/data/app/~~HYWXSbwMou0XMBnINbkfxQ==/com.google.android.gms-9BPfNfcXeZtDULbEUBdVIg==): android.permission.BLUETOOTH_PRIVILEGED, com.google.android.gms (/data/app/~~HYWXSbwMou0XMBnINbkfxQ==/com.google.android.gms-9BPfNfcXeZtDULbEUBdVIg==): android.permission.CONTROL_INCALL_EXPERIENCE, com.google.android.gms (/data/app/~~HYWXSbwMou0XMBnINbkfxQ==/com.google.android.gms-9BPfNfcXeZtDULbEUBdVIg==): android.permission.LOCATION_HARDWARE, com.google.android.gms (/data/app/~~HYWXSbwMou0XMBnINbkfxQ==/com.google.android.gms-9BPfNfcXeZtDULbEUBdVIg==): android.permission.CAPTURE_AUDIO_HOTWORD, com.google.android.gms (/data/app/~~HYWXSbwMou0XMBnINbkfxQ==/com.google.android.gms-9BPfNfcXeZtDULbEUBdVIg==): android.permission.PROVIDE_RESOLVER_RANKER_SERVICE, com.google.android.gms (/data/app/~~HYWXSbwMou0XMBnINbkfxQ==/com.google.android.gms-9BPfNfcXeZtDULbEUBdVIg==): android.permission.OBSERVE_GRANT_REVOKE_PERMISSIONS, com.google.android.gms (/data/app/~~HYWXSbwMou0XMBnINbkfxQ==/com.google.android.gms-9BPfNfcXeZtDULbEUBdVIg==): android.permission.NOTIFY_PENDING_SYSTEM_UPDATE, com.google.android.gms (/data/app/~~HYWXSbwMou0XMBnINbkfxQ==/com.google.android.gms-9BPfNfcXeZtDULbEUBdVIg==): android.permission.MANAGE_FACTORY_RESET_PROTECTION, com.google.android.gms (/data/app/~~HYWXSbwMou0XMBnINbkfxQ==/com.google.android.gms-9BPfNfcXeZtDULbEUBdVIg==): android.permission.MANAGE_VOICE_KEYPHRASES, com.google.android.gms (/data/app/~~HYWXSbwMou0XMBnINbkfxQ==/com.google.android.gms-9BPfNfcXeZtDULbEUBdVIg==): android.permission.INTENT_FILTER_VERIFICATION_AGENT, com.google.android.gms (/data/app/~~HYWXSbwMou0XMBnINbkfxQ==/com.google.android.gms-9BPfNfcXeZtDULbEUBdVIg==): android.permission.GET_APP_OPS_STATS, com.google.android.gms (/data/app/~~HYWXSbwMou0XMBnINbkfxQ==/com.google.android.gms-9BPfNfcXeZtDULbEUBdVIg==): android.permission.SEND_SMS_NO_CONFIRMATION, com.google.android.gms (/data/app/~~HYWXSbwMou0XMBnINbkfxQ==/com.google.android.gms-9BPfNfcXeZtDULbEUBdVIg==): android.permission.SET_TIME_ZONE, com.google.android.gms (/data/app/~~HYWXSbwMou0XMBnINbkfxQ==/com.google.android.gms-9BPfNfcXeZtDULbEUBdVIg==): android.permission.RESET_PASSWORD, com.google.android.gms (/data/app/~~HYWXSbwMou0XMBnINbkfxQ==/com.google.android.gms-9BPfNfcXeZtDULbEUBdVIg==): android.permission.MODIFY_DAY_NIGHT_MODE, com.google.android.gms (/data/app/~~HYWXSbwMou0XMBnINbkfxQ==/com.google.android.gms-9BPfNfcXeZtDULbEUBdVIg==): android.permission.CONTROL_KEYGUARD_SECURE_NOTIFICATIONS, com.google.android.gms (/data/app/~~HYWXSbwMou0XMBnINbkfxQ==/com.google.android.gms-9BPfNfcXeZtDULbEUBdVIg==): android.permission.OVERRIDE_WIFI_CONFIG, com.google.android.gms (/data/app/~~HYWXSbwMou0XMBnINbkfxQ==/com.google.android.gms-9BPfNfcXeZtDULbEUBdVIg==): android.permission.INTERACT_ACROSS_USERS, com.google.android.gms (/data/app/~~HYWXSbwMou0XMBnINbkfxQ==/com.google.android.gms-9BPfNfcXeZtDULbEUBdVIg==): android.permission.LOCK_DEVICE, com.google.android.gms (/data/app/~~HYWXSbwMou0XMBnINbkfxQ==/com.google.android.gms-9BPfNfcXeZtDULbEUBdVIg==): android.permission.CONNECTIVITY_USE_RESTRICTED_NETWORKS, com.google.android.gms (/data/app/~~HYWXSbwMou0XMBnINbkfxQ==/com.google.android.gms-9BPfNfcXeZtDULbEUBdVIg==): android.permission.RECEIVE_DATA_ACTIVITY_CHANGE, com.google.android.gms (/data/app/~~HYWXSbwMou0XMBnINbkfxQ==/com.google.android.gms-9BPfNfcXeZtDULbEUBdVIg==): android.permission.CHANGE_DEVICE_IDLE_TEMP_WHITELIST, com.google.android.gms (/data/app/~~HYWXSbwMou0XMBnINbkfxQ==/com.google.android.gms-9BPfNfcXeZtDULbEUBdVIg==): android.permission.START_TASKS_FROM_RECENTS, com.google.android
11-10 23:01:37.046 18295 18295 E System : at com.android.server.pm.permission.PermissionManagerService.systemReady(PermissionManagerService.java:4717)
11-10 23:01:37.046 18295 18295 E System : at com.android.server.pm.permission.PermissionManagerService.access$500(PermissionManagerService.java:178)
11-10 23:01:37.046 18295 18295 E System : at com.android.server.pm.permission.PermissionManagerService$PermissionManagerServiceInternalImpl.systemReady(PermissionManagerService.java:4800)
11-10 23:01:37.046 18295 18295 E System : at com.android.server.pm.PackageManagerService.systemReady(PackageManagerService.java:21702)
11-10 23:01:37.046 18295 18295 E System : at com.android.server.SystemServer.startOtherServices(SystemServer.java:2236)
11-10 23:01:37.046 18295 18295 E System : at com.android.server.SystemServer.run(SystemServer.java:608)
11-10 23:01:37.046 18295 18295 E System : at com.android.server.SystemServer.main(SystemServer.java:424)
11-10 23:01:37.046 18295 18295 E System : at java.lang.reflect.Method.invoke(Native Method)
11-10 23:01:37.046 18295 18295 E System : at com.android.internal.os.RuntimeInit$MethodAndArgsCaller.run(RuntimeInit.java:592)
11-10 23:01:37.046 18295 18295 E System : at com.android.internal.os.ZygoteInit.main(ZygoteInit.java:925)
11-10 23:01:37.047 18295 18295 E AndroidRuntime: *** FATAL EXCEPTION IN SYSTEM PROCESS: main
11-10 23:01:37.047 18295 18295 E AndroidRuntime: java.lang.IllegalStateException: Signature|privileged permissions not in privapp-permissions whitelist: {com.google.android.gms (/data/app/~~HYWXSbwMou0XMBnINbkfxQ==/com.google.android.gms-9BPfNfcXeZtDULbEUBdVIg==): android.permission.MODIFY_NETWORK_ACCOUNTING, com.google.android.gms (/data/app/~~HYWXSbwMou0XMBnINbkfxQ==/com.google.android.gms-9BPfNfcXeZtDULbEUBdVIg==): android.permission.CAPTURE_AUDIO_OUTPUT, com.google.android.gms (/data/app/~~HYWXSbwMou0XMBnINbkfxQ==/com.google.android.gms-9BPfNfcXeZtDULbEUBdVIg==): android.permission.BLUETOOTH_PRIVILEGED, com.google.android.gms (/data/app/~~HYWXSbwMou0XMBnINbkfxQ==/com.google.android.gms-9BPfNfcXeZtDULbEUBdVIg==): android.permission.CONTROL_INCALL_EXPERIENCE, com.google.android.gms (/data/app/~~HYWXSbwMou0XMBnINbkfxQ==/com.google.android.gms-9BPfNfcXeZtDULbEUBdVIg==): android.permission.LOCATION_HARDWARE, com.google.android.gms (/data/app/~~HYWXSbwMou0XMBnINbkfxQ==/com.google.android.gms-9BPfNfcXeZtDULbEUBdVIg==): android.permission.CAPTURE_AUDIO_HOTWORD, com.google.android.gms (/data/app/~~HYWXSbwMou0XMBnINbkfxQ==/com.google.android.gms-9BPfNfcXeZtDULbEUBdVIg==): android.permission.PROVIDE_RESOLVER_RANKER_SERVICE, com.google.android.gms (/data/app/~~HYWXSbwMou0XMBnINbkfxQ==/com.google.android.gms-9BPfNfcXeZtDULbEUBdVIg==): android.permission.OBSERVE_GRANT_REVOKE_PERMISSIONS, com.google.android.gms (/data/app/~~HYWXSbwMou0XMBnINbkfxQ==/com.google.android.gms-9BPfNfcXeZtDULbEUBdVIg==): android.permission.NOTIFY_PENDING_SYSTEM_UPDATE, com.google.android.gms (/data/app/~~HYWXSbwMou0XMBnINbkfxQ==/com.google.android.gms-9BPfNfcXeZtDULbEUBdVIg==): android.permission.MANAGE_FACTORY_RESET_PROTECTION, com.google.android.gms (/data/app/~~HYWXSbwMou0XMBnINbkfxQ==/com.google.android.gms-9BPfNfcXeZtDULbEUBdVIg==): android.permission.MANAGE_VOICE_KEYPHRASES, com.google.android.gms (/data/app/~~HYWXSbwMou0XMBnINbkfxQ==/com.google.android.gms-9BPfNfcXeZtDULbEUBdVIg==): android.permission.INTENT_FILTER_VERIFICATION_AGENT, com.google.android.gms (/data/app/~~HYWXSbwMou0XMBnINbkfxQ==/com.google.android.gms-9BPfNfcXeZtDULbEUBdVIg==): android.permission.GET_APP_OPS_STATS, com.google.android.gms (/data/app/~~HYWXSbwMou0XMBnINbkfxQ==/com.google.android.gms-9BPfNfcXeZtDULbEUBdVIg==): android.permission.SEND_SMS_NO_CONFIRMATION, com.google.android.gms (/data/app/~~HYWXSbwMou0XMBnINbkfxQ==/com.google.android.gms-9BPfNfcXeZtDULbEUBdVIg==): android.permission.SET_TIME_ZONE, com.google.android.gms (/data/app/~~HYWXSbwMou0XMBnINbkfxQ==/com.google.android.gms-9BPfNfcXeZtDULbEUBdVIg==): android.permission.RESET_PASSWORD, com.google.android.gms (/data/app/~~HYWXSbwMou0XMBnINbkfxQ==/com.google.android.gms-9BPfNfcXeZtDULbEUBdVIg==): android.permission.MODIFY_DAY_NIGHT_MODE, com.google.android.gms (/data/app/~~HYWXSbwMou0XMBnINbkfxQ==/com.google.android.gms-9BPfNfcXeZtDULbEUBdVIg==): android.permission.CONTROL_KEYGUARD_SECURE_NOTIFICATIONS, com.google.android.gms (/data/app/~~HYWXSbwMou0XMBnINbkfxQ==/com.google.android.gms-9BPfNfcXeZtDULbEUBdVIg==): android.permission.OVERRIDE_WIFI_CONFIG, com.google.android.gms (/data/app/~~HYWXSbwMou0XMBnINbkfxQ==/com.google.android.gms-9BPfNfcXeZtDULbEUBdVIg==): android.permission.INTERACT_ACROSS_USERS, com.google.android.gms (/data/app/~~HYWXSbwMou0XMBnINbkfxQ==/com.google.android.gms-9BPfNfcXeZtDULbEUBdVIg==): android.permission.LOCK_DEVICE, com.google.android.gms (/data/app/~~HYWXSbwMou0XMBnINbkfxQ==/com.google.android.gms-9BPfNfcXeZtDULbEUBdVIg==): android.permission.CONNECTIVITY_USE_RESTRICTED_NETWORKS, com.google.android.gms (/data/app/~~HYWXSbwMou0XMBnINbkfxQ==/com.google.android.gms-9BPfNfcXeZtDULbEUBdVIg==): android.permission.RECEIVE_DATA_ACTIVITY_CHANGE, com.google.android.gms (/data/app/~~HYWXSbwMou0XMBnINbkfxQ==/com.google.android.gms-9BPfNfcXeZtDULbEUBdVIg==): android.permission.CHANGE_DEVICE_IDLE_TEMP_WHITELIST, com.google.android.gms (/data/app/~~HYWXSbwMou0XMBnINbkfxQ==/com.google.android.gms-9BPfNfcXeZtDULbEUBdVIg==): android.permission.START_TASKS_FROM_RECENTS, com.google.
