11-10 23:01:44.108 1153 5457 V C2Store : in init
11-10 23:01:44.108 1153 5457 V C2Store : loading dll
11-10 23:01:44.110 18822 18835 D Codec2InfoBuilder: codec entry for 'c2.android.mpeg2.decoder' is disabled
11-10 23:01:44.111 888 2149 E QC2CompStore: Failed to locate interface with name c2.android.mpeg4.decoder
11-10 23:01:44.111 1153 5457 V C2Store : in ~ComponentModule
11-10 23:01:44.111 1153 5457 V C2Store : unloading dll
11-10 23:01:44.111 1153 1251 V C2Store : in init
11-10 23:01:44.111 1153 1251 V C2Store : loading dll
11-10 23:01:44.113 18822 18835 I Codec2InfoBuilder: adding type 'video/mp4v-es'
11-10 23:01:44.114 888 2149 E QC2CompStore: Failed to locate interface with name c2.android.mpeg4.encoder
11-10 23:01:44.114 1153 1251 V C2Store : in ~ComponentModule
11-10 23:01:44.115 1153 1251 V C2Store : unloading dll
11-10 23:01:44.115 1153 15597 V C2Store : in init
11-10 23:01:44.115 1153 15597 V C2Store : loading dll
11-10 23:01:44.117 18822 18835 I Codec2InfoBuilder: adding type 'video/mp4v-es'
11-10 23:01:44.118 888 2149 E QC2CompStore: Failed to locate interface with name c2.android.opus.decoder
11-10 23:01:44.118 1153 5457 V C2Store : in ~ComponentModule
11-10 23:01:44.118 1153 5457 V C2Store : unloading dll
11-10 23:01:44.118 1153 1251 V C2Store : in init
11-10 23:01:44.118 1153 1251 V C2Store : loading dll
11-10 23:01:44.120 18822 18835 I Codec2InfoBuilder: adding type 'audio/opus'
11-10 23:01:44.121 888 2149 E QC2CompStore: Failed to locate interface with name c2.android.opus.encoder
11-10 23:01:44.121 1153 1251 V C2Store : in ~ComponentModule
11-10 23:01:44.121 1153 1251 V C2Store : unloading dll
11-10 23:01:44.121 1153 5457 V C2Store : in init
11-10 23:01:44.121 1153 5457 V C2Store : loading dll
11-10 23:01:44.124 18822 18835 I Codec2InfoBuilder: adding type 'audio/opus'
11-10 23:01:44.125 888 2149 E QC2CompStore: Failed to locate interface with name c2.android.raw.decoder
11-10 23:01:44.125 1153 15597 V C2Store : in ~ComponentModule
11-10 23:01:44.125 1153 15597 V C2Store : unloading dll
11-10 23:01:44.125 1153 5457 V C2Store : in init
11-10 23:01:44.125 1153 5457 V C2Store : loading dll
11-10 23:01:44.127 18822 18835 I Codec2InfoBuilder: adding type 'audio/raw'
11-10 23:01:44.128 888 2149 E QC2CompStore: Failed to locate interface with name c2.android.vorbis.decoder
11-10 23:01:44.128 1153 5457 V C2Store : in ~ComponentModule
11-10 23:01:44.128 1153 5457 V C2Store : unloading dll
11-10 23:01:44.128 1153 1650 V C2Store : in init
11-10 23:01:44.128 1153 1650 V C2Store : loading dll
11-10 23:01:44.130 18822 18835 I Codec2InfoBuilder: adding type 'audio/vorbis'
11-10 23:01:44.130 888 2149 E QC2CompStore: Failed to locate interface with name c2.android.vp8.decoder
11-10 23:01:44.131 1153 1650 V C2Store : in ~ComponentModule
11-10 23:01:44.131 1153 1650 V C2Store : unloading dll
11-10 23:01:44.131 1153 1153 V C2Store : in init
11-10 23:01:44.131 1153 1153 V C2Store : loading dll
11-10 23:01:44.133 18822 18835 I Codec2InfoBuilder: adding type 'video/x-vnd.on2.vp8'
11-10 23:01:44.133 888 2149 E QC2CompStore: Failed to locate interface with name c2.android.vp8.encoder
11-10 23:01:44.133 1153 1153 V C2Store : in ~ComponentModule
11-10 23:01:44.134 1153 1153 V C2Store : unloading dll
11-10 23:01:44.134 1153 15597 V C2Store : in init
11-10 23:01:44.134 1153 15597 V C2Store : loading dll
11-10 23:01:44.135 1153 15597 I C2SoftVp8Enc: setting temporal layering 0 + 0
11-10 23:01:44.135 1153 15597 I C2SoftVp8Enc: setting temporal layering 0 + 0
11-10 23:01:44.136 18822 18835 I Codec2InfoBuilder: adding type 'video/x-vnd.on2.vp8'
11-10 23:01:44.137 888 2149 E QC2CompStore: Failed to locate interface with name c2.android.vp9.decoder
11-10 23:01:44.137 1153 15597 V C2Store : in ~ComponentModule
11-10 23:01:44.137 1153 15597 V C2Store : unloading dll
11-10 23:01:44.137 1153 5457 V C2Store : in init
11-10 23:01:44.137 1153 5457 V C2Store : loading dll
11-10 23:01:44.140 18822 18835 I Codec2InfoBuilder: adding type 'video/x-vnd.on2.vp9'
11-10 23:01:44.142 888 2149 E QC2CompStore: Failed to locate interface with name c2.android.vp9.encoder
11-10 23:01:44.142 1153 5457 V C2Store : in ~ComponentModule
11-10 23:01:44.142 1153 5457 V C2Store : unloading dll
11-10 23:01:44.142 1153 1650 V C2Store : in init
11-10 23:01:44.142 1153 1650 V C2Store : loading dll
11-10 23:01:44.143 1153 1650 I C2SoftVp9Enc: setting temporal layering 0 + 0
11-10 23:01:44.144 1153 1650 I C2SoftVp9Enc: setting temporal layering 0 + 0
11-10 23:01:44.144 18822 18835 I Codec2InfoBuilder: adding type 'video/x-vnd.on2.vp9'
11-10 23:01:44.146 1153 5457 V C2Store : in ~ComponentModule
11-10 23:01:44.146 1153 5457 V C2Store : unloading dll
11-10 23:01:44.147 18821 18821 I CameraProviderManager: Enumerating new camera device: device@3.5/legacy/1
11-10 23:01:44.148 18821 18821 I CameraProviderManager: Enumerating new camera device: device@3.5/legacy/2
11-10 23:01:44.150 18821 18821 I CameraProviderManager: Enumerating new camera device: device@3.5/legacy/3
11-10 23:01:44.151 18821 18821 I CameraProviderManager: Enumerating new camera device: device@3.5/legacy/4
11-10 23:01:44.152 18821 18821 I CameraProviderManager: Enumerating new camera device: device@3.5/legacy/5
11-10 23:01:44.154 18821 18821 I CameraProviderManager: Enumerating new camera device: device@3.5/legacy/6
11-10 23:01:44.155 18821 18821 I CameraProviderManager: Enumerating new camera device: device@3.5/legacy/7
11-10 23:01:44.156 18821 18821 I CameraProviderManager: Camera provider legacy/0 ready with 8 camera devices
11-10 23:01:44.156 18821 18834 W CameraProviderManager: addProviderLocked: Camera provider HAL with name 'legacy/0' already registered
11-10 23:01:44.157 18821 18821 I CameraService: onDeviceStatusChanged: Status changed for cameraId=7, newStatus=1
11-10 23:01:44.157 18821 18834 I CameraService: onDeviceStatusChanged: Status changed for cameraId=7, newStatus=1
11-10 23:01:44.157 18821 18821 I CameraService: onDeviceStatusChanged: Unknown camera ID 7, a new camera is added
11-10 23:01:44.157 18821 18834 I CameraService: onDeviceStatusChanged: Unknown camera ID 7, a new camera is added
11-10 23:01:44.157 18821 18821 I CameraService: onDeviceStatusChanged: Status changed for cameraId=5, newStatus=1
11-10 23:01:44.157 18821 18834 I CameraService: onDeviceStatusChanged: Status changed for cameraId=5, newStatus=1
11-10 23:01:44.157 18821 18821 I CameraService: onDeviceStatusChanged: Unknown camera ID 5, a new camera is added
11-10 23:01:44.157 18821 18834 I CameraService: onDeviceStatusChanged: Unknown camera ID 5, a new camera is added
11-10 23:01:44.157 18821 18834 I CameraService: onDeviceStatusChanged: Status changed for cameraId=3, newStatus=1
11-10 23:01:44.157 18821 18834 I CameraService: onDeviceStatusChanged: Unknown camera ID 3, a new camera is added
11-10 23:01:44.157 18821 18834 I CameraService: onDeviceStatusChanged: Status changed for cameraId=2, newStatus=1
11-10 23:01:44.157 18821 18834 I CameraService: onDeviceStatusChanged: Unknown camera ID 2, a new camera is added
11-10 23:01:44.158 18821 18834 I CameraService: onDeviceStatusChanged: Status changed for cameraId=4, newStatus=1
11-10 23:01:44.158 18821 18834 I CameraService: onDeviceStatusChanged: Unknown camera ID 4, a new camera is added
11-10 23:01:44.158 18821 18834 I CameraService: onDeviceStatusChanged: Status changed for cameraId=1, newStatus=1
11-10 23:01:44.158 18821 18834 I CameraService: onDeviceStatusChanged: Unknown camera ID 1, a new camera is added
11-10 23:01:44.158 18821 18834 I CameraService: onDeviceStatusChanged: Status changed for cameraId=6, newStatus=1
11-10 23:01:44.158 18821 18834 I CameraService: onDeviceStatusChanged: Unknown camera ID 6, a new camera is added
11-10 23:01:44.158 18821 18834 I CameraService: onDeviceStatusChanged: Status changed for cameraId=0, newStatus=1
11-10 23:01:44.158 18821 18834 I CameraService: onDeviceStatusChanged: Unknown camera ID 0, a new camera is added
11-10 23:01:44.158 18821 18821 I cameraserver: Waiting for activity service
11-10 23:01:44.169 18818 18844 I chatty : uid=0(root) expire 2 lines
11-10 23:01:44.269 18819 18850 I chatty : uid=0(root) expire 1 line
11-10 23:01:44.309 0 0 D voc_get_sound_focus: Enter
11-10 23:01:44.309 0 0 D voice_itr_get_next_session: cur idx = 0 session idx = 7
11-10 23:01:44.309 0 0 D voice_itr_get_next_session: cur idx = 1 session idx = 7
11-10 23:01:44.309 0 0 D voice_itr_get_next_session: cur idx = 2 session idx = 7
11-10 23:01:44.309 0 0 D voice_itr_get_next_session: cur idx = 3 session idx = 7
11-10 23:01:44.309 0 0 D voice_itr_get_next_session: cur idx = 4 session idx = 7
11-10 23:01:44.309 0 0 D voice_itr_get_next_session: cur idx = 5 session idx = 7
11-10 23:01:44.309 0 0 D voice_itr_get_next_session: cur idx = 6 session idx = 7
11-10 23:01:44.309 0 0 D voice_itr_get_next_session: cur idx = 7 session idx = 7
11-10 23:01:44.309 0 0 D voice_itr_get_next_session: cur idx = 8 session idx = 7
11-10 23:01:44.309 0 0 D voc_get_sound_focus: Exit, ret=-22
11-10 23:01:44.309 0 0 D voc_get_source_tracking: Enter
11-10 23:01:44.309 0 0 D voice_itr_get_next_session: cur idx = 0 session idx = 7
11-10 23:01:44.309 0 0 D voice_itr_get_next_session: cur idx = 1 session idx = 7
11-10 23:01:44.309 0 0 D voice_itr_get_next_session: cur idx = 2 session idx = 7
11-10 23:01:44.309 0 0 D voice_itr_get_next_session: cur idx = 3 session idx = 7
11-10 23:01:44.309 0 0 D voice_itr_get_next_session: cur idx = 4 session idx = 7
11-10 23:01:44.309 0 0 D voice_itr_get_next_session: cur idx = 5 session idx = 7
11-10 23:01:44.309 0 0 D voice_itr_get_next_session: cur idx = 6 session idx = 7
11-10 23:01:44.309 0 0 D voice_itr_get_next_session: cur idx = 7 session idx = 7
11-10 23:01:44.309 0 0 D voice_itr_get_next_session: cur idx = 8 session idx = 7
11-10 23:01:44.309 0 0 D voc_get_source_tracking: Exit, ret=-22
11-10 23:01:44.309 0 0 D voc_get_sound_focus: Enter
11-10 23:01:44.309 0 0 D voice_itr_get_next_session: cur idx = 0 session idx = 7
11-10 23:01:44.309 0 0 D voice_itr_get_next_session: cur idx = 1 session idx = 7
11-10 23:01:44.309 0 0 D voice_itr_get_next_session: cur idx = 2 session idx = 7
11-10 23:01:44.309 0 0 D voice_itr_get_next_session: cur idx = 3 session idx = 7
11-10 23:01:44.309 0 0 D voice_itr_get_next_session: cur idx = 4 session idx = 7
11-10 23:01:44.309 0 0 D voice_itr_get_next_session: cur idx = 5 session idx = 7
11-10 23:01:44.309 0 0 D voice_itr_get_next_session: cur idx = 6 session idx = 7
11-10 23:01:44.309 0 0 D voice_itr_get_next_session: cur idx = 7 session idx = 7
11-10 23:01:44.309 0 0 D voice_itr_get_next_session: cur idx = 8 session idx = 7
11-10 23:01:44.309 0 0 D voc_get_sound_focus: Exit, ret=-22
11-10 23:01:44.309 0 0 D voc_get_source_tracking: Enter
11-10 23:01:44.309 0 0 D voice_itr_get_next_session: cur idx = 0 session idx = 7
11-10 23:01:44.309 0 0 D voice_itr_get_next_session: cur idx = 1 session idx = 7
11-10 23:01:44.309 0 0 D voice_itr_get_next_session: cur idx = 2 session idx = 7
11-10 23:01:44.309 0 0 D voice_itr_get_next_session: cur idx = 3 session idx = 7
11-10 23:01:44.309 0 0 D voice_itr_get_next_session: cur idx = 4 session idx = 7
11-10 23:01:44.309 0 0 D voice_itr_get_next_session: cur idx = 5 session idx = 7
11-10 23:01:44.309 0 0 D voice_itr_get_next_session: cur idx = 6 session idx = 7
11-10 23:01:44.309 0 0 D voice_itr_get_next_session: cur idx = 7 session idx = 7
11-10 23:01:44.309 0 0 D voice_itr_get_next_session: cur idx = 8 session idx = 7
11-10 23:01:44.309 0 0 D voc_get_source_tracking: Exit, ret=-22
11-10 23:01:44.310 0 0 D voc_get_sound_focus: Enter
11-10 23:01:44.310 0 0 D voice_itr_get_next_session: cur idx = 0 session idx = 7
11-10 23:01:44.310 0 0 D voice_itr_get_next_session: cur idx = 1 session idx = 7
11-10 23:01:44.310 0 0 D voice_itr_get_next_session: cur idx = 2 session idx = 7
11-10 23:01:44.310 0 0 D voice_itr_get_next_session: cur idx = 3 session idx = 7
11-10 23:01:44.310 0 0 D voice_itr_get_next_session: cur idx = 4 session idx = 7
11-10 23:01:44.310 0 0 D voice_itr_get_next_session: cur idx = 5 session idx = 7
11-10 23:01:44.310 0 0 D voice_itr_get_next_session: cur idx = 6 session idx = 7
11-10 23:01:44.310 0 0 D voice_itr_get_next_session: cur idx = 7 session idx = 7
11-10 23:01:44.310 0 0 D voice_itr_get_next_session: cur idx = 8 session idx = 7
11-10 23:01:44.310 0 0 D voc_get_sound_focus: Exit, ret=-22
11-10 23:01:44.310 0 0 D voc_get_source_tracking: Enter
11-10 23:01:44.310 0 0 D voice_itr_get_next_session: cur idx = 0 session idx = 7
11-10 23:01:44.310 0 0 D voice_itr_get_next_session: cur idx = 1 session idx = 7
11-10 23:01:44.310 0 0 D voice_itr_get_next_session: cur idx = 2 session idx = 7
11-10 23:01:44.310 0 0 D voice_itr_get_next_session: cur idx = 3 session idx = 7
11-10 23:01:44.310 0 0 D voice_itr_get_next_session: cur idx = 4 session idx = 7
11-10 23:01:44.310 0 0 D voice_itr_get_next_session: cur idx = 5 session idx = 7
11-10 23:01:44.310 0 0 D voice_itr_get_next_session: cur idx = 6 session idx = 7
11-10 23:01:44.310 0 0 D voice_itr_get_next_session: cur idx = 7 session idx = 7
11-10 23:01:44.310 0 0 D voice_itr_get_next_session: cur idx = 8 session idx = 7
11-10 23:01:44.310 0 0 D voc_get_source_tracking: Exit, ret=-22
11-10 23:01:44.310 0 0 D voc_get_sound_focus: Enter
11-10 23:01:44.310 0 0 D voice_itr_get_next_session: cur idx = 0 session idx = 7
11-10 23:01:44.310 0 0 D voice_itr_get_next_session: cur idx = 1 session idx = 7
11-10 23:01:44.310 0 0 D voice_itr_get_next_session: cur idx = 2 session idx = 7
11-10 23:01:44.310 0 0 D voice_itr_get_next_session: cur idx = 3 session idx = 7
11-10 23:01:44.310 0 0 D voice_itr_get_next_session: cur idx = 4 session idx = 7
11-10 23:01:44.310 0 0 D voice_itr_get_next_session: cur idx = 5 session idx = 7
11-10 23:01:44.310 0 0 D voice_itr_get_next_session: cur idx = 6 session idx = 7
11-10 23:01:44.310 0 0 D voice_itr_get_next_session: cur idx = 7 session idx = 7
11-10 23:01:44.310 0 0 D voice_itr_get_next_session: cur idx = 8 session idx = 7
11-10 23:01:44.310 0 0 D voc_get_sound_focus: Exit, ret=-22
11-10 23:01:44.310 0 0 D voc_get_source_tracking: Enter
11-10 23:01:44.310 0 0 D voice_itr_get_next_session: cur idx = 0 session idx = 7
11-10 23:01:44.310 0 0 D voice_itr_get_next_session: cur idx = 1 session idx = 7
11-10 23:01:44.310 0 0 D voice_itr_get_next_session: cur idx = 2 session idx = 7
11-10 23:01:44.310 0 0 D voice_itr_get_next_session: cur idx = 3 session idx = 7
11-10 23:01:44.310 0 0 D voice_itr_get_next_session: cur idx = 4 session idx = 7
11-10 23:01:44.310 0 0 D voice_itr_get_next_session: cur idx = 5 session idx = 7
11-10 23:01:44.310 0 0 D voice_itr_get_next_session: cur idx = 6 session idx = 7
11-10 23:01:44.310 0 0 D voice_itr_get_next_session: cur idx = 7 session idx = 7
11-10 23:01:44.310 0 0 D voice_itr_get_next_session: cur idx = 8 session idx = 7
11-10 23:01:44.310 0 0 D voc_get_source_tracking: Exit, ret=-22
11-10 23:01:44.310 0 0 D voc_get_sound_focus: Enter
11-10 23:01:44.310 0 0 D voice_itr_get_next_session: cur idx = 0 session idx = 7
11-10 23:01:44.310 0 0 D voice_itr_get_next_session: cur idx = 1 session idx = 7
11-10 23:01:44.310 0 0 D voice_itr_get_next_session: cur idx = 2 session idx = 7
11-10 23:01:44.310 0 0 D voice_itr_get_next_session: cur idx = 3 session idx = 7
11-10 23:01:44.310 0 0 D voice_itr_get_next_session: cur idx = 4 session idx = 7
11-10 23:01:44.310 0 0 D voice_itr_get_next_session: cur idx = 5 session idx = 7
11-10 23:01:44.310 0 0 D voice_itr_get_next_session: cur idx = 6 session idx = 7
11-10 23:01:44.310 0 0 D voice_itr_get_next_session: cur idx = 7 session idx = 7
11-10 23:01:44.310 0 0 D voice_itr_get_next_session: cur idx = 8 session idx = 7
11-10 23:01:44.310 0 0 D voc_get_sound_focus: Exit, ret=-22
11-10 23:01:44.311 0 0 D voc_get_source_tracking: Enter
11-10 23:01:44.311 0 0 D voice_itr_get_next_session: cur idx = 0 session idx = 7
11-10 23:01:44.311 0 0 D voice_itr_get_next_session: cur idx = 1 session idx = 7
11-10 23:01:44.311 0 0 D voice_itr_get_next_session: cur idx = 2 session idx = 7
11-10 23:01:44.311 0 0 D voice_itr_get_next_session: cur idx = 3 session idx = 7
11-10 23:01:44.311 0 0 D voice_itr_get_next_session: cur idx = 4 session idx = 7
11-10 23:01:44.311 0 0 D voice_itr_get_next_session: cur idx = 5 session idx = 7
11-10 23:01:44.311 0 0 D voice_itr_get_next_session: cur idx = 6 session idx = 7
11-10 23:01:44.311 0 0 D voice_itr_get_next_session: cur idx = 7 session idx = 7
11-10 23:01:44.311 0 0 D voice_itr_get_next_session: cur idx = 8 session idx = 7
11-10 23:01:44.311 0 0 D voc_get_source_tracking: Exit, ret=-22
11-10 23:01:44.311 0 0 D voc_get_sound_focus: Enter
11-10 23:01:44.311 0 0 D voice_itr_get_next_session: cur idx = 0 session idx = 7
11-10 23:01:44.311 0 0 D voice_itr_get_next_session: cur idx = 1 session idx = 7
11-10 23:01:44.311 0 0 D voice_itr_get_next_session: cur idx = 2 session idx = 7
11-10 23:01:44.311 0 0 D voice_itr_get_next_session: cur idx = 3 session idx = 7
11-10 23:01:44.311 0 0 D voice_itr_get_next_session: cur idx = 4 session idx = 7
11-10 23:01:44.311 0 0 D voice_itr_get_next_session: cur idx = 5 session idx = 7
11-10 23:01:44.311 0 0 D voice_itr_get_next_session: cur idx = 6 session idx = 7
11-10 23:01:44.311 0 0 D voice_itr_get_next_session: cur idx = 7 session idx = 7
11-10 23:01:44.311 0 0 D voice_itr_get_next_session: cur idx = 8 session idx = 7
11-10 23:01:44.311 0 0 D voc_get_sound_focus: Exit, ret=-22
11-10 23:01:44.311 0 0 D voc_get_source_tracking: Enter
11-10 23:01:44.311 0 0 D voice_itr_get_next_session: cur idx = 0 session idx = 7
11-10 23:01:44.311 0 0 D voice_itr_get_next_session: cur idx = 1 session idx = 7
11-10 23:01:44.311 0 0 D voice_itr_get_next_session: cur idx = 2 session idx = 7
11-10 23:01:44.311 0 0 D voice_itr_get_next_session: cur idx = 3 session idx = 7
11-10 23:01:44.311 0 0 D voice_itr_get_next_session: cur idx = 4 session idx = 7
11-10 23:01:44.311 0 0 D voice_itr_get_next_session: cur idx = 5 session idx = 7
11-10 23:01:44.311 0 0 D voice_itr_get_next_session: cur idx = 6 session idx = 7
11-10 23:01:44.311 0 0 D voice_itr_get_next_session: cur idx = 7 session idx = 7
11-10 23:01:44.311 0 0 D voice_itr_get_next_session: cur idx = 8 session idx = 7
11-10 23:01:44.311 0 0 D voc_get_source_tracking: Exit, ret=-22
11-10 23:01:44.312 0 0 I core_get_license_status: cmdrsp_license_result.result = 0x15 for module 0x131ff
11-10 23:01:44.313 0 0 I [CSPL] msm_routing_cirrus_fbport_get: this_ctrl.fb_port = 36897
11-10 23:01:44.313 0 0 I [CSPL] msm_routing_crus_sp_enable_get: 0
11-10 23:01:44.314 0 0 I [CSPL] msm_routing_crus_sp_usecase_get: 0
11-10 23:01:44.314 0 0 I [CSPL] msm_routing_crus_load_config_get: 0
11-10 23:01:44.314 0 0 I [CSPL] msm_routing_crus_chan_swap_get: 0
11-10 23:01:44.314 0 0 I [CSPL] crus_adm_get_params: Enter, port_id 9020, copp_idx: 0, len: 4
11-10 23:01:44.314 0 0 E adm_callback: cmd = 0x1035e returned error = 0x2
11-10 23:01:44.314 0 0 E adm_callback: ADM get param error = 2, resuming
11-10 23:01:44.325 0 0 D voc_get_sound_focus: Enter
11-10 23:01:44.325 0 0 D voice_itr_get_next_session: cur idx = 0 session idx = 7
11-10 23:01:44.325 0 0 D voice_itr_get_next_session: cur idx = 1 session idx = 7
11-10 23:01:44.325 0 0 D voice_itr_get_next_session: cur idx = 2 session idx = 7
11-10 23:01:44.325 0 0 D voice_itr_get_next_session: cur idx = 3 session idx = 7
11-10 23:01:44.325 0 0 D voice_itr_get_next_session: cur idx = 4 session idx = 7
11-10 23:01:44.325 0 0 D voice_itr_get_next_session: cur idx = 5 session idx = 7
11-10 23:01:44.325 0 0 D voice_itr_get_next_session: cur idx = 6 session idx = 7
11-10 23:01:44.325 0 0 D voice_itr_get_next_session: cur idx = 7 session idx = 7
11-10 23:01:44.325 0 0 D voice_itr_get_next_session: cur idx = 8 session idx = 7
11-10 23:01:44.325 0 0 D voc_get_sound_focus: Exit, ret=-22
11-10 23:01:44.325 0 0 D voc_get_source_tracking: Enter
11-10 23:01:44.325 0 0 D voice_itr_get_next_session: cur idx = 0 session idx = 7
11-10 23:01:44.325 0 0 D voice_itr_get_next_session: cur idx = 1 session idx = 7
11-10 23:01:44.325 0 0 D voice_itr_get_next_session: cur idx = 2 session idx = 7
11-10 23:01:44.325 0 0 D voice_itr_get_next_session: cur idx = 3 session idx = 7
11-10 23:01:44.325 0 0 D voice_itr_get_next_session: cur idx = 4 session idx = 7
11-10 23:01:44.325 0 0 D voice_itr_get_next_session: cur idx = 5 session idx = 7
11-10 23:01:44.325 0 0 D voice_itr_get_next_session: cur idx = 6 session idx = 7
11-10 23:01:44.325 0 0 D voice_itr_get_next_session: cur idx = 7 session idx = 7
11-10 23:01:44.325 0 0 D voice_itr_get_next_session: cur idx = 8 session idx = 7
11-10 23:01:44.325 0 0 D voc_get_source_tracking: Exit, ret=-22
11-10 23:01:44.325 0 0 D voc_get_sound_focus: Enter
11-10 23:01:44.325 0 0 D voice_itr_get_next_session: cur idx = 0 session idx = 7
11-10 23:01:44.325 0 0 D voice_itr_get_next_session: cur idx = 1 session idx = 7
11-10 23:01:44.325 0 0 D voice_itr_get_next_session: cur idx = 2 session idx = 7
11-10 23:01:44.325 0 0 D voice_itr_get_next_session: cur idx = 3 session idx = 7
11-10 23:01:44.325 0 0 D voice_itr_get_next_session: cur idx = 4 session idx = 7
11-10 23:01:44.325 0 0 D voice_itr_get_next_session: cur idx = 5 session idx = 7
11-10 23:01:44.325 0 0 D voice_itr_get_next_session: cur idx = 6 session idx = 7
11-10 23:01:44.325 0 0 D voice_itr_get_next_session: cur idx = 7 session idx = 7
11-10 23:01:44.325 0 0 D voice_itr_get_next_session: cur idx = 8 session idx = 7
11-10 23:01:44.325 0 0 D voc_get_sound_focus: Exit, ret=-22
11-10 23:01:44.325 0 0 D voc_get_source_tracking: Enter
11-10 23:01:44.325 0 0 D voice_itr_get_next_session: cur idx = 0 session idx = 7
11-10 23:01:44.325 0 0 D voice_itr_get_next_session: cur idx = 1 session idx = 7
11-10 23:01:44.325 0 0 D voice_itr_get_next_session: cur idx = 2 session idx = 7
11-10 23:01:44.325 0 0 D voice_itr_get_next_session: cur idx = 3 session idx = 7
11-10 23:01:44.325 0 0 D voice_itr_get_next_session: cur idx = 4 session idx = 7
11-10 23:01:44.325 0 0 D voice_itr_get_next_session: cur idx = 5 session idx = 7
11-10 23:01:44.325 0 0 D voice_itr_get_next_session: cur idx = 6 session idx = 7
11-10 23:01:44.325 0 0 D voice_itr_get_next_session: cur idx = 7 session idx = 7
11-10 23:01:44.325 0 0 D voice_itr_get_next_session: cur idx = 8 session idx = 7
11-10 23:01:44.325 0 0 D voc_get_source_tracking: Exit, ret=-22
11-10 23:01:44.325 0 0 D voc_get_sound_focus: Enter
11-10 23:01:44.325 0 0 D voice_itr_get_next_session: cur idx = 0 session idx = 7
11-10 23:01:44.325 0 0 D voice_itr_get_next_session: cur idx = 1 session idx = 7
11-10 23:01:44.325 0 0 D voice_itr_get_next_session: cur idx = 2 session idx = 7
11-10 23:01:44.325 0 0 D voice_itr_get_next_session: cur idx = 3 session idx = 7
11-10 23:01:44.325 0 0 D voice_itr_get_next_session: cur idx = 4 session idx = 7
11-10 23:01:44.325 0 0 D voice_itr_get_next_session: cur idx = 5 session idx = 7
11-10 23:01:44.325 0 0 D voice_itr_get_next_session: cur idx = 6 session idx = 7
11-10 23:01:44.325 0 0 D voice_itr_get_next_session: cur idx = 7 session idx = 7
11-10 23:01:44.325 0 0 D voice_itr_get_next_session: cur idx = 8 session idx = 7
11-10 23:01:44.325 0 0 D voc_get_sound_focus: Exit, ret=-22
11-10 23:01:44.325 0 0 D voc_get_source_tracking: Enter
11-10 23:01:44.325 0 0 D voice_itr_get_next_session: cur idx = 0 session idx = 7
11-10 23:01:44.325 0 0 D voice_itr_get_next_session: cur idx = 1 session idx = 7
11-10 23:01:44.325 0 0 D voice_itr_get_next_session: cur idx = 2 session idx = 7
11-10 23:01:44.325 0 0 D voice_itr_get_next_session: cur idx = 3 session idx = 7
11-10 23:01:44.325 0 0 D voice_itr_get_next_session: cur idx = 4 session idx = 7
11-10 23:01:44.325 0 0 D voice_itr_get_next_session: cur idx = 5 session idx = 7
11-10 23:01:44.325 0 0 D voice_itr_get_next_session: cur idx = 6 session idx = 7
11-10 23:01:44.325 0 0 D voice_itr_get_next_session: cur idx = 7 session idx = 7
11-10 23:01:44.325 0 0 D voice_itr_get_next_session: cur idx = 8 session idx = 7
11-10 23:01:44.325 0 0 D voc_get_source_tracking: Exit, ret=-22
11-10 23:01:44.326 0 0 D voc_get_sound_focus: Enter
11-10 23:01:44.326 0 0 D voice_itr_get_next_session: cur idx = 0 session idx = 7
11-10 23:01:44.326 0 0 D voice_itr_get_next_session: cur idx = 1 session idx = 7
11-10 23:01:44.326 0 0 D voice_itr_get_next_session: cur idx = 2 session idx = 7
11-10 23:01:44.326 0 0 D voice_itr_get_next_session: cur idx = 3 session idx = 7
11-10 23:01:44.326 0 0 D voice_itr_get_next_session: cur idx = 4 session idx = 7
11-10 23:01:44.326 0 0 D voice_itr_get_next_session: cur idx = 5 session idx = 7
11-10 23:01:44.326 0 0 D voice_itr_get_next_session: cur idx = 6 session idx = 7
11-10 23:01:44.326 0 0 D voice_itr_get_next_session: cur idx = 7 session idx = 7
11-10 23:01:44.326 0 0 D voice_itr_get_next_session: cur idx = 8 session idx = 7
11-10 23:01:44.326 0 0 D voc_get_sound_focus: Exit, ret=-22
11-10 23:01:44.326 0 0 D voc_get_source_tracking: Enter
11-10 23:01:44.326 0 0 D voice_itr_get_next_session: cur idx = 0 session idx = 7
11-10 23:01:44.326 0 0 D voice_itr_get_next_session: cur idx = 1 session idx = 7
11-10 23:01:44.326 0 0 D voice_itr_get_next_session: cur idx = 2 session idx = 7
11-10 23:01:44.326 0 0 D voice_itr_get_next_session: cur idx = 3 session idx = 7
11-10 23:01:44.326 0 0 D voice_itr_get_next_session: cur idx = 4 session idx = 7
11-10 23:01:44.326 0 0 D voice_itr_get_next_session: cur idx = 5 session idx = 7
11-10 23:01:44.326 0 0 D voice_itr_get_next_session: cur idx = 6 session idx = 7
11-10 23:01:44.326 0 0 D voice_itr_get_next_session: cur idx = 7 session idx = 7
11-10 23:01:44.326 0 0 D voice_itr_get_next_session: cur idx = 8 session idx = 7
11-10 23:01:44.326 0 0 D voc_get_source_tracking: Exit, ret=-22
11-10 23:01:44.326 0 0 D voc_get_sound_focus: Enter
11-10 23:01:44.326 0 0 D voice_itr_get_next_session: cur idx = 0 session idx = 7
11-10 23:01:44.326 0 0 D voice_itr_get_next_session: cur idx = 1 session idx = 7
11-10 23:01:44.326 0 0 D voice_itr_get_next_session: cur idx = 2 session idx = 7
11-10 23:01:44.326 0 0 D voice_itr_get_next_session: cur idx = 3 session idx = 7
11-10 23:01:44.326 0 0 D voice_itr_get_next_session: cur idx = 4 session idx = 7
11-10 23:01:44.326 0 0 D voice_itr_get_next_session: cur idx = 5 session idx = 7
11-10 23:01:44.326 0 0 D voice_itr_get_next_session: cur idx = 6 session idx = 7
11-10 23:01:44.326 0 0 D voice_itr_get_next_session: cur idx = 7 session idx = 7
11-10 23:01:44.326 0 0 D voice_itr_get_next_session: cur idx = 8 session idx = 7
11-10 23:01:44.326 0 0 D voc_get_sound_focus: Exit, ret=-22
11-10 23:01:44.326 0 0 D voc_get_source_tracking: Enter
11-10 23:01:44.326 0 0 D voice_itr_get_next_session: cur idx = 0 session idx = 7
11-10 23:01:44.326 0 0 D voice_itr_get_next_session: cur idx = 1 session idx = 7
11-10 23:01:44.326 0 0 D voice_itr_get_next_session: cur idx = 2 session idx = 7
11-10 23:01:44.326 0 0 D voice_itr_get_next_session: cur idx = 3 session idx = 7
11-10 23:01:44.326 0 0 D voice_itr_get_next_session: cur idx = 4 session idx = 7
11-10 23:01:44.326 0 0 D voice_itr_get_next_session: cur idx = 5 session idx = 7
11-10 23:01:44.326 0 0 D voice_itr_get_next_session: cur idx = 6 session idx = 7
11-10 23:01:44.326 0 0 D voice_itr_get_next_session: cur idx = 7 session idx = 7
11-10 23:01:44.326 0 0 D voice_itr_get_next_session: cur idx = 8 session idx = 7
11-10 23:01:44.326 0 0 D voc_get_source_tracking: Exit, ret=-22
11-10 23:01:44.326 0 0 D voc_get_sound_focus: Enter
11-10 23:01:44.326 0 0 D voice_itr_get_next_session: cur idx = 0 session idx = 7
11-10 23:01:44.326 0 0 D voice_itr_get_next_session: cur idx = 1 session idx = 7
11-10 23:01:44.326 0 0 D voice_itr_get_next_session: cur idx = 2 session idx = 7
11-10 23:01:44.326 0 0 D voice_itr_get_next_session: cur idx = 3 session idx = 7
11-10 23:01:44.326 0 0 D voice_itr_get_next_session: cur idx = 4 session idx = 7
11-10 23:01:44.326 0 0 D voice_itr_get_next_session: cur idx = 5 session idx = 7
11-10 23:01:44.326 0 0 D voice_itr_get_next_session: cur idx = 6 session idx = 7
11-10 23:01:44.326 0 0 D voice_itr_get_next_session: cur idx = 7 session idx = 7
11-10 23:01:44.326 0 0 D voice_itr_get_next_session: cur idx = 8 session idx = 7
11-10 23:01:44.326 0 0 D voc_get_sound_focus: Exit, ret=-22
11-10 23:01:44.326 0 0 D voc_get_source_tracking: Enter
11-10 23:01:44.326 0 0 D voice_itr_get_next_session: cur idx = 0 session idx = 7
11-10 23:01:44.326 0 0 D voice_itr_get_next_session: cur idx = 1 session idx = 7
11-10 23:01:44.326 0 0 D voice_itr_get_next_session: cur idx = 2 session idx = 7
11-10 23:01:44.326 0 0 D voice_itr_get_next_session: cur idx = 3 session idx = 7
11-10 23:01:44.326 0 0 D voice_itr_get_next_session: cur idx = 4 session idx = 7
11-10 23:01:44.326 0 0 D voice_itr_get_next_session: cur idx = 5 session idx = 7
11-10 23:01:44.326 0 0 D voice_itr_get_next_session: cur idx = 6 session idx = 7
11-10 23:01:44.326 0 0 D voice_itr_get_next_session: cur idx = 7 session idx = 7
11-10 23:01:44.326 0 0 D voice_itr_get_next_session: cur idx = 8 session idx = 7
11-10 23:01:44.326 0 0 D voc_get_source_tracking: Exit, ret=-22
11-10 23:01:44.327 0 0 I core_get_license_status: cmdrsp_license_result.result = 0x15 for module 0x131ff
11-10 23:01:44.328 0 0 I [CSPL] msm_routing_cirrus_fbport_get: this_ctrl.fb_port = 36897
11-10 23:01:44.328 0 0 I [CSPL] msm_routing_crus_sp_enable_get: 0
11-10 23:01:44.329 0 0 I [CSPL] msm_routing_crus_sp_usecase_get: 0
11-10 23:01:44.329 0 0 I [CSPL] msm_routing_crus_load_config_get: 0
11-10 23:01:44.329 0 0 I [CSPL] msm_routing_crus_chan_swap_get: 0
11-10 23:01:44.329 0 0 I [CSPL] crus_adm_get_params: Enter, port_id 9020, copp_idx: 0, len: 4
11-10 23:01:44.329 0 0 E adm_callback: cmd = 0x1035e returned error = 0x2
11-10 23:01:44.329 0 0 E adm_callback: ADM get param error = 2, resuming
11-10 23:01:44.497 0 0 I do_mount: dev: rootfs, mount point: / , retval=0
11-10 23:01:44.524 0 0 I do_mount: dev: /mnt/user/0, mount point: /storage , retval=0
11-10 23:01:44.524 18891 18891 I chatty : uid=0(root) system_server expire 1 line
11-10 23:01:44.532 18891 18891 I chatty : uid=1000 system_server expire 102 lines
11-10 23:01:44.558 18891 18891 I chatty : uid=1000 system_server expire 92 lines
11-10 23:01:44.584 18891 18916 I chatty : uid=1000 system_server expire 150 lines
11-10 23:01:44.597 1135 1209 I QC-NETMGR-LIB: NetmgrNetdClientRegisterNetwork(): Looking for Netd service
11-10 23:01:44.597 1135 1209 I QC-NETMGR-LIB: NetmgrNetdClientRegisterNetwork(): register to create new OEM network
11-10 23:01:44.597 1135 1209 I QC-NETMGR-LIB: registerNetwork(): Attempting createOemNetwork
11-10 23:01:44.597 1135 1209 I QC-NETMGR-LIB: registerNetwork(): command completed!
11-10 23:01:44.597 1135 1209 I QC-NETMGR-LIB: registerNetwork(): createOemNetwork succeeded [packet mark : 0xf0002] [net id : 2] [network handle : 0x2cafed00d]
11-10 23:01:44.597 1135 1209 I QC-NETMGR-LIB: NetmgrNetdClientRegisterNetwork(): [packet mark : 0xf0002] [network handle : 0x2cafed00d]
11-10 23:01:44.600 1070 1988 I chatty : uid=0(root) Binder:1070_8 expire 2 lines
11-10 23:01:44.625 18891 18891 I chatty : uid=1000 system_server expire 83 lines
11-10 23:01:44.633 18891 18926 I chatty : uid=1000 system_server expire 7 lines
11-10 23:01:44.634 18891 18926 I chatty : uid=1000 system_server expire 8 lines
11-10 23:01:44.636 604 604 I Binder:604_1: type=1400 audit(0.0:24899): avc: denied { read } for name="wakeup58" dev="sysfs" ino=100252 scontext=u:r:system_suspend:s0 tcontext=u:object_r:sysfs:s0 tclass=dir permissive=1
11-10 23:01:44.636 604 604 I Binder:604_1: type=1400 audit(0.0:24900): avc: denied { open } for path="/sys/devices/platform/soc/1c00000.qcom,pcie/pci0000:00/0000:00:00.0/0000:01:00.0/1103_00.01.00/wakeup/wakeup58" dev="sysfs" ino=100252 scontext=u:r:system_suspend:s0 tcontext=u:object_r:sysfs:s0 tclass=dir permissive=1
11-10 23:01:44.636 604 604 I Binder:604_1: type=1400 audit(0.0:24901): avc: denied { read } for name="event_count" dev="sysfs" ino=100259 scontext=u:r:system_suspend:s0 tcontext=u:object_r:sysfs:s0 tclass=file permissive=1
11-10 23:01:44.636 604 604 I Binder:604_1: type=1400 audit(0.0:24902): avc: denied { open } for path="/sys/devices/platform/soc/1c00000.qcom,pcie/pci0000:00/0000:00:00.0/0000:01:00.0/1103_00.01.00/wakeup/wakeup58/event_count" dev="sysfs" ino=100259 scontext=u:r:system_suspend:s0 tcontext=u:object_r:sysfs:s0 tclass=file permissive=1
11-10 23:01:44.636 604 604 I Binder:604_1: type=1400 audit(0.0:24903): avc: denied { getattr } for path="/sys/devices/platform/soc/1c00000.qcom,pcie/pci0000:00/0000:00:00.0/0000:01:00.0/1103_00.01.00/wakeup/wakeup58/event_count" dev="sysfs" ino=100259 scontext=u:r:system_suspend:s0 tcontext=u:object_r:sysfs:s0 tclass=file permissive=1
11-10 23:01:44.668 570 570 I hwservicemanager: getTransport: Cannot find entry android.hardware.power@1.0::IPower/default in either framework or device manifest.
11-10 23:01:44.784 860 860 I chatty : uid=1000(system) android.hardwar expire 12 lines
11-10 23:01:44.786 568 568 I servicemanager: Found android.hardware.power.IPower/default in device VINTF manifest.
11-10 23:01:44.787 570 570 I hw-BpHwBinder: onLastStrongRef automatically unlinking death recipients
11-10 23:01:44.789 0 0 I : xiaomi_touch_dev_open
11-10 23:01:44.789 0 0 I xiaomi_touch_dev_ioctl cmd: 0, touchId:0, mode:14, value:0
11-10 23:01:44.789 0 0 I [FTS_TS/I]fts_set_cur_value: mode:14, value:0
11-10 23:01:44.789 0 0 I [FTS_TS/I]fts_update_gesture_state: gesture state:0x00
11-10 23:01:44.791 18891 18918 I chatty : uid=1000 system_server expire 1 line
11-10 23:01:44.792 568 568 E servicemanager: Could not find android.hardware.light.ILights/default in the VINTF manifest.
11-10 23:01:44.797 930 1673 W DisplayIdentification: Invalid EDID: falling back to serial number due to missing display name.
11-10 23:01:44.797 930 1673 W DisplayIdentification: Invalid EDID: falling back to ASCII text due to missing serial number.
11-10 23:01:44.798 872 1125 I SDM : HWCColorModeStc::GetColorModeCount: Supported color mode count = 3
11-10 23:01:44.798 872 1125 I SDM : HWCColorModeStc::GetColorModes: Color mode = 0 is supported
11-10 23:01:44.798 872 1125 I SDM : HWCColorModeStc::GetColorModes: Color mode = 7 is supported
11-10 23:01:44.798 872 1125 I SDM : HWCColorModeStc::GetColorModes: Color mode = 9 is supported
11-10 23:01:44.800 18891 18912 I chatty : uid=1000 system_server expire 2 lines
11-10 23:01:44.802 930 930 D SurfaceFlinger: Setting power mode 2 on display 19260527152667266
11-10 23:01:44.839 18891 18935 I chatty : uid=1000 system_server expire 2 lines
11-10 23:01:44.952 0 0 E apexd : Can't open /system_ext/apex for reading : No such file or directory
11-10 23:01:44.952 0 0 E apexd : Can't open /product/apex for reading : No such file or directory
11-10 23:01:44.952 0 0 E apexd : Can't open /vendor/apex for reading : No such file or directory
11-10 23:01:44.985 18891 18891 I chatty : uid=1000 system_server expire 741 lines
11-10 23:01:45.338 0 0 E adm_get_pp_params: Get params timed out port = 0x9020
11-10 23:01:45.338 0 0 E adm_get_pp_params: Get params timed out port = 0x9020
11-10 23:01:45.338 0 0 E crus_adm_get_params: get parameters failed ret:-110
11-10 23:01:45.338 0 0 E crus_adm_get_params: get parameters failed ret:-110
11-10 23:01:45.338 0 0 I [CSPL] msm_routing_crus_chan_swap_dur_get: 30
11-10 23:01:45.338 0 0 I [CSPL] msm_routing_crus_chan_swap_dur_get: 30
11-10 23:01:45.338 0 0 I : [CSPL] Starting Cirrus SP Volume Attenuation Get function call
11-10 23:01:45.338 0 0 I : [CSPL] Starting Cirrus SP Volume Attenuation Get function call
11-10 23:01:45.339 0 0 E elliptic_system_configuration_param_get: reg: 0 shift: 0
11-10 23:01:45.339 0 0 E elliptic_system_configuration_param_get: reg: 0 shift: 1
11-10 23:01:45.339 0 0 E elliptic_system_configuration_param_get: reg: 0 shift: 0
11-10 23:01:45.339 0 0 E elliptic_system_configuration_param_get: reg: 0 shift: 2
11-10 23:01:45.339 0 0 E elliptic_system_configuration_param_get: reg: 0 shift: 1
11-10 23:01:45.339 0 0 E elliptic_system_configuration_param_get: reg: 0 shift: 3
11-10 23:01:45.339 0 0 E elliptic_system_configuration_param_get: reg: 0 shift: 4
11-10 23:01:45.339 0 0 E elliptic_system_configuration_param_get: reg: 0 shift: 2
11-10 23:01:45.339 0 0 E elliptic_system_configuration_param_get: reg: 0 shift: 5
11-10 23:01:45.339 0 0 E elliptic_system_configuration_param_get: reg: 0 shift: 3
11-10 23:01:45.340 0 0 E elliptic_system_configuration_param_get: reg: 0 shift: 4
11-10 23:01:45.340 0 0 E elliptic_system_configuration_param_get: reg: 0 shift: 5
11-10 23:01:45.340 0 0 E elliptic_system_configuration_param_get: reg: 0 shift: 6
11-10 23:01:45.341 0 0 E elliptic_system_configuration_param_get: reg: 0 shift: 7
11-10 23:01:45.341 0 0 E [ELUS] : (elliptic_system_configuration_param_get) : get ELLIPTIC_SYSTEM_CONFIGURATION_CUSTOM_SETTING_00
11-10 23:01:45.341 0 0 E elliptic_system_configuration_param_get: reg: 0 shift: 6
11-10 23:01:45.341 0 0 E elliptic_system_configuration_param_get: reg: 0 shift: 8
11-10 23:01:45.341 0 0 E [ELUS] : (elliptic_system_configuration_param_get) : get ELLIPTIC_SYSTEM_CONFIGURATION_CUSTOM_SETTING_01
11-10 23:01:45.341 0 0 E elliptic_system_configuration_param_get: reg: 0 shift: 9
11-10 23:01:45.341 0 0 E [ELUS] : (elliptic_system_configuration_param_get) : get ELLIPTIC_SYSTEM_CONFIGURATION_CUSTOM_SETTING_02
11-10 23:01:45.341 0 0 E elliptic_system_configuration_param_get: reg: 0 shift: 10
11-10 23:01:45.341 0 0 E [ELUS] : (elliptic_system_configuration_param_get) : get ELLIPTIC_SYSTEM_CONFIGURATION_CUSTOM_SETTING_03
11-10 23:01:45.341 0 0 E elliptic_system_configuration_param_get: reg: 0 shift: 11
11-10 23:01:45.341 0 0 E [ELUS] : (elliptic_system_configuration_param_get) : get ELLIPTIC_SYSTEM_CONFIGURATION_CUSTOM_SETTING_04
11-10 23:01:45.341 0 0 E elliptic_system_configuration_param_get: reg: 0 shift: 12
11-10 23:01:45.341 0 0 E [ELUS] : (elliptic_system_configuration_param_get) : get ELLIPTIC_SYSTEM_CONFIGURATION_CUSTOM_SETTING_05
11-10 23:01:45.341 0 0 E elliptic_system_configuration_param_get: reg: 0 shift: 13
11-10 23:01:45.341 0 0 E [ELUS] : (elliptic_system_configuration_param_get) : get ELLIPTIC_SYSTEM_CONFIGURATION_CUSTOM_SETTING_06
11-10 23:01:45.341 0 0 E elliptic_system_configuration_param_get: reg: 0 shift: 7
11-10 23:01:45.341 0 0 E [ELUS] : (elliptic_system_configuration_param_get) : get ELLIPTIC_SYSTEM_CONFIGURATION_CUSTOM_SETTING_00
11-10 23:01:45.341 0 0 E elliptic_system_configuration_param_get: reg: 0 shift: 14
11-10 23:01:45.341 0 0 E [ELUS] : (elliptic_system_configuration_param_get) : get ELLIPTIC_SYSTEM_CONFIGURATION_CUSTOM_SETTING_07
11-10 23:01:45.341 0 0 E elliptic_system_configuration_param_get: reg: 0 shift: 8
11-10 23:01:45.341 0 0 E [ELUS] : (elliptic_system_configuration_param_get) : get ELLIPTIC_SYSTEM_CONFIGURATION_CUSTOM_SETTING_01
11-10 23:01:45.341 0 0 E elliptic_system_configuration_param_get: reg: 0 shift: 15
11-10 23:01:45.341 0 0 E [ELUS] : (elliptic_system_configuration_param_get) : get ELLIPTIC_SYSTEM_CONFIGURATION_CUSTOM_SETTING_08
11-10 23:01:45.341 0 0 E elliptic_system_configuration_param_get: reg: 0 shift: 9
11-10 23:01:45.341 0 0 E [ELUS] : (elliptic_system_configuration_param_get) : get ELLIPTIC_SYSTEM_CONFIGURATION_CUSTOM_SETTING_02
11-10 23:01:45.341 0 0 E elliptic_system_configuration_param_get: reg: 0 shift: 16
11-10 23:01:45.341 0 0 E [ELUS] : (elliptic_system_configuration_param_get) : get ELLIPTIC_SYSTEM_CONFIGURATION_CUSTOM_SETTING_09
11-10 23:01:45.341 0 0 E elliptic_system_configuration_param_get: reg: 0 shift: 10
11-10 23:01:45.341 0 0 E [ELUS] : (elliptic_system_configuration_param_get) : get ELLIPTIC_SYSTEM_CONFIGURATION_CUSTOM_SETTING_03
11-10 23:01:45.341 0 0 E elliptic_system_configuration_param_get: reg: 0 shift: 17
11-10 23:01:45.341 0 0 E [ELUS] : (elliptic_system_configuration_param_get) : get ELLIPTIC_SYSTEM_CONFIGURATION_CUSTOM_SETTING_10
11-10 23:01:45.342 0 0 E elliptic_system_configuration_param_get: reg: 0 shift: 18
11-10 23:01:45.342 0 0 E [ELUS] : (elliptic_system_configuration_param_get) : get ELLIPTIC_SYSTEM_CONFIGURATION_CUSTOM_SETTING_11
11-10 23:01:45.342 0 0 E elliptic_system_configuration_param_get: reg: 0 shift: 11
11-10 23:01:45.342 0 0 E [ELUS] : (elliptic_system_configuration_param_get) : get ELLIPTIC_SYSTEM_CONFIGURATION_CUSTOM_SETTING_04
11-10 23:01:45.342 0 0 E elliptic_system_configuration_param_get: reg: 0 shift: 19
11-10 23:01:45.342 0 0 E [ELUS] : (elliptic_system_configuration_param_get) : get ELLIPTIC_SYSTEM_CONFIGURATION_CUSTOM_SETTING_12
11-10 23:01:45.342 0 0 E elliptic_system_configuration_param_get: reg: 0 shift: 12
11-10 23:01:45.342 0 0 E [ELUS] : (elliptic_system_configuration_param_get) : get ELLIPTIC_SYSTEM_CONFIGURATION_CUSTOM_SETTING_05
11-10 23:01:45.342 0 0 E elliptic_system_configuration_param_get: reg: 0 shift: 20
11-10 23:01:45.342 0 0 E [ELUS] : (elliptic_system_configuration_param_get) : get ELLIPTIC_SYSTEM_CONFIGURATION_CUSTOM_SETTING_13
11-10 23:01:45.342 0 0 E elliptic_system_configuration_param_get: reg: 0 shift: 13
11-10 23:01:45.342 0 0 E [ELUS] : (elliptic_system_configuration_param_get) : get ELLIPTIC_SYSTEM_CONFIGURATION_CUSTOM_SETTING_06
11-10 23:01:45.342 0 0 E elliptic_system_configuration_param_get: reg: 0 shift: 21
11-10 23:01:45.342 0 0 E [ELUS] : (elliptic_system_configuration_param_get) : get ELLIPTIC_SYSTEM_CONFIGURATION_CUSTOM_SETTING_14
11-10 23:01:45.342 0 0 E elliptic_system_configuration_param_get: reg: 0 shift: 14
11-10 23:01:45.342 0 0 E [ELUS] : (elliptic_system_configuration_param_get) : get ELLIPTIC_SYSTEM_CONFIGURATION_CUSTOM_SETTING_07
11-10 23:01:45.342 0 0 E elliptic_system_configuration_param_get: reg: 0 shift: 22
11-10 23:01:45.342 0 0 E [ELUS] : (elliptic_system_configuration_param_get) : get ELLIPTIC_SYSTEM_CONFIGURATION_CUSTOM_SETTING_15
11-10 23:01:45.342 0 0 E elliptic_system_configuration_param_get: reg: 0 shift: 15
11-10 23:01:45.342 0 0 E [ELUS] : (elliptic_system_configuration_param_get) : get ELLIPTIC_SYSTEM_CONFIGURATION_CUSTOM_SETTING_08
11-10 23:01:45.342 0 0 E elliptic_system_configuration_param_get: reg: 0 shift: 16
11-10 23:01:45.342 0 0 E [ELUS] : (elliptic_system_configuration_param_get) : get ELLIPTIC_SYSTEM_CONFIGURATION_CUSTOM_SETTING_09
11-10 23:01:45.342 0 0 E elliptic_system_configuration_param_get: reg: 0 shift: 17
11-10 23:01:45.342 0 0 E [ELUS] : (elliptic_system_configuration_param_get) : get ELLIPTIC_SYSTEM_CONFIGURATION_CUSTOM_SETTING_10
11-10 23:01:45.342 0 0 E elliptic_system_configuration_param_get: reg: 0 shift: 23
11-10 23:01:45.342 0 0 E elliptic_system_configuration_param_get: reg: 0 shift: 18
11-10 23:01:45.342 0 0 E [ELUS] : (elliptic_system_configuration_param_get) : get ELLIPTIC_SYSTEM_CONFIGURATION_CUSTOM_SETTING_11
11-10 23:01:45.342 0 0 E elliptic_system_configuration_param_get: reg: 0 shift: 24
11-10 23:01:45.342 0 0 E elliptic_system_configuration_param_get: reg: 0 shift: 19
11-10 23:01:45.342 0 0 E [ELUS] : (elliptic_system_configuration_param_get) : get ELLIPTIC_SYSTEM_CONFIGURATION_CUSTOM_SETTING_12
11-10 23:01:45.343 0 0 E elliptic_system_configuration_param_get: reg: 0 shift: 25
11-10 23:01:45.343 0 0 E elliptic_system_configuration_param_get: reg: 0 shift: 20
11-10 23:01:45.343 0 0 E [ELUS] : (elliptic_system_configuration_param_get) : get ELLIPTIC_SYSTEM_CONFIGURATION_CUSTOM_SETTING_13
11-10 23:01:45.343 0 0 E elliptic_system_configuration_param_get: reg: 0 shift: 26
11-10 23:01:45.343 0 0 E elliptic_system_configuration_param_get: reg: 0 shift: 21
11-10 23:01:45.343 0 0 E [ELUS] : (elliptic_system_configuration_param_get) : get ELLIPTIC_SYSTEM_CONFIGURATION_CUSTOM_SETTING_14
11-10 23:01:45.343 0 0 E elliptic_system_configuration_param_get: reg: 0 shift: 27
11-10 23:01:45.343 0 0 E elliptic_system_configuration_param_get: reg: 0 shift: 22
11-10 23:01:45.343 0 0 E [ELUS] : (elliptic_system_configuration_param_get) : get ELLIPTIC_SYSTEM_CONFIGURATION_CUSTOM_SETTING_15
11-10 23:01:45.343 0 0 E elliptic_system_configuration_param_get: reg: 0 shift: 28
11-10 23:01:45.343 0 0 E elliptic_system_configuration_param_get: reg: 0 shift: 30
11-10 23:01:45.343 0 0 E elliptic_system_configuration_param_get: reg: 0 shift: 31
11-10 23:01:45.343 0 0 E elliptic_system_configuration_param_get: reg: 0 shift: 32
11-10 23:01:45.343 0 0 E elliptic_system_configuration_param_get: reg: 0 shift: 23
11-10 23:01:45.343 0 0 E elliptic_system_configuration_param_get: reg: 0 shift: 24
11-10 23:01:45.343 0 0 E elliptic_system_configuration_param_get: reg: 0 shift: 25
11-10 23:01:45.344 0 0 E elliptic_system_configuration_param_get: reg: 0 shift: 26
11-10 23:01:45.344 0 0 E elliptic_system_configuration_param_get: reg: 0 shift: 27
11-10 23:01:45.344 0 0 E elliptic_system_configuration_param_get: reg: 0 shift: 28
11-10 23:01:45.344 0 0 E elliptic_system_configuration_param_get: reg: 0 shift: 30
11-10 23:01:45.344 0 0 E elliptic_system_configuration_param_get: reg: 0 shift: 31
11-10 23:01:45.344 0 0 E elliptic_system_configuration_param_get: reg: 0 shift: 32
11-10 23:01:45.348 1135 1209 I QC-NETMGR-LIB: NetmgrNetdClientSetIpForwardEnable(): Looking for Netd service
11-10 23:01:45.348 0 0 D msm_dai_q6_usb_audio_cfg_get: dev_token = 0x0
11-10 23:01:45.348 1135 1209 I QC-NETMGR-LIB: NetmgrNetdClientSetIpForwardEnable(): starting command
11-10 23:01:45.348 1135 1209 I QC-NETMGR-LIB: setIpForwardEnable(): Attempting setIpForwardEnable
11-10 23:01:45.348 0 0 D msm_dai_q6_usb_audio_endian_cfg_get: endian = 0x0
11-10 23:01:45.348 0 0 D msm_dai_q6_usb_audio_svc_interval_get: service interval = 0
11-10 23:01:45.348 0 0 D msm_dai_q6_usb_audio_cfg_get: dev_token = 0x0
11-10 23:01:45.348 0 0 D msm_dai_q6_usb_audio_endian_cfg_get: endian = 0x0
11-10 23:01:45.348 0 0 D msm_dai_q6_tdm_data_format_get: data_format = 0
11-10 23:01:45.349 0 0 D msm_dai_q6_tdm_header_type_get: header_type = 0
11-10 23:01:45.349 0 0 D msm_dai_q6_tdm_header_get: header #0 = 0x0
11-10 23:01:45.349 0 0 D msm_dai_q6_tdm_header_get: header #1 = 0x0
11-10 23:01:45.349 0 0 D msm_dai_q6_tdm_header_get: header #2 = 0x0
11-10 23:01:45.349 0 0 D msm_dai_q6_tdm_header_get: header #3 = 0x0
11-10 23:01:45.349 0 0 D msm_dai_q6_tdm_header_get: header #4 = 0x0
11-10 23:01:45.349 0 0 D msm_dai_q6_tdm_header_get: header #5 = 0x0
11-10 23:01:45.349 0 0 D msm_dai_q6_tdm_header_get: header #6 = 0x0
11-10 23:01:45.349 0 0 D msm_dai_q6_tdm_header_get: header #7 = 0x0
11-10 23:01:45.349 0 0 D msm_dai_q6_tdm_data_format_get: data_format = 0
11-10 23:01:45.349 0 0 D msm_dai_q6_tdm_header_type_get: header_type = 0
11-10 23:01:45.349 0 0 D msm_dai_q6_tdm_header_get: header #0 = 0x0
11-10 23:01:45.349 0 0 D msm_dai_q6_tdm_header_get: header #1 = 0x0
11-10 23:01:45.349 0 0 D msm_dai_q6_tdm_header_get: header #2 = 0x0
11-10 23:01:45.349 0 0 D msm_dai_q6_tdm_header_get: header #3 = 0x0
11-10 23:01:45.349 0 0 D msm_dai_q6_tdm_header_get: header #4 = 0x0
11-10 23:01:45.349 0 0 D msm_dai_q6_tdm_header_get: header #5 = 0x0
11-10 23:01:45.349 0 0 D msm_dai_q6_tdm_header_get: header #6 = 0x0
11-10 23:01:45.349 0 0 D msm_dai_q6_tdm_header_get: header #7 = 0x0
11-10 23:01:45.349 1135 1209 I QC-NETMGR-LIB: NetmgrNetdClientSetIpForwardEnable(): completed command
11-10 23:01:45.349 0 0 D msm_dai_q6_tdm_data_format_get: data_format = 0
11-10 23:01:45.349 1135 1209 I QC-NETMGR-LIB: NetmgrNetdClientAddInterfaceToOemNetwork(): Looking for Netd service
11-10 23:01:45.349 1135 1209 I QC-NETMGR-LIB: NetmgrNetdClientAddInterfaceToOemNetwork(): starting command
11-10 23:01:45.350 1135 1209 I QC-NETMGR-LIB: addInterfaceToOemNetwork(): Attempting addInterfaceToOemNetwork
11-10 23:01:45.350 0 0 D msm_dai_q6_tdm_header_type_get: header_type = 0
11-10 23:01:45.350 0 0 D msm_dai_q6_usb_audio_cfg_get: dev_token = 0x0
11-10 23:01:45.350 0 0 D msm_dai_q6_tdm_header_get: header #0 = 0x0
11-10 23:01:45.350 0 0 D msm_dai_q6_tdm_header_get: header #1 = 0x0
11-10 23:01:45.350 0 0 D msm_dai_q6_tdm_header_get: header #2 = 0x0
11-10 23:01:45.350 0 0 D msm_dai_q6_tdm_header_get: header #3 = 0x0
11-10 23:01:45.350 0 0 D msm_dai_q6_tdm_header_get: header #4 = 0x0
11-10 23:01:45.350 0 0 D msm_dai_q6_tdm_header_get: header #5 = 0x0
11-10 23:01:45.350 0 0 D msm_dai_q6_tdm_header_get: header #6 = 0x0
11-10 23:01:45.350 0 0 D msm_dai_q6_tdm_header_get: header #7 = 0x0
11-10 23:01:45.350 0 0 D msm_dai_q6_usb_audio_endian_cfg_get: endian = 0x0
11-10 23:01:45.350 0 0 D msm_dai_q6_usb_audio_svc_interval_get: service interval = 0
11-10 23:01:45.350 0 0 D msm_dai_q6_tdm_data_format_get: data_format = 0
11-10 23:01:45.350 0 0 D msm_dai_q6_usb_audio_cfg_get: dev_token = 0x0
11-10 23:01:45.350 0 0 D msm_dai_q6_tdm_header_type_get: header_type = 0
11-10 23:01:45.350 0 0 D msm_dai_q6_usb_audio_endian_cfg_get: endian = 0x0
11-10 23:01:45.350 0 0 D msm_dai_q6_tdm_header_get: header #0 = 0x0
11-10 23:01:45.350 0 0 D msm_dai_q6_tdm_header_get: header #1 = 0x0
11-10 23:01:45.350 0 0 D msm_dai_q6_tdm_header_get: header #2 = 0x0
11-10 23:01:45.350 0 0 D msm_dai_q6_tdm_header_get: header #3 = 0x0
11-10 23:01:45.350 0 0 D msm_dai_q6_tdm_header_get: header #4 = 0x0
11-10 23:01:45.350 0 0 D msm_dai_q6_tdm_header_get: header #5 = 0x0
11-10 23:01:45.350 0 0 D msm_dai_q6_tdm_header_get: header #6 = 0x0
11-10 23:01:45.350 0 0 D msm_dai_q6_tdm_header_get: header #7 = 0x0
11-10 23:01:45.350 0 0 D msm_dai_q6_tdm_data_format_get: data_format = 0
11-10 23:01:45.350 0 0 D msm_dai_q6_tdm_data_format_get: data_format = 0
11-10 23:01:45.351 0 0 D msm_dai_q6_tdm_header_type_get: header_type = 0
11-10 23:01:45.351 0 0 D msm_dai_q6_tdm_header_type_get: header_type = 0
11-10 23:01:45.351 0 0 D msm_dai_q6_tdm_header_get: header #0 = 0x0
11-10 23:01:45.351 0 0 D msm_dai_q6_tdm_header_get: header #1 = 0x0
11-10 23:01:45.351 0 0 D msm_dai_q6_tdm_header_get: header #2 = 0x0
11-10 23:01:45.351 0 0 D msm_dai_q6_tdm_header_get: header #3 = 0x0
11-10 23:01:45.351 0 0 D msm_dai_q6_tdm_header_get: header #4 = 0x0
