11-10 23:01:46.054 18819 18819 W Zygote : Class not found for preloading: java.util.stream.-$$Lambda$opQ7JxjVCJzqzgTxGU3LVtqC7is
11-10 23:01:46.054 18819 18819 W Zygote : Class not found for preloading: java.util.stream.-$$Lambda$r-8H_R_mZJjp9wd0XTLoEAHMNQ0
11-10 23:01:46.054 18819 18819 W Zygote : Class not found for preloading: java.util.stream.-$$Lambda$ry7iWszBr7beYy31SdRxibDyciQ
11-10 23:01:46.054 18819 18819 W Zygote : Class not found for preloading: java.util.stream.-$$Lambda$sKPaOkcQePGTRevrwmKVVhCTmTo
11-10 23:01:46.054 18891 18891 I SystemServerTiming: StartCountryDetectorService
11-10 23:01:46.054 18819 18819 W Zygote : Class not found for preloading: java.util.stream.-$$Lambda$uJ6CkL42Bk73jN5EzP0Fx7o1eVA
11-10 23:01:46.055 18819 18819 W Zygote : Class not found for preloading: java.util.stream.-$$Lambda$wFoiz-RiPqYBPe0X4aSzbj2iL3g
11-10 23:01:46.055 18819 18819 W Zygote : Class not found for preloading: java.util.stream.-$$Lambda$yTqQxkqu88ZhKI6fWaTTLwOLF60
11-10 23:01:46.055 18891 18891 I SystemServerTiming: StartTimeDetectorService
11-10 23:01:46.055 18891 18891 I SystemServiceManager: Starting com.android.server.timedetector.TimeDetectorService$Lifecycle
11-10 23:01:46.055 18891 18891 I SystemServerTiming: StartTimeZoneDetectorService
11-10 23:01:46.055 18891 18891 I SystemServiceManager: Starting com.android.server.timezonedetector.TimeZoneDetectorService$Lifecycle
11-10 23:01:46.055 18891 18891 I SystemServerTiming: StartSearchManagerService
11-10 23:01:46.055 18891 18891 I SystemServiceManager: Starting com.android.server.search.SearchManagerService$Lifecycle
11-10 23:01:46.056 18819 18819 W Zygote : Class not found for preloading: libcore.content.type.-$$Lambda$MimeMap$xJ95jeANwfbnj45hvSUmlPtZWWg
11-10 23:01:46.056 18891 18891 I SystemServerTiming: StartWallpaperManagerService
11-10 23:01:46.056 18891 18891 I SystemServiceManager: Starting com.android.server.wallpaper.WallpaperManagerService$Lifecycle
11-10 23:01:46.056 18891 18891 I SystemServerTiming: StartAudioService
11-10 23:01:46.056 18891 18891 I SystemServiceManager: Starting com.android.server.audio.AudioService$Lifecycle
11-10 23:01:46.063 18819 18819 I Zygote : ...preloaded 11629 classes in 348ms.
11-10 23:01:46.064 887 887 D vendor.qti.vibrator: QTI Vibrator reporting capabilities: 15
11-10 23:01:46.064 18819 18819 I zygote : The ClassLoaderContext is a special shared library.
11-10 23:01:46.064 18819 18819 D ApplicationLoaders: Created zygote-cached class loader: /system/framework/android.hidl.base-V1.0-java.jar
11-10 23:01:46.065 18819 18819 I zygote : The ClassLoaderContext is a special shared library.
11-10 23:01:46.065 18819 18819 D ApplicationLoaders: Created zygote-cached class loader: /system/framework/android.hidl.manager-V1.0-java.jar
11-10 23:01:46.065 18819 18819 I zygote : The ClassLoaderContext is a special shared library.
11-10 23:01:46.066 18819 18819 D ApplicationLoaders: Created zygote-cached class loader: /system/framework/android.test.base.jar
11-10 23:01:46.066 18819 18819 I Zygote : Preloading resources...
11-10 23:01:46.068 18819 18819 W Resources: Preloaded drawable resource #0x108028d (android:drawable/dialog_background_material) that varies with configuration!!
11-10 23:01:46.068 18819 18819 W Resources: Preloaded color resource #0x10601bc (android:color/material_grey_800) that varies with configuration!!
11-10 23:01:46.068 18819 18819 W Resources: Preloaded drawable resource #0x10802fa (android:drawable/floating_popup_background_dark) that varies with configuration!!
11-10 23:01:46.073 18819 18819 I Zygote : ...preloaded 64 resources in 7ms.
11-10 23:01:46.074 18819 18819 W Resources: Preloaded color resource #0x1060039 (android:color/background_cache_hint_selector_material_dark) that varies with configuration!!
11-10 23:01:46.075 18819 18819 W Resources: Preloaded color resource #0x106003a (android:color/background_cache_hint_selector_material_light) that varies with configuration!!
11-10 23:01:46.075 18819 18819 I Zygote : ...preloaded 41 resources in 2ms.
11-10 23:01:46.080 18819 18819 D libEGL : loaded /vendor/lib/egl/libEGL_adreno.so
11-10 23:01:46.082 18819 18819 D libEGL : loaded /vendor/lib/egl/libGLESv1_CM_adreno.so
11-10 23:01:46.085 18819 18819 D libEGL : loaded /vendor/lib/egl/libGLESv2_adreno.so
11-10 23:01:46.107 18819 18819 I Zygote : Preloading shared libraries...
11-10 23:01:46.109 18819 18819 I Zygote : Called ZygoteHooks.endPreload()
11-10 23:01:46.109 18819 18819 I Zygote : Installed AndroidKeyStoreProvider in 0ms.
11-10 23:01:46.112 18819 18819 I Zygote : Warmed up JCA providers in 3ms.
11-10 23:01:46.112 18819 18819 D Zygote : end preload
11-10 23:01:46.216 18817 19030 I chatty : uid=1041(audioserver) /vendor/bin/hw/android.hardware.audio.service expire 1 line
11-10 23:01:46.219 18820 19046 I chatty : uid=1041(audioserver) /system/bin/audioserver expire 5 lines
11-10 23:01:46.283 18820 19047 I chatty : uid=1041(audioserver) /system/bin/audioserver expire 7 lines
11-10 23:01:46.488 18820 19050 I chatty : uid=1041(audioserver) /system/bin/audioserver expire 5 lines
11-10 23:01:46.552 18820 19051 I chatty : uid=1041(audioserver) /system/bin/audioserver expire 3 lines
11-10 23:01:46.555 18820 19053 I chatty : uid=1041(audioserver) /system/bin/audioserver expire 3 lines
11-10 23:01:46.557 18820 19055 I chatty : uid=1041(audioserver) /system/bin/audioserver expire 3 lines
11-10 23:01:46.560 18820 19057 I chatty : uid=1041(audioserver) /system/bin/audioserver expire 3 lines
11-10 23:01:46.561 18817 18826 D audio_hw_primary: adev_open_input_stream: enter: sample_rate(192000) channel_mask(0x8000000f) devices(0x80000080) stream_handle(0xec706670) io_handle(46) source(1) format 6
11-10 23:01:46.562 18820 19059 I AudioFlinger: AudioFlinger's thread 0xb4000074cbce4040 tid=19059 ready to run
11-10 23:01:46.562 18817 18826 D audio_hw_primary: in_standby: enter: stream (0xec706670) usecase(23: audio-record)
11-10 23:01:46.563 18820 19059 W AudioFlinger: no wake lock to update, system not ready yet
11-10 23:01:46.563 18817 18826 D audio_hw_primary: in_standby: enter: stream (0xec706670) usecase(23: audio-record)
11-10 23:01:46.563 18820 19059 W AudioFlinger: no wake lock to update, system not ready yet
11-10 23:01:46.563 18817 18826 D audio_hw_primary: adev_close_input_stream: enter:stream_handle(0xec706670)
11-10 23:01:46.564 18817 18826 D soundtrigger: audio_extn_sound_trigger_check_ec_ref_enable: EC Reference is disabled
11-10 23:01:46.564 18817 18826 D sound_trigger_hw: handle_audio_ec_ref_enabled: Enter
11-10 23:01:46.564 18817 18826 D sound_trigger_hw: handle_audio_ec_ref_enabled: Exit audio ec ref=0
11-10 23:01:46.564 18817 18826 D soundtrigger: audio_extn_sound_trigger_update_ec_ref_status: update audio echo ref status false
11-10 23:01:46.564 18817 18826 D audio_hw_primary: in_standby: enter: stream (0xec706670) usecase(23: audio-record)
11-10 23:01:46.564 18817 18826 D audio_hw_primary: adev_open_input_stream is_karaoke_fastcapture=0
11-10 23:01:46.564 18817 18826 D audio_hw_primary: adev_open_input_stream: enter: sample_rate(48000) channel_mask(0xc) devices(0x80000040) stream_handle(0xec706670) io_handle(54) source(1) format 1
11-10 23:01:46.565 18820 19061 I AudioFlinger: AudioFlinger's thread 0xb4000074cbce4040 tid=19061 ready to run
11-10 23:01:46.565 18817 18826 D audio_hw_primary: in_standby: enter: stream (0xec706670) usecase(56: afe-proxy-record2)
11-10 23:01:46.565 18820 19061 W AudioFlinger: no wake lock to update, system not ready yet
11-10 23:01:46.565 18817 18826 D audio_hw_primary: in_standby: enter: stream (0xec706670) usecase(56: afe-proxy-record2)
11-10 23:01:46.566 18820 19061 W AudioFlinger: no wake lock to update, system not ready yet
11-10 23:01:46.566 18817 18826 D audio_hw_primary: adev_close_input_stream: enter:stream_handle(0xec706670)
11-10 23:01:46.566 18817 18826 D soundtrigger: audio_extn_sound_trigger_check_ec_ref_enable: EC Reference is disabled
11-10 23:01:46.566 18817 18826 D sound_trigger_hw: handle_audio_ec_ref_enabled: Enter
11-10 23:01:46.566 18817 18826 D sound_trigger_hw: handle_audio_ec_ref_enabled: Exit audio ec ref=0
11-10 23:01:46.566 18817 18826 D soundtrigger: audio_extn_sound_trigger_update_ec_ref_status: update audio echo ref status false
11-10 23:01:46.566 18817 18826 D audio_hw_primary: in_standby: enter: stream (0xec706670) usecase(56: afe-proxy-record2)
11-10 23:01:46.566 18817 18826 D audio_hw_primary: adev_open_input_stream is_karaoke_fastcapture=0
11-10 23:01:46.566 18817 18826 D audio_hw_primary: adev_open_input_stream: enter: sample_rate(48000) channel_mask(0x80000007) devices(0x80000080) stream_handle(0xec706670) io_handle(62) source(1) format 1
11-10 23:01:46.567 18820 19063 I AudioFlinger: AudioFlinger's thread 0xb4000074cbce4040 tid=19063 ready to run
11-10 23:01:46.567 18817 18826 D audio_hw_primary: in_standby: enter: stream (0xec706670) usecase(23: audio-record)
11-10 23:01:46.568 18820 19063 W AudioFlinger: no wake lock to update, system not ready yet
11-10 23:01:46.568 18817 18826 D audio_hw_primary: in_standby: enter: stream (0xec706670) usecase(23: audio-record)
11-10 23:01:46.568 18820 19063 W AudioFlinger: no wake lock to update, system not ready yet
11-10 23:01:46.568 18817 18826 D audio_hw_primary: adev_close_input_stream: enter:stream_handle(0xec706670)
11-10 23:01:46.568 18817 18826 D soundtrigger: audio_extn_sound_trigger_check_ec_ref_enable: EC Reference is disabled
11-10 23:01:46.568 18817 18826 D sound_trigger_hw: handle_audio_ec_ref_enabled: Enter
11-10 23:01:46.568 18817 18826 D sound_trigger_hw: handle_audio_ec_ref_enabled: Exit audio ec ref=0
11-10 23:01:46.568 18817 18826 D soundtrigger: audio_extn_sound_trigger_update_ec_ref_status: update audio echo ref status false
11-10 23:01:46.568 18817 18826 D audio_hw_primary: in_standby: enter: stream (0xec706670) usecase(23: audio-record)
11-10 23:01:46.568 18820 18820 E APM_AudioPolicyManager: onNewAudioModulesAvailableInt: Input device list is empty!
11-10 23:01:46.570 18817 18826 D btaudio_offload_qti: is_value_adds_supported: vendor_info = 3
11-10 23:01:46.570 18817 18826 D btaudio_offload_qti: is_value_adds_supported: Build is running with QC Value-adds for odm
11-10 23:01:46.570 18817 18826 E btaudio_offload_qti: bt_audio_pre_init_qti: HIDL IBluetoothAudioProvidersFactory already registered
11-10 23:01:46.570 18820 18820 I AudioFlinger: loadHwModule() Loaded bluetooth_qti audio interface, handle 18
11-10 23:01:46.570 18820 18820 E APM_AudioPolicyManager: onNewAudioModulesAvailableInt: Input device list is empty!
11-10 23:01:46.571 18820 18820 I AudioFlinger: loadHwModule() Loaded usb audio interface, handle 26
11-10 23:01:46.572 18817 18826 I r_submix: adev_open(name=audio_hw_if)
11-10 23:01:46.572 18817 18826 I r_submix: adev_init_check()
11-10 23:01:46.572 18820 18820 I AudioFlinger: loadHwModule() Loaded r_submix audio interface, handle 34
11-10 23:01:46.572 18817 18826 D r_submix: adev_open_input_stream(addr=0)
11-10 23:01:46.572 18817 18826 D r_submix: submix_audio_device_create_pipe_l(addr=0, idx=9)
11-10 23:01:46.573 18817 18826 D r_submix: now using address 0 for route 9
11-10 23:01:46.573 18820 19065 I AudioFlinger: AudioFlinger's thread 0xb4000074cbce4040 tid=19065 ready to run
11-10 23:01:46.574 18817 18826 I r_submix: in_standby()
11-10 23:01:46.574 18820 19065 W AudioFlinger: no wake lock to update, system not ready yet
11-10 23:01:46.574 18817 18826 I r_submix: in_standby()
11-10 23:01:46.574 18820 19065 W AudioFlinger: no wake lock to update, system not ready yet
11-10 23:01:46.575 18817 18826 D r_submix: adev_close_input_stream()
11-10 23:01:46.575 18817 18826 D r_submix: submix_audio_device_release_pipe_l(idx=9) addr=0
11-10 23:01:46.575 18817 18826 D r_submix: submix_audio_device_destroy_pipe_l(): pipe destroyed
11-10 23:01:46.575 18820 18820 W AudioFlinger: loadHwModule() module bluetooth_qti already loaded
11-10 23:01:46.576 18820 18820 W APM::AudioPolicyEngine: getDevicesForStrategy() unknown strategy: -1
11-10 23:01:46.576 18820 18820 W APM::AudioPolicyEngine: getDevicesForStrategy() unknown strategy: -1
11-10 23:01:46.577 18891 19005 E HistoricalRegistry: Interaction before persistence initialized
11-10 23:01:46.687 18820 19070 D PermissionCache: checking android.permission.MODIFY_AUDIO_ROUTING for uid=1000 => granted (488 us)
11-10 23:01:46.687 18820 19070 D AudioPolicyManagerCustom: setForceUse() usage 4, config 0, mPhoneState 0
11-10 23:01:46.690 18820 18837 D AudioPolicyManagerCustom: setForceUse() usage 3, config 8, mPhoneState 0
11-10 23:01:46.692 18820 18837 W APM::AudioPolicyEngine: getDevicesForStrategy() unknown strategy: -1
11-10 23:01:46.693 18820 18837 I chatty : uid=1041(audioserver) /system/bin/audioserver identical 2 lines
11-10 23:01:46.693 18820 18836 I chatty : uid=1041(audioserver) /system/bin/audioserver expire 2 lines
11-10 23:01:46.695 18817 18817 I chatty : uid=1041(audioserver) /vendor/bin/hw/android.hardware.audio.service expire 17 lines
11-10 23:01:46.750 18820 19070 I chatty : uid=1041(audioserver) /system/bin/audioserver expire 3 lines
11-10 23:01:46.758 18891 18891 I SystemServerTiming: StartSoundTriggerMiddlewareService
11-10 23:01:46.758 18891 18891 I SystemServiceManager: Starting com.android.server.soundtrigger_middleware.SoundTriggerMiddlewareService$Lifecycle
11-10 23:01:46.763 18817 18817 D ACDB-LOADER: Error: ACDB_CMD_GET_LSM_INSTANCE_TABLE_SIZE Returned = -19
11-10 23:01:46.763 18817 18817 D ACDB-LOADER: ACDB -> ACDB_CMD_GET_LSM_INSTANCE_TABLE
11-10 23:01:46.764 18817 18817 D android.hardware.audio.service: Failed to fetch the lookup information of the device 00000087
11-10 23:01:46.764 18817 18817 D ACDB-LOADER: Error: ACDB LSM returned = -19
11-10 23:01:46.764 18817 18817 D ACDB-LOADER: ACDB -> AUDIO_SET_LSM_CAL
11-10 23:01:46.764 18817 18817 D sound_trigger_hw: ape_open_session: opening pcm device=10
11-10 23:01:46.764 18817 18817 D sound_trigger_hw: lsm_set_session_data_v2: Sending lpi_enable = false to LSM
11-10 23:01:46.768 18820 18837 I CaptureStateNotifier: Registering a listener
11-10 23:01:46.768 18891 18891 I SystemServerTiming: StartDockObserver
11-10 23:01:46.768 18891 18891 I SystemServiceManager: Starting com.android.server.DockObserver
11-10 23:01:46.768 18891 19073 I chatty : uid=1000 system_server expire 1 line
11-10 23:01:46.768 18891 18891 W DockObserver: This kernel does not have dock station support
11-10 23:01:46.769 18891 18891 I SystemServerTiming: StartWiredAccessoryManager
11-10 23:01:46.769 18891 18891 W WiredAccessoryManager: This kernel does not have usb audio support
11-10 23:01:46.770 18891 18891 W WiredAccessoryManager: This kernel does not have HDMI audio support
11-10 23:01:46.771 18891 18891 I SystemServerTiming: StartMidiManager
11-10 23:01:46.771 18891 18891 I SystemServiceManager: Starting com.android.server.midi.MidiService$Lifecycle
11-10 23:01:46.772 18891 18891 I SystemServerTiming: StartAdbService
11-10 23:01:46.772 18891 18891 I SystemServiceManager: Starting com.android.server.adb.AdbService$Lifecycle
11-10 23:01:46.773 18891 18891 I SystemServerTiming: StartUsbService
11-10 23:01:46.773 18891 18891 I SystemServiceManager: Starting com.android.server.usb.UsbService$Lifecycle
11-10 23:01:46.773 18891 18891 I SystemServerTiming: StartSerialService
11-10 23:01:46.773 18891 18916 I SystemServerTimingAsync: InitThreadPoolExec:UsbService$Lifecycle#onStart
11-10 23:01:46.773 18891 18891 I SystemServerTiming: StartHardwarePropertiesManagerService
11-10 23:01:46.774 18891 18916 E UsbDeviceManager: failed to write to /sys/class/android_usb/android0/f_rndis/ethaddr
11-10 23:01:46.774 570 570 I hwservicemanager: getTransport: Cannot find entry android.hardware.usb.gadget@1.0::IUsbGadget/default in either framework or device manifest.
11-10 23:01:46.775 18891 18916 I UsbDeviceManager: USB GADGET HAL not present in the device
11-10 23:01:46.775 18891 18916 I UsbDeviceManager: java.util.NoSuchElementException
11-10 23:01:46.775 18891 18916 I UsbDeviceManager: at android.os.HwBinder.getService(Native Method)
11-10 23:01:46.775 18891 18916 I UsbDeviceManager: at android.hardware.usb.gadget.V1_0.IUsbGadget.getService(IUsbGadget.java:55)
11-10 23:01:46.775 18891 18916 I UsbDeviceManager: at android.hardware.usb.gadget.V1_0.IUsbGadget.getService(IUsbGadget.java:62)
11-10 23:01:46.775 18891 18916 I UsbDeviceManager: at com.android.server.usb.UsbDeviceManager.(UsbDeviceManager.java:266)
11-10 23:01:46.775 18891 18916 I UsbDeviceManager: at com.android.server.usb.UsbService.(UsbService.java:178)
11-10 23:01:46.775 18891 18916 I UsbDeviceManager: at com.android.server.usb.UsbService$Lifecycle.lambda$onStart$0$UsbService$Lifecycle(UsbService.java:92)
11-10 23:01:46.775 18891 18916 I UsbDeviceManager: at com.android.server.usb.UsbService$Lifecycle$$ExternalSyntheticLambda1.run(Unknown Source:2)
11-10 23:01:46.775 18891 18916 I UsbDeviceManager: at com.android.server.SystemServerInitThreadPool.lambda$submitTask$0$SystemServerInitThreadPool(SystemServerInitThreadPool.java:103)
11-10 23:01:46.775 18891 18916 I UsbDeviceManager: at com.android.server.SystemServerInitThreadPool$$ExternalSyntheticLambda0.run(Unknown Source:6)
11-10 23:01:46.775 18891 18916 I UsbDeviceManager: at java.util.concurrent.Executors$RunnableAdapter.call(Executors.java:462)
11-10 23:01:46.775 18891 18916 I UsbDeviceManager: at java.util.concurrent.FutureTask.run(FutureTask.java:266)
11-10 23:01:46.775 18891 18916 I UsbDeviceManager: at java.util.concurrent.ThreadPoolExecutor.runWorker(ThreadPoolExecutor.java:1167)
11-10 23:01:46.775 18891 18916 I UsbDeviceManager: at java.util.concurrent.ThreadPoolExecutor$Worker.run(ThreadPoolExecutor.java:641)
11-10 23:01:46.775 18891 18916 I UsbDeviceManager: at com.android.internal.util.ConcurrentUtils$1$1.run(ConcurrentUtils.java:65)
11-10 23:01:46.775 0 0 I : read descriptors
11-10 23:01:46.775 0 0 I : read strings
11-10 23:01:46.775 0 0 I : read descriptors
11-10 23:01:46.775 0 0 I : read strings
11-10 23:01:46.776 18891 18891 I SystemServerTiming: StartTwilightService
11-10 23:01:46.776 18891 18891 I SystemServiceManager: Starting com.android.server.twilight.TwilightService
11-10 23:01:46.776 18891 18891 I SystemServerTiming: StartColorDisplay
11-10 23:01:46.776 18891 18891 I SystemServiceManager: Starting com.android.server.display.color.ColorDisplayService
11-10 23:01:46.777 18891 18891 I SystemServerTiming: StartJobScheduler
11-10 23:01:46.778 18891 18891 I SystemServiceManager: Starting com.android.server.job.JobSchedulerService
11-10 23:01:46.781 18891 18891 D JobStore: Start tag: job-info
11-10 23:01:46.783 18891 18916 W StorageManagerService: No primary storage defined yet; hacking together a stub
11-10 23:01:46.784 0 0 I : acc_open
11-10 23:01:46.784 0 0 I : acc_release
11-10 23:01:46.786 18891 18916 I chatty : uid=1000 system_server expire 2 lines
11-10 23:01:46.787 18891 18941 I UsbPortManager: Usb hal service started android.hardware.usb@1.0::IUsb default
11-10 23:01:46.789 863 863 I android.hardware.usb@1.2-service-qti: port0
11-10 23:01:46.790 863 863 I android.hardware.usb@1.2-service-qti: connected:1 canChangeMode:1 canChagedata:0 canChangePower:0
11-10 23:01:46.795 18891 18891 I JobStore: Read 106 jobs
11-10 23:01:46.800 18891 19035 D ConnectivityService: NetReassign [no changes]
11-10 23:01:46.801 18891 18891 E HistoricalRegistry: Interaction before persistence initialized
11-10 23:01:46.802 18891 18891 I SystemServerTiming: StartSoundTrigger
11-10 23:01:46.803 18891 18891 I SystemServiceManager: Starting com.android.server.soundtrigger.SoundTriggerService
11-10 23:01:46.803 18891 18891 I SystemServerTiming: StartTrustManager
11-10 23:01:46.803 18891 18891 I SystemServiceManager: Starting com.android.server.trust.TrustManagerService
11-10 23:01:46.805 18891 18891 I SystemServerTiming: StartBackupManager
11-10 23:01:46.805 18891 18891 I SystemServiceManager: Starting com.android.server.backup.BackupManagerService$Lifecycle
11-10 23:01:46.807 18891 18891 I SystemServerTiming: StartAppWidgetService
11-10 23:01:46.807 18891 18891 I SystemServiceManager: Starting com.android.server.appwidget.AppWidgetService
11-10 23:01:46.810 18891 18891 I SystemServerTiming: StartRoleManagerService
11-10 23:01:46.811 18891 18891 I SystemServerTiming: StartVoiceRecognitionManager
11-10 23:01:46.811 18891 18891 I SystemServiceManager: Starting com.android.server.voiceinteraction.VoiceInteractionManagerService
11-10 23:01:46.813 18891 18891 I SystemServerTiming: StartGestureLauncher
11-10 23:01:46.813 18891 18891 I SystemServiceManager: Starting com.android.server.GestureLauncherService
11-10 23:01:46.814 18891 18891 I SystemServerTiming: StartSensorNotification
11-10 23:01:46.814 18891 18891 I SystemServiceManager: Starting com.android.server.SensorNotificationService
11-10 23:01:46.814 18891 18891 I SystemServerTiming: StartDiskStatsService
11-10 23:01:46.815 18891 18891 I SystemServerTiming: RuntimeService
11-10 23:01:46.815 18891 18891 I SystemServerTiming: StartNetworkTimeUpdateService
11-10 23:01:46.816 18891 18891 I SystemServerTiming: CertBlacklister
11-10 23:01:46.816 18891 18891 I SystemServerTiming: StartEmergencyAffordanceService
11-10 23:01:46.816 18891 18891 I SystemServiceManager: Starting com.android.server.emergency.EmergencyAffordanceService
11-10 23:01:46.816 18891 18891 I SystemServerTiming: StartDreamManager
11-10 23:01:46.816 18891 18984 I SystemServerTimingAsync: InitThreadPoolExec:startBlobStoreManagerService
11-10 23:01:46.817 18891 18984 I SystemServerTimingAsync: startBlobStoreManagerService
11-10 23:01:46.817 18891 18891 I SystemServiceManager: Starting com.android.server.dreams.DreamManagerService
11-10 23:01:46.817 18891 18891 I SystemServerTiming: AddGraphicsStatsService
11-10 23:01:46.818 18891 18891 I SystemServerTiming: StartPrintManager
11-10 23:01:46.818 18891 18891 I SystemServiceManager: Starting com.android.server.print.PrintManagerService
11-10 23:01:46.819 18891 19082 I chatty : uid=1000 system_server expire 3 lines
11-10 23:01:46.819 18891 18891 I SystemServerTiming: StartCompanionDeviceManager
11-10 23:01:46.819 18891 18891 I SystemServiceManager: Starting com.android.server.companion.CompanionDeviceManagerService
11-10 23:01:46.820 18891 18891 I SystemServerTiming: StartRestrictionManager
11-10 23:01:46.820 18891 18891 I SystemServiceManager: Starting com.android.server.restrictions.RestrictionsManagerService
11-10 23:01:46.820 18891 18891 I SystemServerTiming: StartMediaSessionService
11-10 23:01:46.820 18891 18891 I SystemServiceManager: Starting com.android.server.media.MediaSessionService
11-10 23:01:46.823 18891 18891 I SystemServerTiming: StartMediaResourceMonitor
11-10 23:01:46.823 18891 18891 I SystemServiceManager: Starting com.android.server.media.MediaResourceMonitorService
11-10 23:01:46.823 18891 18891 I SystemServerTiming: StartMediaRouterService
11-10 23:01:46.823 18891 18891 E HistoricalRegistry: Interaction before persistence initialized
11-10 23:01:46.824 18891 18891 I SystemServerTiming: StartFingerprintSensor
11-10 23:01:46.824 18891 18891 I SystemServiceManager: Starting com.android.server.biometrics.fingerprint.FingerprintService
11-10 23:01:46.825 18891 18984 I SystemServiceManager: Starting com.android.server.blob.BlobStoreManagerService
11-10 23:01:46.825 18891 18891 I SystemServerTiming: StartBiometricService
11-10 23:01:46.825 18891 18996 I SystemServerTimingAsync: InitThreadPoolExec:FingerprintService.onStart
11-10 23:01:46.825 18891 18996 V FingerprintService: mDaemon was null, reconnect to fingerprint
11-10 23:01:46.826 18891 18891 I SystemServiceManager: Starting com.android.server.biometrics.BiometricService
11-10 23:01:46.827 18891 18996 V FingerprintService: Fingerprint HAL id: -5476376646046306384
11-10 23:01:46.828 1188 1188 I chatty : uid=1000(system) /vendor/bin/hw/mfp-daemon expire 3 lines
11-10 23:01:46.828 1188 1231 I chatty : uid=1000(system) HwBinder:1188_1 expire 1 line
11-10 23:01:46.830 18891 18891 I SystemServerTiming: StartAuthService
11-10 23:01:46.830 18891 18891 I SystemServiceManager: Starting com.android.server.biometrics.AuthService
11-10 23:01:46.831 18891 18891 D AuthService: Registering ID: 0 Modality: 2 Strength: 15
11-10 23:01:46.831 18891 18891 D FingerprintService: initConfiguredStrengthInternal(15)
11-10 23:01:46.831 18891 18891 D BiometricService: Registering ID: 0 Modality: 2 Strength: 15
11-10 23:01:46.831 18891 18891 D BiometricStrengthController: Flags are null or empty
11-10 23:01:46.831 18891 18891 I SystemServerTiming: StartBackgroundDexOptService
11-10 23:01:46.831 18891 18891 I SystemServerTiming: StartDynamicCodeLoggingService
11-10 23:01:46.832 18891 18891 I SystemServerTiming: StartPruneInstantAppsJobService
11-10 23:01:46.832 18891 18891 I SystemServerTiming: StartShortcutServiceLifecycle
11-10 23:01:46.832 18891 18891 I SystemServiceManager: Starting com.android.server.pm.ShortcutService$Lifecycle
11-10 23:01:46.832 18891 18891 E HistoricalRegistry: Interaction before persistence initialized
11-10 23:01:46.833 18891 18891 I SystemServerTiming: StartLauncherAppsService
11-10 23:01:46.833 18891 18891 I SystemServiceManager: Starting com.android.server.pm.LauncherAppsService
11-10 23:01:46.833 18891 18891 I SystemServerTiming: StartCrossProfileAppsService
11-10 23:01:46.833 18891 18891 I SystemServiceManager: Starting com.android.server.pm.CrossProfileAppsService
11-10 23:01:46.833 18891 18891 I SystemServerTiming: StartPocketService
11-10 23:01:46.833 18891 18891 I SystemServiceManager: Starting com.android.server.pocket.PocketService
11-10 23:01:46.835 861 861 E sensors.elliptic@2.0: Elliptic: batch() 0
11-10 23:01:46.835 861 861 E sensors.elliptic@2.0: Elliptic: activate() 0, 1
11-10 23:01:46.835 861 897 I Elliptic: nsorBase.h(74) : I : ACTIVATE sensor with Handle = 0
11-10 23:01:46.835 861 897 W android.hardware.sensors@2.1-service.xiaomi_sm8350-multihal: elliptic_notify_audio_hal : ultrasound-proximity=1
11-10 23:01:46.835 861 861 I sensors-hal: batch:242, android.sensor.light/51, period=400000000, max_latency=0
11-10 23:01:46.835 861 897 W android.hardware.sensors@2.1-service.xiaomi_sm8350-multihal: elliptic_notify_audio_hal, mode:enable 0:1
11-10 23:01:46.835 861 861 I sensors-hal: set_config:68, no need to adjust sample_period_ns due to on_change_sp_enabled = 1 or reporting_mode = 2
11-10 23:01:46.835 861 861 I sensors-hal: batch:251, android.sensor.light/51, period=400000000, max_latency=0 request completed
11-10 23:01:46.835 861 897 I ultrasound: ultrasound_enable: enable ultrasound 1 mode 0
11-10 23:01:46.835 0 0 I [ELUS] : (device_open) : Opened device elliptic0
11-10 23:01:46.835 861 897 D ultrasound: clientRequest: write to server 264
11-10 23:01:46.835 861 861 I sensors-hal: activate:209, android.sensor.light/51 en=1
11-10 23:01:46.835 861 861 I sensors-hal: get_qmi_debug_flag:241, support_qmi_debug : false
11-10 23:01:46.835 18817 18983 W audio_hw_con: audio_handle_client_sock received client connect 58
11-10 23:01:46.836 18817 18983 D audio_hw_primary: adev_set_parameters: enter: ultrasound-proximity=1
11-10 23:01:46.836 18817 18983 V msm8974_platform: platform_set_parameters: enter: ultrasound-proximity=1
11-10 23:01:46.836 18817 18983 D msm8974_platform: platform_set_parameters: exit with code(0)
11-10 23:01:46.836 18817 18983 D ultrasound_extn: ultrasound_extn_set_parameters: enable: 1 index: 0 parms: ultrasound-proximity=1
11-10 23:01:46.836 18817 18983 D ultrasound_extn: ultrasound_extn_set_parameters: adev->ultrasound.sensor_activated:1
11-10 23:01:46.836 18817 18983 D ultrasound_extn: ultrasound_extn_start: enter
11-10 23:01:46.836 18817 18983 D ultrasound_extn: ultrasound_extn_start: start_refcount 0
11-10 23:01:46.836 18817 18983 D ultrasound_extn: ultrasound_extn_start: starting
11-10 23:01:46.836 18817 18983 D ultrasound_extn: ultrasound_start: enter
11-10 23:01:46.836 18817 18983 D ultrasound_extn: ultrasound_load_calibration: enter
11-10 23:01:46.836 18817 18983 D ultrasound_extn: ultrasound_load_calibration_data: Load manual calibration /mnt/vendor/persist/audio/elliptic_calibration
11-10 23:01:46.836 18817 18983 E ultrasound_extn: ultrasound_load_calibration_data: Failed to open file : /mnt/vendor/persist/audio/elliptic_calibration
11-10 23:01:46.836 18817 18983 D ultrasound_extn: ultrasound_load_calibration: Failed to load calibration values, exit
11-10 23:01:46.836 18817 18983 D ultrasound_extn: ultrasound_extract_calibration A cal_size:64 file_size:320
11-10 23:01:46.836 18817 18983 E ultrasound_extn: Read 0 bytes from calibration file. val:0x0, ...., 0x0
11-10 23:01:46.836 18817 18983 D ultrasound_extn: ultrasound_load_calibration: Extract failed, ret_val=0
11-10 23:01:46.836 18817 18983 D ultrasound_extn: ultrasound_load_calibration_v2: enter
11-10 23:01:46.836 18817 18983 D ultrasound_extn: ultrasound_load_calibration_data: Load manual calibration /mnt/vendor/persist/audio/elliptic_calibration_v2
11-10 23:01:46.836 18817 18983 E ultrasound_extn: ultrasound_load_calibration_data: Failed to open file : /mnt/vendor/persist/audio/elliptic_calibration_v2
11-10 23:01:46.836 18817 18983 D ultrasound_extn: ultrasound_load_calibration_v2: Failed to load calibration_v2 values, exit
11-10 23:01:46.836 18817 18983 D ultrasound_extn: ultrasound_extract_calibration A cal_size:448 file_size:2240
11-10 23:01:46.836 18817 18983 E ultrasound_extn: Read 0 bytes from calibration file. val:0x0, ...., 0x0
11-10 23:01:46.836 18817 18983 D ultrasound_extn: ultrasound_load_calibration_v2: Extract failed, ret_val=0
11-10 23:01:46.836 18817 18983 D ultrasound_extn: ultrasound_load_manual_calibration: Load manual calibration /mnt/vendor/persist/audio/elliptic_manual_calibration
11-10 23:01:46.836 18817 18983 D ultrasound_extn: ultrasound_load_calibration_data: Load manual calibration /mnt/vendor/persist/audio/elliptic_manual_calibration
11-10 23:01:46.836 18817 18983 E ultrasound_extn: ultrasound_load_calibration_data: Failed to open file : /mnt/vendor/persist/audio/elliptic_manual_calibration
11-10 23:01:46.836 18817 18983 D ultrasound_extn: ultrasound_load_manual_calibration: Failed to load manual calibration /mnt/vendor/persist/audio/elliptic_manual_calibration
11-10 23:01:46.836 18817 18983 D ultrasound_extn: dump_usecase_list: start ======================================
11-10 23:01:46.836 18817 18983 D ultrasound_extn: dump_usecase_list: enter sensor_activated:1 hw_port_enabled:0 suspended:0
11-10 23:01:46.836 18817 18983 D ultrasound_extn: dump_usecase_list: end ======================================
11-10 23:01:46.836 18817 18983 D audio_route: Apply path: ultrasound-proximity
11-10 23:01:46.838 0 0 E elliptic_system_configuration_param_put: reg: 0 shift: 4 val: 402
11-10 23:01:46.839 18817 18983 D ultrasound_extn: ultrasound_start: audio_route_apply_and_update_path err:0
11-10 23:01:46.839 18817 18983 D ultrasound_extn: ultrasound_enable_pseudo_port
11-10 23:01:46.839 18817 18983 D ultrasound_extn: ultrasound_set_pseudo_port_state: on is 1 adev->mode is 0
11-10 23:01:46.839 18817 18983 D ultrasound_extn: ultrasound_set_pseudo_port_state: enter, switch = On
11-10 23:01:46.839 18817 18983 D audio_route: Apply path: ultrasound-on
11-10 23:01:46.840 608 608 I chatty : uid=1000(system) /vendor/bin/sscrpcd expire 3 lines
11-10 23:01:46.840 861 861 I sensors-hal: send_sensor_config_request:484, dt=ambient_light: convert sample_period=400000000 to batch_period=400000
11-10 23:01:46.840 861 861 I sensors-hal: send_sync_sensor_request:361, send sync request
11-10 23:01:46.840 861 861 I sensors-hal: send_sync_sensor_request:387, wait for notification of response
11-10 23:01:46.840 861 19088 I sensors-hal: ssc_conn_resp_cb:666, resp_value = 0
11-10 23:01:46.840 861 861 I sensors-hal: send_sync_sensor_request:393, takes 0 ms to receive the response with 0
11-10 23:01:46.840 861 861 I sensors-hal: activate:220, android.sensor.light/51 en=1 completed
11-10 23:01:46.841 608 841 I chatty : uid=1000(system) /vendor/bin/sscrpcd expire 1 line
11-10 23:01:46.842 18891 18891 I SystemServerTiming: StartPeopleService
11-10 23:01:46.842 18891 18891 I SystemServiceManager: Starting com.android.server.people.PeopleService
11-10 23:01:46.842 0 0 E [ELUS] : (elliptic_ultrasound_rx_port_set) : ultrasound_rx_port: enable=0 ret=0
11-10 23:01:46.843 18817 18983 D ultrasound_extn: ultrasound_start: ultrasound suspend for rx path not enable
11-10 23:01:46.843 18817 18983 E ultrasound_extn: ultrasound_suspend_usecase: suspend
11-10 23:01:46.843 18817 18983 D ultrasound_extn: ultrasound_apply_ramp_down_path: ultrasound ::ramp_down_path
11-10 23:01:46.843 608 841 I sscrpcd : vendor/qcom/proprietary/adsprpc/src/apps_std_imp.c:777: Successfully opened file /sys/class/mi_display/disp-DSI-0/dynamic_fps
11-10 23:01:46.843 18817 18983 D audio_route: Apply path: ultrasound-rampdown
11-10 23:01:46.843 18891 18891 I SystemServerTiming: StartMediaProjectionManager
11-10 23:01:46.843 18891 18891 I SystemServiceManager: Starting com.android.server.media.projection.MediaProjectionManagerService
11-10 23:01:46.845 18891 18891 I SystemServerTiming: StartSliceManagerService
11-10 23:01:46.845 18891 18891 I SystemServiceManager: Starting com.android.server.slice.SliceManagerService$Lifecycle
11-10 23:01:46.846 18891 18891 I SystemServerTiming: StartCameraServiceProxy
11-10 23:01:46.846 18891 18891 I SystemServiceManager: Starting com.android.server.camera.CameraServiceProxy
11-10 23:01:46.847 18891 18891 I SystemServerTiming: StartStatsCompanion
11-10 23:01:46.850 2418 2418 D wpa_supplicant: wlan0: Clear cached state on disabled interface
11-10 23:01:46.850 18891 18891 I SystemServiceManager: Starting com.android.server.stats.StatsCompanion$Lifecycle
11-10 23:01:46.854 18817 18983 D audio_route: Apply path: ultrasound-suspend
11-10 23:01:46.855 0 0 E elliptic_system_configuration_param_put: reg: 0 shift: 23 val: 1
11-10 23:01:46.856 1188 1188 I chatty : uid=1000(system) /vendor/bin/hw/mfp-daemon expire 1 line
11-10 23:01:46.856 18817 18983 D ultrasound_extn: ultrasound_start_tx: enter
11-10 23:01:46.856 18817 18983 D ultrasound_extn: ultrasound_capture_backends_match: snd_device1 = ultrasound-input, snd_device2 =
11-10 23:01:46.856 18817 18983 E ultrasound_extn: ultrasound_capture_backends_match: Invalid snd_device =
11-10 23:01:46.856 18817 18983 E ultrasound_extn: ultrasound_select_devices: ultrasound_select_devices get tx snd_device(288: ultrasound-input), rx snd_device(0: )
11-10 23:01:46.856 18817 18983 I msm8974_platform: platform_check_and_set_capture_codec_backend_cfg:txbecf: afe: bitwidth 0, samplerate 96000, channel 1 format 0, backend_idx 17 usecase = 72 device (ultrasound-input)
11-10 23:01:46.856 18817 18983 I msm8974_platform: platform_check_capture_codec_backend_cfg:txbecf: afe: Codec selected backend: 17 current bit width: 0 and sample rate: 96000, channels 1 format 0
11-10 23:01:46.856 18817 18983 W msm8974_platform: platform_get_backend_index:napb: Invalid device - 0
11-10 23:01:46.856 18817 18983 D msm8974_platform: platform_check_capture_codec_backend_cfg:becf: afe: set BE sample 96000, bit_width 16, channels 1 for ULTRASOUND_TX_BACKEND
11-10 23:01:46.856 18817 18983 I msm8974_platform: platform_check_capture_codec_backend_cfg:txbecf: afe: current backend bit_width 16 sample_rate 96000 channels 1, format 0
11-10 23:01:46.856 18817 18983 D hardware_info: hw_info_append_hw_type : device_name = ultrasound-input
11-10 23:01:46.856 18817 18983 D audio_hw_primary: enable_snd_device: snd_device(288: ultrasound-input)
11-10 23:01:46.856 18817 18983 D msm8974_platform: platform_get_island_cfg_on_device:island cfg status on snd_device = (ultrasound-input 0)
11-10 23:01:46.856 18817 18983 I soundtrigger: audio_extn_sound_trigger_update_device_status: device 0x120 of type 1 for Event 1, with Raise=0
11-10 23:01:46.856 18817 18983 D audio_route: Apply path: ultrasound-input
11-10 23:01:46.857 0 0 E elliptic_system_configuration_param_put: reg: 0 shift: 8 val: 1
11-10 23:01:46.857 0 0 E [ELUS] : (elliptic_system_configuration_param_put) : ELLIPTIC_SYSTEM_CONFIGURATION_CUSTOM_SETTING_XX csi:1
11-10 23:01:46.857 0 0 E [ELUS] : (elliptic_system_configuration_param_put) : ucontrol->value.integer.value[0]:1
11-10 23:01:46.857 0 0 E [ELUS] : (elliptic_system_configuration_param_put) : calling elliptic_data_write(custom_setting) csi:1
11-10 23:01:46.857 18891 18891 I SystemServerTiming: StartStatsPullAtomService
11-10 23:01:46.861 18817 18983 D soundtrigger: audio_extn_sound_trigger_update_stream_status: uc_info->id 72 of type 1 for Event 3, with Raise=0
11-10 23:01:46.861 18817 18983 D audio_hw_utils: audio_extn_utils_send_app_type_cfg: usecase->in_snd_device ultrasound-input
11-10 23:01:46.862 18817 18983 E audio_hw_utils: send_app_type_cfg_for_device: Could not get ctl for mixer cmd - Audio Stream Capture 45 App Type Cfg
11-10 23:01:46.862 18817 18983 E device_utils: compare_device_type() The list is not initialized
11-10 23:01:46.862 18817 18983 D ACDB-LOADER: ACDB -> send_audio_cal, acdb_id = 4, path = 1, app id = 0x0, sample rate = 96000, afe_sample_rate = 96000
11-10 23:01:46.862 18817 18983 D ACDB-LOADER: ACDB -> send_asm_topology
11-10 23:01:46.862 18817 18983 D ACDB-LOADER: ACDB -> ACDB_CMD_GET_AUDPROC_STREAM_TOPOLOGY_ID
11-10 23:01:46.862 18817 18983 D ACDB-LOADER: Error: ACDB get asm topology returned = -8
11-10 23:01:46.862 18817 18983 D ACDB-LOADER: ACDB -> send_adm_topology
11-10 23:01:46.862 18817 18983 D ACDB-LOADER: ACDB -> ACDB_CMD_GET_AUDPROC_COMMON_TOPOLOGY_ID
11-10 23:01:46.862 18817 18983 D ACDB-LOADER: Error: ACDB get adm topology for acdb id = 4, returned = -8
11-10 23:01:46.862 18817 18983 D ACDB-LOADER: ACDB -> send_audtable
11-10 23:01:46.862 18817 18983 D ACDB-LOADER: ACDB -> ACDB_CMD_GET_AUDPROC_INSTANCE_COMMON_TABLE_SIZE
11-10 23:01:46.862 18817 18983 D android.hardware.audio.service: Failed to fetch the lookup information of the device 00000004
11-10 23:01:46.862 18817 18983 D ACDB-LOADER: Error: ACDB_CMD_GET_AUDPROC_INSTANCE_COMMON_TABLE_SIZE Returned = -19
11-10 23:01:46.862 18817 18983 D ACDB-LOADER: ACDB -> ACDB_CMD_GET_AUDPROC_INSTANCE_COMMON_TABLE
11-10 23:01:46.862 18817 18983 D android.hardware.audio.service: Failed to fetch the lookup information of the device 00000004
11-10 23:01:46.862 18817 18983 D ACDB-LOADER: Error: ACDB audproc returned = -19
11-10 23:01:46.862 18817 18983 D ACDB-LOADER: ACDB -> AUDIO_SET_AUDPROC_CAL cal_type[11] acdb_id[4] app_type[0]
11-10 23:01:46.862 18817 18983 D ACDB-LOADER: check_fnn_usecase_status: fnn usecase active 0
11-10 23:01:46.862 18817 18983 D ACDB-LOADER: ACDB -> ACDB_CMD_GET_PERSISTENT_AUDPROC_INSTANCE_COMMON_TABLE_SIZE
11-10 23:01:46.862 18817 18983 D android.hardware.audio.service: Failed to fetch the lookup information of the device 00000004
11-10 23:01:46.862 18817 18983 D ACDB-LOADER: Error: ACDB_CMD_GET_PERSISTENT_AUDPROC_INSTANCE_COMMON_TABLE_SIZE returned -19
11-10 23:01:46.862 18817 18983 D ACDB-LOADER: ACDB -> send_audproc_persist_table -19
11-10 23:01:46.862 18817 18983 D ACDB-LOADER: Error: Invalid Audproc persist size = -19
11-10 23:01:46.862 18817 18983 D ACDB-LOADER: ACDB -> ACDB_CMD_GET_AUDPROC_INSTANCE_STREAM_TABLE_SIZE
11-10 23:01:46.862 18817 18983 D android.hardware.audio.service: Failed to fetch the lookup information of the appid 00000000
11-10 23:01:46.862 18817 18983 D ACDB-LOADER: Error: ACDB_CMD_GET_AUDPROC_INSTANCE_STREAM_TABLE_SIZE Returned = -19
11-10 23:01:46.862 18817 18983 D ACDB-LOADER: ACDB -> send_audstrmtable
11-10 23:01:46.862 18817 18983 D ACDB-LOADER: ACDB -> ACDB_CMD_GET_AUDPROC_INSTANCE_STREAM_TABLE
11-10 23:01:46.862 18817 18983 D android.hardware.audio.service: Failed to fetch the lookup information of the appid 00000000
11-10 23:01:46.862 18817 18983 D ACDB-LOADER: Error: ACDB get audstream table returned = -19
11-10 23:01:46.862 18817 18983 D ACDB-LOADER: ACDB -> send_afe_topology
11-10 23:01:46.862 18817 18983 D ACDB-LOADER: ACDB -> ACDB_CMD_GET_AFE_TOPOLOGY_ID
11-10 23:01:46.862 18817 18983 D ACDB-LOADER: ACDB -> GET_AFE_TOPOLOGY_ID for adcd_id 4, Topology Id 112fb
11-10 23:01:46.862 18817 18983 D ACDB-LOADER: ACDB -> send_afe_cal
11-10 23:01:46.862 18817 18983 D ACDB-LOADER: ACDB -> ACDB_CMD_GET_AFE_INSTANCE_COMMON_TABLE_SIZE
11-10 23:01:46.862 18817 18983 D android.hardware.audio.service: Failed to fetch the lookup information of the device 00000004
11-10 23:01:46.862 18817 18983 D ACDB-LOADER: Error: ACDB_CMD_GET_AFE_INSTANCE_COMMON_TABLE_SIZE Returned = -19
11-10 23:01:46.862 18817 18983 D ACDB-LOADER: ACDB -> ACDB_CMD_GET_AFE_INSTANCE_COMMON_TABLE
11-10 23:01:46.862 18817 18983 D android.hardware.audio.service: Failed to fetch the lookup information of the device 00000004
11-10 23:01:46.862 18817 18983 D ACDB-LOADER: Error: ACDB AFE returned = -19
11-10 23:01:46.862 18817 18983 D ACDB-LOADER: ACDB -> AUDIO_SET_AFE_CAL cal_type[17] acdb_id[4]
11-10 23:01:46.862 18817 18983 D ACDB-LOADER: ACDB -> send_hw_delay : acdb_id = 4 path = 1
11-10 23:01:46.862 18817 18983 D ACDB-LOADER: ACDB -> ACDB_AVSYNC_INFO: ACDB_CMD_GET_DEVICE_PROPERTY
11-10 23:01:46.863 18817 18983 D audio_hw_primary: enable_audio_route: apply mixer and update path: ultrasound-proximity-input ultrasund-tx
11-10 23:01:46.863 18817 18983 D audio_route: Apply path: ultrasound-proximity-input ultrasund-tx
11-10 23:01:46.863 18817 18983 D ultrasound_extn: ultrasound_start_tx: pcm device id 45
11-10 23:01:46.863 18891 18891 I SystemServiceManager: Starting com.android.server.stats.pull.StatsPullAtomService
11-10 23:01:46.863 18891 18891 I SystemServerTiming: StartIncidentCompanionService
11-10 23:01:46.863 18891 18891 I SystemServiceManager: Starting com.android.server.incident.IncidentCompanionService
11-10 23:01:46.863 0 0 D msm_be_hw_params_fixup: dai_id= 196, format = 2, rate = 96000
11-10 23:01:46.863 0 0 D msm_snd_cdc_dma_hw_params: id 5 tx_ch=1
11-10 23:01:46.863 0 0 D msm-dai-cdc-dma-dev soc: qcom,msm-dai-cdc-dma:qcom,msm-dai-tx-cdc-dma-4-tx: msm_dai_q6_cdc_dma_set_channel_map: id = 45113
11-10 23:01:46.863 0 0 D msm-dai-cdc-dma-dev soc: qcom,msm-dai-cdc-dma:qcom,msm-dai-tx-cdc-dma-4-tx: msm_dai_q6_cdc_dma_set_channel_map: CDC_DMA_45113_ch cnt[1] ch mask[0x10]
11-10 23:01:46.863 0 0 D msm_be_hw_params_fixup: dai_id= 196, format = 2, rate = 96000
11-10 23:01:46.863 0 0 D msm_be_hw_params_fixup: dai_id= 196, format = 2, rate = 96000
11-10 23:01:46.863 0 0 D msm-dai-cdc-dma-dev soc: qcom,msm-dai-cdc-dma:qcom,msm-dai-tx-cdc-dma-4-tx: msm_dai_q6_cdc_dma_hw_params: bit_wd[16] format[0]
11-10 23:01:46.863 0 0 D : num_channel 1 sample_rate 96000
11-10 23:01:46.863 18891 18891 I SystemServerTiming: StartMmsService
11-10 23:01:46.863 18891 18891 I SystemServiceManager: Starting com.android.server.MmsServiceBroker
11-10 23:01:46.864 18891 18891 I SystemServerTiming: StartAutoFillService
11-10 23:01:46.865 18891 18891 I SystemServiceManager: Starting com.android.server.autofill.AutofillManagerService
11-10 23:01:46.866 0 0 I [CSPL] crus_afe_port_start: 0xb039
11-10 23:01:46.867 18891 18891 E AutofillManagerServiceImpl: Bad service name: com.google.android.gms/.autofill.service.AutofillService
11-10 23:01:46.867 0 0 D wcd938x_codec wcd938x-codec: __wcd938x_codec_enable_micbias: wname: MIC BIAS3, event: 1
11-10 23:01:46.867 18891 18891 I SystemServerTiming: StartClipboardService
11-10 23:01:46.867 18891 18891 I SystemServiceManager: Starting com.android.server.clipboard.ClipboardService
11-10 23:01:46.868 0 0 D wcd938x_codec wcd938x-codec: wcd938x_micbias_control: micb_num:3, micb_ref: 1, pullup_ref: 0
11-10 23:01:46.868 0 0 D wcd938x_codec wcd938x-codec: __wcd938x_codec_enable_micbias: wname: MIC BIAS1, event: 1
11-10 23:01:46.868 18891 18891 I SystemServerTiming: AppServiceManager
11-10 23:01:46.868 18891 18891 I SystemServiceManager: Starting com.android.server.appbinding.AppBindingService$Lifecycle
11-10 23:01:46.868 0 0 D wcd938x_codec wcd938x-codec: wcd938x_micbias_control: micb_num:1, micb_ref: 1, pullup_ref: 0
11-10 23:01:46.868 0 0 D wcd938x_codec wcd938x-codec: __wcd938x_codec_enable_micbias: wname: MIC BIAS3, event: 2
11-10 23:01:46.868 18891 18891 I LineageSystemServer: Attempting to start service org.lineageos.platform.internal.ProfileManagerService
11-10 23:01:46.869 0 0 D wcd938x_codec wcd938x-codec: __wcd938x_codec_enable_micbias: wname: MIC BIAS1, event: 2
11-10 23:01:46.870 18891 18891 I LineageSystemServer: Starting service org.lineageos.platform.internal.ProfileManagerService
11-10 23:01:46.870 18891 18891 I SystemServiceManager: Starting org.lineageos.platform.internal.ProfileManagerService
11-10 23:01:46.870 18891 18891 I LineageSystemServer: Attempting to start service org.lineageos.platform.internal.LineageHardwareService
11-10 23:01:46.870 18891 18891 I LineageSystemServer: Starting service org.lineageos.platform.internal.LineageHardwareService
11-10 23:01:46.870 18891 18891 I SystemServiceManager: Starting org.lineageos.platform.internal.LineageHardwareService
11-10 23:01:46.870 18891 18891 I LineageSystemServer: Attempting to start service org.lineageos.platform.internal.PerformanceManagerService
11-10 23:01:46.871 18891 18996 V FingerprintService: Enumerating user(0)
11-10 23:01:46.872 18891 18891 I LineageSystemServer: Starting service org.lineageos.platform.internal.PerformanceManagerService
11-10 23:01:46.872 18891 18891 I SystemServiceManager: Starting org.lineageos.platform.internal.PerformanceManagerService
11-10 23:01:46.872 18891 18891 I LineageSystemServer: Attempting to start service org.lineageos.platform.internal.display.LiveDisplayService
11-10 23:01:46.874 18891 18891 I LineageSystemServer: Starting service org.lineageos.platform.internal.display.LiveDisplayService
11-10 23:01:46.874 18891 18891 I SystemServiceManager: Starting org.lineageos.platform.internal.display.LiveDisplayService
11-10 23:01:46.874 18891 18891 I LineageSystemServer: Attempting to start service org.lineageos.platform.internal.LineageAudioService
11-10 23:01:46.875 18891 18891 I LineageSystemServer: Starting service org.lineageos.platform.internal.LineageAudioService
11-10 23:01:46.875 18891 18891 I SystemServiceManager: Starting org.lineageos.platform.internal.LineageAudioService
11-10 23:01:46.875 18891 18891 I LineageSystemServer: Attempting to start service org.lineageos.platform.internal.TrustInterfaceService
11-10 23:01:46.876 18891 18891 I LineageSystemServer: Starting service org.lineageos.platform.internal.TrustInterfaceService
11-10 23:01:46.876 18891 18891 I SystemServiceManager: Starting org.lineageos.platform.internal.TrustInterfaceService
11-10 23:01:46.876 18891 18891 I LineageSystemServer: Attempting to start service org.lineageos.platform.internal.LineageSettingsService
11-10 23:01:46.876 18891 18891 I LineageSystemServer: Starting service org.lineageos.platform.internal.LineageSettingsService
11-10 23:01:46.876 18891 18891 I SystemServiceManager: Starting org.lineageos.platform.internal.LineageSettingsService
11-10 23:01:46.876 18891 18891 I LineageSystemServer: Attempting to start service org.lineageos.platform.internal.LineageGlobalActionsService
11-10 23:01:46.877 18891 18891 I LineageSystemServer: Starting service org.lineageos.platform.internal.LineageGlobalActionsService
11-10 23:01:46.877 18891 18891 I SystemServiceManager: Starting org.lineageos.platform.internal.LineageGlobalActionsService
11-10 23:01:46.877 18891 18891 I SystemServerTiming: MakeVibratorServiceReady
11-10 23:01:46.877 18891 18891 E HistoricalRegistry: Interaction before persistence initialized
11-10 23:01:46.877 18891 18891 I SystemServerTiming: MakeLockSettingsServiceReady
11-10 23:01:46.878 0 0 I bolero-codec soc: qcom,msm-audio-apr:qcom,q6core-audio:bolero-cdc: tx_macro_enable_dec: the reg(0x60c) value before enable dec is: 0x0
11-10 23:01:46.878 0 0 I bolero-codec soc: qcom,msm-audio-apr:qcom,q6core-audio:bolero-cdc: tx_macro_enable_dec: the reg(0x60c) value after enable dec is: 0x0
11-10 23:01:46.878 0 0 D wcd938x_codec wcd938x-codec: wcd938x_enable_req wname: ADC1 REQ event: 1
11-10 23:01:46.878 0 0 D wcd938x_codec wcd938x-codec: wcd938x_enable_req wname: ADC3 REQ event: 1
11-10 23:01:46.879 0 0 D wcd938x_codec wcd938x-codec: wcd938x_enable_req wname: ADC4 REQ event: 1
11-10 23:01:46.880 570 570 I hwservicemanager: getTransport: Cannot find entry android.hardware.weaver@1.0::IWeaver/default in either framework or device manifest.
11-10 23:01:46.880 0 0 D wcd938x_codec wcd938x-codec: wcd938x_tx_connect_port slv_ch_idx: 0, mstr_ch_type: 34
11-10 23:01:46.880 18891 18891 I SyntheticPasswordManager: Device does not support weaver
11-10 23:01:46.880 0 0 D wcd938x_codec wcd938x-codec: wcd938x_tx_connect_port slv_ch_idx: 2, mstr_ch_type: 42
11-10 23:01:46.880 570 570 I hwservicemanager: getTransport: Cannot find entry android.hardware.authsecret@1.0::IAuthSecret/default in either framework or device manifest.
11-10 23:01:46.880 18891 18891 I LockSettingsService: Device doesn't implement AuthSecret HAL
11-10 23:01:46.881 0 0 D wcd938x_codec wcd938x-codec: wcd938x_tx_connect_port slv_ch_idx: 3, mstr_ch_type: 43
11-10 23:01:46.881 0 0 D wcd938x_codec wcd938x-codec: wcd938x_codec_enable_adc wname: ADC1 event: 1
11-10 23:01:46.881 18891 18891 I SystemServerTiming: StartBootPhaseLockSettingsReady
11-10 23:01:46.881 18891 18891 I SystemServiceManager: Starting phase 480
11-10 23:01:46.881 18891 18891 I SystemServerTiming: OnBootPhase_480
11-10 23:01:46.881 18891 18891 I SystemServerTiming: OnBootPhase_480_com.android.server.security.FileIntegrityService
11-10 23:01:46.881 18891 18891 I SystemServerTiming: OnBootPhase_480_com.android.server.pm.Installer
11-10 23:01:46.881 18891 18891 I SystemServerTiming: OnBootPhase_480_com.android.server.os.DeviceIdentifiersPolicyService
11-10 23:01:46.881 18891 18891 I SystemServerTiming: OnBootPhase_480_com.android.server.uri.UriGrantsManagerService$Lifecycle
11-10 23:01:46.881 18891 18891 I SystemServerTiming: OnBootPhase_480_com.android.server.wm.ActivityTaskManagerService$Lifecycle
