11-10 23:01:30.414 0 0 D tdm_rx_sample_rate_get: tdm_rx_sample_rate = 48000, item = 3
11-10 23:01:30.416 0 0 I chatty : uid=0(root) logd identical 5 lines
11-10 23:01:30.417 0 0 D tdm_rx_sample_rate_get: tdm_rx_sample_rate = 48000, item = 3
11-10 23:01:30.417 0 0 D tdm_tx_sample_rate_get: tdm_tx_sample_rate = 48000, item = 3
11-10 23:01:30.419 0 0 I chatty : uid=0(root) logd identical 4 lines
11-10 23:01:30.419 0 0 D tdm_tx_sample_rate_get: tdm_tx_sample_rate = 48000, item = 3
11-10 23:01:30.419 0 0 D aux_pcm_rx_sample_rate_get: idx[0]_rx_sample_rate = 8000, item = 0
11-10 23:01:30.419 0 0 D aux_pcm_rx_sample_rate_get: idx[1]_rx_sample_rate = 8000, item = 0
11-10 23:01:30.420 0 0 D aux_pcm_rx_sample_rate_get: idx[2]_rx_sample_rate = 8000, item = 0
11-10 23:01:30.420 0 0 D aux_pcm_rx_sample_rate_get: idx[3]_rx_sample_rate = 8000, item = 0
11-10 23:01:30.420 0 0 D aux_pcm_rx_sample_rate_get: idx[4]_rx_sample_rate = 8000, item = 0
11-10 23:01:30.420 0 0 D aux_pcm_rx_sample_rate_get: idx[5]_rx_sample_rate = 8000, item = 0
11-10 23:01:30.421 0 0 D aux_pcm_tx_sample_rate_get: idx[0]_tx_sample_rate = 8000, item = 0
11-10 23:01:30.421 0 0 D aux_pcm_tx_sample_rate_get: idx[1]_tx_sample_rate = 8000, item = 0
11-10 23:01:30.421 0 0 D aux_pcm_tx_sample_rate_get: idx[2]_tx_sample_rate = 8000, item = 0
11-10 23:01:30.421 0 0 D aux_pcm_tx_sample_rate_get: idx[3]_tx_sample_rate = 8000, item = 0
11-10 23:01:30.421 0 0 D aux_pcm_tx_sample_rate_get: idx[4]_tx_sample_rate = 8000, item = 0
11-10 23:01:30.422 0 0 D aux_pcm_tx_sample_rate_get: idx[5]_tx_sample_rate = 8000, item = 0
11-10 23:01:30.422 0 0 D mi2s_rx_sample_rate_get: idx[0]_rx_sample_rate = 48000, item = 6
11-10 23:01:30.423 0 0 D mi2s_rx_sample_rate_get: idx[1]_rx_sample_rate = 48000, item = 6
11-10 23:01:30.424 0 0 D mi2s_rx_sample_rate_get: idx[2]_rx_sample_rate = 96000, item = 8
11-10 23:01:30.424 0 0 D mi2s_rx_sample_rate_get: idx[3]_rx_sample_rate = 48000, item = 6
11-10 23:01:30.425 0 0 D mi2s_rx_sample_rate_get: idx[4]_rx_sample_rate = 48000, item = 6
11-10 23:01:30.425 0 0 D mi2s_rx_sample_rate_get: idx[5]_rx_sample_rate = 48000, item = 6
11-10 23:01:30.426 0 0 D mi2s_tx_sample_rate_get: idx[0]_tx_sample_rate = 48000, item = 6
11-10 23:01:30.427 0 0 D mi2s_tx_sample_rate_get: idx[1]_tx_sample_rate = 48000, item = 6
11-10 23:01:30.427 0 0 D mi2s_tx_sample_rate_get: idx[2]_tx_sample_rate = 96000, item = 8
11-10 23:01:30.428 0 0 D mi2s_tx_sample_rate_get: idx[3]_tx_sample_rate = 48000, item = 6
11-10 23:01:30.429 0 0 D mi2s_tx_sample_rate_get: idx[4]_tx_sample_rate = 48000, item = 6
11-10 23:01:30.429 0 0 D mi2s_tx_sample_rate_get: idx[5]_tx_sample_rate = 48000, item = 6
11-10 23:01:30.430 0 0 D usb_audio_rx_format_get: usb_audio_rx_format = 6, ucontrol value = 1
11-10 23:01:30.430 0 0 D usb_audio_tx_format_get: usb_audio_tx_format = 2, ucontrol value = 0
11-10 23:01:30.430 0 0 D tdm_rx_format_get: tdm_rx_bit_format = 2, item = 0
11-10 23:01:30.432 0 0 I chatty : uid=0(root) logd identical 5 lines
11-10 23:01:30.432 0 0 D tdm_rx_format_get: tdm_rx_bit_format = 2, item = 0
11-10 23:01:30.432 0 0 D tdm_tx_format_get: tdm_tx_bit_format = 2, item = 0
11-10 23:01:30.433 0 0 I chatty : uid=0(root) logd identical 4 lines
11-10 23:01:30.433 0 0 D tdm_tx_format_get: tdm_tx_bit_format = 2, item = 0
11-10 23:01:30.434 0 0 D msm_aux_pcm_rx_format_get: idx[0]_rx_format = 2, item = 0
11-10 23:01:30.434 0 0 D msm_aux_pcm_rx_format_get: idx[1]_rx_format = 2, item = 0
11-10 23:01:30.434 0 0 D msm_aux_pcm_rx_format_get: idx[2]_rx_format = 2, item = 0
11-10 23:01:30.435 0 0 D msm_aux_pcm_rx_format_get: idx[3]_rx_format = 2, item = 0
11-10 23:01:30.435 0 0 D msm_aux_pcm_rx_format_get: idx[4]_rx_format = 2, item = 0
11-10 23:01:30.435 0 0 D msm_aux_pcm_rx_format_get: idx[5]_rx_format = 2, item = 0
11-10 23:01:30.435 0 0 D msm_aux_pcm_tx_format_get: idx[0]_tx_format = 2, item = 0
11-10 23:01:30.436 0 0 D msm_aux_pcm_tx_format_get: idx[1]_tx_format = 2, item = 0
11-10 23:01:30.436 0 0 D msm_aux_pcm_tx_format_get: idx[2]_tx_format = 2, item = 0
11-10 23:01:30.436 0 0 D msm_aux_pcm_tx_format_get: idx[3]_tx_format = 2, item = 0
11-10 23:01:30.437 0 0 D msm_aux_pcm_tx_format_get: idx[4]_tx_format = 2, item = 0
11-10 23:01:30.437 0 0 D msm_aux_pcm_tx_format_get: idx[5]_tx_format = 2, item = 0
11-10 23:01:30.437 0 0 D msm_mi2s_rx_format_get: idx[0]_rx_format = 2, item = 0
11-10 23:01:30.438 0 0 D msm_mi2s_rx_format_get: idx[1]_rx_format = 2, item = 0
11-10 23:01:30.438 0 0 D msm_mi2s_rx_format_get: idx[2]_rx_format = 6, item = 1
11-10 23:01:30.438 0 0 D msm_mi2s_rx_format_get: idx[3]_rx_format = 2, item = 0
11-10 23:01:30.438 0 0 D msm_mi2s_rx_format_get: idx[4]_rx_format = 2, item = 0
11-10 23:01:30.439 0 0 D msm_mi2s_rx_format_get: idx[5]_rx_format = 2, item = 0
11-10 23:01:30.439 0 0 D msm_mi2s_tx_format_get: idx[0]_tx_format = 2, item = 0
11-10 23:01:30.439 0 0 D msm_mi2s_tx_format_get: idx[1]_tx_format = 2, item = 0
11-10 23:01:30.439 0 0 D msm_mi2s_tx_format_get: idx[2]_tx_format = 6, item = 1
11-10 23:01:30.440 0 0 D msm_mi2s_tx_format_get: idx[3]_tx_format = 2, item = 0
11-10 23:01:30.440 0 0 D msm_mi2s_tx_format_get: idx[4]_tx_format = 2, item = 0
11-10 23:01:30.440 0 0 D msm_mi2s_tx_format_get: idx[5]_tx_format = 2, item = 0
11-10 23:01:30.441 0 0 D usb_audio_rx_ch_get: usb_audio_rx_ch = 2
11-10 23:01:30.441 0 0 D usb_audio_tx_ch_get: usb_audio_tx_ch = 1
11-10 23:01:30.442 0 0 D proxy_rx_ch_get: proxy_rx channels = 2
11-10 23:01:30.442 0 0 D tdm_rx_ch_get: tdm_rx_ch = 0, item = 0
11-10 23:01:30.445 0 0 I chatty : uid=0(root) logd identical 5 lines
11-10 23:01:30.445 0 0 D tdm_rx_ch_get: tdm_rx_ch = 0, item = 0
11-10 23:01:30.445 0 0 D tdm_tx_ch_get: tdm_tx_ch = 0, item = 0
11-10 23:01:30.447 0 0 I chatty : uid=0(root) logd identical 4 lines
11-10 23:01:30.448 0 0 D tdm_tx_ch_get: tdm_tx_ch = 0, item = 0
11-10 23:01:30.448 0 0 D msm_mi2s_rx_ch_get: msm_mi2s_[0]_rx_ch = 2
11-10 23:01:30.449 0 0 D msm_mi2s_rx_ch_get: msm_mi2s_[1]_rx_ch = 2
11-10 23:01:30.449 0 0 D msm_mi2s_rx_ch_get: msm_mi2s_[2]_rx_ch = 2
11-10 23:01:30.450 0 0 D msm_mi2s_rx_ch_get: msm_mi2s_[3]_rx_ch = 2
11-10 23:01:30.450 0 0 D msm_mi2s_rx_ch_get: msm_mi2s_[4]_rx_ch = 2
11-10 23:01:30.451 0 0 D msm_mi2s_rx_ch_get: msm_mi2s_[5]_rx_ch = 2
11-10 23:01:30.451 0 0 D msm_mi2s_tx_ch_get: msm_mi2s_[0]_tx_ch = 1
11-10 23:01:30.452 0 0 D msm_mi2s_tx_ch_get: msm_mi2s_[1]_tx_ch = 1
11-10 23:01:30.452 0 0 D msm_mi2s_tx_ch_get: msm_mi2s_[2]_tx_ch = 2
11-10 23:01:30.453 0 0 D msm_mi2s_tx_ch_get: msm_mi2s_[3]_tx_ch = 1
11-10 23:01:30.453 0 0 D msm_mi2s_tx_ch_get: msm_mi2s_[4]_tx_ch = 1
11-10 23:01:30.454 0 0 D msm_mi2s_tx_ch_get: msm_mi2s_[5]_tx_ch = 1
11-10 23:01:30.454 0 0 D ext_disp_rx_ch_get: ext_disp_rx[0].ch = 2
11-10 23:01:30.454 0 0 D ext_disp_rx_format_get: ext_disp_rx[0].format = 2, ucontrol value = 0
11-10 23:01:30.455 0 0 D ext_disp_rx_sample_rate_get: ext_disp_rx[0].sample_rate = 48000
11-10 23:01:30.455 0 0 D ext_disp_rx_ch_get: ext_disp_rx[1].ch = 2
11-10 23:01:30.455 0 0 D ext_disp_rx_format_get: ext_disp_rx[1].format = 2, ucontrol value = 0
11-10 23:01:30.456 0 0 D ext_disp_rx_sample_rate_get: ext_disp_rx[1].sample_rate = 48000
11-10 23:01:30.456 0 0 D msm_bt_sample_rate_get: sample rate = 8000
11-10 23:01:30.457 0 0 D msm_bt_sample_rate_rx_get: sample rate rx = 8000
11-10 23:01:30.457 0 0 D msm_bt_sample_rate_tx_get: sample rate tx = 8000
11-10 23:01:30.457 0 0 D afe_loopback_tx_ch_get: afe_loopback_tx_ch = 1
11-10 23:01:30.457 0 0 D msm_vi_feed_tx_ch_get: msm_vi_feed_tx_ch = 1
11-10 23:01:30.458 0 0 D cdc_dma_rx_format_get: cdc_dma_rx_format = 2, ucontrol value = 0
11-10 23:01:30.459 0 0 I chatty : uid=0(root) logd identical 4 lines
11-10 23:01:30.459 0 0 D cdc_dma_rx_format_get: cdc_dma_rx_format = 2, ucontrol value = 0
11-10 23:01:30.460 0 0 D cdc_dma_rx_sample_rate_get: cdc_dma_rx_sample_rate = 48000
11-10 23:01:30.462 0 0 I chatty : uid=0(root) logd identical 4 lines
11-10 23:01:30.463 0 0 D cdc_dma_rx_sample_rate_get: cdc_dma_rx_sample_rate = 48000
11-10 23:01:30.470 0 0 D voice_get_session: session_id 0x10c01000 session handle 0000000000000000
11-10 23:01:30.470 0 0 D voc_get_cvd_version: Returning the cached value 2.4
11-10 23:01:30.489 0 0 D : voice_alloc_cal
11-10 23:01:30.489 0 0 I chatty : uid=0(root) logd identical 2 lines
11-10 23:01:30.489 0 0 D : voice_alloc_cal
11-10 23:01:30.496 0 0 D msm_dai_q6_island_mode_put: island mode = 0
11-10 23:01:30.501 18004 18091 I chatty : uid=1000 system_server expire 2 lines
11-10 23:01:30.504 0 0 E : msm_pcm_volume_ctl_get substream not found
11-10 23:01:30.509 0 0 I chatty : uid=0(root) logd identical 1 line
11-10 23:01:30.514 0 0 E : msm_pcm_volume_ctl_get substream not found
11-10 23:01:30.514 0 0 D cdc_dma_rx_ch_get: cdc_dma_rx_ch = 0
11-10 23:01:30.514 0 0 D cdc_dma_rx_ch_get: cdc_dma_rx_ch = 1
11-10 23:01:30.514 0 0 D cdc_dma_rx_ch_get: cdc_dma_rx_ch = 0
11-10 23:01:30.514 0 0 D cdc_dma_rx_ch_get: cdc_dma_rx_ch = 1
11-10 23:01:30.515 0 0 I chatty : uid=0(root) logd identical 2 lines
11-10 23:01:30.515 0 0 D cdc_dma_rx_ch_get: cdc_dma_rx_ch = 1
11-10 23:01:30.515 0 0 D cdc_dma_rx_ch_get: cdc_dma_rx_ch = 0
11-10 23:01:30.516 0 0 D cdc_dma_tx_ch_get: cdc_dma_tx_ch = 2
11-10 23:01:30.516 0 0 I chatty : uid=0(root) logd identical 2 lines
11-10 23:01:30.517 0 0 D cdc_dma_tx_ch_get: cdc_dma_tx_ch = 2
11-10 23:01:30.517 0 0 D cdc_dma_tx_ch_get: cdc_dma_tx_ch = 1
11-10 23:01:30.518 0 0 I chatty : uid=0(root) logd identical 1 line
11-10 23:01:30.518 0 0 D cdc_dma_tx_ch_get: cdc_dma_tx_ch = 1
11-10 23:01:30.519 0 0 D cdc_dma_tx_ch_get: cdc_dma_tx_ch = 8
11-10 23:01:30.519 0 0 D cdc_dma_tx_ch_get: cdc_dma_tx_ch = 8
11-10 23:01:30.519 0 0 D cdc_dma_rx_format_get: cdc_dma_rx_format = 2, ucontrol value = 0
11-10 23:01:30.519 0 0 D cdc_dma_rx_format_get: cdc_dma_rx_format = 2, ucontrol value = 0
11-10 23:01:30.520 0 0 D cdc_dma_tx_format_get: cdc_dma_tx_format = 2, ucontrol value = 0
11-10 23:01:30.521 0 0 I chatty : uid=0(root) logd identical 6 lines
11-10 23:01:30.522 0 0 D cdc_dma_tx_format_get: cdc_dma_tx_format = 2, ucontrol value = 0
11-10 23:01:30.522 0 0 D cdc_dma_rx_sample_rate_get: cdc_dma_rx_sample_rate = 48000
11-10 23:01:30.523 0 0 D cdc_dma_rx_sample_rate_get: cdc_dma_rx_sample_rate = 48000
11-10 23:01:30.523 0 0 D cdc_dma_tx_sample_rate_get: cdc_dma_tx_sample_rate = 48000
11-10 23:01:30.525 0 0 I chatty : uid=0(root) logd identical 3 lines
11-10 23:01:30.526 0 0 D cdc_dma_tx_sample_rate_get: cdc_dma_tx_sample_rate = 48000
11-10 23:01:30.526 0 0 D cdc_dma_tx_sample_rate_get: cdc_dma_tx_sample_rate = 96000
11-10 23:01:30.527 0 0 D cdc_dma_tx_sample_rate_get: cdc_dma_tx_sample_rate = 16000
11-10 23:01:30.528 0 0 D cdc_dma_tx_sample_rate_get: cdc_dma_tx_sample_rate = 48000
11-10 23:01:30.528 0 0 D cdc_dma_tx_sample_rate_get: cdc_dma_tx_sample_rate = 48000
11-10 23:01:30.529 0 0 D usb_audio_rx_sample_rate_get: usb_audio_rx_sample_rate = 48000
11-10 23:01:30.530 0 0 D usb_audio_tx_sample_rate_get: usb_audio_tx_sample_rate = 48000
11-10 23:01:30.530 0 0 D tdm_rx_sample_rate_get: tdm_rx_sample_rate = 48000, item = 3
11-10 23:01:30.532 0 0 I chatty : uid=0(root) logd identical 5 lines
11-10 23:01:30.532 0 0 D tdm_rx_sample_rate_get: tdm_rx_sample_rate = 48000, item = 3
11-10 23:01:30.532 0 0 D tdm_tx_sample_rate_get: tdm_tx_sample_rate = 48000, item = 3
11-10 23:01:30.534 0 0 I chatty : uid=0(root) logd identical 4 lines
11-10 23:01:30.534 0 0 D tdm_tx_sample_rate_get: tdm_tx_sample_rate = 48000, item = 3
11-10 23:01:30.535 0 0 D aux_pcm_rx_sample_rate_get: idx[0]_rx_sample_rate = 8000, item = 0
11-10 23:01:30.535 0 0 D aux_pcm_rx_sample_rate_get: idx[1]_rx_sample_rate = 8000, item = 0
11-10 23:01:30.535 0 0 D aux_pcm_rx_sample_rate_get: idx[2]_rx_sample_rate = 8000, item = 0
11-10 23:01:30.535 0 0 D aux_pcm_rx_sample_rate_get: idx[3]_rx_sample_rate = 8000, item = 0
11-10 23:01:30.535 0 0 D aux_pcm_rx_sample_rate_get: idx[4]_rx_sample_rate = 8000, item = 0
11-10 23:01:30.535 0 0 D aux_pcm_rx_sample_rate_get: idx[5]_rx_sample_rate = 8000, item = 0
11-10 23:01:30.536 0 0 D aux_pcm_tx_sample_rate_get: idx[0]_tx_sample_rate = 8000, item = 0
11-10 23:01:30.536 0 0 D aux_pcm_tx_sample_rate_get: idx[1]_tx_sample_rate = 8000, item = 0
11-10 23:01:30.536 0 0 D aux_pcm_tx_sample_rate_get: idx[2]_tx_sample_rate = 8000, item = 0
11-10 23:01:30.536 0 0 D aux_pcm_tx_sample_rate_get: idx[3]_tx_sample_rate = 8000, item = 0
11-10 23:01:30.536 0 0 D aux_pcm_tx_sample_rate_get: idx[4]_tx_sample_rate = 8000, item = 0
11-10 23:01:30.537 0 0 D aux_pcm_tx_sample_rate_get: idx[5]_tx_sample_rate = 8000, item = 0
11-10 23:01:30.537 0 0 D mi2s_rx_sample_rate_get: idx[0]_rx_sample_rate = 48000, item = 6
11-10 23:01:30.538 0 0 D mi2s_rx_sample_rate_get: idx[1]_rx_sample_rate = 48000, item = 6
11-10 23:01:30.538 0 0 D mi2s_rx_sample_rate_get: idx[2]_rx_sample_rate = 96000, item = 8
11-10 23:01:30.539 0 0 D mi2s_rx_sample_rate_get: idx[3]_rx_sample_rate = 48000, item = 6
11-10 23:01:30.540 0 0 D mi2s_rx_sample_rate_get: idx[4]_rx_sample_rate = 48000, item = 6
11-10 23:01:30.540 0 0 D mi2s_rx_sample_rate_get: idx[5]_rx_sample_rate = 48000, item = 6
11-10 23:01:30.541 0 0 D mi2s_tx_sample_rate_get: idx[0]_tx_sample_rate = 48000, item = 6
11-10 23:01:30.542 0 0 D mi2s_tx_sample_rate_get: idx[1]_tx_sample_rate = 48000, item = 6
11-10 23:01:30.542 0 0 D mi2s_tx_sample_rate_get: idx[2]_tx_sample_rate = 96000, item = 8
11-10 23:01:30.543 0 0 D mi2s_tx_sample_rate_get: idx[3]_tx_sample_rate = 48000, item = 6
11-10 23:01:30.543 0 0 D mi2s_tx_sample_rate_get: idx[4]_tx_sample_rate = 48000, item = 6
11-10 23:01:30.544 0 0 D mi2s_tx_sample_rate_get: idx[5]_tx_sample_rate = 48000, item = 6
11-10 23:01:30.544 0 0 D usb_audio_rx_format_get: usb_audio_rx_format = 6, ucontrol value = 1
11-10 23:01:30.545 0 0 D usb_audio_tx_format_get: usb_audio_tx_format = 2, ucontrol value = 0
11-10 23:01:30.545 0 0 D tdm_rx_format_get: tdm_rx_bit_format = 2, item = 0
11-10 23:01:30.546 0 0 I chatty : uid=0(root) logd identical 5 lines
11-10 23:01:30.546 0 0 D tdm_rx_format_get: tdm_rx_bit_format = 2, item = 0
11-10 23:01:30.547 0 0 D tdm_tx_format_get: tdm_tx_bit_format = 2, item = 0
11-10 23:01:30.548 0 0 I chatty : uid=0(root) logd identical 4 lines
11-10 23:01:30.548 0 0 D tdm_tx_format_get: tdm_tx_bit_format = 2, item = 0
11-10 23:01:30.548 0 0 D msm_aux_pcm_rx_format_get: idx[0]_rx_format = 2, item = 0
11-10 23:01:30.548 0 0 D msm_aux_pcm_rx_format_get: idx[1]_rx_format = 2, item = 0
11-10 23:01:30.549 0 0 D msm_aux_pcm_rx_format_get: idx[2]_rx_format = 2, item = 0
11-10 23:01:30.549 0 0 D msm_aux_pcm_rx_format_get: idx[3]_rx_format = 2, item = 0
11-10 23:01:30.549 0 0 D msm_aux_pcm_rx_format_get: idx[4]_rx_format = 2, item = 0
11-10 23:01:30.549 0 0 D msm_aux_pcm_rx_format_get: idx[5]_rx_format = 2, item = 0
11-10 23:01:30.550 0 0 D msm_aux_pcm_tx_format_get: idx[0]_tx_format = 2, item = 0
11-10 23:01:30.550 0 0 D msm_aux_pcm_tx_format_get: idx[1]_tx_format = 2, item = 0
11-10 23:01:30.551 0 0 D msm_aux_pcm_tx_format_get: idx[2]_tx_format = 2, item = 0
11-10 23:01:30.551 0 0 D msm_aux_pcm_tx_format_get: idx[3]_tx_format = 2, item = 0
11-10 23:01:30.551 0 0 D msm_aux_pcm_tx_format_get: idx[4]_tx_format = 2, item = 0
11-10 23:01:30.551 0 0 D msm_aux_pcm_tx_format_get: idx[5]_tx_format = 2, item = 0
11-10 23:01:30.552 0 0 D msm_mi2s_rx_format_get: idx[0]_rx_format = 2, item = 0
11-10 23:01:30.552 0 0 D msm_mi2s_rx_format_get: idx[1]_rx_format = 2, item = 0
11-10 23:01:30.552 0 0 D msm_mi2s_rx_format_get: idx[2]_rx_format = 6, item = 1
11-10 23:01:30.552 0 0 D msm_mi2s_rx_format_get: idx[3]_rx_format = 2, item = 0
11-10 23:01:30.553 0 0 D msm_mi2s_rx_format_get: idx[4]_rx_format = 2, item = 0
11-10 23:01:30.553 0 0 D msm_mi2s_rx_format_get: idx[5]_rx_format = 2, item = 0
11-10 23:01:30.553 0 0 D msm_mi2s_tx_format_get: idx[0]_tx_format = 2, item = 0
11-10 23:01:30.554 0 0 D msm_mi2s_tx_format_get: idx[1]_tx_format = 2, item = 0
11-10 23:01:30.554 0 0 D msm_mi2s_tx_format_get: idx[2]_tx_format = 6, item = 1
11-10 23:01:30.554 0 0 D msm_mi2s_tx_format_get: idx[3]_tx_format = 2, item = 0
11-10 23:01:30.554 0 0 D msm_mi2s_tx_format_get: idx[4]_tx_format = 2, item = 0
11-10 23:01:30.555 0 0 D msm_mi2s_tx_format_get: idx[5]_tx_format = 2, item = 0
11-10 23:01:30.555 0 0 D usb_audio_rx_ch_get: usb_audio_rx_ch = 2
11-10 23:01:30.556 0 0 D usb_audio_tx_ch_get: usb_audio_tx_ch = 1
11-10 23:01:30.556 0 0 D proxy_rx_ch_get: proxy_rx channels = 2
11-10 23:01:30.556 0 0 D tdm_rx_ch_get: tdm_rx_ch = 0, item = 0
11-10 23:01:30.559 0 0 I chatty : uid=0(root) logd identical 5 lines
11-10 23:01:30.559 0 0 D tdm_rx_ch_get: tdm_rx_ch = 0, item = 0
11-10 23:01:30.559 0 0 D tdm_tx_ch_get: tdm_tx_ch = 0, item = 0
11-10 23:01:30.561 0 0 I chatty : uid=0(root) logd identical 4 lines
11-10 23:01:30.562 0 0 D tdm_tx_ch_get: tdm_tx_ch = 0, item = 0
11-10 23:01:30.562 0 0 D msm_mi2s_rx_ch_get: msm_mi2s_[0]_rx_ch = 2
11-10 23:01:30.563 0 0 D msm_mi2s_rx_ch_get: msm_mi2s_[1]_rx_ch = 2
11-10 23:01:30.563 0 0 D msm_mi2s_rx_ch_get: msm_mi2s_[2]_rx_ch = 2
11-10 23:01:30.564 0 0 D msm_mi2s_rx_ch_get: msm_mi2s_[3]_rx_ch = 2
11-10 23:01:30.564 0 0 D msm_mi2s_rx_ch_get: msm_mi2s_[4]_rx_ch = 2
11-10 23:01:30.564 0 0 D msm_mi2s_rx_ch_get: msm_mi2s_[5]_rx_ch = 2
11-10 23:01:30.565 0 0 D msm_mi2s_tx_ch_get: msm_mi2s_[0]_tx_ch = 1
11-10 23:01:30.565 0 0 D msm_mi2s_tx_ch_get: msm_mi2s_[1]_tx_ch = 1
11-10 23:01:30.566 0 0 D msm_mi2s_tx_ch_get: msm_mi2s_[2]_tx_ch = 2
11-10 23:01:30.566 0 0 D msm_mi2s_tx_ch_get: msm_mi2s_[3]_tx_ch = 1
11-10 23:01:30.567 0 0 D msm_mi2s_tx_ch_get: msm_mi2s_[4]_tx_ch = 1
11-10 23:01:30.567 0 0 D msm_mi2s_tx_ch_get: msm_mi2s_[5]_tx_ch = 1
11-10 23:01:30.568 0 0 D ext_disp_rx_ch_get: ext_disp_rx[0].ch = 2
11-10 23:01:30.568 0 0 D ext_disp_rx_format_get: ext_disp_rx[0].format = 2, ucontrol value = 0
11-10 23:01:30.568 0 0 D ext_disp_rx_sample_rate_get: ext_disp_rx[0].sample_rate = 48000
11-10 23:01:30.569 0 0 D ext_disp_rx_ch_get: ext_disp_rx[1].ch = 2
11-10 23:01:30.569 0 0 D ext_disp_rx_format_get: ext_disp_rx[1].format = 2, ucontrol value = 0
11-10 23:01:30.569 0 0 D ext_disp_rx_sample_rate_get: ext_disp_rx[1].sample_rate = 48000
11-10 23:01:30.570 0 0 D msm_bt_sample_rate_get: sample rate = 8000
11-10 23:01:30.570 0 0 D msm_bt_sample_rate_rx_get: sample rate rx = 8000
11-10 23:01:30.570 0 0 D msm_bt_sample_rate_tx_get: sample rate tx = 8000
11-10 23:01:30.571 0 0 D afe_loopback_tx_ch_get: afe_loopback_tx_ch = 1
11-10 23:01:30.571 0 0 D msm_vi_feed_tx_ch_get: msm_vi_feed_tx_ch = 1
11-10 23:01:30.571 0 0 D cdc_dma_rx_format_get: cdc_dma_rx_format = 2, ucontrol value = 0
11-10 23:01:30.572 0 0 I chatty : uid=0(root) logd identical 4 lines
11-10 23:01:30.572 0 0 D cdc_dma_rx_format_get: cdc_dma_rx_format = 2, ucontrol value = 0
11-10 23:01:30.573 0 0 D cdc_dma_rx_sample_rate_get: cdc_dma_rx_sample_rate = 48000
11-10 23:01:30.575 0 0 I chatty : uid=0(root) logd identical 4 lines
11-10 23:01:30.576 0 0 D cdc_dma_rx_sample_rate_get: cdc_dma_rx_sample_rate = 48000
11-10 23:01:30.588 0 0 D voice_itr_get_next_session: cur idx = 0 session idx = 7
11-10 23:01:30.589 0 0 D voice_itr_get_next_session: cur idx = 1 session idx = 7
11-10 23:01:30.589 0 0 D voice_itr_get_next_session: cur idx = 2 session idx = 7
11-10 23:01:30.589 0 0 D voice_itr_get_next_session: cur idx = 3 session idx = 7
11-10 23:01:30.589 0 0 D voice_itr_get_next_session: cur idx = 4 session idx = 7
11-10 23:01:30.589 0 0 D voice_itr_get_next_session: cur idx = 5 session idx = 7
11-10 23:01:30.589 0 0 D voice_itr_get_next_session: cur idx = 6 session idx = 7
11-10 23:01:30.589 0 0 D voice_itr_get_next_session: cur idx = 7 session idx = 7
11-10 23:01:30.589 0 0 D voice_itr_get_next_session: cur idx = 8 session idx = 7
11-10 23:01:30.589 0 0 D voice_itr_get_next_session: cur idx = 0 session idx = 7
11-10 23:01:30.589 0 0 D voice_itr_get_next_session: cur idx = 1 session idx = 7
11-10 23:01:30.589 0 0 D voice_itr_get_next_session: cur idx = 2 session idx = 7
11-10 23:01:30.589 0 0 D voice_itr_get_next_session: cur idx = 3 session idx = 7
11-10 23:01:30.589 0 0 D voice_itr_get_next_session: cur idx = 4 session idx = 7
11-10 23:01:30.589 0 0 D voice_itr_get_next_session: cur idx = 5 session idx = 7
11-10 23:01:30.589 0 0 D voice_itr_get_next_session: cur idx = 6 session idx = 7
11-10 23:01:30.589 0 0 D voice_itr_get_next_session: cur idx = 7 session idx = 7
11-10 23:01:30.589 0 0 D voice_itr_get_next_session: cur idx = 8 session idx = 7
11-10 23:01:30.589 0 0 D : voc_set_rx_vol_step session id = 0xffffffff vol = 0
11-10 23:01:30.589 0 0 D voice_itr_get_next_session: cur idx = 0 session idx = 7
11-10 23:01:30.589 0 0 D voice_itr_get_next_session: cur idx = 1 session idx = 7
11-10 23:01:30.589 0 0 D voice_itr_get_next_session: cur idx = 2 session idx = 7
11-10 23:01:30.589 0 0 D voice_itr_get_next_session: cur idx = 3 session idx = 7
11-10 23:01:30.589 0 0 D voice_itr_get_next_session: cur idx = 4 session idx = 7
11-10 23:01:30.589 0 0 D voice_itr_get_next_session: cur idx = 5 session idx = 7
11-10 23:01:30.589 0 0 D voice_itr_get_next_session: cur idx = 6 session idx = 7
11-10 23:01:30.589 0 0 D voice_itr_get_next_session: cur idx = 7 session idx = 7
11-10 23:01:30.589 0 0 D voice_itr_get_next_session: cur idx = 8 session idx = 7
11-10 23:01:30.589 0 0 D voc_get_session_id: VoIP session has session id 0x10004000
11-10 23:01:30.589 0 0 D voice_itr_get_next_session: cur idx = 1 session idx = 1
11-10 23:01:30.589 0 0 D voice_itr_get_next_session: cur idx = 2 session idx = 1
11-10 23:01:30.589 0 0 D voc_get_session_id: VoIP session has session id 0x10004000
11-10 23:01:30.589 0 0 D : voc_set_rx_vol_step session id = 0x10004000 vol = 0
11-10 23:01:30.589 0 0 D voice_itr_get_next_session: cur idx = 1 session idx = 1
11-10 23:01:30.589 0 0 D voice_itr_get_next_session: cur idx = 2 session idx = 1
11-10 23:01:30.594 18004 18035 I chatty : uid=1000 system_server expire 1 line
11-10 23:01:30.596 0 0 E [ELUS] : process_diagnostics_msg() size:460
11-10 23:01:30.596 0 0 E elliptic_system_configuration_param_put: reg: 0 shift: 4 val: 0
11-10 23:01:30.597 0 0 E [ELUS] : process_diagnostics_msg() size:460
11-10 23:01:30.598 0 0 E [ELUS] : (elliptic_ultrasound_rx_port_set) : ultrasound_rx_port: enable=0 ret=0
11-10 23:01:30.598 0 0 D msm_dai_q6_cal_info_put: setting cal_mode to 0
11-10 23:01:30.598 0 0 D msm_dai_q6_cal_info_put: setting cal_mode to 0
11-10 23:01:30.604 0 0 D [tfa98xx] tfa98xx_set_profile(): selected container profile [0]
11-10 23:01:30.604 0 0 D msm_dai_q6_cal_info_put: setting cal_mode to 1
11-10 23:01:30.605 0 0 D msm_dai_q6_cal_info_put: setting cal_mode to 1
11-10 23:01:30.612 18004 18020 I chatty : uid=1000 system_server expire 1 line
11-10 23:01:30.627 0 0 D voice_get_session: session_id 0x10c01000 session handle 0000000000000000
11-10 23:01:30.627 0 0 D voc_get_cvd_version: Returning the cached value 2.4
11-10 23:01:30.628 0 0 E wcdcal_hwdep_ioctl_shared: codec didn't set this 0!!
11-10 23:01:30.628 0 0 E wcdcal_hwdep_ioctl_shared: codec didn't set this 3!!
11-10 23:01:30.631 0 0 D msm_dai_q6_afe_enc_cfg_put: Received encoder config for 0 format
11-10 23:01:30.631 0 0 D msm_dai_q6_afe_enc_cfg_put: Ignore enc config for unknown format = 0
11-10 23:01:30.631 0 0 D msm_dai_q6_afe_input_bit_format_put: updating afe input bit format : 2
11-10 23:01:30.632 0 0 D msm_dai_q6_afe_feedback_dec_cfg_put: abr_dec_cfg for 0 format
11-10 23:01:30.632 0 0 D msm_dai_q6_afe_feedback_dec_cfg_put: no afe_dec_cfg for format 0
11-10 23:01:30.633 0 0 D cdc_dma_rx_format_get: cdc_dma_rx_format = 2, ucontrol value = 0
11-10 23:01:30.633 0 0 D cdc_dma_rx_sample_rate_get: cdc_dma_rx_sample_rate = 48000
11-10 23:01:30.634 0 0 D cdc_dma_rx_format_get: cdc_dma_rx_format = 2, ucontrol value = 0
11-10 23:01:30.635 0 0 D cdc_dma_rx_sample_rate_get: cdc_dma_rx_sample_rate = 48000
11-10 23:01:30.635 0 0 D msm_mi2s_rx_format_get: idx[2]_rx_format = 6, item = 1
11-10 23:01:30.636 0 0 D mi2s_rx_sample_rate_get: idx[2]_rx_sample_rate = 96000, item = 8
11-10 23:01:30.636 0 0 D msm_mi2s_rx_ch_get: msm_mi2s_[2]_rx_ch = 2
11-10 23:01:30.637 0 0 D ext_disp_rx_format_get: ext_disp_rx[0].format = 2, ucontrol value = 0
11-10 23:01:30.637 0 0 D ext_disp_rx_sample_rate_get: ext_disp_rx[0].sample_rate = 48000
11-10 23:01:30.638 0 0 D ext_disp_rx_ch_get: ext_disp_rx[0].ch = 2
11-10 23:01:30.638 0 0 D ext_disp_rx_format_get: ext_disp_rx[1].format = 2, ucontrol value = 0
11-10 23:01:30.639 0 0 D ext_disp_rx_sample_rate_get: ext_disp_rx[1].sample_rate = 48000
11-10 23:01:30.639 0 0 D ext_disp_rx_ch_get: ext_disp_rx[1].ch = 2
11-10 23:01:30.639 0 0 D usb_audio_rx_format_get: usb_audio_rx_format = 6, ucontrol value = 1
11-10 23:01:30.640 0 0 D usb_audio_rx_sample_rate_get: usb_audio_rx_sample_rate = 48000
11-10 23:01:30.641 0 0 D usb_audio_rx_ch_get: usb_audio_rx_ch = 2
11-10 23:01:30.641 0 0 D cdc_dma_tx_format_get: cdc_dma_tx_format = 2, ucontrol value = 0
11-10 23:01:30.642 0 0 D cdc_dma_tx_sample_rate_get: cdc_dma_tx_sample_rate = 48000
11-10 23:01:30.642 0 0 D usb_audio_tx_format_get: usb_audio_tx_format = 2, ucontrol value = 0
11-10 23:01:30.643 0 0 D usb_audio_tx_sample_rate_get: usb_audio_tx_sample_rate = 48000
11-10 23:01:30.643 0 0 D usb_audio_tx_ch_get: usb_audio_tx_ch = 1
11-10 23:01:30.644 0 0 D msm_mi2s_tx_format_get: idx[3]_tx_format = 2, item = 0
11-10 23:01:30.645 0 0 D mi2s_tx_sample_rate_get: idx[3]_tx_sample_rate = 48000, item = 6
11-10 23:01:30.645 0 0 D msm_mi2s_tx_ch_get: msm_mi2s_[3]_tx_ch = 1
11-10 23:01:30.646 0 0 D cdc_dma_tx_format_get: cdc_dma_tx_format = 2, ucontrol value = 0
11-10 23:01:30.647 0 0 D cdc_dma_tx_sample_rate_get: cdc_dma_tx_sample_rate = 96000
11-10 23:01:30.647 0 0 D cdc_dma_tx_format_get: cdc_dma_tx_format = 2, ucontrol value = 0
11-10 23:01:30.647 0 0 D cdc_dma_tx_sample_rate_get: cdc_dma_tx_sample_rate = 96000
11-10 23:01:30.655 0 0 W healthd : battery l=39 v=3777 t=33.0 h=2 st=2 c=713 fc=4280000 cc=9 tl=7 chg=u
11-10 23:01:30.672 18004 18099 I chatty : uid=1000 system_server expire 6 lines
11-10 23:01:30.677 0 0 I [ELUS] : (elliptic_data_print_debug_counters) : user space reads / isr writes : 3559 / 3560
11-10 23:01:30.677 0 0 I [ELUS] : (elliptic_data_print_debug_counters) : total isr fifo discarded frame count : 0
11-10 23:01:30.677 0 0 I [ELUS] : (device_close) : Closed device elliptic0
11-10 23:01:30.680 0 0 W healthd : battery l=39 v=3777 t=33.0 h=2 st=2 c=713 fc=4280000 cc=9 tl=7 chg=u
11-10 23:01:30.686 0 0 I chatty : uid=0(root) logd identical 2 lines
11-10 23:01:30.693 0 0 W healthd : battery l=39 v=3777 t=33.0 h=2 st=2 c=713 fc=4280000 cc=9 tl=7 chg=u
11-10 23:01:30.702 18004 18110 I chatty : uid=1000 system_server expire 3 lines
11-10 23:01:30.703 18004 18111 I chatty : uid=1000 system_server expire 5 lines
11-10 23:01:30.792 18004 18125 I chatty : uid=1000 system_server expire 3 lines
11-10 23:01:30.799 18004 18129 I chatty : uid=1000 system_server expire 2 lines
11-10 23:01:30.839 18004 18131 I chatty : uid=1000 system_server expire 4 lines
11-10 23:01:30.843 18004 18132 I chatty : uid=1000 system_server expire 1 line
11-10 23:01:30.848 18004 18134 I chatty : uid=1000 system_server expire 2 lines
11-10 23:01:31.033 0 0 I AidlLazyServiceRegistrar: Process has 1 (of 1 available) client(s) in use after notification android.apex.IApexService has clients: 1
11-10 23:01:31.033 0 0 I AidlLazyServiceRegistrar: Process has 0 (of 1 available) client(s) in use after notification android.apex.IApexService has clients: 0
11-10 23:01:31.033 0 0 I AidlLazyServiceRegistrar: Shutdown prevented by forcePersist override flag.
11-10 23:01:31.557 18004 18118 I chatty : uid=1000 system_server expire 1 line
11-10 23:01:31.746 0 0 I : read descriptors
11-10 23:01:31.746 0 0 I : read strings
11-10 23:01:31.746 0 0 I : read descriptors
11-10 23:01:31.746 0 0 I : read strings
11-10 23:01:31.755 0 0 I : acc_open
11-10 23:01:31.755 0 0 I : acc_release
11-10 23:01:31.759 18004 18053 I chatty : uid=1000 system_server expire 1 line
11-10 23:01:31.769 18004 18144 I chatty : uid=1000 system_server expire 1 line
11-10 23:01:31.792 0 0 I [ELUS] : (device_open) : Opened device elliptic0
11-10 23:01:31.794 0 0 E elliptic_system_configuration_param_put: reg: 0 shift: 4 val: 402
11-10 23:01:31.798 0 0 E [ELUS] : (elliptic_ultrasound_rx_port_set) : ultrasound_rx_port: enable=0 ret=0
11-10 23:01:31.811 0 0 E elliptic_system_configuration_param_put: reg: 0 shift: 23 val: 1
11-10 23:01:31.812 0 0 E elliptic_system_configuration_param_put: reg: 0 shift: 8 val: 1
11-10 23:01:31.812 0 0 E [ELUS] : (elliptic_system_configuration_param_put) : ELLIPTIC_SYSTEM_CONFIGURATION_CUSTOM_SETTING_XX csi:1
11-10 23:01:31.812 0 0 E [ELUS] : (elliptic_system_configuration_param_put) : ucontrol->value.integer.value[0]:1
11-10 23:01:31.812 0 0 E [ELUS] : (elliptic_system_configuration_param_put) : calling elliptic_data_write(custom_setting) csi:1
11-10 23:01:31.820 0 0 D msm_be_hw_params_fixup: dai_id= 196, format = 2, rate = 96000
11-10 23:01:31.820 0 0 D msm_snd_cdc_dma_hw_params: id 5 tx_ch=1
11-10 23:01:31.820 0 0 D msm-dai-cdc-dma-dev soc: qcom,msm-dai-cdc-dma:qcom,msm-dai-tx-cdc-dma-4-tx: msm_dai_q6_cdc_dma_set_channel_map: id = 45113
11-10 23:01:31.820 0 0 D msm-dai-cdc-dma-dev soc: qcom,msm-dai-cdc-dma:qcom,msm-dai-tx-cdc-dma-4-tx: msm_dai_q6_cdc_dma_set_channel_map: CDC_DMA_45113_ch cnt[1] ch mask[0x10]
11-10 23:01:31.820 0 0 D msm_be_hw_params_fixup: dai_id= 196, format = 2, rate = 96000
11-10 23:01:31.820 0 0 D msm_be_hw_params_fixup: dai_id= 196, format = 2, rate = 96000
11-10 23:01:31.820 0 0 D msm-dai-cdc-dma-dev soc: qcom,msm-dai-cdc-dma:qcom,msm-dai-tx-cdc-dma-4-tx: msm_dai_q6_cdc_dma_hw_params: bit_wd[16] format[0]
11-10 23:01:31.820 0 0 D : num_channel 1 sample_rate 96000
11-10 23:01:31.823 0 0 I [CSPL] crus_afe_port_start: 0xb039
11-10 23:01:31.824 0 0 D wcd938x_codec wcd938x-codec: __wcd938x_codec_enable_micbias: wname: MIC BIAS3, event: 1
11-10 23:01:31.825 0 0 D wcd938x_codec wcd938x-codec: wcd938x_micbias_control: micb_num:3, micb_ref: 1, pullup_ref: 0
11-10 23:01:31.825 0 0 D wcd938x_codec wcd938x-codec: __wcd938x_codec_enable_micbias: wname: MIC BIAS1, event: 1
11-10 23:01:31.825 0 0 D wcd938x_codec wcd938x-codec: wcd938x_micbias_control: micb_num:1, micb_ref: 1, pullup_ref: 0
11-10 23:01:31.825 0 0 D wcd938x_codec wcd938x-codec: __wcd938x_codec_enable_micbias: wname: MIC BIAS3, event: 2
11-10 23:01:31.826 0 0 D wcd938x_codec wcd938x-codec: __wcd938x_codec_enable_micbias: wname: MIC BIAS1, event: 2
11-10 23:01:31.833 18004 18004 I SystemServerTiming: OnBootPhase_480_com.android.server.people.PeopleService
11-10 23:01:31.833 18004 18004 I SystemServerTiming: OnBootPhase_480_com.android.server.media.projection.MediaProjectionManagerService
11-10 23:01:31.833 18004 18004 I SystemServerTiming: OnBootPhase_480_com.android.server.slice.SliceManagerService$Lifecycle
11-10 23:01:31.833 18004 18004 I SystemServerTiming: OnBootPhase_480_com.android.server.camera.CameraServiceProxy
11-10 23:01:31.833 18004 18004 I SystemServerTiming: OnBootPhase_480_com.android.server.stats.StatsCompanion$Lifecycle
11-10 23:01:31.833 18004 18004 I SystemServerTiming: OnBootPhase_480_com.android.server.stats.pull.StatsPullAtomService
11-10 23:01:31.833 18004 18004 I SystemServerTiming: OnBootPhase_480_com.android.server.incident.IncidentCompanionService
11-10 23:01:31.833 18004 18004 I SystemServerTiming: OnBootPhase_480_com.android.server.MmsServiceBroker
11-10 23:01:31.833 18004 18004 I SystemServerTiming: OnBootPhase_480_com.android.server.autofill.AutofillManagerService
11-10 23:01:31.833 18004 18004 I SystemServerTiming: OnBootPhase_480_com.android.server.clipboard.ClipboardService
11-10 23:01:31.833 18004 18004 I SystemServerTiming: OnBootPhase_480_com.android.server.appbinding.AppBindingService$Lifecycle
11-10 23:01:31.833 18004 18004 I SystemServerTiming: OnBootPhase_480_org.lineageos.platform.internal.ProfileManagerService
11-10 23:01:31.833 18004 18004 I SystemServerTiming: OnBootPhase_480_org.lineageos.platform.internal.LineageHardwareService
11-10 23:01:31.833 18004 18004 I SystemServerTiming: OnBootPhase_480_org.lineageos.platform.internal.PerformanceManagerService
11-10 23:01:31.833 18004 18004 I SystemServerTiming: OnBootPhase_480_org.lineageos.platform.internal.display.LiveDisplayService
11-10 23:01:31.833 18004 18004 I SystemServerTiming: OnBootPhase_480_org.lineageos.platform.internal.LineageAudioService
11-10 23:01:31.833 18004 18004 I SystemServerTiming: OnBootPhase_480_org.lineageos.platform.internal.TrustInterfaceService
11-10 23:01:31.833 18004 18004 I SystemServerTiming: OnBootPhase_480_org.lineageos.platform.internal.LineageSettingsService
11-10 23:01:31.833 18004 18004 I SystemServerTiming: OnBootPhase_480_org.lineageos.platform.internal.LineageGlobalActionsService
11-10 23:01:31.833 18004 18004 I SystemServerTiming: StartBootPhaseSystemServicesReady
11-10 23:01:31.833 18004 18004 I SystemServiceManager: Starting phase 500
11-10 23:01:31.833 18004 18004 I SystemServerTiming: OnBootPhase_500
11-10 23:01:31.833 18004 18004 I SystemServerTiming: OnBootPhase_500_com.android.server.security.FileIntegrityService
11-10 23:01:31.833 18004 18004 I SystemServerTiming: OnBootPhase_500_com.android.server.pm.Installer
11-10 23:01:31.833 18004 18004 I SystemServerTiming: OnBootPhase_500_com.android.server.os.DeviceIdentifiersPolicyService
11-10 23:01:31.833 18004 18004 I SystemServerTiming: OnBootPhase_500_com.android.server.uri.UriGrantsManagerService$Lifecycle
11-10 23:01:31.833 18004 18004 I SystemServerTiming: OnBootPhase_500_com.android.server.wm.ActivityTaskManagerService$Lifecycle
11-10 23:01:31.833 18004 18004 I SystemServerTiming: OnBootPhase_500_com.android.server.am.ActivityManagerService$Lifecycle
11-10 23:01:31.834 18004 18004 I SystemServerTiming: OnBootPhase_500_com.android.server.pm.DataLoaderManagerService
11-10 23:01:31.834 18004 18004 I SystemServerTiming: OnBootPhase_500_com.android.server.power.PowerManagerService
11-10 23:01:31.834 18004 18004 I SystemServerTiming: OnBootPhase_500_com.android.server.power.ThermalManagerService
11-10 23:01:31.834 18004 18004 I SystemServerTiming: OnBootPhase_500_com.android.server.recoverysystem.RecoverySystemService$Lifecycle
11-10 23:01:31.834 18004 18004 I SystemServerTiming: OnBootPhase_500_com.android.server.lights.LightsService
11-10 23:01:31.834 18004 18004 I SystemServerTiming: OnBootPhase_500_com.android.server.display.DisplayManagerService
11-10 23:01:31.834 18004 18004 I SystemServerTiming: OnBootPhase_500_com.android.server.pm.UserManagerService$LifeCycle
11-10 23:01:31.834 18004 18004 I SystemServerTiming: OnBootPhase_500_com.android.server.om.OverlayManagerService
11-10 23:01:31.834 18004 18004 I SystemServerTiming: OnBootPhase_500_com.android.server.SensorPrivacyService
11-10 23:01:31.834 18004 18004 I SystemServerTiming: OnBootPhase_500_com.android.server.SystemConfigService
11-10 23:01:31.834 18004 18004 I SystemServerTiming: OnBootPhase_500_com.android.server.BatteryService
11-10 23:01:31.834 18004 18004 I SystemServerTiming: OnBootPhase_500_com.android.server.usage.UsageStatsService
11-10 23:01:31.834 0 0 I bolero-codec soc: qcom,msm-audio-apr:qcom,q6core-audio:bolero-cdc: tx_macro_enable_dec: the reg(0x60c) value before enable dec is: 0x0
11-10 23:01:31.834 0 0 I bolero-codec soc: qcom,msm-audio-apr:qcom,q6core-audio:bolero-cdc: tx_macro_enable_dec: the reg(0x60c) value after enable dec is: 0x0
11-10 23:01:31.834 0 0 D wcd938x_codec wcd938x-codec: wcd938x_enable_req wname: ADC1 REQ event: 1
11-10 23:01:31.834 18004 18004 D AppStandbyController: Setting app idle enabled state
11-10 23:01:31.835 18004 18004 E HistoricalRegistry: Interaction before persistence initialized
11-10 23:01:31.835 18004 18004 I SystemServerTiming: OnBootPhase_500_com.android.server.webkit.WebViewUpdateService
11-10 23:01:31.835 18004 18004 I SystemServerTiming: OnBootPhase_500_com.android.server.CachedDeviceStateService
11-10 23:01:31.835 0 0 D wcd938x_codec wcd938x-codec: wcd938x_enable_req wname: ADC3 REQ event: 1
11-10 23:01:31.835 18004 18004 I SystemServerTiming: OnBootPhase_500_com.android.server.BinderCallsStatsService$LifeCycle
11-10 23:01:31.836 0 0 D wcd938x_codec wcd938x-codec: wcd938x_enable_req wname: ADC4 REQ event: 1
11-10 23:01:31.837 0 0 D wcd938x_codec wcd938x-codec: wcd938x_tx_connect_port slv_ch_idx: 0, mstr_ch_type: 34
11-10 23:01:31.837 0 0 D wcd938x_codec wcd938x-codec: wcd938x_tx_connect_port slv_ch_idx: 2, mstr_ch_type: 42
11-10 23:01:31.838 0 0 D wcd938x_codec wcd938x-codec: wcd938x_tx_connect_port slv_ch_idx: 3, mstr_ch_type: 43
11-10 23:01:31.838 0 0 D wcd938x_codec wcd938x-codec: wcd938x_codec_enable_adc wname: ADC1 event: 1
11-10 23:01:31.838 18004 18004 I SystemServerTiming: OnBootPhase_500_com.android.server.LooperStatsService$Lifecycle
11-10 23:01:31.838 18004 18004 I SystemServerTiming: OnBootPhase_500_com.android.server.rollback.RollbackManagerService
11-10 23:01:31.838 18004 18004 I SystemServerTiming: OnBootPhase_500_com.android.server.os.BugreportManagerService
11-10 23:01:31.838 18004 18004 I SystemServerTiming: OnBootPhase_500_com.android.server.gpu.GpuService
11-10 23:01:31.838 18004 18004 I SystemServerTiming: OnBootPhase_500_com.android.server.security.KeyChainSystemService
11-10 23:01:31.838 18004 18004 I SystemServerTiming: OnBootPhase_500_com.android.server.telecom.TelecomLoaderService
11-10 23:01:31.838 18004 18004 I SystemServerTiming: OnBootPhase_500_com.android.server.accounts.AccountManagerService$Lifecycle
11-10 23:01:31.838 18004 18004 I SystemServerTiming: OnBootPhase_500_com.android.server.content.ContentService$Lifecycle
11-10 23:01:31.838 18004 18004 I SystemServerTiming: OnBootPhase_500_com.android.server.DropBoxManagerService
11-10 23:01:31.838 18004 18004 I SystemServerTiming: OnBootPhase_500_com.android.server.AlarmManagerService
11-10 23:01:31.839 18004 18004 I SystemServerTiming: OnBootPhase_500_com.android.server.BluetoothService
11-10 23:01:31.839 18004 18004 I SystemServerTiming: OnBootPhase_500_com.android.server.connectivity.IpConnectivityMetrics
11-10 23:01:31.840 18004 18004 I SystemServerTiming: OnBootPhase_500_com.android.server.net.watchlist.NetworkWatchlistService$Lifecycle
11-10 23:01:31.840 18004 18004 I SystemServerTiming: OnBootPhase_500_com.android.server.PinnerService
11-10 23:01:31.840 18004 18004 I SystemServerTiming: OnBootPhase_500_com.google.android.startop.iorap.IorapForwardingService
11-10 23:01:31.840 18004 18004 I SystemServerTiming: OnBootPhase_500_com.android.server.wm.AppLockService
11-10 23:01:31.840 18004 18004 V AppLockService_AppLock: onBootPhase PHASE_SYSTEM_SERVICES_READY
11-10 23:01:31.840 18004 18004 I SystemServerTiming: OnBootPhase_500_com.android.server.integrity.AppIntegrityManagerService
11-10 23:01:31.840 18004 18004 I SystemServerTiming: OnBootPhase_500_com.android.server.inputmethod.InputMethodManagerService$Lifecycle
11-10 23:01:31.840 18004 18004 I SystemServerTiming: OnBootPhase_500_com.android.server.accessibility.AccessibilityManagerService$Lifecycle
11-10 23:01:31.840 18004 18004 I SystemServerTiming: OnBootPhase_500_com.android.server.StorageManagerService$Lifecycle
11-10 23:01:31.841 18004 18004 I SystemServerTiming: OnBootPhase_500_com.android.server.usage.StorageStatsService$Lifecycle
11-10 23:01:31.841 18004 18004 I SystemServerTiming: OnBootPhase_500_com.android.server.UiModeManagerService
11-10 23:01:31.842 18004 18004 I ActivityTaskManager: Config changes=200 {1.0 ?mcc?mnc [ja_JP] ldltr sw392dp w392dp h786dp 440dpi nrml long port night finger -keyb/h/h -nav/h winConfig={ mBounds=Rect(0, 0 - 1080, 2400) mAppBounds=Rect(0, 104 - 1080, 2268) mWindowingMode=fullscreen mDisplayWindowingMode=fullscreen mActivityType=undefined mAlwaysOnTop=undefined mRotation=ROTATION_0} s.6}
11-10 23:01:31.842 18004 18031 D PinnerService: pinRangeStream: null
11-10 23:01:31.842 0 0 D wcd938x_codec wcd938x-codec: wcd938x_codec_enable_adc wname: ADC3 event: 1
11-10 23:01:31.843 18004 18004 I WindowManager: Override config changes=200 {1.0 ?mcc?mnc [ja_JP] ldltr sw392dp w392dp h786dp 440dpi nrml long port night finger -keyb/h/h -nav/h winConfig={ mBounds=Rect(0, 0 - 1080, 2400) mAppBounds=Rect(0, 104 - 1080, 2268) mWindowingMode=fullscreen mDisplayWindowingMode=fullscreen mActivityType=undefined mAlwaysOnTop=undefined mRotation=ROTATION_0} s.6} for displayId=0
11-10 23:01:31.843 0 0 D wcd938x_codec wcd938x-codec: wcd938x_codec_enable_adc wname: ADC4 event: 1
11-10 23:01:31.843 18004 18004 I SystemServerTiming: OnBootPhase_500_com.android.server.locksettings.LockSettingsService$Lifecycle
11-10 23:01:31.843 18004 18004 I SystemServerTiming: OnBootPhase_500_com.android.server.PersistentDataBlockService
11-10 23:01:31.843 18004 18004 I SystemServerTiming: OnBootPhase_500_com.android.server.testharness.TestHarnessModeService
11-10 23:01:31.843 18004 18004 D TestHarnessModeService: Setting up test harness mode
11-10 23:01:31.844 18004 18004 D TestHarnessModeService: Getting PersistentDataBlockManagerInternal from LocalServices
11-10 23:01:31.844 18004 18031 D PinnerService: pinRangeStream: null
11-10 23:01:31.844 18004 18031 D PinnerService: pinRangeStream: null
11-10 23:01:31.847 18004 18004 I SystemServerTiming: OnBootPhase_500_com.android.server.oemlock.OemLockService
11-10 23:01:31.847 18004 18004 I SystemServerTiming: OnBootPhase_500_com.android.server.DeviceIdleController
11-10 23:01:31.848 18004 18004 E HistoricalRegistry: Interaction before persistence initialized
11-10 23:01:31.848 18004 18004 I SystemServerTiming: OnBootPhase_500_com.android.server.devicepolicy.DevicePolicyManagerService$Lifecycle
11-10 23:01:31.848 18004 18004 I SystemServerTiming: OnBootPhase_500_com.android.server.textservices.TextServicesManagerService$Lifecycle
11-10 23:01:31.848 18004 18004 I SystemServerTiming: OnBootPhase_500_com.android.server.textclassifier.TextClassificationManagerService$Lifecycle
11-10 23:01:31.848 18004 18004 I SystemServerTiming: OnBootPhase_500_com.android.server.NetworkScoreService$Lifecycle
11-10 23:01:31.848 18004 18004 I SystemServerTiming: OnBootPhase_500_com.android.server.wifi.WifiService
11-10 23:01:31.849 18004 18004 I SystemServerTiming: OnBootPhase_500_com.android.server.wifi.scanner.WifiScanningService
11-10 23:01:31.849 18004 18004 I SystemServerTiming: OnBootPhase_500_com.android.server.wifi.rtt.RttService
11-10 23:01:31.849 0 0 D lahaina-asoc-snd soc: qcom,msm-audio-apr:qcom,q6core-audio:sound: msm_mi2s_snd_startup: substream = subdevice #0 stream = 1, dai name Tertiary MI2S, dai ID 2
11-10 23:01:31.849 0 0 D lahaina-asoc-snd soc: qcom,msm-audio-apr:qcom,q6core-audio:sound: msm_mi2s_set_sclk: clock rate 6144000l
11-10 23:01:31.850 0 0 D msm_be_hw_params_fixup: dai_id= 46, format = 32, rate = 48000
11-10 23:01:31.850 0 0 D msm_be_hw_params_fixup: dai_id= 46, format = 6, rate = 96000
11-10 23:01:31.850 0 0 D msm_be_hw_params_fixup: dai_id= 46, format = 6, rate = 96000
11-10 23:01:31.850 0 0 D msm-dai-q6-mi2s soc: qcom,msm-dai-mi2s:qcom,msm-dai-q6-mi2s-tert: msm_dai_q6_mi2s_hw_params: dai id 2 dai_data->channels = 2
11-10 23:01:31.850 0 0 D : sample_rate = 96000 i2s_cfg_minor_version = 0x1
11-10 23:01:31.850 0 0 D : bit_width = 24 channel_mode = 0x1 mono_stereo = 0x1
11-10 23:01:31.850 0 0 D : ws_src = 0x1 sample_rate = 96000 data_format = 0x0
11-10 23:01:31.850 0 0 D : reserved = 0
11-10 23:01:31.850 0 0 D msm_mi2s_get_port_id: port_id = 0x1005
11-10 23:01:31.850 0 0 D msm-dai-q6-mi2s soc: qcom,msm-dai-mi2s:qcom,msm-dai-q6-mi2s-tert: msm_dai_q6_mi2s_prepare: dai id 2, afe port id = 0x1005
11-10 23:01:31.850 0 0 D : dai_data->channels = 2 sample_rate = 96000
11-10 23:01:31.850 0 0 I afe_get_cal_topology_id: port_id = 0x1005 acdb_id = 102 topology_id = 0x1000b909 cal_type_index=8 ret=0
11-10 23:01:31.850 0 0 I afe_send_hw_delay: port_id 0x1005 rate 96000 delay_usec 289 status 0
11-10 23:01:31.854 0 0 I [CSPL] crus_afe_port_start: 0x1005
11-10 23:01:31.854 0 0 D msm-dai-q6-mi2s soc: qcom,msm-dai-mi2s:qcom,msm-dai-q6-mi2s-tert: msm_dai_q6_mi2s_prepare: set hwfree_status to started
11-10 23:01:31.854 18004 18004 I SystemServerTiming: OnBootPhase_500_com.android.server.wifi.aware.WifiAwareService
11-10 23:01:31.859 0 0 D [tfa98xx] tfa98xx_set_profile(): selected container profile [1]
11-10 23:01:31.859 0 0 D lahaina-asoc-snd soc: qcom,msm-audio-apr:qcom,q6core-audio:sound: msm_mi2s_snd_startup: substream = subdevice #0 stream = 0, dai name Tertiary MI2S, dai ID 2
11-10 23:01:31.859 0 0 D msm_be_hw_params_fixup: dai_id= 45, format = 2, rate = 96000
11-10 23:01:31.859 0 0 D msm_be_hw_params_fixup: dai_id= 45, format = 6, rate = 96000
11-10 23:01:31.859 0 0 E : tfa98xx_hw_params-1
11-10 23:01:31.859 0 0 D [tfa98xx] tfa98xx_hw_params(): Requested rate: 96000, sample size: 24, physical size: 32
11-10 23:01:31.859 0 0 D [tfa98xx] tfa98xx_hw_params(): tfa98xx_hw_params: Requested width: 24
11-10 23:01:31.859 0 0 D [tfa98xx] tfa98xx_hw_params(): mixer profile:container profile = [1:1]
11-10 23:01:31.859 0 0 D msm_be_hw_params_fixup: dai_id= 45, format = 6, rate = 96000
11-10 23:01:31.859 0 0 E : tfa98xx_hw_params-1
11-10 23:01:31.859 0 0 D [tfa98xx] tfa98xx_hw_params(): Requested rate: 96000, sample size: 24, physical size: 32
11-10 23:01:31.859 0 0 D [tfa98xx] tfa98xx_hw_params(): tfa98xx_hw_params: Requested width: 24
11-10 23:01:31.859 0 0 D [tfa98xx] tfa98xx_hw_params(): mixer profile:container profile = [1:1]
11-10 23:01:31.859 0 0 D msm_be_hw_params_fixup: dai_id= 45, format = 6, rate = 96000
11-10 23:01:31.859 0 0 D msm-dai-q6-mi2s soc: qcom,msm-dai-mi2s:qcom,msm-dai-q6-mi2s-tert: msm_dai_q6_mi2s_hw_params: dai id 2 dai_data->channels = 2
11-10 23:01:31.859 0 0 D : sample_rate = 96000 i2s_cfg_minor_version = 0x1
11-10 23:01:31.859 0 0 D : bit_width = 24 channel_mode = 0x2 mono_stereo = 0x1
11-10 23:01:31.859 0 0 D : ws_src = 0x1 sample_rate = 96000 data_format = 0x0
11-10 23:01:31.859 0 0 D : reserved = 0
11-10 23:01:31.860 0 0 D msm_mi2s_get_port_id: port_id = 0x1004
11-10 23:01:31.860 0 0 D msm-dai-q6-mi2s soc: qcom,msm-dai-mi2s:qcom,msm-dai-q6-mi2s-tert: msm_dai_q6_mi2s_prepare: dai id 2, afe port id = 0x1004
11-10 23:01:31.860 0 0 D : dai_data->channels = 2 sample_rate = 96000
11-10 23:01:31.860 0 0 I afe_get_cal_topology_id: port_id = 0x1004 acdb_id = 7 topology_id = 0x112fc cal_type_index=8 ret=0
11-10 23:01:31.860 0 0 E send_afe_cal_type: No cal sent for cal_index 0, port_id = 0x1004! ret -22
11-10 23:01:31.860 0 0 I afe_send_hw_delay: port_id 0x1004 rate 96000 delay_usec 0 status 0
11-10 23:01:31.860 18004 18004 I SystemServerTiming: OnBootPhase_500_com.android.server.wifi.p2p.WifiP2pService
11-10 23:01:31.860 18004 18004 I SystemServerTiming: OnBootPhase_500_com.android.server.ethernet.EthernetService
11-10 23:01:31.862 18004 18144 D ConnectivityService: Got NetworkProvider Messenger for Ethernet
11-10 23:01:31.862 18004 18004 I SystemServerTiming: OnBootPhase_500_com.android.server.notification.NotificationManagerService
11-10 23:01:31.863 0 0 I [CSPL] crus_afe_port_start: 0x1004
11-10 23:01:31.863 0 0 D msm-dai-q6-mi2s soc: qcom,msm-dai-mi2s:qcom,msm-dai-q6-mi2s-tert: msm_dai_q6_mi2s_prepare: set hwfree_status to started
11-10 23:01:31.863 0 0 I tfa98xx 1-0034: tfa98xx_mute: state: 0
11-10 23:01:31.863 0 0 E tfa98xx_mute-1 mute:
11-10 23:01:31.863 0 0 D [tfa98xx] tfa98xx_mute(): [goodix] tfa98xx_mute dsp_init=0
11-10 23:01:31.863 0 0 D [tfa98xx] tfa98xx_dsp_init(): [goodix] tfa98xx_dsp_init init_count=0
11-10 23:01:31.863 0 0 D [tfa98xx] tfa98xx_tfa_start(): tfa98xx_tfa_start next_profile=1 vstep=0
11-10 23:01:31.863 0 0 D [tfa98xx] tfa_dev_start(): entry...
11-10 23:01:31.864 0 0 I [tfa98xx] tfa_dev_start(): Active_profile:handset, next_profile:handset
11-10 23:01:31.864 0 0 D [tfa98xx] show_current_state(): Current HW manager state:
11-10 23:01:31.864 0 0 D [tfa98xx] show_current_state(): power_down_state
11-10 23:01:31.864 18004 18004 I SystemServerTiming: OnBootPhase_500_com.android.server.storage.DeviceStorageMonitorService
11-10 23:01:31.864 18004 18004 I SystemServerTiming: OnBootPhase_500_com.android.server.location.LocationManagerService$Lifecycle
11-10 23:01:31.864 0 0 D [tfa98xx] show_current_state(): Current HW manager state:
11-10 23:01:31.864 0 0 D [tfa98xx] show_current_state(): power_down_state
11-10 23:01:31.864 0 0 D [tfa98xx] tfaRunSpeakerBoost(): Startup of device [RCV] is a warmstart
11-10 23:01:31.864 0 0 D [tfa98xx] tfa_dev_start(): [goodix] tfa_dev_start after osc_powerdown
11-10 23:01:31.864 0 0 D [tfa98xx] tfa_dev_set_state(): tfa_dev_set_state() state=5 is_calibration=0
11-10 23:01:31.864 18004 18004 E HistoricalRegistry: Interaction before persistence initialized
11-10 23:01:31.865 0 0 D [tfa98xx] tfa_dev_set_state(): tfa->is_probus_device=1 is_calibration=0
11-10 23:01:31.865 18004 18004 I SystemServerTiming: OnBootPhase_500_com.android.server.timedetector.TimeDetectorService$Lifecycle
11-10 23:01:31.865 18004 18004 I SystemServerTiming: OnBootPhase_500_com.android.server.timezonedetector.TimeZoneDetectorService$Lifecycle
11-10 23:01:31.865 18004 18004 I SystemServerTiming: OnBootPhase_500_com.android.server.search.SearchManagerService$Lifecycle
11-10 23:01:31.865 18004 18004 I SystemServerTiming: OnBootPhase_500_com.android.server.wallpaper.WallpaperManagerService$Lifecycle
11-10 23:01:31.865 18004 18004 I SystemServerTiming: OnBootPhase_500_com.android.server.audio.AudioService$Lifecycle
11-10 23:01:31.865 18004 18004 I SystemServerTiming: OnBootPhase_500_com.android.server.soundtrigger_middleware.SoundTriggerMiddlewareService$Lifecycle
11-10 23:01:31.865 18004 18004 I SystemServerTiming: OnBootPhase_500_com.android.server.DockObserver
11-10 23:01:31.865 18004 18004 I SystemServerTiming: OnBootPhase_500_com.android.server.midi.MidiService$Lifecycle
11-10 23:01:31.865 18004 18004 I SystemServerTiming: OnBootPhase_500_com.android.server.adb.AdbService$Lifecycle
