11-10 23:01:49.395 19113 19113 W Zygote : Class not found for preloading: android.telephony.-$$Lambda$PhoneStateListener$IPhoneStateListenerStub$pLr-IfJJu1u_YG6I5LI0iHTuBi0
11-10 23:01:49.395 19113 19113 W Zygote : Class not found for preloading: android.telephony.-$$Lambda$PhoneStateListener$IPhoneStateListenerStub$t2gWJ_jA36kAdNXSmlzw85aU-tM
11-10 23:01:49.395 19113 19113 W Zygote : Class not found for preloading: android.telephony.-$$Lambda$PhoneStateListener$IPhoneStateListenerStub$uC5syhzl229gIpaK7Jfs__OCJxQ
11-10 23:01:49.395 19113 19113 W Zygote : Class not found for preloading: android.telephony.-$$Lambda$PhoneStateListener$IPhoneStateListenerStub$y-tK7my_uXPo_oQ7AytfnekGEbU
11-10 23:01:49.395 19113 19113 W Zygote : Class not found for preloading: android.telephony.-$$Lambda$PhoneStateListener$IPhoneStateListenerStub$ygzOWFRiY4sZQ4WYUPIefqgiGvM
11-10 23:01:49.395 19113 19113 W Zygote : Class not found for preloading: android.telephony.-$$Lambda$PhoneStateListener$IPhoneStateListenerStub$yvQnAlFGg5EWDG2vcA9X-4xnalA
11-10 23:01:49.395 19113 19113 W Zygote : Class not found for preloading: android.telephony.-$$Lambda$TelephonyFrameworkInitializer$3Kis6wL1IbLustWe9A2o4-2YpGo
11-10 23:01:49.395 19113 19113 W Zygote : Class not found for preloading: android.telephony.-$$Lambda$TelephonyFrameworkInitializer$MLDtRnX1dj1RKFdjgIsOvcQxhA0
11-10 23:01:49.395 19113 19113 W Zygote : Class not found for preloading: android.telephony.-$$Lambda$TelephonyFrameworkInitializer$b_92_3ZijRrdEa9yLyFA5xu19OM
11-10 23:01:49.395 19113 19113 W Zygote : Class not found for preloading: android.telephony.-$$Lambda$TelephonyFrameworkInitializer$mpe0Kh92VEQmEtmo60oqykdvnBE
11-10 23:01:49.395 19113 19113 W Zygote : Class not found for preloading: android.telephony.-$$Lambda$TelephonyFrameworkInitializer$o3geRfUaRT9tnqKKZbu1EbUxw4Q
11-10 23:01:49.395 19113 19113 W Zygote : Class not found for preloading: android.telephony.-$$Lambda$TelephonyFrameworkInitializer$sQClc4rjc9ydh0nXpY79gr33av4
11-10 23:01:49.395 19113 19113 W Zygote : Class not found for preloading: android.telephony.-$$Lambda$TelephonyManager$1$scMPky6lOZrCjFC3d4STbtLfpHE
11-10 23:01:49.395 19113 19113 W Zygote : Class not found for preloading: android.telephony.-$$Lambda$TelephonyManager$2$l6Pazxfi7QghMr2Z0MpduhNe6yc
11-10 23:01:49.395 19113 19113 W Zygote : Class not found for preloading: android.telephony.-$$Lambda$TelephonyRegistryManager$1$cLzLZB4oGnI-HG_-4MhxcXoHys8
11-10 23:01:49.396 19113 19113 W Zygote : Class not found for preloading: android.telephony.ims.-$$Lambda$ImsMmTelManager$CapabilityCallback$CapabilityBinder$4YNlUy9HsD02E7Sbv2VeVtbao08
11-10 23:01:49.396 19113 19113 W Zygote : Class not found for preloading: android.telephony.ims.-$$Lambda$ProvisioningManager$Callback$CallbackBinder$R_8jXQuOM7aV7dIwYBzcWwV-YpM
11-10 23:01:49.396 19113 19113 W Zygote : Class not found for preloading: android.telephony.ims.-$$Lambda$RegistrationManager$RegistrationCallback$RegistrationBinder$APeqso3VzZZ0eUf5slP1k5xoCME
11-10 23:01:49.396 19113 19113 W Zygote : Class not found for preloading: android.telephony.ims.-$$Lambda$RegistrationManager$RegistrationCallback$RegistrationBinder$DX_-dWIBwwX2oqDoRnq49RndG7s
11-10 23:01:49.396 19113 19113 W Zygote : Class not found for preloading: android.telephony.ims.-$$Lambda$RegistrationManager$RegistrationCallback$RegistrationBinder$uTxkp6C02qJxic1W_dkZRCQ6aRw
11-10 23:01:49.397 19113 19113 W Zygote : Class not found for preloading: android.telephony.ims.feature.-$$Lambda$ImsFeature$9bLETU1BeS-dFzQnbBBs3kwaz-8
11-10 23:01:49.397 19113 19113 W Zygote : Class not found for preloading: android.telephony.ims.feature.-$$Lambda$ImsFeature$rPSMsRhoup9jfT6nt1MV2qhomrM
11-10 23:01:49.397 19113 19113 W Zygote : Class not found for preloading: android.telephony.ims.stub.-$$Lambda$ImsConfigImplBase$yL4863k-FoQyqg_FX2mWsLMqbyA
11-10 23:01:49.397 19113 19113 W Zygote : Class not found for preloading: android.telephony.ims.stub.-$$Lambda$ImsRegistrationImplBase$cWwTXSDsk-bWPbsDJYI--DUBMnE
11-10 23:01:49.397 19113 19113 W Zygote : Class not found for preloading: android.telephony.ims.stub.-$$Lambda$ImsRegistrationImplBase$s7PspXVbCf1Q_WSzodP2glP9TjI
11-10 23:01:49.397 0 0 D voc_get_sound_focus: Enter
11-10 23:01:49.397 19113 19113 W Zygote : Class not found for preloading: android.telephony.ims.stub.-$$Lambda$ImsRegistrationImplBase$sbjuTvW-brOSWMR74UInSZEIQB0
11-10 23:01:49.397 19113 19113 W Zygote : Class not found for preloading: android.telephony.ims.stub.-$$Lambda$ImsRegistrationImplBase$wwtkoeOtGwMjG5I0-ZTfjNpGU-s
11-10 23:01:49.397 0 0 D voice_itr_get_next_session: cur idx = 0 session idx = 7
11-10 23:01:49.397 19113 19113 W Zygote : Class not found for preloading: android.text.-$$Lambda$Layout$MzjK2UE2G8VG0asK8_KWY3gHAmY
11-10 23:01:49.397 0 0 D voice_itr_get_next_session: cur idx = 1 session idx = 7
11-10 23:01:49.397 0 0 D voice_itr_get_next_session: cur idx = 2 session idx = 7
11-10 23:01:49.397 0 0 D voice_itr_get_next_session: cur idx = 3 session idx = 7
11-10 23:01:49.397 0 0 D voice_itr_get_next_session: cur idx = 4 session idx = 7
11-10 23:01:49.397 0 0 D voice_itr_get_next_session: cur idx = 5 session idx = 7
11-10 23:01:49.397 0 0 D voice_itr_get_next_session: cur idx = 6 session idx = 7
11-10 23:01:49.397 0 0 D voice_itr_get_next_session: cur idx = 7 session idx = 7
11-10 23:01:49.397 0 0 D voice_itr_get_next_session: cur idx = 8 session idx = 7
11-10 23:01:49.397 0 0 D voc_get_sound_focus: Exit, ret=-22
11-10 23:01:49.397 0 0 D voc_get_source_tracking: Enter
11-10 23:01:49.397 0 0 D voice_itr_get_next_session: cur idx = 0 session idx = 7
11-10 23:01:49.397 0 0 D voice_itr_get_next_session: cur idx = 1 session idx = 7
11-10 23:01:49.397 0 0 D voice_itr_get_next_session: cur idx = 3 session idx = 7
11-10 23:01:49.397 0 0 D voice_itr_get_next_session: cur idx = 4 session idx = 7
11-10 23:01:49.397 0 0 D voice_itr_get_next_session: cur idx = 5 session idx = 7
11-10 23:01:49.397 0 0 D voice_itr_get_next_session: cur idx = 6 session idx = 7
11-10 23:01:49.397 0 0 D voice_itr_get_next_session: cur idx = 8 session idx = 7
11-10 23:01:49.397 0 0 D voc_get_source_tracking: Exit, ret=-22
11-10 23:01:49.398 19113 19113 W Zygote : Class not found for preloading: android.text.util.-$$Lambda$Linkify$7J_-cMhIF2bcttjkxA2jDFP8sKw
11-10 23:01:49.398 0 0 D voc_get_sound_focus: Enter
11-10 23:01:49.398 0 0 D voice_itr_get_next_session: cur idx = 0 session idx = 7
11-10 23:01:49.398 0 0 D voice_itr_get_next_session: cur idx = 1 session idx = 7
11-10 23:01:49.398 0 0 D voice_itr_get_next_session: cur idx = 2 session idx = 7
11-10 23:01:49.398 0 0 D voice_itr_get_next_session: cur idx = 3 session idx = 7
11-10 23:01:49.398 0 0 D voice_itr_get_next_session: cur idx = 4 session idx = 7
11-10 23:01:49.398 0 0 D voice_itr_get_next_session: cur idx = 5 session idx = 7
11-10 23:01:49.398 0 0 D voice_itr_get_next_session: cur idx = 6 session idx = 7
11-10 23:01:49.398 0 0 D voice_itr_get_next_session: cur idx = 7 session idx = 7
11-10 23:01:49.398 0 0 D voc_get_sound_focus: Exit, ret=-22
11-10 23:01:49.398 0 0 D voc_get_source_tracking: Enter
11-10 23:01:49.398 0 0 D voice_itr_get_next_session: cur idx = 1 session idx = 7
11-10 23:01:49.398 0 0 D voice_itr_get_next_session: cur idx = 2 session idx = 7
11-10 23:01:49.398 0 0 D voice_itr_get_next_session: cur idx = 4 session idx = 7
11-10 23:01:49.398 0 0 D voice_itr_get_next_session: cur idx = 5 session idx = 7
11-10 23:01:49.398 0 0 D voice_itr_get_next_session: cur idx = 7 session idx = 7
11-10 23:01:49.398 0 0 D voice_itr_get_next_session: cur idx = 8 session idx = 7
11-10 23:01:49.398 0 0 D voc_get_source_tracking: Exit, ret=-22
11-10 23:01:49.398 0 0 D voc_get_sound_focus: Enter
11-10 23:01:49.398 0 0 D voice_itr_get_next_session: cur idx = 0 session idx = 7
11-10 23:01:49.398 0 0 D voice_itr_get_next_session: cur idx = 1 session idx = 7
11-10 23:01:49.398 0 0 D voice_itr_get_next_session: cur idx = 3 session idx = 7
11-10 23:01:49.398 0 0 D voice_itr_get_next_session: cur idx = 4 session idx = 7
11-10 23:01:49.398 0 0 D voice_itr_get_next_session: cur idx = 5 session idx = 7
11-10 23:01:49.398 0 0 D voice_itr_get_next_session: cur idx = 6 session idx = 7
11-10 23:01:49.398 0 0 D voice_itr_get_next_session: cur idx = 7 session idx = 7
11-10 23:01:49.398 0 0 D voice_itr_get_next_session: cur idx = 8 session idx = 7
11-10 23:01:49.398 0 0 D voc_get_sound_focus: Exit, ret=-22
11-10 23:01:49.398 0 0 D voc_get_source_tracking: Enter
11-10 23:01:49.398 0 0 D voice_itr_get_next_session: cur idx = 0 session idx = 7
11-10 23:01:49.398 0 0 D voice_itr_get_next_session: cur idx = 1 session idx = 7
11-10 23:01:49.398 0 0 D voice_itr_get_next_session: cur idx = 2 session idx = 7
11-10 23:01:49.398 0 0 D voice_itr_get_next_session: cur idx = 3 session idx = 7
11-10 23:01:49.398 0 0 D voice_itr_get_next_session: cur idx = 5 session idx = 7
11-10 23:01:49.398 0 0 D voice_itr_get_next_session: cur idx = 6 session idx = 7
11-10 23:01:49.398 0 0 D voice_itr_get_next_session: cur idx = 7 session idx = 7
11-10 23:01:49.398 0 0 D voice_itr_get_next_session: cur idx = 8 session idx = 7
11-10 23:01:49.398 0 0 D voc_get_sound_focus: Enter
11-10 23:01:49.398 0 0 D voice_itr_get_next_session: cur idx = 0 session idx = 7
11-10 23:01:49.398 0 0 D voice_itr_get_next_session: cur idx = 1 session idx = 7
11-10 23:01:49.398 0 0 D voice_itr_get_next_session: cur idx = 2 session idx = 7
11-10 23:01:49.398 0 0 D voice_itr_get_next_session: cur idx = 3 session idx = 7
11-10 23:01:49.398 0 0 D voice_itr_get_next_session: cur idx = 4 session idx = 7
11-10 23:01:49.398 0 0 D voice_itr_get_next_session: cur idx = 5 session idx = 7
11-10 23:01:49.398 0 0 D voice_itr_get_next_session: cur idx = 6 session idx = 7
11-10 23:01:49.398 0 0 D voice_itr_get_next_session: cur idx = 7 session idx = 7
11-10 23:01:49.398 0 0 D voice_itr_get_next_session: cur idx = 8 session idx = 7
11-10 23:01:49.398 0 0 D voc_get_sound_focus: Exit, ret=-22
11-10 23:01:49.399 0 0 D voc_get_source_tracking: Enter
11-10 23:01:49.399 0 0 D voice_itr_get_next_session: cur idx = 0 session idx = 7
11-10 23:01:49.399 0 0 D voice_itr_get_next_session: cur idx = 1 session idx = 7
11-10 23:01:49.399 0 0 D voice_itr_get_next_session: cur idx = 2 session idx = 7
11-10 23:01:49.399 0 0 D voice_itr_get_next_session: cur idx = 3 session idx = 7
11-10 23:01:49.399 0 0 D voice_itr_get_next_session: cur idx = 4 session idx = 7
11-10 23:01:49.399 0 0 D voice_itr_get_next_session: cur idx = 5 session idx = 7
11-10 23:01:49.399 0 0 D voice_itr_get_next_session: cur idx = 6 session idx = 7
11-10 23:01:49.399 0 0 D voice_itr_get_next_session: cur idx = 7 session idx = 7
11-10 23:01:49.399 0 0 D voice_itr_get_next_session: cur idx = 8 session idx = 7
11-10 23:01:49.399 0 0 D voc_get_source_tracking: Exit, ret=-22
11-10 23:01:49.399 0 0 D voc_get_sound_focus: Enter
11-10 23:01:49.399 0 0 D voice_itr_get_next_session: cur idx = 0 session idx = 7
11-10 23:01:49.399 0 0 D voice_itr_get_next_session: cur idx = 1 session idx = 7
11-10 23:01:49.399 0 0 D voice_itr_get_next_session: cur idx = 2 session idx = 7
11-10 23:01:49.399 0 0 D voice_itr_get_next_session: cur idx = 3 session idx = 7
11-10 23:01:49.399 0 0 D voice_itr_get_next_session: cur idx = 4 session idx = 7
11-10 23:01:49.399 0 0 D voice_itr_get_next_session: cur idx = 5 session idx = 7
11-10 23:01:49.399 0 0 D voice_itr_get_next_session: cur idx = 6 session idx = 7
11-10 23:01:49.399 0 0 D voice_itr_get_next_session: cur idx = 7 session idx = 7
11-10 23:01:49.399 0 0 D voice_itr_get_next_session: cur idx = 8 session idx = 7
11-10 23:01:49.399 0 0 D voc_get_sound_focus: Exit, ret=-22
11-10 23:01:49.399 0 0 D voc_get_source_tracking: Enter
11-10 23:01:49.399 0 0 D voice_itr_get_next_session: cur idx = 1 session idx = 7
11-10 23:01:49.399 0 0 D voice_itr_get_next_session: cur idx = 2 session idx = 7
11-10 23:01:49.399 0 0 D voice_itr_get_next_session: cur idx = 3 session idx = 7
11-10 23:01:49.399 0 0 D voice_itr_get_next_session: cur idx = 4 session idx = 7
11-10 23:01:49.399 0 0 D voice_itr_get_next_session: cur idx = 5 session idx = 7
11-10 23:01:49.399 0 0 D voice_itr_get_next_session: cur idx = 6 session idx = 7
11-10 23:01:49.399 0 0 D voice_itr_get_next_session: cur idx = 7 session idx = 7
11-10 23:01:49.399 0 0 D voc_get_source_tracking: Exit, ret=-22
11-10 23:01:49.399 0 0 D voc_get_sound_focus: Enter
11-10 23:01:49.399 0 0 D voice_itr_get_next_session: cur idx = 0 session idx = 7
11-10 23:01:49.401 19113 19113 W Zygote : Class not found for preloading: android.view.-$$Lambda$9vBfnQOmNnsc9WU80IIatZHQGKc
11-10 23:01:49.399 0 0 D voice_itr_get_next_session: cur idx = 1 session idx = 7
11-10 23:01:49.401 19113 19113 W Zygote : Class not found for preloading: android.view.-$$Lambda$CompositionSamplingListener$hrbPutjnKRv7VkkiY9eg32N6QA8
11-10 23:01:49.399 0 0 D voice_itr_get_next_session: cur idx = 2 session idx = 7
11-10 23:01:49.401 19113 19113 W Zygote : Class not found for preloading: android.view.-$$Lambda$FocusFinder$FocusSorter$h0f2ZYL6peSaaEeCCkAoYs_YZvU
11-10 23:01:49.401 19113 19113 W Zygote : Class not found for preloading: android.view.-$$Lambda$FocusFinder$FocusSorter$kW7K1t9q7Y62V38r-7g6xRzqqq8
11-10 23:01:49.399 0 0 D voice_itr_get_next_session: cur idx = 3 session idx = 7
11-10 23:01:49.401 19113 19113 W Zygote : Class not found for preloading: android.view.-$$Lambda$FocusFinder$P8rLvOJhymJH5ALAgUjGaM5gxKA
11-10 23:01:49.401 19113 19113 W Zygote : Class not found for preloading: android.view.-$$Lambda$FocusFinder$Pgx6IETuqCkrhJYdiBes48tolG4
11-10 23:01:49.401 19113 19113 W Zygote : Class not found for preloading: android.view.-$$Lambda$InsetsController$6uoSHBPvxV1C0JOZKhH1AyuNXmo
11-10 23:01:49.401 19113 19113 W Zygote : Class not found for preloading: android.view.-$$Lambda$InsetsController$Cj7UJrCkdHvJAZ_cYKrXuTMsjz8
11-10 23:01:49.399 0 0 D voice_itr_get_next_session: cur idx = 4 session idx = 7
11-10 23:01:49.401 19113 19113 W Zygote : Class not found for preloading: android.view.-$$Lambda$InsetsController$InternalAnimationControlListener$SInf91MjJKDQFXwrp7C-HBi0xaQ
11-10 23:01:49.401 19113 19113 W Zygote : Class not found for preloading: android.view.-$$Lambda$InsetsController$RZT3QkL9zMFTeHtZbfcaHIzvlsc
11-10 23:01:49.401 19113 19113 W Zygote : Class not found for preloading: android.view.-$$Lambda$InsetsController$zpmOxHfTFV_3me2u3C8YaXSUauQ
11-10 23:01:49.399 0 0 D voice_itr_get_next_session: cur idx = 5 session idx = 7
11-10 23:01:49.401 19113 19113 W Zygote : Class not found for preloading: android.view.-$$Lambda$PYGleuqIeCxjTD1pJqqx1opFv1g
11-10 23:01:49.399 0 0 D voice_itr_get_next_session: cur idx = 6 session idx = 7
11-10 23:01:49.401 19113 19113 W Zygote : Class not found for preloading: android.view.-$$Lambda$QI1s392qW8l6mC24bcy9050SkuY
11-10 23:01:49.402 19113 19113 W Zygote : Class not found for preloading: android.view.-$$Lambda$Rl1VZmNJ0VZDLK0BAbaVGis0rrA
11-10 23:01:49.399 0 0 D voice_itr_get_next_session: cur idx = 7 session idx = 7
11-10 23:01:49.402 19113 19113 W Zygote : Class not found for preloading: android.view.-$$Lambda$SurfaceView$SyyzxOgxKwZMRgiiTGcRYbOU5JY
11-10 23:01:49.399 0 0 D voice_itr_get_next_session: cur idx = 8 session idx = 7
11-10 23:01:49.402 19113 19113 W Zygote : Class not found for preloading: android.view.-$$Lambda$SurfaceView$TWz4D2u33ZlAmRtgKzbqqDue3iM
11-10 23:01:49.399 0 0 D voc_get_sound_focus: Exit, ret=-22
11-10 23:01:49.402 19113 19113 W Zygote : Class not found for preloading: android.view.-$$Lambda$SurfaceView$w68OV7dB_zKVNsA-r0IrAUtyWas
11-10 23:01:49.402 19113 19113 W Zygote : Class not found for preloading: android.view.-$$Lambda$TextureView$WAq1rgfoZeDSt6cBQga7iQDymYk
11-10 23:01:49.399 0 0 D voc_get_source_tracking: Enter
11-10 23:01:49.399 0 0 D voice_itr_get_next_session: cur idx = 0 session idx = 7
11-10 23:01:49.402 19113 19113 W Zygote : Class not found for preloading: android.view.-$$Lambda$ThreadedRenderer$ydBD-R1iP5u-97XYakm-jKvC1b4
11-10 23:01:49.402 19113 19113 W Zygote : Class not found for preloading: android.view.-$$Lambda$View$bhR1vB5ZYp3dv-Kth4jtLSS0KEs
11-10 23:01:49.402 19113 19113 W Zygote : Class not found for preloading: android.view.-$$Lambda$View$llq76MkPXP4bNcb9oJt_msw0fnQ
11-10 23:01:49.402 19113 19113 W Zygote : Class not found for preloading: android.view.-$$Lambda$ViewGroup$ViewLocationHolder$AjKvqdj7SGGIzA5qrlZUuu71jl8
11-10 23:01:49.402 19113 19113 W Zygote : Class not found for preloading: android.view.-$$Lambda$ViewGroup$ViewLocationHolder$QbO7cM0ULKe25a7bfXG3VH6DB0c
11-10 23:01:49.402 19113 19113 W Zygote : Class not found for preloading: android.view.-$$Lambda$ViewRootImpl$DJd0VUYJgsebcnSohO6h8zc_ONI
11-10 23:01:49.402 19113 19113 W Zygote : Class not found for preloading: android.view.-$$Lambda$ViewRootImpl$IReiNMSbDakZSGbIZuL_ifaFWn8
11-10 23:01:49.399 0 0 D voice_itr_get_next_session: cur idx = 1 session idx = 7
11-10 23:01:49.402 19113 19113 W Zygote : Class not found for preloading: android.view.-$$Lambda$ViewRootImpl$dznxCZGM2R1fsBljsJKomLjBRoM
11-10 23:01:49.402 19113 19113 W Zygote : Class not found for preloading: android.view.-$$Lambda$ViewRootImpl$vBfxngTfPtkwcFoa96FB0CWn5ZI
11-10 23:01:49.399 0 0 D voice_itr_get_next_session: cur idx = 2 session idx = 7
11-10 23:01:49.402 19113 19113 W Zygote : Class not found for preloading: android.view.-$$Lambda$WindowManagerGlobal$2bR3FsEm4EdRwuXfttH0wA2xOW4
11-10 23:01:49.402 19113 19113 W Zygote : Class not found for preloading: android.view.-$$Lambda$WlJa6OPA72p3gYtA3nVKC7Z1tGY
11-10 23:01:49.402 19113 19113 W Zygote : Class not found for preloading: android.view.-$$Lambda$Y3lG3v_J32-xL0IjMGgNorZjESw
11-10 23:01:49.399 0 0 D voice_itr_get_next_session: cur idx = 3 session idx = 7
11-10 23:01:49.402 19113 19113 W Zygote : Class not found for preloading: android.view.-$$Lambda$cZhmLzK8aetUdx4VlP9w5jR7En0
11-10 23:01:49.399 0 0 D voice_itr_get_next_session: cur idx = 4 session idx = 7
11-10 23:01:49.402 19113 19113 W Zygote : Class not found for preloading: android.view.-$$Lambda$dj1hfDQd0iEp_uBDBPEUMMYJJwk
11-10 23:01:49.399 0 0 D voice_itr_get_next_session: cur idx = 5 session idx = 7
11-10 23:01:49.399 0 0 D voice_itr_get_next_session: cur idx = 6 session idx = 7
11-10 23:01:49.399 0 0 D voice_itr_get_next_session: cur idx = 7 session idx = 7
11-10 23:01:49.399 0 0 D voice_itr_get_next_session: cur idx = 8 session idx = 7
11-10 23:01:49.399 0 0 D voc_get_source_tracking: Exit, ret=-22
11-10 23:01:49.400 0 0 I core_get_license_status: cmdrsp_license_result.result = 0x15 for module 0x131ff
11-10 23:01:49.401 0 0 I [CSPL] msm_routing_cirrus_fbport_get: this_ctrl.fb_port = 36897
11-10 23:01:49.401 0 0 I [CSPL] msm_routing_crus_sp_enable_get: 0
11-10 23:01:49.402 0 0 I [CSPL] msm_routing_crus_sp_usecase_get: 0
11-10 23:01:49.402 0 0 I [CSPL] msm_routing_crus_load_config_get: 0
11-10 23:01:49.402 0 0 I [CSPL] msm_routing_crus_chan_swap_get: 0
11-10 23:01:49.402 0 0 I [CSPL] crus_adm_get_params: Enter, port_id 9020, copp_idx: 0, len: 4
11-10 23:01:49.402 0 0 E adm_callback: cmd = 0x1035e returned error = 0x2
11-10 23:01:49.402 0 0 E adm_callback: ADM get param error = 2, resuming
11-10 23:01:49.406 19113 19113 W Zygote : Class not found for preloading: android.view.accessibility.-$$Lambda$AccessibilityManager$1$o7fCplskH9NlBwJvkl6NoZ0L_BA
11-10 23:01:49.406 19113 19113 W Zygote : Class not found for preloading: android.view.accessibility.-$$Lambda$AccessibilityManager$yzw5NYY7_MfAQ9gLy3mVllchaXo
11-10 23:01:49.407 19113 19113 W Zygote : Class not found for preloading: android.view.autofill.-$$Lambda$AutofillManager$AutofillManagerClient$qH36EJk2Hkdja9ZZmTxqYPyr0YA
11-10 23:01:49.407 19113 19113 W Zygote : Class not found for preloading: android.view.autofill.-$$Lambda$AutofillManager$AutofillManagerClient$vxNm6RuuD-r5pkiSxNSBBd1w_Qc
11-10 23:01:49.407 19113 19113 W Zygote : Class not found for preloading: android.view.autofill.-$$Lambda$AutofillManager$V76JiQu509LCUz3-ckpb-nB3JhA
11-10 23:01:49.407 19113 19113 W Zygote : Class not found for preloading: android.view.autofill.-$$Lambda$AutofillManager$YfpJNFodEuj5lbXfPlc77fsEvC8
11-10 23:01:49.407 19113 19113 W Zygote : Class not found for preloading: android.view.contentcapture.-$$Lambda$MainContentCaptureSession$1$JPRO-nNGZpgXrKr4QC_iQiTbQx0
11-10 23:01:49.407 19113 19113 W Zygote : Class not found for preloading: android.view.contentcapture.-$$Lambda$MainContentCaptureSession$1$Xhq3WJibbalS1G_W3PRC2m7muhM
11-10 23:01:49.407 19113 19113 W Zygote : Class not found for preloading: android.view.contentcapture.-$$Lambda$MainContentCaptureSession$49zT7C2BXrEdkyggyGk1Qs4d46k
11-10 23:01:49.407 19113 19113 W Zygote : Class not found for preloading: android.view.contentcapture.-$$Lambda$MainContentCaptureSession$HTmdDf687TPcaTnLyPp3wo0gI60
11-10 23:01:49.407 19113 19113 W Zygote : Class not found for preloading: android.view.contentcapture.-$$Lambda$MainContentCaptureSession$UWslDbWedtPhv49PtRsvG4TlYWw
11-10 23:01:49.407 19113 19113 W Zygote : Class not found for preloading: android.view.contentcapture.MainContentCaptureSession$1
11-10 23:01:49.407 19113 19113 W Zygote : Class not found for preloading: android.view.inputmethod.-$$Lambda$InputMethodManager$DelegateImpl$r2X8PLo_YIORJTYJGDfinf_IvK4
11-10 23:01:49.407 19113 19113 W Zygote : Class not found for preloading: android.view.inputmethod.-$$Lambda$InputMethodManager$dfnCauFoZCf-HfXs1QavrkwWDf0
11-10 23:01:49.407 19113 19113 W Zygote : Class not found for preloading: android.view.inputmethod.-$$Lambda$InputMethodManager$iDWn3IGSUFqIcs8Py42UhfrshxI
11-10 23:01:49.407 19113 19113 W Zygote : Class not found for preloading: android.view.textclassifier.-$$Lambda$EntityConfidence$YPh8hwgSYYK8OyQ1kFlQngc71Q0
11-10 23:01:49.407 19113 19113 W Zygote : Class not found for preloading: android.view.textclassifier.-$$Lambda$TextClassification$ysasaE5ZkXkkzjVWIJ06GTV92-g
11-10 23:01:49.407 19113 19113 W Zygote : Class not found for preloading: android.view.textclassifier.-$$Lambda$TextClassificationManager$JIaezIJbMig_-kVzN6oArzkTsJE
11-10 23:01:49.409 19113 19113 W Zygote : Class not found for preloading: android.widget.-$$Lambda$DZXn7FbDDFyBvNjI-iG9_hfa7kw
11-10 23:01:49.409 19113 19113 W Zygote : Class not found for preloading: android.widget.-$$Lambda$DateTimeView$ReceiverInfo$AVLnX7U5lTcE9jLnlKKNAT1GUeI
11-10 23:01:49.409 19113 19113 W Zygote : Class not found for preloading: android.widget.-$$Lambda$Editor$MagnifierMotionAnimator$E-RaelOMgCHAzvKgSSZE-hDYeIg
11-10 23:01:49.409 19113 19113 W Zygote : Class not found for preloading: android.widget.-$$Lambda$IfzAW5fP9thoftErKAjo9SLZufw
11-10 23:01:49.409 19113 19113 W Zygote : Class not found for preloading: android.widget.-$$Lambda$PopupWindow$8Gc2stI5cSJZbuKX7X4Qr_vU2nI
11-10 23:01:49.409 19113 19113 W Zygote : Class not found for preloading: android.widget.-$$Lambda$PopupWindow$PopupDecorView$T99WKEnQefOCXbbKvW95WY38p_I
11-10 23:01:49.409 19113 19113 W Zygote : Class not found for preloading: android.widget.-$$Lambda$PopupWindow$nV1HS3Nc6Ck5JRIbIHe3mkyHWzc
11-10 23:01:49.409 19113 19113 W Zygote : Class not found for preloading: android.widget.-$$Lambda$RemoteViews$FAOkoZgPKPkiYdtkDxAhkeoykww
11-10 23:01:49.409 19113 19113 W Zygote : Class not found for preloading: android.widget.-$$Lambda$RemoteViews$Ld8XNSMwygf42608Zln-rjTyHy0
11-10 23:01:49.409 19113 19113 W Zygote : Class not found for preloading: android.widget.-$$Lambda$RemoteViews$SetOnClickResponse$9rKnU2QqCzJhBC39ZrKYXob0-MA
11-10 23:01:49.409 19113 19113 W Zygote : Class not found for preloading: android.widget.-$$Lambda$SmartSelectSprite$c8eqlh2kO_X0luLU2BexwK921WA
11-10 23:01:49.409 19113 19113 W Zygote : Class not found for preloading: android.widget.-$$Lambda$SmartSelectSprite$mdkXIT1_UNlJQMaziE_E815aIKE
11-10 23:01:49.413 19113 19113 W Zygote : Class not found for preloading: com.android.ims.-$$Lambda$ImsManager$CwzXIbVJZNvgdV2t7LH2gUKL7AA
11-10 23:01:49.413 19113 19113 W Zygote : Class not found for preloading: com.android.ims.-$$Lambda$ImsManager$D1JuJ3ba2jMHWDKlSpm03meBR1c
11-10 23:01:49.413 19113 19113 W Zygote : Class not found for preloading: com.android.ims.-$$Lambda$ImsManager$LiW49wt0wLMYHjgtAwL8NLIATfs
11-10 23:01:49.413 19113 19113 W Zygote : Class not found for preloading: com.android.ims.-$$Lambda$ImsManager$YhRaDrc3t9_7beNiU5gQcqZilOw
11-10 23:01:49.413 19113 19113 W Zygote : Class not found for preloading: com.android.ims.-$$Lambda$szO0o3matefQqo-6NB-dzsr9eCw
11-10 23:01:49.413 19113 19113 W Zygote : Class not found for preloading: com.android.internal.app.procstats.-$$Lambda$AssociationState$kgfxYpOOyQWCFPwGaRqRz0N4-zg
11-10 23:01:49.414 19113 19113 W Zygote : Class not found for preloading: com.android.internal.app.procstats.-$$Lambda$ProcessStats$6CxEiT4FvK_P75G9LzEfE1zL88Q
11-10 23:01:49.414 19113 19113 W Zygote : Class not found for preloading: com.android.internal.colorextraction.drawable.-$$Lambda$ScrimDrawable$UWtyAZ9Ss5P5TukFNvAyvh0pNf0
11-10 23:01:49.415 19113 19113 W Zygote : Class not found for preloading: com.android.internal.content.om.-$$Lambda$8ZY6dnO1FkDIliprAt8K651mwFE
11-10 23:01:49.415 19113 19113 W Zygote : Class not found for preloading: com.android.internal.content.om.-$$Lambda$OverlayConfig$2-NucNRcrJn4xnLpjFKSY7827lQ
11-10 23:01:49.415 19113 19113 W Zygote : Class not found for preloading: com.android.internal.content.om.-$$Lambda$OverlayConfig$bPcIgkiZP3FiPOvGMosWxnh9KGA
11-10 23:01:49.415 19113 19113 W Zygote : Class not found for preloading: com.android.internal.content.om.-$$Lambda$TnMimLdK-xwmEZLrRzFg7LG1Yfg
11-10 23:01:49.415 19113 19113 W Zygote : Class not found for preloading: com.android.internal.graphics.-$$Lambda$ColorUtils$zbDH-52c8D9XBeqmvTHi3Boxl14
11-10 23:01:49.415 19113 19113 W Zygote : Class not found for preloading: com.android.internal.infra.-$$Lambda$7-CJJfrUZBVuXZyYFEWBNh8Mky8
11-10 23:01:49.415 19113 19113 W Zygote : Class not found for preloading: com.android.internal.infra.-$$Lambda$AbstractRemoteService$6FcEKfZ-7TXLg6dcCU8EMuMNAy4
11-10 23:01:49.415 19113 19113 W Zygote : Class not found for preloading: com.android.internal.infra.-$$Lambda$AbstractRemoteService$9IBVTCLLZgndvH7fu1P14PW1_1o
11-10 23:01:49.415 19113 19113 W Zygote : Class not found for preloading: com.android.internal.infra.-$$Lambda$AbstractRemoteService$MDW40b8CzodE5xRowI9wDEyXEnw
11-10 23:01:49.415 19113 19113 W Zygote : Class not found for preloading: com.android.internal.infra.-$$Lambda$AbstractRemoteService$PendingRequest$IBoaBGXZQEXJr69u3aJF-LCJ42Y
11-10 23:01:49.415 19113 19113 W Zygote : Class not found for preloading: com.android.internal.infra.-$$Lambda$AbstractRemoteService$YSUzqqi1Pbrg2dlwMGMtKWbGXck
11-10 23:01:49.415 19113 19113 W Zygote : Class not found for preloading: com.android.internal.infra.-$$Lambda$AbstractRemoteService$ocrHd68Md9x6FfAzVQ6w8MAjFqY
11-10 23:01:49.415 19113 19113 W Zygote : Class not found for preloading: com.android.internal.infra.-$$Lambda$AndroidFuture$dkSvpmqaFOFKPCZgb7C7XLP_QpE
11-10 23:01:49.415 19113 19113 W Zygote : Class not found for preloading: com.android.internal.infra.-$$Lambda$EbzSql2RHkXox5Myj8A-7kLC4_A
11-10 23:01:49.415 19113 19113 W Zygote : Class not found for preloading: com.android.internal.infra.-$$Lambda$ServiceConnector$Impl$3vLWxkP1Z6JyExzdZboFFp1zM20
11-10 23:01:49.415 19113 19113 W Zygote : Class not found for preloading: com.android.internal.infra.-$$Lambda$T7zIZMFnvwrmtbuTMXLaZHHp-9s
11-10 23:01:49.415 19113 19113 W Zygote : Class not found for preloading: com.android.internal.infra.-$$Lambda$XuWfs8-IsKaNygi8YjlVGjedkIw
11-10 23:01:49.415 19113 19113 W Zygote : Class not found for preloading: com.android.internal.infra.-$$Lambda$aeiZbEpH6rq4kD9vJrlAnboJGDM
11-10 23:01:49.415 19113 19113 W Zygote : Class not found for preloading: com.android.internal.infra.-$$Lambda$qN_gooelzsUiBhYWznXKzb-8_wA
11-10 23:01:49.415 19113 19113 W Zygote : Class not found for preloading: com.android.internal.infra.-$$Lambda$rAXGjry3wPGKviARzTYfDiY7xrs
11-10 23:01:49.416 19113 19113 W Zygote : Class not found for preloading: com.android.internal.os.-$$Lambda$6-ytl6NLMGWt_iQr4_PfakNWUKQ
11-10 23:01:49.417 19113 19113 W Zygote : Class not found for preloading: com.android.internal.os.-$$Lambda$BatteryStatsImpl$7bfIWpn8X2h-hSzLD6dcuK4Ljuw
11-10 23:01:49.417 19113 19113 W Zygote : Class not found for preloading: com.android.internal.os.-$$Lambda$BatteryStatsImpl$B-TmZhQb712ePnuJTxvMe7P-YwQ
11-10 23:01:49.417 19113 19113 W Zygote : Class not found for preloading: com.android.internal.os.-$$Lambda$BatteryStatsImpl$Xvt9xdVPtevMWGIjcbxXf0_mr_c
11-10 23:01:49.417 19113 19113 W Zygote : Class not found for preloading: com.android.internal.os.-$$Lambda$BatteryStatsImpl$_l2oiaRDRhjCXI_PwXPsAhrgegI
11-10 23:01:49.417 19113 19113 W Zygote : Class not found for preloading: com.android.internal.os.-$$Lambda$BinderCallsStats$-YP-7pwoNn8TN0iTmo5Q1r2lQz0
11-10 23:01:49.417 19113 19113 W Zygote : Class not found for preloading: com.android.internal.os.-$$Lambda$BinderCallsStats$233x_Qux4c_AiqShYaWwvFplEXs
11-10 23:01:49.417 19113 19113 W Zygote : Class not found for preloading: com.android.internal.os.-$$Lambda$BinderCallsStats$Vota0PqfoPWckjXH35wE48myGdk
11-10 23:01:49.417 19113 19113 W Zygote : Class not found for preloading: com.android.internal.os.-$$Lambda$BinderCallsStats$iPOmTqbqUiHzgsAugINuZgf9tls
11-10 23:01:49.417 19113 19113 W Zygote : Class not found for preloading: com.android.internal.os.-$$Lambda$BinderCallsStats$sqXweH5BoxhmZvI188ctqYiACRk
11-10 23:01:49.417 19113 19113 W Zygote : Class not found for preloading: com.android.internal.os.-$$Lambda$BinderCallsStats$xI0E0RpviGYsokEB7ojNx8LEbUc
11-10 23:01:49.417 19113 19113 W Zygote : Class not found for preloading: com.android.internal.os.-$$Lambda$RuntimeInit$ep4ioD9YINkHI5Q1wZ0N_7VFAOg
11-10 23:01:49.417 19113 19113 W Zygote : Class not found for preloading: com.android.internal.os.-$$Lambda$ZygoteConnection$KxVsZ-s4KsanePOHCU5JcuypPik
11-10 23:01:49.417 19113 19113 W Zygote : Class not found for preloading: com.android.internal.os.-$$Lambda$ZygoteConnection$xjqM7qW7vAjTqh2tR5XRF5Vn5mk
11-10 23:01:49.417 19113 19113 W Zygote : Class not found for preloading: com.android.internal.os.-$$Lambda$sHtqZgGVjxOf9IJdAdZO6gwD_Do
11-10 23:01:49.420 19113 19113 W Zygote : Class not found for preloading: com.android.internal.policy.-$$Lambda$PhoneWindow$F9lizKYeW8CQHD_8FLjKaBpUfBQ
11-10 23:01:49.420 19113 19113 W Zygote : Class not found for preloading: com.android.internal.telephony.-$$Lambda$CarrierAppUtils$oAca0vwfzY3MLxvgrejL5_ugnfc
11-10 23:01:49.420 19113 19113 W Zygote : Class not found for preloading: com.android.internal.telephony.-$$Lambda$MultiSimSettingController$55347QtGjuukX-px3jYZkJd_z3U
11-10 23:01:49.420 19113 19113 W Zygote : Class not found for preloading: com.android.internal.telephony.-$$Lambda$MultiSimSettingController$DcLtrTEtdlCd4WOev4Zk79vrSko
11-10 23:01:49.420 19113 19113 W Zygote : Class not found for preloading: com.android.internal.telephony.-$$Lambda$MultiSimSettingController$WtGtOenjqxSBoW5BUjT-VlNoSTM
11-10 23:01:49.420 19113 19113 W Zygote : Class not found for preloading: com.android.internal.telephony.-$$Lambda$PhoneSubInfoController$1zkPy06BwndFkKrGCUI1ORIPJcI
11-10 23:01:49.420 19113 19113 W Zygote : Class not found for preloading: com.android.internal.telephony.-$$Lambda$PhoneSubInfoController$2WGP2Bp11k7_Xwi1N4YefElOUuM
11-10 23:01:49.420 19113 19113 W Zygote : Class not found for preloading: com.android.internal.telephony.-$$Lambda$PhoneSubInfoController$2xgrYNleR8FFzFT8hEQx3mDtZ8g
11-10 23:01:49.421 19113 19113 W Zygote : Class not found for preloading: com.android.internal.telephony.-$$Lambda$PhoneSubInfoController$AjZFvwh3Ujx5W3fleFNksc6bLf0
11-10 23:01:49.421 19113 19113 W Zygote : Class not found for preloading: com.android.internal.telephony.-$$Lambda$PhoneSubInfoController$Ja9yTBcEYPqTRBIP-hL0otixVeE
11-10 23:01:49.421 19113 19113 W Zygote : Class not found for preloading: com.android.internal.telephony.-$$Lambda$PhoneSubInfoController$P0j9hvO3e-UE9_1i1QM_ujl8Bpo
11-10 23:01:49.421 19113 19113 W Zygote : Class not found for preloading: com.android.internal.telephony.-$$Lambda$PhoneSubInfoController$ZOtVAnuhxrXl2L906I6eTOentP0
11-10 23:01:49.421 19113 19113 W Zygote : Class not found for preloading: com.android.internal.telephony.-$$Lambda$PhoneSubInfoController$bWluhZvk2X-dQ0UidKfdpd0kwuw
11-10 23:01:49.421 19113 19113 W Zygote : Class not found for preloading: com.android.internal.telephony.-$$Lambda$PhoneSubInfoController$hh4N6_N4-PPm_vWjCdCRvS8--Cw
11-10 23:01:49.421 19113 19113 W Zygote : Class not found for preloading: com.android.internal.telephony.-$$Lambda$PhoneSubInfoController$knEK4mNNOqbx_h4hWVcDSbY5kHE
11-10 23:01:49.421 19113 19113 W Zygote : Class not found for preloading: com.android.internal.telephony.-$$Lambda$PhoneSubInfoController$rpyQeO7zACcc5v4krwU9_qRMHL8
11-10 23:01:49.421 19113 19113 W Zygote : Class not found for preloading: com.android.internal.telephony.-$$Lambda$RIL$803u4JiCud_JSoDndvAhT13ZZqU
11-10 23:01:49.421 19113 19113 W Zygote : Class not found for preloading: com.android.internal.telephony.-$$Lambda$RIL$Ir4pOMTf7R0Jtw4O3F7JgMVtXO4
11-10 23:01:49.421 19113 19113 W Zygote : Class not found for preloading: com.android.internal.telephony.-$$Lambda$RIL$ZGWeCQ9boMO1_J1_yQ82l_jK-Nc
11-10 23:01:49.421 19113 19113 W Zygote : Class not found for preloading: com.android.internal.telephony.-$$Lambda$RIL$zYsQZAc3z9bM5fCaq_J0dn5kjjo
11-10 23:01:49.421 19113 19113 W Zygote : Class not found for preloading: com.android.internal.telephony.-$$Lambda$RILConstants$ODSbRKyUeaOFMcez-ZudOmaKCBw
11-10 23:01:49.421 19113 19113 W Zygote : Class not found for preloading: com.android.internal.telephony.-$$Lambda$RILConstants$zIAjDPNpW8a5C22QbMmMwM64vD8
11-10 23:01:49.421 19113 19113 W Zygote : Class not found for preloading: com.android.internal.telephony.-$$Lambda$RILRequest$VaC9ddQXT8qxCl7rcNKtUadFQoI
11-10 23:01:49.421 19113 19113 W Zygote : Class not found for preloading: com.android.internal.telephony.-$$Lambda$RadioIndication$GND6XxOOm1d_Ro76zEUFjA9OrEA
11-10 23:01:49.421 19113 19113 W Zygote : Class not found for preloading: com.android.internal.telephony.-$$Lambda$SmsApplication$5KAxbm71Dll9xmT5zeXi0i27A10
11-10 23:01:49.421 19113 19113 W Zygote : Class not found for preloading: com.android.internal.telephony.-$$Lambda$SmsApplication$gDx3W-UsTeTFaBSPU-Y_LFPZ9dE
11-10 23:01:49.421 19113 19113 W Zygote : Class not found for preloading: com.android.internal.telephony.-$$Lambda$SubscriptionController$Nt_ojdeqo4C2mbuwymYLvwgOLGo
11-10 23:01:49.421 19113 19113 W Zygote : Class not found for preloading: com.android.internal.telephony.-$$Lambda$SubscriptionController$VCQsMNqRHpN3RyoXYzh2YUwA2yc
11-10 23:01:49.421 19113 19113 W Zygote : Class not found for preloading: com.android.internal.telephony.-$$Lambda$SubscriptionController$u5xE-urXR6ElZ50305_6guo20Fc
11-10 23:01:49.421 19113 19113 W Zygote : Class not found for preloading: com.android.internal.telephony.-$$Lambda$SubscriptionInfoUpdater$DY4i_CG7hrAeejGLeh3hMUZySnw
11-10 23:01:49.421 19113 19113 W Zygote : Class not found for preloading: com.android.internal.telephony.-$$Lambda$SubscriptionInfoUpdater$Y5woGfEDKrozRViLH7WF93qPEno
11-10 23:01:49.421 19113 19113 W Zygote : Class not found for preloading: com.android.internal.telephony.-$$Lambda$SubscriptionInfoUpdater$ZTY4uxKw17CHcHQzbBUF7m-dN-E
11-10 23:01:49.421 19113 19113 W Zygote : Class not found for preloading: com.android.internal.telephony.-$$Lambda$SubscriptionInfoUpdater$ecTEeMEIjOEa2z5W3wjqiicibbY
11-10 23:01:49.421 19113 19113 W Zygote : Class not found for preloading: com.android.internal.telephony.-$$Lambda$SubscriptionInfoUpdater$qyDxq2AWyReUxdc6HttVGQeDD3Y
11-10 23:01:49.421 19113 19113 W Zygote : Class not found for preloading: com.android.internal.telephony.-$$Lambda$TelephonyComponentFactory$InjectedComponents$09rMKC8001jAR0zFrzzlPx26Xjs
11-10 23:01:49.421 19113 19113 W Zygote : Class not found for preloading: com.android.internal.telephony.-$$Lambda$TelephonyComponentFactory$InjectedComponents$DKjB_mCxFOHomOyKLPFU9-9Dywc
11-10 23:01:49.421 19113 19113 W Zygote : Class not found for preloading: com.android.internal.telephony.-$$Lambda$TelephonyComponentFactory$InjectedComponents$UYUq9z2WZwxqOLXquU0tTNN9wAs
11-10 23:01:49.421 19113 19113 W Zygote : Class not found for preloading: com.android.internal.telephony.-$$Lambda$TelephonyComponentFactory$InjectedComponents$eUdIxJOKoyVP5UmFJtWXBUO93Qk
11-10 23:01:49.421 19113 19113 W Zygote : Class not found for preloading: com.android.internal.telephony.-$$Lambda$TelephonyComponentFactory$InjectedComponents$nLdppNQT1Bv7QyIU3LwAwVD2K60
11-10 23:01:49.421 19113 19113 W Zygote : Class not found for preloading: com.android.internal.telephony.-$$Lambda$UV1wDVoVlbcxpr8zevj_aMFtUGw
11-10 23:01:49.421 19113 19113 W Zygote : Class not found for preloading: com.android.internal.telephony.-$$Lambda$WWHOcG5P4-jgjzPPgLwm-wN15OM
11-10 23:01:49.421 19113 19113 W Zygote : Class not found for preloading: com.android.internal.telephony.-$$Lambda$_14QHG018Z6p13d3hzJuGTWnNeo
11-10 23:01:49.474 19113 19113 W Zygote : Class not found for preloading: com.android.internal.telephony.IccSmsInterfaceManager$2
11-10 23:01:49.476 19113 19113 W Zygote : Class not found for preloading: com.android.internal.telephony.cdma.-$$Lambda$CdmaInboundSmsHandler$sD3UQ6e4SE9ZbPjDZ9bEr_XRoaA
11-10 23:01:49.476 19113 19113 W Zygote : Class not found for preloading: com.android.internal.telephony.dataconnection.-$$Lambda$DataConnection$-tFSpFGzTv_UdpzJlTMOvg8VO98
11-10 23:01:49.476 19113 19113 W Zygote : Class not found for preloading: com.android.internal.telephony.dataconnection.-$$Lambda$XZAGhHrbkIDyusER4MAM6luKcT0
11-10 23:01:49.476 19113 19113 W Zygote : Class not found for preloading: com.android.internal.telephony.dataconnection.DcTracker$5
11-10 23:01:49.476 19113 19113 W Zygote : Class not found for preloading: com.android.internal.telephony.euicc.-$$Lambda$EuiccConnector$ConnectedState$4$S52i3hpE3-FGho807KZ1LR5rXQM
11-10 23:01:49.477 19113 19113 W Zygote : Class not found for preloading: com.android.internal.telephony.ims.-$$Lambda$ImsResolver$pNx4XUM9FmR6cV_MCAGiEt8F4pg
11-10 23:01:49.477 19113 19113 W Zygote : Class not found for preloading: com.android.internal.telephony.ims.-$$Lambda$WamP7BPq0j01TgYE3GvUqU3b-rs
11-10 23:01:49.477 19113 19113 W Zygote : Class not found for preloading: com.android.internal.telephony.imsphone.-$$Lambda$ImsPhoneCallTracker$QlPVd_3u4_verjHUDnkn6zaSe54
11-10 23:01:49.477 19113 19113 W Zygote : Class not found for preloading: com.android.internal.telephony.imsphone.-$$Lambda$ImsPhoneCallTracker$Zw03itjXT6-LrhiYuD-9nKFg2Wg
11-10 23:01:49.477 19113 19113 W Zygote : Class not found for preloading: com.android.internal.telephony.metrics.-$$Lambda$TelephonyMetrics$fLmZDbNadlr6LF7zSJ6jCR1AAsk
11-10 23:01:49.477 19113 19113 W Zygote : Class not found for preloading: com.android.internal.telephony.metrics.-$$Lambda$TelephonyMetrics$tQOsX1lKb2eTuPp-1rpkeIAEOoY
11-10 23:01:49.477 19113 19113 W Zygote : Class not found for preloading: com.android.internal.telephony.metrics.-$$Lambda$TelephonyMetrics$x2dJi76S2YQdpSTfY8RZ8qC_K6g
11-10 23:01:49.478 19113 19113 W Zygote : Class not found for preloading: com.android.internal.util.-$$Lambda$DumpUtils$D1OlZP6xIpu72ypnJd0fzx0wd6I
11-10 23:01:49.478 19113 19113 W Zygote : Class not found for preloading: com.android.internal.util.-$$Lambda$DumpUtils$X8irOs5hfloCKy89_l1HRA1QeG0
11-10 23:01:49.478 19113 19113 W Zygote : Class not found for preloading: com.android.internal.util.-$$Lambda$DumpUtils$vCLO_0ezRxkpSERUWCFrJ0ph5jg
11-10 23:01:49.478 19113 19113 W Zygote : Class not found for preloading: com.android.internal.util.-$$Lambda$FunctionalUtils$koCSI8D7Nu5vOJTVTEj0m3leo_U
11-10 23:01:49.478 19113 19113 W Zygote : Class not found for preloading: com.android.internal.util.-$$Lambda$JwOUSWW2-Jzu15y4Kn4JuPh8tWM
11-10 23:01:49.478 19113 19113 W Zygote : Class not found for preloading: com.android.internal.util.-$$Lambda$ProviderAccessStats$9AhC6lKURctNKuYjVd-wu7jn6_c
11-10 23:01:49.478 19113 19113 W Zygote : Class not found for preloading: com.android.internal.util.-$$Lambda$TCbPpgWlKJUHZgFKCczglAvxLfw
11-10 23:01:49.478 19113 19113 W Zygote : Class not found for preloading: com.android.internal.util.-$$Lambda$eRa1rlfDk6Og2yFeXGHqUGPzRF0
11-10 23:01:49.478 19113 19113 W Zygote : Class not found for preloading: com.android.internal.util.-$$Lambda$grRTg3idX3yJe9Zyx-tmLBiD1DM
11-10 23:01:49.478 19113 19113 W Zygote : Class not found for preloading: com.android.internal.util.-$$Lambda$kVylv1rl9MOSbHFZoVyK5dl1kfY
11-10 23:01:49.479 19113 19113 W Zygote : Class not found for preloading: com.android.internal.view.-$$Lambda$FloatingActionMode$LU5MpPuKYDtwlFAuYhXYfzgLNLE
11-10 23:01:49.479 19113 19113 W Zygote : Class not found for preloading: com.android.internal.widget.-$$Lambda$FloatingToolbar$7-enOzxeypZYfdFYr1HzBLfj47k
11-10 23:01:49.479 19113 19113 W Zygote : Class not found for preloading: com.android.internal.widget.-$$Lambda$FloatingToolbar$FloatingToolbarPopup$-uEfRwR-_1oHxMvRVdmbNRdukDM
11-10 23:01:49.479 19113 19113 W Zygote : Class not found for preloading: com.android.internal.widget.-$$Lambda$FloatingToolbar$FloatingToolbarPopup$77YZy6kisO5OnjlgtKp0Zi1V8EY
11-10 23:01:49.479 19113 19113 W Zygote : Class not found for preloading: com.android.internal.widget.-$$Lambda$FloatingToolbar$FloatingToolbarPopup$E8FwnPCl7gZpcTlX_UaRPIBRnT0
11-10 23:01:49.479 19113 19113 W Zygote : Class not found for preloading: com.android.internal.widget.-$$Lambda$FloatingToolbar$LutnsyBKrZiroTBekgIjhIyrl40
11-10 23:01:49.479 19113 19113 W Zygote : Class not found for preloading: com.android.internal.widget.-$$Lambda$MessagingPropertyAnimator$7coWc0tjIUC7grCXucNFbpYTxDI
11-10 23:01:49.479 19113 19113 W Zygote : Class not found for preloading: com.android.internal.widget.-$$Lambda$NotificationActionListLayout$uFZFEmIEBpI3kn6c3tNvvgmMSv8
11-10 23:01:49.479 19113 19113 W Zygote : Class not found for preloading: com.android.internal.widget.-$$Lambda$TTC7hNz7BTsLwhNRb2L5kl-7mdU
11-10 23:01:49.479 19113 19113 W Zygote : Class not found for preloading: com.android.internal.widget.-$$Lambda$gPQuiuEDuOmrh2MixBcV6a5gu5s
11-10 23:01:49.479 19113 19113 W Zygote : Class not found for preloading: com.android.internal.widget.LockPatternUtils$2
11-10 23:01:49.482 19113 19113 W Zygote : Class not found for preloading: dalvik.system.-$$Lambda$DexPathList$_CyMypnZmV6ArWiPOPB4EkAIeUc
11-10 23:01:49.482 19113 19113 W Zygote : Class not found for preloading: java.io.-$$Lambda$ObjectStreamClass$GVMp_c-BEBrBo_ZKh_HiLSO-fGo
11-10 23:01:49.483 19113 19113 W Zygote : Class not found for preloading: java.lang.-$$Lambda$CharSequence$lS6BYp9KMNOi2HcboXLiOooqoX8
11-10 23:01:49.483 19113 19113 W Zygote : Class not found for preloading: java.lang.-$$Lambda$CharSequence$lnrrVTEPDeRteHnQDz8kEht4CY8
11-10 23:01:49.484 19113 19113 W Zygote : Class not found for preloading: java.math.BigInt
11-10 23:01:49.484 19113 19113 W Zygote : Class not found for preloading: java.math.Conversion
11-10 23:01:49.484 19113 19113 W Zygote : Class not found for preloading: java.math.Multiplication
11-10 23:01:49.484 19113 19113 W Zygote : Class not found for preloading: java.math.NativeBN
11-10 23:01:49.485 19113 19113 W Zygote : Class not found for preloading: java.time.-$$Lambda$Bq8PKq1YWr8nyVk9SSfRYKrOu4A
11-10 23:01:49.485 19113 19113 W Zygote : Class not found for preloading: java.time.-$$Lambda$up1HpCqucM_DXyY-rpDOyCcdmIA
11-10 23:01:49.485 19113 19113 W Zygote : Class not found for preloading: java.time.chrono.-$$Lambda$AbstractChronology$5b0W7uLeaWkn0HLPDKwPXzJ7HPo
11-10 23:01:49.485 19113 19113 W Zygote : Class not found for preloading: java.time.chrono.-$$Lambda$AbstractChronology$j22w8kHhJoqCd56hhLQK1G0VLFw
11-10 23:01:49.485 19113 19113 W Zygote : Class not found for preloading: java.time.chrono.-$$Lambda$AbstractChronology$onW9aZyLFliH5Gg1qLodD_GoPfA
11-10 23:01:49.485 19113 19113 W Zygote : Class not found for preloading: java.time.format.-$$Lambda$DateTimeFormatter$GhpE1dbCMFpBqvhZZgrqVYpzk8E
11-10 23:01:49.485 19113 19113 W Zygote : Class not found for preloading: java.time.format.-$$Lambda$DateTimeFormatter$QqeEAMXK7Qf5gsmaSCLmrVwQ1Ns
11-10 23:01:49.485 19113 19113 W Zygote : Class not found for preloading: java.time.format.-$$Lambda$DateTimeFormatterBuilder$M-GACNxm6552EiylPRPw4dyNXKo
11-10 23:01:49.485 19113 19113 W Zygote : Class not found for preloading: java.time.temporal.-$$Lambda$TemporalAdjusters$A9OZwfMlHD1vy7-nYt5NssACu7Q
11-10 23:01:49.485 19113 19113 W Zygote : Class not found for preloading: java.time.temporal.-$$Lambda$TemporalQueries$IZUinmsZUz98YXPe0ftAd27ByiE
11-10 23:01:49.485 19113 19113 W Zygote : Class not found for preloading: java.time.temporal.-$$Lambda$TemporalQueries$JPrXwgedeqexYxypO8VpPKV4l3c
11-10 23:01:49.485 19113 19113 W Zygote : Class not found for preloading: java.time.temporal.-$$Lambda$TemporalQueries$PBpYKRiwkxqQNlcU-BOJfaQoONg
11-10 23:01:49.485 19113 19113 W Zygote : Class not found for preloading: java.time.temporal.-$$Lambda$TemporalQueries$WGGw7SkRcanjtxRiTk5p0dKf_jc
11-10 23:01:49.485 19113 19113 W Zygote : Class not found for preloading: java.time.temporal.-$$Lambda$TemporalQueries$bI5NESEXE4DqyC7TnOvbkx1GlvM
11-10 23:01:49.485 19113 19113 W Zygote : Class not found for preloading: java.time.temporal.-$$Lambda$TemporalQueries$okxqZ6ZoOhHd_zSzW7k5qRIaLxM
11-10 23:01:49.485 19113 19113 W Zygote : Class not found for preloading: java.time.temporal.-$$Lambda$TemporalQueries$thd4JmExRUYKd7nNlE7b5oT19ms
11-10 23:01:49.486 19113 19113 W Zygote : Class not found for preloading: java.util.-$$Lambda$Arrays$H0YqaggIxZUqId4_BJ1BLcUa93k
11-10 23:01:49.486 19113 19113 W Zygote : Class not found for preloading: java.util.-$$Lambda$Arrays$KFf05FUz26CqVc_cf2bKY9C927o
11-10 23:01:49.486 19113 19113 W Zygote : Class not found for preloading: java.util.-$$Lambda$Arrays$aBSX_SvA5f2Q1t8_MODHDGhokzk
11-10 23:01:49.486 19113 19113 W Zygote : Class not found for preloading: java.util.-$$Lambda$Arrays$x0HcRDlColwoPupFWmOW7TREPtM
11-10 23:01:49.486 19113 19113 W Zygote : Class not found for preloading: java.util.-$$Lambda$Comparator$4V5k8aLimtS0VsEILEAqQ9UGZYo
11-10 23:01:49.486 19113 19113 W Zygote : Class not found for preloading: java.util.-$$Lambda$Comparator$BZSVCoA8i87ehjxxZ1weEounfDQ
11-10 23:01:49.486 19113 19113 W Zygote : Class not found for preloading: java.util.-$$Lambda$Comparator$DNgpxUFZqmT4lOBzlVyPjWwvEvw
11-10 23:01:49.486 19113 19113 W Zygote : Class not found for preloading: java.util.-$$Lambda$Comparator$KVN0LWz1D1wyrL2gs1CbubvLa9o
11-10 23:01:49.486 19113 19113 W Zygote : Class not found for preloading: java.util.-$$Lambda$Comparator$SPB8K9Yj7Pw1mljm7LpasV7zxWw
11-10 23:01:49.486 19113 19113 W Zygote : Class not found for preloading: java.util.-$$Lambda$Comparator$edSxqANnwdmzeJ1aMMcwJWE2wII
11-10 23:01:49.488 19113 19113 W Zygote : Class not found for preloading: java.util.concurrent.-$$Lambda$ConcurrentMap$T12JRbgGLhxGbYCuTfff6_dTrMk
11-10 23:01:49.489 19113 19113 W Zygote : Class not found for preloading: java.util.function.-$$Lambda$BiFunction$q-2HhQ1fzCu6oYNirKhp1W_vpSM
11-10 23:01:49.489 19113 19113 W Zygote : Class not found for preloading: java.util.function.-$$Lambda$Consumer$fZIgy_f2Fa5seBa8ztxXTExq2p4
11-10 23:01:49.489 19113 19113 W Zygote : Class not found for preloading: java.util.function.-$$Lambda$DoubleUnaryOperator$EzzlhUGRoL66wVBCG-_euZgC-CA
11-10 23:01:49.489 19113 19113 W Zygote : Class not found for preloading: java.util.function.-$$Lambda$DoubleUnaryOperator$i7wtM_8Ous-CB32HCfZ4usZ4zaQ
11-10 23:01:49.489 19113 19113 W Zygote : Class not found for preloading: java.util.function.-$$Lambda$Function$1mm3dZ9IMG2T6zAULCCEh3eoHSY
11-10 23:01:49.489 19113 19113 W Zygote : Class not found for preloading: java.util.function.-$$Lambda$Predicate$17UUIF1CH_K9duk0ChtjSwOycuM
11-10 23:01:49.489 19113 19113 W Zygote : Class not found for preloading: java.util.stream.-$$Lambda$Collectors$0y_EMl863H_U7B4kxyGscB4vAag
11-10 23:01:49.489 19113 19113 W Zygote : Class not found for preloading: java.util.stream.-$$Lambda$Collectors$F7-we3W7I2plNaGHqh_d2lzmvho
11-10 23:01:49.489 19113 19113 W Zygote : Class not found for preloading: java.util.stream.-$$Lambda$Collectors$SMVdf7W0ks2OOmS3zJw7DHc-Nhc
11-10 23:01:49.489 19113 19113 W Zygote : Class not found for preloading: java.util.stream.-$$Lambda$Collectors$TzSZZBK0laNSWMge_uuxANwkkMo
11-10 23:01:49.489 19113 19113 W Zygote : Class not found for preloading: java.util.stream.-$$Lambda$Collectors$f0IPpRuyw9HZC8FIP30mNjUUUhw
11-10 23:01:49.489 19113 19113 W Zygote : Class not found for preloading: java.util.stream.-$$Lambda$Collectors$f68RHYk8qNU7alEHPPrPoFuCJO4
11-10 23:01:49.489 19113 19113 W Zygote : Class not found for preloading: java.util.stream.-$$Lambda$Collectors$iab6bVO3ydceISRiUEq_MRHYzoU
11-10 23:01:49.489 19113 19113 W Zygote : Class not found for preloading: java.util.stream.-$$Lambda$Collectors$kXZFmh6iM6xf9lJWimhd2Ef6NEs
11-10 23:01:49.489 19113 19113 W Zygote : Class not found for preloading: java.util.stream.-$$Lambda$Collectors$nKlT6uFghrTzWO44dlFAJFeRr34
11-10 23:01:49.489 19113 19113 W Zygote : Class not found for preloading: java.util.stream.-$$Lambda$Collectors$pzPeDl3rCgtNVSeZPHZk5f2se60
11-10 23:01:49.489 19113 19113 W Zygote : Class not found for preloading: java.util.stream.-$$Lambda$Drw47GGUtPrz9CklhlT0v26u-5c
11-10 23:01:49.489 19113 19113 W Zygote : Class not found for preloading: java.util.stream.-$$Lambda$IntPipeline$R-E7oGjPWog3HR9X-8MdhU1ZGRE
11-10 23:01:49.490 19113 19113 W Zygote : Class not found for preloading: java.util.stream.-$$Lambda$IntPipeline$ozedusDMANE_B8aDthWCd1L-na4
11-10 23:01:49.490 19113 19113 W Zygote : Class not found for preloading: java.util.stream.-$$Lambda$MatchOps$_LtFSpSMfVwoPv-8p_1cMGGcaHA
