11-10 23:01:46.881 18891 18891 I SystemServerTiming: OnBootPhase_480_com.android.server.am.ActivityManagerService$Lifecycle
11-10 23:01:46.881 18891 18891 I SystemServerTiming: OnBootPhase_480_com.android.server.pm.DataLoaderManagerService
11-10 23:01:46.881 18891 18891 I SystemServerTiming: OnBootPhase_480_com.android.server.power.PowerManagerService
11-10 23:01:46.881 18891 18891 I SystemServerTiming: OnBootPhase_480_com.android.server.power.ThermalManagerService
11-10 23:01:46.881 18891 18891 I SystemServerTiming: OnBootPhase_480_com.android.server.recoverysystem.RecoverySystemService$Lifecycle
11-10 23:01:46.881 18891 18891 I SystemServerTiming: OnBootPhase_480_com.android.server.lights.LightsService
11-10 23:01:46.881 18891 18891 I SystemServerTiming: OnBootPhase_480_com.android.server.display.DisplayManagerService
11-10 23:01:46.881 18891 18891 I SystemServerTiming: OnBootPhase_480_com.android.server.pm.UserManagerService$LifeCycle
11-10 23:01:46.881 18891 18891 I SystemServerTiming: OnBootPhase_480_com.android.server.om.OverlayManagerService
11-10 23:01:46.881 18891 18891 I SystemServerTiming: OnBootPhase_480_com.android.server.SensorPrivacyService
11-10 23:01:46.882 18891 18891 I SystemServerTiming: OnBootPhase_480_com.android.server.SystemConfigService
11-10 23:01:46.882 18891 18891 I SystemServerTiming: OnBootPhase_480_com.android.server.BatteryService
11-10 23:01:46.882 18891 18891 I SystemServerTiming: OnBootPhase_480_com.android.server.usage.UsageStatsService
11-10 23:01:46.882 18891 18891 I SystemServerTiming: OnBootPhase_480_com.android.server.webkit.WebViewUpdateService
11-10 23:01:46.882 18891 18891 I SystemServerTiming: OnBootPhase_480_com.android.server.CachedDeviceStateService
11-10 23:01:46.882 18891 18891 I SystemServerTiming: OnBootPhase_480_com.android.server.BinderCallsStatsService$LifeCycle
11-10 23:01:46.882 18891 18891 I SystemServerTiming: OnBootPhase_480_com.android.server.LooperStatsService$Lifecycle
11-10 23:01:46.882 18891 18891 I SystemServerTiming: OnBootPhase_480_com.android.server.rollback.RollbackManagerService
11-10 23:01:46.882 18891 18891 I SystemServerTiming: OnBootPhase_480_com.android.server.os.BugreportManagerService
11-10 23:01:46.882 18891 18891 I SystemServerTiming: OnBootPhase_480_com.android.server.gpu.GpuService
11-10 23:01:46.882 18891 18891 I SystemServerTiming: OnBootPhase_480_com.android.server.security.KeyChainSystemService
11-10 23:01:46.882 18891 18891 I SystemServerTiming: OnBootPhase_480_com.android.server.telecom.TelecomLoaderService
11-10 23:01:46.882 18891 18891 I SystemServerTiming: OnBootPhase_480_com.android.server.accounts.AccountManagerService$Lifecycle
11-10 23:01:46.882 18891 18891 I SystemServerTiming: OnBootPhase_480_com.android.server.content.ContentService$Lifecycle
11-10 23:01:46.882 18891 18891 I SystemServerTiming: OnBootPhase_480_com.android.server.DropBoxManagerService
11-10 23:01:46.882 18891 18891 I SystemServerTiming: OnBootPhase_480_com.android.server.AlarmManagerService
11-10 23:01:46.882 18891 18891 I SystemServerTiming: OnBootPhase_480_com.android.server.BluetoothService
11-10 23:01:46.882 18891 18891 I SystemServerTiming: OnBootPhase_480_com.android.server.connectivity.IpConnectivityMetrics
11-10 23:01:46.882 18891 18891 I SystemServerTiming: OnBootPhase_480_com.android.server.net.watchlist.NetworkWatchlistService$Lifecycle
11-10 23:01:46.882 18891 18891 I SystemServerTiming: OnBootPhase_480_com.android.server.PinnerService
11-10 23:01:46.882 18891 18891 I SystemServerTiming: OnBootPhase_480_com.google.android.startop.iorap.IorapForwardingService
11-10 23:01:46.882 18891 18891 I SystemServerTiming: OnBootPhase_480_com.android.server.wm.AppLockService
11-10 23:01:46.882 18891 18891 I SystemServerTiming: OnBootPhase_480_com.android.server.integrity.AppIntegrityManagerService
11-10 23:01:46.882 18891 18891 I SystemServerTiming: OnBootPhase_480_com.android.server.inputmethod.InputMethodManagerService$Lifecycle
11-10 23:01:46.882 18891 18891 I SystemServerTiming: OnBootPhase_480_com.android.server.accessibility.AccessibilityManagerService$Lifecycle
11-10 23:01:46.882 18891 18891 I SystemServerTiming: OnBootPhase_480_com.android.server.StorageManagerService$Lifecycle
11-10 23:01:46.882 18891 18891 I SystemServerTiming: OnBootPhase_480_com.android.server.usage.StorageStatsService$Lifecycle
11-10 23:01:46.882 18891 18891 I SystemServerTiming: OnBootPhase_480_com.android.server.UiModeManagerService
11-10 23:01:46.882 18891 18891 I SystemServerTiming: OnBootPhase_480_com.android.server.locksettings.LockSettingsService$Lifecycle
11-10 23:01:46.882 18891 18891 I SystemServerTiming: OnBootPhase_480_com.android.server.PersistentDataBlockService
11-10 23:01:46.882 18891 18891 I SystemServerTiming: OnBootPhase_480_com.android.server.testharness.TestHarnessModeService
11-10 23:01:46.882 18891 18891 I SystemServerTiming: OnBootPhase_480_com.android.server.oemlock.OemLockService
11-10 23:01:46.882 18891 18891 I SystemServerTiming: OnBootPhase_480_com.android.server.DeviceIdleController
11-10 23:01:46.882 18891 18891 I SystemServerTiming: OnBootPhase_480_com.android.server.devicepolicy.DevicePolicyManagerService$Lifecycle
11-10 23:01:46.884 18891 18891 I SystemServerTiming: OnBootPhase_480_com.android.server.textservices.TextServicesManagerService$Lifecycle
11-10 23:01:46.884 18891 18891 I SystemServerTiming: OnBootPhase_480_com.android.server.textclassifier.TextClassificationManagerService$Lifecycle
11-10 23:01:46.884 18891 19009 I SystemServerTimingAsync: InitThreadPoolExec:DevicePolicyManager
11-10 23:01:46.884 18891 18891 I SystemServerTiming: OnBootPhase_480_com.android.server.NetworkScoreService$Lifecycle
11-10 23:01:46.884 18891 18891 I SystemServerTiming: OnBootPhase_480_com.android.server.wifi.WifiService
11-10 23:01:46.884 18891 18891 I SystemServerTiming: OnBootPhase_480_com.android.server.wifi.scanner.WifiScanningService
11-10 23:01:46.884 18891 18891 I SystemServerTiming: OnBootPhase_480_com.android.server.wifi.rtt.RttService
11-10 23:01:46.884 18891 18891 I SystemServerTiming: OnBootPhase_480_com.android.server.wifi.aware.WifiAwareService
11-10 23:01:46.884 18891 18891 I SystemServerTiming: OnBootPhase_480_com.android.server.wifi.p2p.WifiP2pService
11-10 23:01:46.884 18891 18891 I SystemServerTiming: OnBootPhase_480_com.android.server.ethernet.EthernetService
11-10 23:01:46.884 18891 18891 I SystemServerTiming: OnBootPhase_480_com.android.server.notification.NotificationManagerService
11-10 23:01:46.884 18891 18891 I SystemServerTiming: OnBootPhase_480_com.android.server.storage.DeviceStorageMonitorService
11-10 23:01:46.884 18891 18891 I SystemServerTiming: OnBootPhase_480_com.android.server.location.LocationManagerService$Lifecycle
11-10 23:01:46.884 18891 18891 I SystemServerTiming: OnBootPhase_480_com.android.server.timedetector.TimeDetectorService$Lifecycle
11-10 23:01:46.884 18891 18891 I SystemServerTiming: OnBootPhase_480_com.android.server.timezonedetector.TimeZoneDetectorService$Lifecycle
11-10 23:01:46.884 18891 18891 I SystemServerTiming: OnBootPhase_480_com.android.server.search.SearchManagerService$Lifecycle
11-10 23:01:46.884 18891 18891 I SystemServerTiming: OnBootPhase_480_com.android.server.wallpaper.WallpaperManagerService$Lifecycle
11-10 23:01:46.884 18891 18891 I SystemServerTiming: OnBootPhase_480_com.android.server.audio.AudioService$Lifecycle
11-10 23:01:46.884 18891 18891 I SystemServerTiming: OnBootPhase_480_com.android.server.soundtrigger_middleware.SoundTriggerMiddlewareService$Lifecycle
11-10 23:01:46.884 18891 18891 I SystemServerTiming: OnBootPhase_480_com.android.server.DockObserver
11-10 23:01:46.884 18891 18891 I SystemServerTiming: OnBootPhase_480_com.android.server.midi.MidiService$Lifecycle
11-10 23:01:46.884 18891 18891 I SystemServerTiming: OnBootPhase_480_com.android.server.adb.AdbService$Lifecycle
11-10 23:01:46.884 18891 18891 I SystemServerTiming: OnBootPhase_480_com.android.server.usb.UsbService$Lifecycle
11-10 23:01:46.884 18891 18891 I SystemServerTiming: OnBootPhase_480_com.android.server.twilight.TwilightService
11-10 23:01:46.884 18891 18891 I SystemServerTiming: OnBootPhase_480_com.android.server.display.color.ColorDisplayService
11-10 23:01:46.884 18891 18891 I SystemServerTiming: OnBootPhase_480_com.android.server.job.JobSchedulerService
11-10 23:01:46.884 18891 18891 I SystemServerTiming: OnBootPhase_480_com.android.server.soundtrigger.SoundTriggerService
11-10 23:01:46.884 18891 18891 D SoundTriggerService: onBootPhase: 480 : false
11-10 23:01:46.885 18891 18891 I SystemServerTiming: OnBootPhase_480_com.android.server.trust.TrustManagerService
11-10 23:01:46.885 18891 18891 I SystemServerTiming: OnBootPhase_480_com.android.server.backup.BackupManagerService$Lifecycle
11-10 23:01:46.885 18891 18891 I SystemServerTiming: OnBootPhase_480_com.android.server.appwidget.AppWidgetService
11-10 23:01:46.885 18891 18891 I SystemServerTiming: OnBootPhase_480_com.android.server.role.RoleManagerService
11-10 23:01:46.885 18891 18891 I SystemServerTiming: OnBootPhase_480_com.android.server.voiceinteraction.VoiceInteractionManagerService
11-10 23:01:46.885 18891 18891 I SystemServerTiming: OnBootPhase_480_com.android.server.GestureLauncherService
11-10 23:01:46.885 18891 18891 I SystemServerTiming: OnBootPhase_480_com.android.server.SensorNotificationService
11-10 23:01:46.885 18891 18891 I SystemServerTiming: OnBootPhase_480_com.android.server.emergency.EmergencyAffordanceService
11-10 23:01:46.885 18891 18891 I SystemServerTiming: OnBootPhase_480_com.android.server.dreams.DreamManagerService
11-10 23:01:46.885 18891 18891 I SystemServerTiming: OnBootPhase_480_com.android.server.print.PrintManagerService
11-10 23:01:46.885 18891 18891 I SystemServerTiming: OnBootPhase_480_com.android.server.companion.CompanionDeviceManagerService
11-10 23:01:46.885 18891 18891 I SystemServerTiming: OnBootPhase_480_com.android.server.restrictions.RestrictionsManagerService
11-10 23:01:46.885 18891 18891 I SystemServerTiming: OnBootPhase_480_com.android.server.media.MediaSessionService
11-10 23:01:46.885 18891 18891 I SystemServerTiming: OnBootPhase_480_com.android.server.media.MediaResourceMonitorService
11-10 23:01:46.885 18891 18891 I SystemServerTiming: OnBootPhase_480_com.android.server.biometrics.fingerprint.FingerprintService
11-10 23:01:46.885 18891 18891 I SystemServerTiming: OnBootPhase_480_com.android.server.blob.BlobStoreManagerService
11-10 23:01:46.885 18891 18891 I SystemServerTiming: OnBootPhase_480_com.android.server.biometrics.BiometricService
11-10 23:01:46.885 18891 18891 I SystemServerTiming: OnBootPhase_480_com.android.server.biometrics.AuthService
11-10 23:01:46.885 18891 18891 I SystemServerTiming: OnBootPhase_480_com.android.server.pm.ShortcutService$Lifecycle
11-10 23:01:46.885 18891 18891 I SystemServerTiming: OnBootPhase_480_com.android.server.pm.LauncherAppsService
11-10 23:01:46.885 18891 18891 I SystemServerTiming: OnBootPhase_480_com.android.server.pm.CrossProfileAppsService
11-10 23:01:46.885 18891 18891 I SystemServerTiming: OnBootPhase_480_com.android.server.pocket.PocketService
11-10 23:01:46.885 18891 18891 W PocketService: Un-handled boot phase:480
11-10 23:01:46.885 18891 18891 I SystemServerTiming: OnBootPhase_480_com.android.server.people.PeopleService
11-10 23:01:46.885 18891 18891 I SystemServerTiming: OnBootPhase_480_com.android.server.media.projection.MediaProjectionManagerService
11-10 23:01:46.885 18891 18891 I SystemServerTiming: OnBootPhase_480_com.android.server.slice.SliceManagerService$Lifecycle
11-10 23:01:46.885 18891 18891 I SystemServerTiming: OnBootPhase_480_com.android.server.camera.CameraServiceProxy
11-10 23:01:46.885 18891 18891 I SystemServerTiming: OnBootPhase_480_com.android.server.stats.StatsCompanion$Lifecycle
11-10 23:01:46.885 18891 18891 I SystemServerTiming: OnBootPhase_480_com.android.server.stats.pull.StatsPullAtomService
11-10 23:01:46.885 18891 18891 I SystemServerTiming: OnBootPhase_480_com.android.server.incident.IncidentCompanionService
11-10 23:01:46.885 18891 18891 I SystemServerTiming: OnBootPhase_480_com.android.server.MmsServiceBroker
11-10 23:01:46.885 18891 18891 I SystemServerTiming: OnBootPhase_480_com.android.server.autofill.AutofillManagerService
11-10 23:01:46.885 18891 18891 I SystemServerTiming: OnBootPhase_480_com.android.server.clipboard.ClipboardService
11-10 23:01:46.885 18891 18891 I SystemServerTiming: OnBootPhase_480_com.android.server.appbinding.AppBindingService$Lifecycle
11-10 23:01:46.885 18891 18891 I SystemServerTiming: OnBootPhase_480_org.lineageos.platform.internal.ProfileManagerService
11-10 23:01:46.885 18891 18891 I SystemServerTiming: OnBootPhase_480_org.lineageos.platform.internal.LineageHardwareService
11-10 23:01:46.885 18891 18891 I SystemServerTiming: OnBootPhase_480_org.lineageos.platform.internal.PerformanceManagerService
11-10 23:01:46.885 18891 18891 I SystemServerTiming: OnBootPhase_480_org.lineageos.platform.internal.display.LiveDisplayService
11-10 23:01:46.885 18891 18891 I SystemServerTiming: OnBootPhase_480_org.lineageos.platform.internal.LineageAudioService
11-10 23:01:46.885 18891 18891 I SystemServerTiming: OnBootPhase_480_org.lineageos.platform.internal.TrustInterfaceService
11-10 23:01:46.885 18891 18891 I SystemServerTiming: OnBootPhase_480_org.lineageos.platform.internal.LineageSettingsService
11-10 23:01:46.885 18891 18891 I SystemServerTiming: OnBootPhase_480_org.lineageos.platform.internal.LineageGlobalActionsService
11-10 23:01:46.885 18891 18891 I SystemServerTiming: StartBootPhaseSystemServicesReady
11-10 23:01:46.885 18891 18891 I SystemServiceManager: Starting phase 500
11-10 23:01:46.885 18891 18891 I SystemServerTiming: OnBootPhase_500
11-10 23:01:46.885 18891 18891 I SystemServerTiming: OnBootPhase_500_com.android.server.security.FileIntegrityService
11-10 23:01:46.885 18891 18891 I SystemServerTiming: OnBootPhase_500_com.android.server.pm.Installer
11-10 23:01:46.885 18891 18891 I SystemServerTiming: OnBootPhase_500_com.android.server.os.DeviceIdentifiersPolicyService
11-10 23:01:46.885 18891 18891 I SystemServerTiming: OnBootPhase_500_com.android.server.uri.UriGrantsManagerService$Lifecycle
11-10 23:01:46.885 18891 18891 I SystemServerTiming: OnBootPhase_500_com.android.server.wm.ActivityTaskManagerService$Lifecycle
11-10 23:01:46.885 18891 18891 I SystemServerTiming: OnBootPhase_500_com.android.server.am.ActivityManagerService$Lifecycle
11-10 23:01:46.886 18891 18891 I SystemServerTiming: OnBootPhase_500_com.android.server.pm.DataLoaderManagerService
11-10 23:01:46.886 0 0 D wcd938x_codec wcd938x-codec: wcd938x_codec_enable_adc wname: ADC3 event: 1
11-10 23:01:46.886 18891 18891 I SystemServerTiming: OnBootPhase_500_com.android.server.power.PowerManagerService
11-10 23:01:46.886 18891 18891 I SystemServerTiming: OnBootPhase_500_com.android.server.power.ThermalManagerService
11-10 23:01:46.886 18891 18891 I SystemServerTiming: OnBootPhase_500_com.android.server.recoverysystem.RecoverySystemService$Lifecycle
11-10 23:01:46.886 18891 18891 I SystemServerTiming: OnBootPhase_500_com.android.server.lights.LightsService
11-10 23:01:46.886 18891 18891 I SystemServerTiming: OnBootPhase_500_com.android.server.display.DisplayManagerService
11-10 23:01:46.886 18891 18891 I SystemServerTiming: OnBootPhase_500_com.android.server.pm.UserManagerService$LifeCycle
11-10 23:01:46.886 18891 18891 I SystemServerTiming: OnBootPhase_500_com.android.server.om.OverlayManagerService
11-10 23:01:46.886 18891 18891 I SystemServerTiming: OnBootPhase_500_com.android.server.SensorPrivacyService
11-10 23:01:46.886 18891 18891 I SystemServerTiming: OnBootPhase_500_com.android.server.SystemConfigService
11-10 23:01:46.886 18891 18891 I SystemServerTiming: OnBootPhase_500_com.android.server.BatteryService
11-10 23:01:46.886 18891 18891 I SystemServerTiming: OnBootPhase_500_com.android.server.usage.UsageStatsService
11-10 23:01:46.886 0 0 D wcd938x_codec wcd938x-codec: wcd938x_codec_enable_adc wname: ADC4 event: 1
11-10 23:01:46.888 18817 18983 D ultrasound_extn: ultrasound_start_tx: exit - success
11-10 23:01:46.888 18817 18983 D ultrasound_extn: ultrasound_start: ultrasound_start_tx err:0
11-10 23:01:46.888 18817 18983 D ultrasound_extn: ultrasound_start_rx: enter
11-10 23:01:46.888 18817 18983 D ultrasound_extn: ultrasound_new_rx_usecase: RX devices:2
11-10 23:01:46.888 18817 18983 E msm8974_platform: platform_check_backends_match: Invalid snd_device2 =
11-10 23:01:46.888 18817 18983 E ultrasound_extn: ultrasound_select_devices: ultrasound_select_devices get tx snd_device(0: ), rx snd_device(122: ultrasound-output)
11-10 23:01:46.888 18891 18891 D AppStandbyController: Setting app idle enabled state
11-10 23:01:46.888 18817 18983 I msm8974_platform: platform_check_and_set_codec_backend_cfg:becf: afe: bitwidth 24, samplerate 96000 channels 1, backend_idx 4 usecase = 71 device (ultrasound-output)
11-10 23:01:46.888 18817 18983 I msm8974_platform: platform_check_and_set_codec_backend_cfg: new_snd_devices[0] is 122
11-10 23:01:46.888 18817 18983 I msm8974_platform: platform_check_codec_backend_cfg:becf: afe: bitwidth 24, samplerate 96000 channels 1, backend_idx 4 usecase = 71 device (ultrasound-output)
11-10 23:01:46.889 18891 18891 E HistoricalRegistry: Interaction before persistence initialized
11-10 23:01:46.889 18891 18891 I SystemServerTiming: OnBootPhase_500_com.android.server.webkit.WebViewUpdateService
11-10 23:01:46.889 18891 18891 I SystemServerTiming: OnBootPhase_500_com.android.server.CachedDeviceStateService
11-10 23:01:46.889 18891 18891 I SystemServerTiming: OnBootPhase_500_com.android.server.BinderCallsStatsService$LifeCycle
11-10 23:01:46.890 18817 18983 D msm8974_platform: platform_check_codec_backend_cfg:becf: updated afe: bitwidth 24, samplerate 96000 channels 1,backend_idx 4 usecase = 71 device (ultrasound-output)
11-10 23:01:46.890 18817 18983 D ultrasound_extn: ultrasound_check_and_set_codec_backend_cfg check use case (ultrasound-proximity-output), snd_device(122, ultrasound-output)
11-10 23:01:46.890 18817 18983 E ultrasound_extn: ultrasound_check_and_set_codec_backend_cfg ultrasound_enabled 1
11-10 23:01:46.890 18817 18983 D ultrasound_extn: ultrasound_check_and_set_codec_backend_cfg: becf: is_backend_match 1, sample_rate 96000, bit_width 24, channels 1
11-10 23:01:46.890 18817 18983 D ultrasound_extn: ultrasound_check_and_set_codec_backend_cfg: afcf: is_backend_match 1, sample_rate 96000, bit_width 24, channels 1
11-10 23:01:46.890 18817 18983 D msm8974_platform: platform_check_codec_backend_cfg:becf: afe: set BE sample 96000, bit_width 24, channels 1 for ultrasound
11-10 23:01:46.890 18817 18983 I msm8974_platform: platform_check_codec_backend_cfg:becf: afe: Codec selected backend: 4 updated bit width: 24 and sample rate: 96000
11-10 23:01:46.890 18817 18983 D ultrasound_extn: ultrasound_check_usecases_codec_backend:becf: force routing 0
11-10 23:01:46.890 18817 18983 E msm8974_platform: platform_check_backends_match: Invalid snd_device2 =
11-10 23:01:46.890 18817 18983 D ultrasound_extn: ultrasound_check_usecases_codec_backend:becf: check_usecases curr [71]=ultrasound-proximity-output device: ultrasound-output, usecase[72]=ultrasound-proximity-input device: backends match 0
11-10 23:01:46.890 18817 18983 E msm8974_platform: platform_check_backends_match: Invalid snd_device2 =
11-10 23:01:46.890 18817 18983 D ultrasound_extn: ultrasound_check_usecases_codec_backend:becf: check_usecases curr [71]=ultrasound-proximity-output device: ultrasound-output, usecase[71]=ultrasound-proximity-output device: backends match 0
11-10 23:01:46.890 18817 18983 D ultrasound_extn: ultrasound_check_usecases_codec_backend:becf: check_usecases num.of Usecases to switch 0
11-10 23:01:46.890 18817 18983 D hardware_info: hw_info_append_hw_type : device_name = ultrasound-output
11-10 23:01:46.890 18817 18983 D audio_hw_primary: enable_snd_device: snd_device(122: ultrasound-output)
11-10 23:01:46.890 18817 18983 D msm8974_platform: platform_get_island_cfg_on_device:island cfg status on snd_device = (ultrasound-output 0)
11-10 23:01:46.890 18817 18983 I soundtrigger: audio_extn_sound_trigger_update_device_status: device 0x7a of type 0 for Event 1, with Raise=0
11-10 23:01:46.890 18817 18983 D audio_route: Apply path: ultrasound-output
11-10 23:01:46.890 18817 18983 D hardware_info: hw_info_append_hw_type : device_name = vi-feedback
11-10 23:01:46.890 18817 18983 D audio_hw_primary: enable_snd_device: snd_device(235: vi-feedback)
11-10 23:01:46.890 18817 18983 D msm8974_platform: platform_get_island_cfg_on_device:island cfg status on snd_device = (vi-feedback 0)
11-10 23:01:46.890 18817 18983 I soundtrigger: audio_extn_sound_trigger_update_device_status: device 0xeb of type 1 for Event 1, with Raise=0
11-10 23:01:46.890 18817 18983 D audio_route: Apply path: vi-feedback
11-10 23:01:46.890 18817 18983 D soundtrigger: audio_extn_sound_trigger_update_stream_status: uc_info->id 53 of type 1 for Event 3, with Raise=0
11-10 23:01:46.890 18817 18983 D audio_hw_utils: audio_extn_utils_send_app_type_cfg: usecase->in_snd_device vi-feedback
11-10 23:01:46.890 18817 18983 E audio_hw_utils: send_app_type_cfg_for_device: Could not get ctl for mixer cmd - Audio Stream Capture 32 App Type Cfg
11-10 23:01:46.890 18817 18983 D ACDB-LOADER: ACDB -> send_audio_cal, acdb_id = 102, path = 1, app id = 0x11132, sample rate = 8000, afe_sample_rate = 8000
11-10 23:01:46.890 18817 18983 D ACDB-LOADER: ACDB -> send_asm_topology
11-10 23:01:46.890 18817 18983 D ACDB-LOADER: ACDB -> ACDB_CMD_GET_AUDPROC_STREAM_TOPOLOGY_ID
11-10 23:01:46.890 18817 18983 D ACDB-LOADER: ACDB -> send_adm_topology
11-10 23:01:46.890 18817 18983 D ACDB-LOADER: ACDB -> ACDB_CMD_GET_AUDPROC_COMMON_TOPOLOGY_ID
11-10 23:01:46.890 18817 18983 D ACDB-LOADER: ACDB -> send_audtable
11-10 23:01:46.890 18817 18983 D ACDB-LOADER: ACDB -> ACDB_CMD_GET_AUDPROC_INSTANCE_COMMON_TABLE_SIZE
11-10 23:01:46.891 18817 18983 D ACDB-LOADER: ACDB -> ACDB_CMD_GET_AUDPROC_INSTANCE_COMMON_TABLE
11-10 23:01:46.891 18817 18983 D ACDB-LOADER: ACDB -> AUDIO_SET_AUDPROC_CAL cal_type[11] acdb_id[102] app_type[69938]
11-10 23:01:46.891 18817 18983 D ACDB-LOADER: check_fnn_usecase_status: fnn usecase active 0
11-10 23:01:46.891 18817 18983 D ACDB-LOADER: ACDB -> ACDB_CMD_GET_PERSISTENT_AUDPROC_INSTANCE_COMMON_TABLE_SIZE
11-10 23:01:46.891 18817 18983 D android.hardware.audio.service: [Data Manager]-> No data found
11-10 23:01:46.891 18817 18983 D ACDB-LOADER: Error: ACDB_CMD_GET_PERSISTENT_AUDPROC_INSTANCE_COMMON_TABLE_SIZE returned -18
11-10 23:01:46.891 18817 18983 D ACDB-LOADER: ACDB -> send_audproc_persist_table -18
11-10 23:01:46.891 18817 18983 D ACDB-LOADER: Error: Invalid Audproc persist size = -18
11-10 23:01:46.891 18817 18983 D ACDB-LOADER: ACDB -> ACDB_CMD_GET_AUDPROC_INSTANCE_STREAM_TABLE_SIZE
11-10 23:01:46.891 18817 18983 D ACDB-LOADER: ACDB -> send_audstrmtable
11-10 23:01:46.891 18817 18983 D ACDB-LOADER: ACDB -> ACDB_CMD_GET_AUDPROC_INSTANCE_STREAM_TABLE
11-10 23:01:46.891 18817 18983 D ACDB-LOADER: ACDB -> audstrm_cal->cal_type.cal_data.cal_size = 20
11-10 23:01:46.891 18817 18983 D ACDB-LOADER: ACDB -> send_afe_topology
11-10 23:01:46.891 18817 18983 D ACDB-LOADER: ACDB -> ACDB_CMD_GET_AFE_TOPOLOGY_ID
11-10 23:01:46.891 18817 18983 D ACDB-LOADER: ACDB -> GET_AFE_TOPOLOGY_ID for adcd_id 102, Topology Id 1000b909
11-10 23:01:46.891 18817 18983 D ACDB-LOADER: ACDB -> send_afe_cal
11-10 23:01:46.891 18817 18983 D ACDB-LOADER: ACDB -> ACDB_CMD_GET_AFE_INSTANCE_COMMON_TABLE_SIZE
11-10 23:01:46.891 18817 18983 D ACDB-LOADER: ACDB -> ACDB_CMD_GET_AFE_INSTANCE_COMMON_TABLE
11-10 23:01:46.891 18817 18983 D ACDB-LOADER: ACDB -> AUDIO_SET_AFE_CAL cal_type[17] acdb_id[102]
11-10 23:01:46.891 18817 18983 D ACDB-LOADER: ACDB -> send_hw_delay : acdb_id = 102 path = 1
11-10 23:01:46.891 18817 18983 D ACDB-LOADER: ACDB -> ACDB_AVSYNC_INFO: ACDB_CMD_GET_DEVICE_PROPERTY
11-10 23:01:46.891 18817 18983 D audio_hw_primary: enable_audio_route: apply mixer and update path: spkr-vi-record
11-10 23:01:46.891 18817 18983 D audio_route: Apply path: spkr-vi-record
11-10 23:01:46.892 18817 18983 E audio_hw_tfa98xx_feedback: pcm_dev_tx_id = 32
11-10 23:01:46.892 0 0 D lahaina-asoc-snd soc: qcom,msm-audio-apr:qcom,q6core-audio:sound: msm_mi2s_snd_startup: substream = subdevice #0 stream = 1, dai name Tertiary MI2S, dai ID 2
11-10 23:01:46.892 0 0 D lahaina-asoc-snd soc: qcom,msm-audio-apr:qcom,q6core-audio:sound: msm_mi2s_set_sclk: clock rate 6144000l
11-10 23:01:46.892 18891 18891 I SystemServerTiming: OnBootPhase_500_com.android.server.LooperStatsService$Lifecycle
11-10 23:01:46.892 18891 18891 I SystemServerTiming: OnBootPhase_500_com.android.server.rollback.RollbackManagerService
11-10 23:01:46.892 18891 18891 I SystemServerTiming: OnBootPhase_500_com.android.server.os.BugreportManagerService
11-10 23:01:46.892 18891 18891 I SystemServerTiming: OnBootPhase_500_com.android.server.gpu.GpuService
11-10 23:01:46.892 18891 18891 I SystemServerTiming: OnBootPhase_500_com.android.server.security.KeyChainSystemService
11-10 23:01:46.892 18891 18891 I SystemServerTiming: OnBootPhase_500_com.android.server.telecom.TelecomLoaderService
11-10 23:01:46.892 18891 18891 I SystemServerTiming: OnBootPhase_500_com.android.server.accounts.AccountManagerService$Lifecycle
11-10 23:01:46.892 18891 18891 I SystemServerTiming: OnBootPhase_500_com.android.server.content.ContentService$Lifecycle
11-10 23:01:46.892 18891 18891 I SystemServerTiming: OnBootPhase_500_com.android.server.DropBoxManagerService
11-10 23:01:46.892 0 0 D msm_be_hw_params_fixup: dai_id= 46, format = 32, rate = 48000
11-10 23:01:46.892 0 0 D msm_be_hw_params_fixup: dai_id= 46, format = 6, rate = 96000
11-10 23:01:46.892 0 0 D msm_be_hw_params_fixup: dai_id= 46, format = 6, rate = 96000
11-10 23:01:46.892 0 0 D msm-dai-q6-mi2s soc: qcom,msm-dai-mi2s:qcom,msm-dai-q6-mi2s-tert: msm_dai_q6_mi2s_hw_params: dai id 2 dai_data->channels = 2
11-10 23:01:46.892 0 0 D : sample_rate = 96000 i2s_cfg_minor_version = 0x1
11-10 23:01:46.892 0 0 D : bit_width = 24 channel_mode = 0x1 mono_stereo = 0x1
11-10 23:01:46.892 0 0 D : ws_src = 0x1 sample_rate = 96000 data_format = 0x0
11-10 23:01:46.892 0 0 D : reserved = 0
11-10 23:01:46.892 18891 18891 I SystemServerTiming: OnBootPhase_500_com.android.server.AlarmManagerService
11-10 23:01:46.892 0 0 D msm_mi2s_get_port_id: port_id = 0x1005
11-10 23:01:46.892 0 0 D msm-dai-q6-mi2s soc: qcom,msm-dai-mi2s:qcom,msm-dai-q6-mi2s-tert: msm_dai_q6_mi2s_prepare: dai id 2, afe port id = 0x1005
11-10 23:01:46.892 0 0 D : dai_data->channels = 2 sample_rate = 96000
11-10 23:01:46.892 0 0 I afe_get_cal_topology_id: port_id = 0x1005 acdb_id = 102 topology_id = 0x1000b909 cal_type_index=8 ret=0
11-10 23:01:46.893 18891 18891 I SystemServerTiming: OnBootPhase_500_com.android.server.BluetoothService
11-10 23:01:46.893 18891 18891 I SystemServerTiming: OnBootPhase_500_com.android.server.connectivity.IpConnectivityMetrics
11-10 23:01:46.893 0 0 I afe_send_hw_delay: port_id 0x1005 rate 96000 delay_usec 289 status 0
11-10 23:01:46.894 18891 18891 I SystemServerTiming: OnBootPhase_500_com.android.server.net.watchlist.NetworkWatchlistService$Lifecycle
11-10 23:01:46.894 18891 18891 I SystemServerTiming: OnBootPhase_500_com.android.server.PinnerService
11-10 23:01:46.894 18891 18891 I SystemServerTiming: OnBootPhase_500_com.google.android.startop.iorap.IorapForwardingService
11-10 23:01:46.894 18891 18891 I SystemServerTiming: OnBootPhase_500_com.android.server.wm.AppLockService
11-10 23:01:46.894 18891 18891 V AppLockService_AppLock: onBootPhase PHASE_SYSTEM_SERVICES_READY
11-10 23:01:46.894 18891 18891 I SystemServerTiming: OnBootPhase_500_com.android.server.integrity.AppIntegrityManagerService
11-10 23:01:46.894 18891 18891 I SystemServerTiming: OnBootPhase_500_com.android.server.inputmethod.InputMethodManagerService$Lifecycle
11-10 23:01:46.894 18891 18891 I SystemServerTiming: OnBootPhase_500_com.android.server.accessibility.AccessibilityManagerService$Lifecycle
11-10 23:01:46.894 18891 18891 I SystemServerTiming: OnBootPhase_500_com.android.server.StorageManagerService$Lifecycle
11-10 23:01:46.895 18891 18891 I SystemServerTiming: OnBootPhase_500_com.android.server.usage.StorageStatsService$Lifecycle
11-10 23:01:46.895 18891 18891 I SystemServerTiming: OnBootPhase_500_com.android.server.UiModeManagerService
11-10 23:01:46.896 18891 18891 I ActivityTaskManager: Config changes=200 {1.0 ?mcc?mnc [ja_JP] ldltr sw392dp w392dp h786dp 440dpi nrml long port night finger -keyb/h/h -nav/h winConfig={ mBounds=Rect(0, 0 - 1080, 2400) mAppBounds=Rect(0, 104 - 1080, 2268) mWindowingMode=fullscreen mDisplayWindowingMode=fullscreen mActivityType=undefined mAlwaysOnTop=undefined mRotation=ROTATION_0} s.6}
11-10 23:01:46.896 0 0 I [CSPL] crus_afe_port_start: 0x1005
11-10 23:01:46.896 0 0 D msm-dai-q6-mi2s soc: qcom,msm-dai-mi2s:qcom,msm-dai-q6-mi2s-tert: msm_dai_q6_mi2s_prepare: set hwfree_status to started
11-10 23:01:46.896 18891 18891 I WindowManager: Override config changes=200 {1.0 ?mcc?mnc [ja_JP] ldltr sw392dp w392dp h786dp 440dpi nrml long port night finger -keyb/h/h -nav/h winConfig={ mBounds=Rect(0, 0 - 1080, 2400) mAppBounds=Rect(0, 104 - 1080, 2268) mWindowingMode=fullscreen mDisplayWindowingMode=fullscreen mActivityType=undefined mAlwaysOnTop=undefined mRotation=ROTATION_0} s.6} for displayId=0
11-10 23:01:46.897 18891 18891 I SystemServerTiming: OnBootPhase_500_com.android.server.locksettings.LockSettingsService$Lifecycle
11-10 23:01:46.897 18891 18891 I SystemServerTiming: OnBootPhase_500_com.android.server.PersistentDataBlockService
11-10 23:01:46.897 18891 18891 I SystemServerTiming: OnBootPhase_500_com.android.server.testharness.TestHarnessModeService
11-10 23:01:46.897 18891 18891 D TestHarnessModeService: Setting up test harness mode
11-10 23:01:46.897 18891 18891 D TestHarnessModeService: Getting PersistentDataBlockManagerInternal from LocalServices
11-10 23:01:46.898 18817 18983 D soundtrigger: audio_extn_sound_trigger_update_stream_status: uc_info->id 71 of type 0 for Event 3, with Raise=0
11-10 23:01:46.898 18817 18983 D audio_hw_utils: audio_extn_utils_send_app_type_cfg: usecase->out_snd_device ultrasound-output
11-10 23:01:46.898 18817 18983 D ACDB-LOADER: ACDB -> send_audio_cal, acdb_id = 7, path = 0, app id = 0x0, sample rate = 96000, afe_sample_rate = 96000
11-10 23:01:46.898 18817 18983 D ACDB-LOADER: ACDB -> send_asm_topology
11-10 23:01:46.898 18817 18983 D ACDB-LOADER: ACDB -> ACDB_CMD_GET_AUDPROC_STREAM_TOPOLOGY_ID
11-10 23:01:46.898 18817 18983 D ACDB-LOADER: Error: ACDB get asm topology returned = -8
11-10 23:01:46.898 18817 18983 D ACDB-LOADER: ACDB -> send_adm_topology
11-10 23:01:46.898 18817 18983 D ACDB-LOADER: ACDB -> ACDB_CMD_GET_AUDPROC_COMMON_TOPOLOGY_ID
11-10 23:01:46.898 18817 18983 D ACDB-LOADER: Error: ACDB get adm topology for acdb id = 7, returned = -8
11-10 23:01:46.898 18817 18983 D ACDB-LOADER: ACDB -> send_audtable
11-10 23:01:46.898 18817 18983 D ACDB-LOADER: ACDB -> ACDB_CMD_GET_AUDPROC_INSTANCE_COMMON_TABLE_SIZE
11-10 23:01:46.898 18817 18983 D android.hardware.audio.service: Failed to fetch the lookup information of the device 00000007
11-10 23:01:46.898 18817 18983 D ACDB-LOADER: Error: ACDB_CMD_GET_AUDPROC_INSTANCE_COMMON_TABLE_SIZE Returned = -19
11-10 23:01:46.898 18817 18983 D ACDB-LOADER: ACDB -> ACDB_CMD_GET_AUDPROC_INSTANCE_COMMON_TABLE
11-10 23:01:46.898 18817 18983 D android.hardware.audio.service: Failed to fetch the lookup information of the device 00000007
11-10 23:01:46.898 18817 18983 D ACDB-LOADER: Error: ACDB audproc returned = -19
11-10 23:01:46.898 18817 18983 D ACDB-LOADER: ACDB -> AUDIO_SET_AUDPROC_CAL cal_type[11] acdb_id[7] app_type[0]
11-10 23:01:46.898 18817 18983 D ACDB-LOADER: ACDB -> send_audvoltable
11-10 23:01:46.898 18817 18983 D ACDB-LOADER: ACDB -> ACDB_CMD_GET_AUDPROC_INSTANCE_GAIN_DEP_STEP_TABLE_SIZE
11-10 23:01:46.898 18817 18983 D android.hardware.audio.service: Failed to fetch the lookup information of the device 00000007
11-10 23:01:46.898 18817 18983 D ACDB-LOADER: Error: ACDB_CMD_GET_AUDPROC_INSTANCE_GAIN_DEP_STEP_TABLE_SIZE Returned = -19
11-10 23:01:46.898 18817 18983 D ACDB-LOADER: ACDB -> ACDB_CMD_GET_AUDPROC_INSTANCE_GAIN_DEP_STEP_TABLE, vol index 0
11-10 23:01:46.898 18817 18983 D android.hardware.audio.service: Failed to fetch the lookup information of the device 00000007
11-10 23:01:46.898 18817 18983 D ACDB-LOADER: Error: ACDB AudProc vol returned = -19
11-10 23:01:46.898 18817 18983 D ACDB-LOADER: ACDB -> AUDIO_SET_VOL_CAL cal type = 12
11-10 23:01:46.898 18817 18983 D ACDB-LOADER: ACDB -> ACDB_CMD_GET_AUDPROC_INSTANCE_STREAM_TABLE_SIZE
11-10 23:01:46.898 18817 18983 D android.hardware.audio.service: Failed to fetch the lookup information of the appid 00000000
11-10 23:01:46.898 18817 18983 D ACDB-LOADER: Error: ACDB_CMD_GET_AUDPROC_INSTANCE_STREAM_TABLE_SIZE Returned = -19
11-10 23:01:46.898 18817 18983 D ACDB-LOADER: ACDB -> send_audstrmtable
11-10 23:01:46.898 18817 18983 D ACDB-LOADER: ACDB -> ACDB_CMD_GET_AUDPROC_INSTANCE_STREAM_TABLE
11-10 23:01:46.898 18817 18983 D android.hardware.audio.service: Failed to fetch the lookup information of the appid 00000000
11-10 23:01:46.898 18817 18983 D ACDB-LOADER: Error: ACDB get audstream table returned = -19
11-10 23:01:46.898 18817 18983 D ACDB-LOADER: ACDB -> send_afe_topology
11-10 23:01:46.898 18817 18983 D ACDB-LOADER: ACDB -> ACDB_CMD_GET_AFE_TOPOLOGY_ID
11-10 23:01:46.898 18817 18983 D ACDB-LOADER: ACDB -> GET_AFE_TOPOLOGY_ID for adcd_id 7, Topology Id 112fc
11-10 23:01:46.899 18817 18983 D ACDB-LOADER: ACDB -> send_afe_cal
11-10 23:01:46.899 18817 18983 D ACDB-LOADER: ACDB -> ACDB_CMD_GET_AFE_INSTANCE_COMMON_TABLE_SIZE
11-10 23:01:46.899 18817 18983 D android.hardware.audio.service: Failed to fetch the lookup information of the device 00000007
11-10 23:01:46.899 18817 18983 D ACDB-LOADER: Error: ACDB_CMD_GET_AFE_INSTANCE_COMMON_TABLE_SIZE Returned = -19
11-10 23:01:46.899 18817 18983 D ACDB-LOADER: ACDB -> ACDB_CMD_GET_AFE_INSTANCE_COMMON_TABLE
11-10 23:01:46.899 18817 18983 D android.hardware.audio.service: Failed to fetch the lookup information of the device 00000007
11-10 23:01:46.899 18817 18983 D ACDB-LOADER: Error: ACDB AFE returned = -19
11-10 23:01:46.899 18817 18983 D ACDB-LOADER: ACDB -> AUDIO_SET_AFE_CAL cal_type[16] acdb_id[7]
11-10 23:01:46.899 18817 18983 D ACDB-LOADER: ACDB -> send_hw_delay : acdb_id = 7 path = 0
11-10 23:01:46.899 18817 18983 D ACDB-LOADER: ACDB -> ACDB_AVSYNC_INFO: ACDB_CMD_GET_DEVICE_PROPERTY
11-10 23:01:46.899 18817 18983 D audio_hw_primary: enable_audio_route: apply mixer and update path: ultrasound-proximity-output handset
11-10 23:01:46.899 18817 18983 D audio_route: Apply path: ultrasound-proximity-output handset
11-10 23:01:46.899 18891 18918 D PinnerService: pinRangeStream: null
11-10 23:01:46.901 18891 18891 I SystemServerTiming: OnBootPhase_500_com.android.server.oemlock.OemLockService
11-10 23:01:46.901 0 0 D [tfa98xx] tfa98xx_set_profile(): selected container profile [1]
11-10 23:01:46.901 18891 18891 I SystemServerTiming: OnBootPhase_500_com.android.server.DeviceIdleController
11-10 23:01:46.901 18817 18983 D ultrasound_extn: ultrasound_start_rx: pcm device id 44
11-10 23:01:46.901 0 0 D lahaina-asoc-snd soc: qcom,msm-audio-apr:qcom,q6core-audio:sound: msm_mi2s_snd_startup: substream = subdevice #0 stream = 0, dai name Tertiary MI2S, dai ID 2
11-10 23:01:46.901 0 0 D msm_be_hw_params_fixup: dai_id= 45, format = 2, rate = 96000
11-10 23:01:46.901 0 0 D msm_be_hw_params_fixup: dai_id= 45, format = 6, rate = 96000
11-10 23:01:46.901 0 0 E : tfa98xx_hw_params-1
11-10 23:01:46.901 0 0 D [tfa98xx] tfa98xx_hw_params(): Requested rate: 96000, sample size: 24, physical size: 32
11-10 23:01:46.901 0 0 D [tfa98xx] tfa98xx_hw_params(): tfa98xx_hw_params: Requested width: 24
11-10 23:01:46.901 0 0 D [tfa98xx] tfa98xx_hw_params(): mixer profile:container profile = [1:1]
11-10 23:01:46.901 0 0 D msm_be_hw_params_fixup: dai_id= 45, format = 6, rate = 96000
11-10 23:01:46.901 0 0 E : tfa98xx_hw_params-1
11-10 23:01:46.901 0 0 D [tfa98xx] tfa98xx_hw_params(): Requested rate: 96000, sample size: 24, physical size: 32
11-10 23:01:46.901 0 0 D [tfa98xx] tfa98xx_hw_params(): tfa98xx_hw_params: Requested width: 24
11-10 23:01:46.901 0 0 D [tfa98xx] tfa98xx_hw_params(): mixer profile:container profile = [1:1]
11-10 23:01:46.901 0 0 D msm_be_hw_params_fixup: dai_id= 45, format = 6, rate = 96000
11-10 23:01:46.901 0 0 D msm-dai-q6-mi2s soc: qcom,msm-dai-mi2s:qcom,msm-dai-q6-mi2s-tert: msm_dai_q6_mi2s_hw_params: dai id 2 dai_data->channels = 2
11-10 23:01:46.901 0 0 D : sample_rate = 96000 i2s_cfg_minor_version = 0x1
11-10 23:01:46.901 0 0 D : bit_width = 24 channel_mode = 0x2 mono_stereo = 0x1
11-10 23:01:46.901 0 0 D : ws_src = 0x1 sample_rate = 96000 data_format = 0x0
11-10 23:01:46.901 0 0 D : reserved = 0
11-10 23:01:46.902 0 0 D msm_mi2s_get_port_id: port_id = 0x1004
11-10 23:01:46.902 0 0 D msm-dai-q6-mi2s soc: qcom,msm-dai-mi2s:qcom,msm-dai-q6-mi2s-tert: msm_dai_q6_mi2s_prepare: dai id 2, afe port id = 0x1004
11-10 23:01:46.902 0 0 D : dai_data->channels = 2 sample_rate = 96000
11-10 23:01:46.902 0 0 I afe_get_cal_topology_id: port_id = 0x1004 acdb_id = 7 topology_id = 0x112fc cal_type_index=8 ret=0
11-10 23:01:46.902 18891 18891 E HistoricalRegistry: Interaction before persistence initialized
11-10 23:01:46.902 0 0 E send_afe_cal_type: No cal sent for cal_index 0, port_id = 0x1004! ret -22
11-10 23:01:46.902 0 0 I afe_send_hw_delay: port_id 0x1004 rate 96000 delay_usec 0 status 0
11-10 23:01:46.902 18891 18891 I SystemServerTiming: OnBootPhase_500_com.android.server.devicepolicy.DevicePolicyManagerService$Lifecycle
11-10 23:01:46.902 18891 18891 I SystemServerTiming: OnBootPhase_500_com.android.server.textservices.TextServicesManagerService$Lifecycle
11-10 23:01:46.902 18891 18891 I SystemServerTiming: OnBootPhase_500_com.android.server.textclassifier.TextClassificationManagerService$Lifecycle
11-10 23:01:46.902 18891 18891 I SystemServerTiming: OnBootPhase_500_com.android.server.NetworkScoreService$Lifecycle
11-10 23:01:46.902 18891 18891 I SystemServerTiming: OnBootPhase_500_com.android.server.wifi.WifiService
11-10 23:01:46.903 18891 18891 I SystemServerTiming: OnBootPhase_500_com.android.server.wifi.scanner.WifiScanningService
11-10 23:01:46.903 18891 18891 I SystemServerTiming: OnBootPhase_500_com.android.server.wifi.rtt.RttService
11-10 23:01:46.905 18891 18918 D PinnerService: pinRangeStream: null
11-10 23:01:46.906 18891 18918 D PinnerService: pinRangeStream: null
11-10 23:01:46.906 0 0 I [CSPL] crus_afe_port_start: 0x1004
11-10 23:01:46.906 0 0 D msm-dai-q6-mi2s soc: qcom,msm-dai-mi2s:qcom,msm-dai-q6-mi2s-tert: msm_dai_q6_mi2s_prepare: set hwfree_status to started
11-10 23:01:46.906 0 0 I tfa98xx 1-0034: tfa98xx_mute: state: 0
11-10 23:01:46.906 0 0 E tfa98xx_mute-1 mute:
11-10 23:01:46.906 0 0 D [tfa98xx] tfa98xx_mute(): [goodix] tfa98xx_mute dsp_init=0
11-10 23:01:46.906 0 0 D [tfa98xx] tfa98xx_dsp_init(): [goodix] tfa98xx_dsp_init init_count=0
11-10 23:01:46.906 0 0 D [tfa98xx] tfa98xx_tfa_start(): tfa98xx_tfa_start next_profile=1 vstep=0
11-10 23:01:46.906 0 0 D [tfa98xx] tfa_dev_start(): entry...
11-10 23:01:46.907 18891 18891 I SystemServerTiming: OnBootPhase_500_com.android.server.wifi.aware.WifiAwareService
11-10 23:01:46.907 0 0 I [tfa98xx] tfa_dev_start(): Active_profile:handset, next_profile:handset
11-10 23:01:46.907 18891 19097 I chatty : uid=1000 system_server expire 4 lines
11-10 23:01:46.908 0 0 D [tfa98xx] show_current_state(): Current HW manager state:
11-10 23:01:46.908 0 0 D [tfa98xx] show_current_state(): power_down_state
11-10 23:01:46.908 0 0 D [tfa98xx] show_current_state(): Current HW manager state:
11-10 23:01:46.908 0 0 D [tfa98xx] show_current_state(): power_down_state
11-10 23:01:46.909 0 0 D [tfa98xx] tfaRunSpeakerBoost(): Startup of device [RCV] is a warmstart
11-10 23:01:46.909 0 0 D [tfa98xx] tfa_dev_start(): [goodix] tfa_dev_start after osc_powerdown
11-10 23:01:46.909 0 0 D [tfa98xx] tfa_dev_set_state(): tfa_dev_set_state() state=5 is_calibration=0
11-10 23:01:46.910 0 0 D [tfa98xx] tfa_dev_set_state(): tfa->is_probus_device=1 is_calibration=0
11-10 23:01:46.911 0 0 D [tfa98xx] tfa_dev_start(): [goodix] tfa_dev_start after implemented tfa_dev_set_state()
11-10 23:01:46.911 18891 18941 I chatty : uid=1000 system_server expire 3 lines
11-10 23:01:46.911 0 0 D [tfa98xx] tfa_dev_start(): [goodix] tfa_dev_start after implemented tfaContWriteProfile()
11-10 23:01:46.911 0 0 D [tfa98xx] show_current_state(): Current HW manager state:
11-10 23:01:46.911 0 0 D [tfa98xx] show_current_state(): enable_pll_state
11-10 23:01:46.912 18891 18891 I SystemServerTiming: OnBootPhase_500_com.android.server.wifi.p2p.WifiP2pService
11-10 23:01:46.912 18891 18891 I SystemServerTiming: OnBootPhase_500_com.android.server.ethernet.EthernetService
11-10 23:01:46.912 18891 19098 I chatty : uid=1000 system_server expire 3 lines
11-10 23:01:46.913 0 0 D [tfa98xx] tfa_dev_start(): [goodix] tfa_dev_start end...
11-10 23:01:46.913 0 0 D [tfa98xx] show_current_state(): Current HW manager state:
11-10 23:01:46.913 0 0 D [tfa98xx] show_current_state(): operating_state
11-10 23:01:46.913 0 0 D [tfa98xx] tfa98xx_tfa_start(): tfa98xx_tfa_start after performed tfa_dev_start return (0)
11-10 23:01:46.914 0 0 D tfa98xx 1-0034: tfa_dev_start success (0)
11-10 23:01:46.914 0 0 I tfa98xx 1-0035: tfa98xx_mute: state: 0
11-10 23:01:46.914 0 0 E tfa98xx_mute-1 mute:
11-10 23:01:46.914 0 0 D [tfa98xx] tfa98xx_mute(): [goodix] tfa98xx_mute dsp_init=0
11-10 23:01:46.914 0 0 D [tfa98xx] tfa98xx_dsp_init(): [goodix] tfa98xx_dsp_init init_count=0
11-10 23:01:46.914 0 0 D [tfa98xx] tfa98xx_tfa_start(): tfa98xx_tfa_start next_profile=1 vstep=0
11-10 23:01:46.914 0 0 D [tfa98xx] tfa_dev_start(): entry...
11-10 23:01:46.914 0 0 I [tfa98xx] tfa_dev_start(): Active_profile:NONE, next_profile:powerdown.standby
11-10 23:01:46.914 0 0 D [tfa98xx] show_current_state(): Current HW manager state:
11-10 23:01:46.914 0 0 D [tfa98xx] show_current_state(): power_down_state
11-10 23:01:46.914 0 0 I [tfa98xx] tfa_dev_start(): This is .standby profile, we do need power up device 0x35
11-10 23:01:46.914 0 0 D [tfa98xx] tfa_dev_start(): [goodix] tfa_dev_start end...
11-10 23:01:46.914 18891 19035 D ConnectivityService: Got NetworkProvider Messenger for Ethernet
11-10 23:01:46.914 18891 18891 I SystemServerTiming: OnBootPhase_500_com.android.server.notification.NotificationManagerService
11-10 23:01:46.916 18891 19099 I chatty : uid=1000 system_server expire 1 line
11-10 23:01:46.916 18891 18891 I SystemServerTiming: OnBootPhase_500_com.android.server.storage.DeviceStorageMonitorService
11-10 23:01:46.916 18891 18891 I SystemServerTiming: OnBootPhase_500_com.android.server.location.LocationManagerService$Lifecycle
11-10 23:01:46.916 0 0 D cnss : Runtime resume start
11-10 23:01:46.916 0 0 D cnss : Resuming PCI link
11-10 23:01:46.916 0 0 D [tfa98xx] show_current_state(): Current HW manager state:
11-10 23:01:46.916 0 0 D [tfa98xx] show_current_state(): power_down_state
11-10 23:01:46.916 0 0 D [tfa98xx] tfa98xx_tfa_start(): tfa98xx_tfa_start after performed tfa_dev_start return (0)
11-10 23:01:46.916 864 864 I android.hardware.wifi@1.0-service: Wifi HAL stopped
11-10 23:01:46.917 0 0 D tfa98xx 1-0035: tfa_dev_start success (0)
11-10 23:01:46.917 0 0 D [tfa98xx] tfa_dev_set_state(): tfa_dev_set_state() state=32 is_calibration=0
11-10 23:01:46.917 18891 18891 E HistoricalRegistry: Interaction before persistence initialized
11-10 23:01:46.917 0 0 D [tfa98xx] tfa_dev_set_state(): tfa_dev_set_state() state=32 is_calibration=0
11-10 23:01:46.917 18891 18891 I SystemServerTiming: OnBootPhase_500_com.android.server.timedetector.TimeDetectorService$Lifecycle
11-10 23:01:46.917 18891 18891 I SystemServerTiming: OnBootPhase_500_com.android.server.timezonedetector.TimeZoneDetectorService$Lifecycle
11-10 23:01:46.917 18891 18891 I SystemServerTiming: OnBootPhase_500_com.android.server.search.SearchManagerService$Lifecycle
11-10 23:01:46.917 18891 18891 I SystemServerTiming: OnBootPhase_500_com.android.server.wallpaper.WallpaperManagerService$Lifecycle
11-10 23:01:46.917 18891 18891 I SystemServerTiming: OnBootPhase_500_com.android.server.audio.AudioService$Lifecycle
11-10 23:01:46.917 18891 18891 I SystemServerTiming: OnBootPhase_500_com.android.server.soundtrigger_middleware.SoundTriggerMiddlewareService$Lifecycle
11-10 23:01:46.918 18891 18891 I SystemServerTiming: OnBootPhase_500_com.android.server.DockObserver
11-10 23:01:46.918 18891 18891 I SystemServerTiming: OnBootPhase_500_com.android.server.midi.MidiService$Lifecycle
11-10 23:01:46.918 18891 18891 I SystemServerTiming: OnBootPhase_500_com.android.server.adb.AdbService$Lifecycle
11-10 23:01:46.918 18891 18891 I SystemServerTiming: OnBootPhase_500_com.android.server.usb.UsbService$Lifecycle
11-10 23:01:46.918 18891 18891 I SystemServerTiming: OnBootPhase_500_com.android.server.twilight.TwilightService
11-10 23:01:46.918 18891 18891 I SystemServerTiming: OnBootPhase_500_com.android.server.display.color.ColorDisplayService
11-10 23:01:46.918 18891 18891 I SystemServerTiming: OnBootPhase_500_com.android.server.job.JobSchedulerService
11-10 23:01:46.918 0 0 D cnss : Set PCI link status to: 2
11-10 23:01:46.918 0 0 D cnss : Setting MHI state: RESUME(7)
11-10 23:01:46.918 18891 18891 E HistoricalRegistry: Interaction before persistence initialized
11-10 23:01:46.918 18891 18891 I SystemServerTiming: OnBootPhase_500_com.android.server.soundtrigger.SoundTriggerService
11-10 23:01:46.918 18891 18891 D SoundTriggerService: onBootPhase: 500 : false
11-10 23:01:46.918 18891 18891 I SystemServerTiming: OnBootPhase_500_com.android.server.trust.TrustManagerService
11-10 23:01:46.918 18817 18983 D ultrasound_extn: ultrasound_start_rx: exit - success
11-10 23:01:46.918 18817 18983 D ultrasound_extn: ultrasound_start: ultrasound_start_rx err:0
11-10 23:01:46.918 18817 18983 D ultrasound_extn: ultrasound_start: ultrasound_resume_usecase
11-10 23:01:46.918 18817 18983 D ultrasound_extn: ultrasound_resume_usecase: resume
11-10 23:01:46.919 18891 18891 I SystemServerTiming: OnBootPhase_500_com.android.server.backup.BackupManagerService$Lifecycle
11-10 23:01:46.919 18891 18891 I SystemServerTiming: OnBootPhase_500_com.android.server.appwidget.AppWidgetService
11-10 23:01:46.919 18891 18891 I SystemServerTiming: OnBootPhase_500_com.android.server.role.RoleManagerService
11-10 23:01:46.919 18891 18891 I SystemServerTiming: OnBootPhase_500_com.android.server.voiceinteraction.VoiceInteractionManagerService
11-10 23:01:46.919 18891 18891 I SystemServerTiming: OnBootPhase_500_com.android.server.GestureLauncherService
11-10 23:01:46.919 18891 18891 I SystemServerTiming: OnBootPhase_500_com.android.server.SensorNotificationService
11-10 23:01:46.919 18891 18891 I SystemServerTiming: OnBootPhase_500_com.android.server.emergency.EmergencyAffordanceService
11-10 23:01:46.919 18891 18891 I SystemServerTiming: OnBootPhase_500_com.android.server.dreams.DreamManagerService
11-10 23:01:46.919 18891 18891 I SystemServerTiming: OnBootPhase_500_com.android.server.print.PrintManagerService
11-10 23:01:46.919 18891 18891 I SystemServerTiming: OnBootPhase_500_com.android.server.companion.CompanionDeviceManagerService
11-10 23:01:46.919 18891 18891 I SystemServerTiming: OnBootPhase_500_com.android.server.restrictions.RestrictionsManagerService
11-10 23:01:46.919 18891 18891 I SystemServerTiming: OnBootPhase_500_com.android.server.media.MediaSessionService
11-10 23:01:46.919 18891 18891 I SystemServerTiming: OnBootPhase_500_com.android.server.media.MediaResourceMonitorService
11-10 23:01:46.919 18891 18891 I SystemServerTiming: OnBootPhase_500_com.android.server.biometrics.fingerprint.FingerprintService
11-10 23:01:46.919 18891 18891 I SystemServerTiming: OnBootPhase_500_com.android.server.blob.BlobStoreManagerService
11-10 23:01:46.919 18891 18891 I SystemServerTiming: OnBootPhase_500_com.android.server.biometrics.BiometricService
11-10 23:01:46.919 18891 18891 I SystemServerTiming: OnBootPhase_500_com.android.server.biometrics.AuthService
11-10 23:01:46.919 18891 18891 I SystemServerTiming: OnBootPhase_500_com.android.server.pm.ShortcutService$Lifecycle
11-10 23:01:46.919 18891 18891 I SystemServerTiming: OnBootPhase_500_com.android.server.pm.LauncherAppsService
11-10 23:01:46.919 18891 18891 I SystemServerTiming: OnBootPhase_500_com.android.server.pm.CrossProfileAppsService
11-10 23:01:46.919 18891 18891 I SystemServerTiming: OnBootPhase_500_com.android.server.pocket.PocketService
11-10 23:01:46.919 18891 18891 I SystemServerTiming: OnBootPhase_500_com.android.server.people.PeopleService
11-10 23:01:46.919 18891 18891 I SystemServerTiming: OnBootPhase_500_com.android.server.media.projection.MediaProjectionManagerService
11-10 23:01:46.919 18891 18891 I SystemServerTiming: OnBootPhase_500_com.android.server.slice.SliceManagerService$Lifecycle
11-10 23:01:46.919 18891 18891 I SystemServerTiming: OnBootPhase_500_com.android.server.camera.CameraServiceProxy
11-10 23:01:46.919 18891 18891 I SystemServerTiming: OnBootPhase_500_com.android.server.stats.StatsCompanion$Lifecycle
11-10 23:01:46.919 18891 18891 I SystemServerTiming: OnBootPhase_500_com.android.server.stats.pull.StatsPullAtomService
11-10 23:01:46.919 18891 18891 I SystemServerTiming: OnBootPhase_500_com.android.server.incident.IncidentCompanionService
11-10 23:01:46.919 18891 18891 I SystemServerTiming: OnBootPhase_500_com.android.server.MmsServiceBroker
11-10 23:01:46.919 18891 18891 I SystemServerTiming: OnBootPhase_500_com.android.server.autofill.AutofillManagerService
11-10 23:01:46.919 18891 18891 I SystemServerTiming: OnBootPhase_500_com.android.server.clipboard.ClipboardService
