11-10 23:01:48.986 888 1639 E QC2VppFilterCaps: failed to get user config, try default config
11-10 23:01:48.986 865 865 E QConfig : failed to find module QModKey_Static_VppFilter
11-10 23:01:48.986 888 1639 E QC2VppFilterDeviceQuery: failed to getUserConfigValue
11-10 23:01:48.986 888 1639 E QC2VppFilterCaps: failed to get preset
11-10 23:01:48.986 865 865 E QConfig : failed to find module QModKey_Dynamic_VppFilter
11-10 23:01:48.987 888 1639 E QC2VppFilterDeviceQuery: failed to getUserConfigValue
11-10 23:01:48.987 888 1639 E QC2VppFilterCaps: failed to get user config, try default config
11-10 23:01:48.987 865 865 E QConfig : failed to find module QModKey_Dynamic_VppFilter
11-10 23:01:48.987 888 1639 E QC2VppFilterDeviceQuery: failed to getUserConfigValue
11-10 23:01:48.987 888 1639 E QC2VppFilterCaps: failed to get preset
11-10 23:01:48.987 888 1639 E QC2VppFilterCaps: preset size is zero
11-10 23:01:48.989 19130 19130 I wificond: wificond is starting up...
11-10 23:01:48.989 19127 19127 I netdClient: Skipping libnetd_client init since *we* are netd
11-10 23:01:48.989 888 1639 I vendor.qti.media.c2@1.0-service: missing struct descriptor #Param::CoreIndex(--002) for field mastering of struct #Param::CoreIndex(--180a)
11-10 23:01:48.990 888 1639 I vendor.qti.media.c2@1.0-service: missing struct descriptor #Param::CoreIndex(-Vc010) for field window of struct #Param::CoreIndex(FV1c00d)
11-10 23:01:48.990 888 1639 I vendor.qti.media.c2@1.0-service: missing struct descriptor #Param::CoreIndex(-Vc01a) for field misr_info_top_field of struct #Param::CoreIndex(-Vc01b)
11-10 23:01:48.990 888 1639 I vendor.qti.media.c2@1.0-service: missing struct descriptor #Param::CoreIndex(-Vc01a) for field misr_info_bottom_field of struct #Param::CoreIndex(-Vc01b)
11-10 23:01:48.990 888 1639 E QC2VppFilterCaps: VppPictureSizeOutputSetter: Setting resolution 640x480
11-10 23:01:48.990 888 1639 E StandardCaps: Failed to read platform hdr value
11-10 23:01:48.990 888 1639 I vendor.qti.media.c2@1.0-service: get enum 0 from HQV_MODE_OFF
11-10 23:01:48.990 888 1639 I QC2VppFilterCaps: Seeting CNR is only allowed when mode is manual: mode=HQV_MODE_OFF
11-10 23:01:48.990 888 1639 I QC2VppFilterCaps: Setting FRC is only allowed when mode is manual: mode=HQV_MODE_OFF
11-10 23:01:48.990 888 1639 E QC2VppFilterExt: Setting AIS is not allowed when vpp mode is Not manual
11-10 23:01:48.990 888 1639 I vendor.qti.media.c2@1.0-service: get enum 0 from PROCESS_LEFT
11-10 23:01:48.990 888 1639 I QC2VppFilterCaps: Setting EAR is only allowed when mode is manual: mode=HQV_MODE_OFF
11-10 23:01:48.990 888 1639 I QC2VppFilterCaps: Setting AIE is only allowed when mode is manual: mode=HQV_MODE_OFF
11-10 23:01:48.990 888 1639 I QC2CompStore: Created interface(c2.qti.avc.decoder.secure) id(814)
11-10 23:01:48.990 19117 19125 D Codec2InfoBuilder: component 'c2.qti.avc.decoder.secure' not found in xml
11-10 23:01:48.991 865 865 E QConfig : failed to find module QModKey_Static_VppFilter
11-10 23:01:48.991 888 2149 E QC2VppFilterDeviceQuery: failed to getUserConfigValue
11-10 23:01:48.991 888 2149 E QC2VppFilterCaps: failed to get user config, try default config
11-10 23:01:48.991 865 865 E QConfig : failed to find module QModKey_Static_VppFilter
11-10 23:01:48.991 19112 19121 D audio_hw_utils: audio_extn_utils_open_snd_mixer: snd_card_name: lahaina-shimaidp-snd-card
11-10 23:01:48.991 888 2149 E QC2VppFilterDeviceQuery: failed to getUserConfigValue
11-10 23:01:48.991 888 2149 E QC2VppFilterCaps: failed to get preset
11-10 23:01:48.991 19112 19121 D audio_hw_utils: audio_extn_utils_open_snd_mixer: Opened sound card:0
11-10 23:01:48.991 19112 19121 D msm8974_platform: platform_init: Opened sound card:0
11-10 23:01:48.991 865 865 E QConfig : failed to find module QModKey_Dynamic_VppFilter
11-10 23:01:48.991 19112 19121 I audio_hw_extn: audio_extn_set_snd_card_split: snd_card_name(lahaina-shimaidp-snd-card) device(lahaina) snd_card(shimaidp) form_factor(snd)
11-10 23:01:48.991 888 2149 E QC2VppFilterDeviceQuery: failed to getUserConfigValue
11-10 23:01:48.991 888 2149 E QC2VppFilterCaps: failed to get user config, try default config
11-10 23:01:48.991 19112 19121 I msm8974_platform: update_codec_type_and_interface: snd_card_name: lahaina-shimaidp-snd-card
11-10 23:01:48.991 865 865 E QConfig : failed to find module QModKey_Dynamic_VppFilter
11-10 23:01:48.992 888 2149 E QC2VppFilterDeviceQuery: failed to getUserConfigValue
11-10 23:01:48.992 888 2149 E QC2VppFilterCaps: failed to get preset
11-10 23:01:48.992 888 2149 E QC2VppFilterCaps: preset size is zero
11-10 23:01:48.992 19112 19121 D audio_hw_extn: audio_extn_can_use_vbat: vbat.enabled property is set to false
11-10 23:01:48.992 19112 19121 D audio_hw_extn: audio_extn_can_use_bcl: bcl.enabled property is set to false
11-10 23:01:48.992 888 2149 I vendor.qti.media.c2@1.0-service: missing struct descriptor #Param::CoreIndex(--002) for field mastering of struct #Param::CoreIndex(--180a)
11-10 23:01:48.992 19112 19121 D msm8974_platform: Alac software decoder is available...removing alac from DSP decoder list
11-10 23:01:48.992 19112 19121 D msm8974_platform: APE software decoder is available...removing ape from DSP decoder list
11-10 23:01:48.992 888 2149 I vendor.qti.media.c2@1.0-service: missing struct descriptor #Param::CoreIndex(-Vc010) for field window of struct #Param::CoreIndex(FV1c00d)
11-10 23:01:48.992 888 2149 I vendor.qti.media.c2@1.0-service: missing struct descriptor #Param::CoreIndex(-Vc01a) for field misr_info_top_field of struct #Param::CoreIndex(-Vc01b)
11-10 23:01:48.992 888 2149 I vendor.qti.media.c2@1.0-service: missing struct descriptor #Param::CoreIndex(-Vc01a) for field misr_info_bottom_field of struct #Param::CoreIndex(-Vc01b)
11-10 23:01:48.992 888 2149 E QC2VppFilterCaps: VppPictureSizeOutputSetter: Setting resolution 640x480
11-10 23:01:48.992 888 2149 E StandardCaps: Failed to read platform hdr value
11-10 23:01:48.992 888 2149 I vendor.qti.media.c2@1.0-service: get enum 0 from HQV_MODE_OFF
11-10 23:01:48.992 888 2149 I QC2VppFilterCaps: Seeting CNR is only allowed when mode is manual: mode=HQV_MODE_OFF
11-10 23:01:48.992 888 2149 I QC2VppFilterCaps: Setting FRC is only allowed when mode is manual: mode=HQV_MODE_OFF
11-10 23:01:48.992 888 2149 E QC2VppFilterExt: Setting AIS is not allowed when vpp mode is Not manual
11-10 23:01:48.992 888 2149 I vendor.qti.media.c2@1.0-service: get enum 0 from PROCESS_LEFT
11-10 23:01:48.992 888 2149 I QC2VppFilterCaps: Setting EAR is only allowed when mode is manual: mode=HQV_MODE_OFF
11-10 23:01:48.992 888 2149 I QC2VppFilterCaps: Setting AIE is only allowed when mode is manual: mode=HQV_MODE_OFF
11-10 23:01:48.992 888 2149 I QC2CompStore: Created interface(c2.qti.hevc.decoder) id(815)
11-10 23:01:48.992 19127 19127 I netd : netd 1.0 starting
11-10 23:01:48.993 19112 19121 E msm8974_platform: find_index: Could not find index for name = SND_DEVICE_IN_USB_HEADSET_HEX_MIC
11-10 23:01:48.993 19112 19121 E platform_info: process_acdb_id: Device SND_DEVICE_IN_USB_HEADSET_HEX_MIC in platform info xml not found, no ACDB ID set!
11-10 23:01:48.993 19112 19121 E msm8974_platform: find_index: Could not find index for name = SND_DEVICE_IN_USB_HEADSET_HEX_MIC_AEC
11-10 23:01:48.993 19112 19121 E platform_info: process_acdb_id: Device SND_DEVICE_IN_USB_HEADSET_HEX_MIC_AEC in platform info xml not found, no ACDB ID set!
11-10 23:01:48.993 19112 19121 E msm8974_platform: find_index: Could not find index for name = SND_DEVICE_IN_UNPROCESSED_USB_HEADSET_HEX_MIC
11-10 23:01:48.993 19112 19121 E platform_info: process_acdb_id: Device SND_DEVICE_IN_UNPROCESSED_USB_HEADSET_HEX_MIC in platform info xml not found, no ACDB ID set!
11-10 23:01:48.993 19112 19121 E msm8974_platform: find_index: Could not find index for name = SND_DEVICE_IN_VOCE_RECOG_USB_HEADSET_HEX_MIC
11-10 23:01:48.993 19112 19121 E platform_info: process_acdb_id: Device SND_DEVICE_IN_VOCE_RECOG_USB_HEADSET_HEX_MIC in platform info xml not found, no ACDB ID set!
11-10 23:01:48.993 19117 19125 D Codec2InfoBuilder: component 'c2.qti.hevc.decoder' not found in xml
11-10 23:01:48.994 19112 19121 E msm8974_platform: find_index: Could not find index for name = SND_DEVICE_IN_SPEAKER_DMIC_AEC_NS_LP
11-10 23:01:48.994 19112 19121 E platform_info: process_audio_effect: Device SND_DEVICE_IN_SPEAKER_DMIC_AEC_NS_LP in platform info xml not found, no MODULE ID set!
11-10 23:01:48.994 888 997 I vendor.qti.media.c2@1.0-service: missing struct descriptor #Param::CoreIndex(-Vc010) for field window of struct #Param::CoreIndex(FV1c00d)
11-10 23:01:48.994 888 997 I vendor.qti.media.c2@1.0-service: missing struct descriptor #Param::CoreIndex(-Vc01a) for field misr_info_top_field of struct #Param::CoreIndex(-Vc01b)
11-10 23:01:48.994 888 997 I vendor.qti.media.c2@1.0-service: missing struct descriptor #Param::CoreIndex(-Vc01a) for field misr_info_bottom_field of struct #Param::CoreIndex(-Vc01b)
11-10 23:01:48.994 888 997 I vendor.qti.media.c2@1.0-service: missing struct descriptor #Param::CoreIndex(--002) for field mastering of struct #Param::CoreIndex(--180a)
11-10 23:01:48.994 19112 19121 E msm8974_platform: find_index: Could not find index for name = SND_DEVICE_IN_SPEAKER_DMIC_AEC_NS_LP
11-10 23:01:48.994 888 997 E StandardCaps: Failed to read platform hdr value
11-10 23:01:48.994 19112 19121 E platform_info: process_audio_effect: Device SND_DEVICE_IN_SPEAKER_DMIC_AEC_NS_LP in platform info xml not found, no MODULE ID set!
11-10 23:01:48.994 888 997 I QC2CompStore: Created interface(c2.qti.hevc.decoder.low_latency) id(816)
11-10 23:01:48.994 19117 19125 D Codec2InfoBuilder: component 'c2.qti.hevc.decoder.low_latency' not found in xml
11-10 23:01:48.995 19112 19121 V msm8974_platform: platform_set_parameters: enter: spkr_1_tz_name=wsatz.13
11-10 23:01:48.995 19112 19121 D msm8974_platform: platform_set_parameters: exit with code(0)
11-10 23:01:48.995 19112 19121 V msm8974_platform: platform_set_parameters: enter: spkr_1_tz_name=wsatz.13;spkr_2_tz_name=wsatz.14
11-10 23:01:48.995 19112 19121 D msm8974_platform: platform_set_parameters: exit with code(0)
11-10 23:01:48.995 19112 19121 V msm8974_platform: platform_set_parameters: enter: mono_speaker=left;spkr_1_tz_name=wsatz.13;spkr_2_tz_name=wsatz.14
11-10 23:01:48.995 19112 19121 D msm8974_platform: platform_set_parameters: exit with code(0)
11-10 23:01:48.995 19112 19121 V msm8974_platform: platform_set_parameters: enter: perf_lock_opts=4, 0x40400000, 0x1, 0x40C00000, 0x1;spkr_1_tz_name=wsatz.13;spkr_2_tz_name=wsatz.14
11-10 23:01:48.995 19112 19121 D msm8974_platform: platform_set_parameters: exit with code(0)
11-10 23:01:48.995 19112 19121 V msm8974_platform: platform_set_parameters: enter: native_audio_mode=multiple_mix_dsp;spkr_1_tz_name=wsatz.13;spkr_2_tz_name=wsatz.14
11-10 23:01:48.995 19112 19121 D msm8974_platform: native_audio_set_params:napb updating mode (4) from XML
11-10 23:01:48.995 19112 19121 D msm8974_platform: platform_set_native_support:napb: native audio playback disabled
11-10 23:01:48.995 19112 19121 D msm8974_platform: platform_set_parameters: exit with code(0)
11-10 23:01:48.995 19112 19121 V msm8974_platform: platform_set_parameters: enter: native_audio_mode=multiple_mix_dsp;input_mic_max_count=4;spkr_1_tz_name=wsatz.13;spkr_2_tz_name=wsatz.14
11-10 23:01:48.995 19112 19121 D msm8974_platform: native_audio_set_params:napb updating mode (4) from XML
11-10 23:01:48.995 19112 19121 D msm8974_platform: platform_set_native_support:napb: native audio playback disabled
11-10 23:01:48.995 19112 19121 D msm8974_platform: platform_set_parameters: exit with code(0)
11-10 23:01:48.995 19112 19121 V msm8974_platform: platform_set_parameters: enter: native_audio_mode=multiple_mix_dsp;spkr_1_tz_name=wsatz.13;spkr_2_tz_name=wsatz.14;true_32_bit=true
11-10 23:01:48.995 19112 19121 D msm8974_platform: native_audio_set_params:napb updating mode (4) from XML
11-10 23:01:48.995 19112 19121 D msm8974_platform: platform_set_native_support:napb: native audio playback disabled
11-10 23:01:48.995 19112 19121 D msm8974_platform: platform_set_parameters: exit with code(0)
11-10 23:01:48.995 19112 19121 V msm8974_platform: platform_set_parameters: enter: native_audio_mode=multiple_mix_dsp;spkr_1_tz_name=wsatz.13;spkr_2_tz_name=wsatz.14;hifi_filter=false
11-10 23:01:48.995 19112 19121 D msm8974_platform: native_audio_set_params:napb updating mode (4) from XML
11-10 23:01:48.995 19112 19121 D msm8974_platform: platform_set_native_support:napb: native audio playback disabled
11-10 23:01:48.995 19112 19121 D msm8974_platform: platform_set_parameters: exit with code(0)
11-10 23:01:48.995 19112 19121 V msm8974_platform: platform_set_parameters: enter: native_audio_mode=multiple_mix_dsp;usb_sidetone_gain=35;spkr_1_tz_name=wsatz.13;spkr_2_tz_name=wsatz.14
11-10 23:01:48.995 19112 19121 D msm8974_platform: native_audio_set_params:napb updating mode (4) from XML
11-10 23:01:48.995 19112 19121 D msm8974_platform: platform_set_native_support:napb: native audio playback disabled
11-10 23:01:48.995 19112 19121 D msm8974_platform: platform_set_parameters: exit with code(0)
11-10 23:01:48.995 865 865 E QConfig : failed to find module QModKey_Static_VppFilter
11-10 23:01:48.995 888 1639 E QC2VppFilterDeviceQuery: failed to getUserConfigValue
11-10 23:01:48.995 888 1639 E QC2VppFilterCaps: failed to get user config, try default config
11-10 23:01:48.995 865 865 E QConfig : failed to find module QModKey_Static_VppFilter
11-10 23:01:48.995 19112 19121 E msm8974_platform: find_index: Could not find index for name = SND_DEVICE_OUT_HEADPHONES_AND_HAPTICS
11-10 23:01:48.995 888 1639 E QC2VppFilterDeviceQuery: failed to getUserConfigValue
11-10 23:01:48.995 888 1639 E QC2VppFilterCaps: failed to get preset
11-10 23:01:48.995 19112 19121 E platform_info: process_backend_name: Device SND_DEVICE_OUT_HEADPHONES_AND_HAPTICS not found, no ACDB ID set!
11-10 23:01:48.996 865 865 E QConfig : failed to find module QModKey_Dynamic_VppFilter
11-10 23:01:48.996 888 1639 E QC2VppFilterDeviceQuery: failed to getUserConfigValue
11-10 23:01:48.996 888 1639 E QC2VppFilterCaps: failed to get user config, try default config
11-10 23:01:48.996 19112 19121 E msm8974_platform: find_index: Could not find index for name = SND_DEVICE_OUT_BT_SCO_WB_LP
11-10 23:01:48.996 19112 19121 E platform_info: process_backend_name: Device SND_DEVICE_OUT_BT_SCO_WB_LP not found, no ACDB ID set!
11-10 23:01:48.996 865 865 E QConfig : failed to find module QModKey_Dynamic_VppFilter
11-10 23:01:48.996 888 1639 E QC2VppFilterDeviceQuery: failed to getUserConfigValue
11-10 23:01:48.996 888 1639 E QC2VppFilterCaps: failed to get preset
11-10 23:01:48.996 19112 19121 E msm8974_platform: find_index: Could not find index for name = SND_DEVICE_OUT_BT_SCO_LP
11-10 23:01:48.996 888 1639 E QC2VppFilterCaps: preset size is zero
11-10 23:01:48.996 19112 19121 E platform_info: process_backend_name: Device SND_DEVICE_OUT_BT_SCO_LP not found, no ACDB ID set!
11-10 23:01:48.996 19112 19121 E msm8974_platform: find_index: Could not find index for name = SND_DEVICE_OUT_BT_A2DP_LP
11-10 23:01:48.996 19112 19121 E platform_info: process_backend_name: Device SND_DEVICE_OUT_BT_A2DP_LP not found, no ACDB ID set!
11-10 23:01:48.996 19112 19121 E msm8974_platform: find_index: Could not find index for name = SND_DEVICE_OUT_SPEAKER_HEADPHONES_AND_HAPTICS
11-10 23:01:48.996 888 1639 I vendor.qti.media.c2@1.0-service: missing struct descriptor #Param::CoreIndex(--002) for field mastering of struct #Param::CoreIndex(--180a)
11-10 23:01:48.996 19112 19121 E platform_info: process_backend_name: Device SND_DEVICE_OUT_SPEAKER_HEADPHONES_AND_HAPTICS not found, no ACDB ID set!
11-10 23:01:48.996 19112 19121 E msm8974_platform: find_index: Could not find index for name = SND_DEVICE_OUT_SPEAKER_SAFE_HEADPHONES_AND_HAPTICS
11-10 23:01:48.996 19112 19121 E platform_info: process_backend_name: Device SND_DEVICE_OUT_SPEAKER_SAFE_HEADPHONES_AND_HAPTICS not found, no ACDB ID set!
11-10 23:01:48.996 888 1639 I vendor.qti.media.c2@1.0-service: missing struct descriptor #Param::CoreIndex(-Vc010) for field window of struct #Param::CoreIndex(FV1c00d)
11-10 23:01:48.996 888 1639 I vendor.qti.media.c2@1.0-service: missing struct descriptor #Param::CoreIndex(-Vc01a) for field misr_info_top_field of struct #Param::CoreIndex(-Vc01b)
11-10 23:01:48.996 888 1639 I vendor.qti.media.c2@1.0-service: missing struct descriptor #Param::CoreIndex(-Vc01a) for field misr_info_bottom_field of struct #Param::CoreIndex(-Vc01b)
11-10 23:01:48.996 19112 19121 E msm8974_platform: find_index: Could not find index for name = SND_DEVICE_OUT_SPEAKER_USB_HEADSET_AND_HAPTICS
11-10 23:01:48.996 19112 19121 E platform_info: process_backend_name: Device SND_DEVICE_OUT_SPEAKER_USB_HEADSET_AND_HAPTICS not found, no ACDB ID set!
11-10 23:01:48.996 888 1639 E QC2VppFilterCaps: VppPictureSizeOutputSetter: Setting resolution 640x480
11-10 23:01:48.996 888 1639 E StandardCaps: Failed to read platform hdr value
11-10 23:01:48.996 888 1639 I vendor.qti.media.c2@1.0-service: get enum 0 from HQV_MODE_OFF
11-10 23:01:48.996 888 1639 I QC2VppFilterCaps: Seeting CNR is only allowed when mode is manual: mode=HQV_MODE_OFF
11-10 23:01:48.996 888 1639 I QC2VppFilterCaps: Setting FRC is only allowed when mode is manual: mode=HQV_MODE_OFF
11-10 23:01:48.996 888 1639 E QC2VppFilterExt: Setting AIS is not allowed when vpp mode is Not manual
11-10 23:01:48.996 888 1639 I vendor.qti.media.c2@1.0-service: get enum 0 from PROCESS_LEFT
11-10 23:01:48.996 19112 19121 E msm8974_platform: find_index: Could not find index for name = SND_DEVICE_OUT_SPEAKER_SAFE_USB_HEADSET_AND_HAPTICS
11-10 23:01:48.996 888 1639 I QC2VppFilterCaps: Setting EAR is only allowed when mode is manual: mode=HQV_MODE_OFF
11-10 23:01:48.996 888 1639 I QC2VppFilterCaps: Setting AIE is only allowed when mode is manual: mode=HQV_MODE_OFF
11-10 23:01:48.996 19112 19121 E platform_info: process_backend_name: Device SND_DEVICE_OUT_SPEAKER_SAFE_USB_HEADSET_AND_HAPTICS not found, no ACDB ID set!
11-10 23:01:48.996 888 1639 I QC2CompStore: Created interface(c2.qti.hevc.decoder.secure) id(817)
11-10 23:01:48.996 19130 19130 I HidlServiceManagement: Registered android.system.wifi.keystore@1.0::IKeystore/default
11-10 23:01:48.996 19127 19127 D TetherController: Setting IP forward enable = 0
11-10 23:01:48.996 19112 19121 E msm8974_platform: find_index: Could not find index for name = SND_DEVICE_OUT_VOICE_TTY_VCO_HEADSET
11-10 23:01:48.996 19112 19121 E platform_info: process_backend_name: Device SND_DEVICE_OUT_VOICE_TTY_VCO_HEADSET not found, no ACDB ID set!
11-10 23:01:48.997 19117 19125 D Codec2InfoBuilder: component 'c2.qti.hevc.decoder.secure' not found in xml
11-10 23:01:48.997 865 865 E QConfig : failed to find module QModKey_Static_VppFilter
11-10 23:01:48.997 888 2478 E QC2VppFilterDeviceQuery: failed to getUserConfigValue
11-10 23:01:48.997 888 2478 E QC2VppFilterCaps: failed to get user config, try default config
11-10 23:01:48.997 865 865 E QConfig : failed to find module QModKey_Static_VppFilter
11-10 23:01:48.997 888 2478 E QC2VppFilterDeviceQuery: failed to getUserConfigValue
11-10 23:01:48.997 888 2478 E QC2VppFilterCaps: failed to get preset
11-10 23:01:48.998 865 865 E QConfig : failed to find module QModKey_Dynamic_VppFilter
11-10 23:01:48.998 888 2478 E QC2VppFilterDeviceQuery: failed to getUserConfigValue
11-10 23:01:48.998 888 2478 E QC2VppFilterCaps: failed to get user config, try default config
11-10 23:01:48.998 865 865 E QConfig : failed to find module QModKey_Dynamic_VppFilter
11-10 23:01:48.998 888 2478 E QC2VppFilterDeviceQuery: failed to getUserConfigValue
11-10 23:01:48.998 888 2478 E QC2VppFilterCaps: failed to get preset
11-10 23:01:48.998 888 2478 E QC2VppFilterCaps: preset size is zero
11-10 23:01:48.998 888 2478 I vendor.qti.media.c2@1.0-service: missing struct descriptor #Param::CoreIndex(--002) for field mastering of struct #Param::CoreIndex(--180a)
11-10 23:01:48.998 888 2478 I vendor.qti.media.c2@1.0-service: missing struct descriptor #Param::CoreIndex(-Vc010) for field window of struct #Param::CoreIndex(FV1c00d)
11-10 23:01:48.998 888 2478 I vendor.qti.media.c2@1.0-service: missing struct descriptor #Param::CoreIndex(-Vc01a) for field misr_info_top_field of struct #Param::CoreIndex(-Vc01b)
11-10 23:01:48.998 888 2478 I vendor.qti.media.c2@1.0-service: missing struct descriptor #Param::CoreIndex(-Vc01a) for field misr_info_bottom_field of struct #Param::CoreIndex(-Vc01b)
11-10 23:01:48.998 888 2478 E QC2VppFilterCaps: VppPictureSizeOutputSetter: Setting resolution 640x480
11-10 23:01:48.998 888 2478 E StandardCaps: Failed to read platform hdr value
11-10 23:01:48.998 888 2478 I vendor.qti.media.c2@1.0-service: get enum 0 from HQV_MODE_OFF
11-10 23:01:48.998 888 2478 I QC2VppFilterCaps: Seeting CNR is only allowed when mode is manual: mode=HQV_MODE_OFF
11-10 23:01:48.998 888 2478 I QC2VppFilterCaps: Setting FRC is only allowed when mode is manual: mode=HQV_MODE_OFF
11-10 23:01:48.998 888 2478 E QC2VppFilterExt: Setting AIS is not allowed when vpp mode is Not manual
11-10 23:01:48.998 888 2478 I vendor.qti.media.c2@1.0-service: get enum 0 from PROCESS_LEFT
11-10 23:01:48.998 888 2478 I QC2VppFilterCaps: Setting EAR is only allowed when mode is manual: mode=HQV_MODE_OFF
11-10 23:01:48.998 888 2478 I QC2VppFilterCaps: Setting AIE is only allowed when mode is manual: mode=HQV_MODE_OFF
11-10 23:01:48.998 888 2478 I QC2CompStore: Created interface(c2.qti.vp9.decoder) id(818)
11-10 23:01:48.998 19112 19121 E msm8974_platform: find_index: Could not find index for name = SND_DEVICE_IN_SPEAKER_DMIC_AEC_NS_LP
11-10 23:01:48.998 19112 19121 E platform_info: process_backend_name: Device SND_DEVICE_IN_SPEAKER_DMIC_AEC_NS_LP not found, no ACDB ID set!
11-10 23:01:48.999 19117 19125 D Codec2InfoBuilder: component 'c2.qti.vp9.decoder' not found in xml
11-10 23:01:49.000 19112 19121 E msm8974_platform: find_index: Could not find index for name = SND_DEVICE_OUT_VOICE_SPEAKER_AND_VOICE_HEADPHONES
11-10 23:01:49.000 19112 19121 E platform_info: process_backend_name: Device SND_DEVICE_OUT_VOICE_SPEAKER_AND_VOICE_HEADPHONES not found, no ACDB ID set!
11-10 23:01:49.001 19112 19121 E msm8974_platform: find_index: Could not find index for name = SND_DEVICE_OUT_VOICE_SPEAKER_AND_VOICE_ANC_HEADSET
11-10 23:01:49.001 19112 19121 E platform_info: process_backend_name: Device SND_DEVICE_OUT_VOICE_SPEAKER_AND_VOICE_ANC_HEADSET not found, no ACDB ID set!
11-10 23:01:49.001 865 865 E QConfig : failed to find module QModKey_Static_VppFilter
11-10 23:01:49.001 19127 19127 D FirewallController: Could not read /proc/self/uid_map, max uid defaulting to 4294967294
11-10 23:01:49.001 888 2149 E QC2VppFilterDeviceQuery: failed to getUserConfigValue
11-10 23:01:49.001 888 2149 E QC2VppFilterCaps: failed to get user config, try default config
11-10 23:01:49.001 865 865 E QConfig : failed to find module QModKey_Static_VppFilter
11-10 23:01:49.001 19114 19114 D zygote : Time zone APEX ICU file found: /apex/com.android.tzdata/etc/icu/icu_tzdata.dat
11-10 23:01:49.001 888 2149 E QC2VppFilterDeviceQuery: failed to getUserConfigValue
11-10 23:01:49.001 888 2149 E QC2VppFilterCaps: failed to get preset
11-10 23:01:49.001 19114 19114 D zygote : I18n APEX ICU file found: /apex/com.android.i18n/etc/icu/icudt66l.dat
11-10 23:01:49.001 865 865 E QConfig : failed to find module QModKey_Dynamic_VppFilter
11-10 23:01:49.001 888 2149 E QC2VppFilterDeviceQuery: failed to getUserConfigValue
11-10 23:01:49.001 888 2149 E QC2VppFilterCaps: failed to get user config, try default config
11-10 23:01:49.001 865 865 E QConfig : failed to find module QModKey_Dynamic_VppFilter
11-10 23:01:49.002 888 2149 E QC2VppFilterDeviceQuery: failed to getUserConfigValue
11-10 23:01:49.002 888 2149 E QC2VppFilterCaps: failed to get preset
11-10 23:01:49.002 888 2149 E QC2VppFilterCaps: preset size is zero
11-10 23:01:49.003 19112 19121 E msm8974_platform: find_index: Could not find index for name = SND_DEVICE_IN_SPEAKER_DMIC_AEC_NS_LP
11-10 23:01:49.003 19112 19121 E platform_info: process_snd_dev: Sound device not valid
11-10 23:01:49.003 888 2149 I vendor.qti.media.c2@1.0-service: missing struct descriptor #Param::CoreIndex(--002) for field mastering of struct #Param::CoreIndex(--180a)
11-10 23:01:49.003 19112 19121 E platform_info: start_tag: Error in previous tags, do not process mic info
11-10 23:01:49.003 19112 19121 E platform_info: start_tag: Error in previous tags, do not process mic info
11-10 23:01:49.003 19112 19121 E platform_info: start_tag: Error in previous tags, do not process mic info
11-10 23:01:49.003 888 2149 I vendor.qti.media.c2@1.0-service: missing struct descriptor #Param::CoreIndex(-Vc010) for field window of struct #Param::CoreIndex(FV1c00d)
11-10 23:01:49.003 888 2149 I vendor.qti.media.c2@1.0-service: missing struct descriptor #Param::CoreIndex(-Vc01a) for field misr_info_top_field of struct #Param::CoreIndex(-Vc01b)
11-10 23:01:49.003 888 2149 I vendor.qti.media.c2@1.0-service: missing struct descriptor #Param::CoreIndex(-Vc01a) for field misr_info_bottom_field of struct #Param::CoreIndex(-Vc01b)
11-10 23:01:49.004 888 2149 E QC2VppFilterCaps: VppPictureSizeOutputSetter: Setting resolution 640x480
11-10 23:01:49.004 888 2149 E StandardCaps: Failed to read platform hdr value
11-10 23:01:49.004 888 2149 I vendor.qti.media.c2@1.0-service: get enum 0 from HQV_MODE_OFF
11-10 23:01:49.004 888 2149 I QC2VppFilterCaps: Seeting CNR is only allowed when mode is manual: mode=HQV_MODE_OFF
11-10 23:01:49.004 888 2149 I QC2VppFilterCaps: Setting FRC is only allowed when mode is manual: mode=HQV_MODE_OFF
11-10 23:01:49.004 888 2149 E QC2VppFilterExt: Setting AIS is not allowed when vpp mode is Not manual
11-10 23:01:49.005 888 2149 I vendor.qti.media.c2@1.0-service: get enum 0 from PROCESS_LEFT
11-10 23:01:49.005 888 2149 I QC2VppFilterCaps: Setting EAR is only allowed when mode is manual: mode=HQV_MODE_OFF
11-10 23:01:49.005 888 2149 I QC2VppFilterCaps: Setting AIE is only allowed when mode is manual: mode=HQV_MODE_OFF
11-10 23:01:49.005 888 2149 I QC2CompStore: Created interface(c2.qti.vp9.decoder.secure) id(819)
11-10 23:01:49.006 19117 19125 D Codec2InfoBuilder: component 'c2.qti.vp9.decoder.secure' not found in xml
11-10 23:01:49.007 19114 19114 I zygote : Using memfd for future sealing
11-10 23:01:49.007 865 865 E QConfig : failed to find module QModKey_Static_VppFilter
11-10 23:01:49.007 888 997 E QC2VppFilterDeviceQuery: failed to getUserConfigValue
11-10 23:01:49.007 888 997 E QC2VppFilterCaps: failed to get user config, try default config
11-10 23:01:49.007 865 865 E QConfig : failed to find module QModKey_Static_VppFilter
11-10 23:01:49.007 888 997 E QC2VppFilterDeviceQuery: failed to getUserConfigValue
11-10 23:01:49.007 888 997 E QC2VppFilterCaps: failed to get preset
11-10 23:01:49.007 865 865 E QConfig : failed to find module QModKey_Dynamic_VppFilter
11-10 23:01:49.007 888 997 E QC2VppFilterDeviceQuery: failed to getUserConfigValue
11-10 23:01:49.007 888 997 E QC2VppFilterCaps: failed to get user config, try default config
11-10 23:01:49.007 865 865 E QConfig : failed to find module QModKey_Dynamic_VppFilter
11-10 23:01:49.007 888 997 E QC2VppFilterDeviceQuery: failed to getUserConfigValue
11-10 23:01:49.007 888 997 E QC2VppFilterCaps: failed to get preset
11-10 23:01:49.007 888 997 E QC2VppFilterCaps: preset size is zero
11-10 23:01:49.008 888 997 I vendor.qti.media.c2@1.0-service: missing struct descriptor #Param::CoreIndex(--002) for field mastering of struct #Param::CoreIndex(--180a)
11-10 23:01:49.008 19112 19121 E audio_hw_extn: audio_extn_perf_lock_acquire: Failed to acquire perf lock, err: -1
11-10 23:01:49.008 888 997 I vendor.qti.media.c2@1.0-service: missing struct descriptor #Param::CoreIndex(-Vc010) for field window of struct #Param::CoreIndex(FV1c00d)
11-10 23:01:49.008 888 997 I vendor.qti.media.c2@1.0-service: missing struct descriptor #Param::CoreIndex(-Vc01a) for field misr_info_top_field of struct #Param::CoreIndex(-Vc01b)
11-10 23:01:49.008 888 997 I vendor.qti.media.c2@1.0-service: missing struct descriptor #Param::CoreIndex(-Vc01a) for field misr_info_bottom_field of struct #Param::CoreIndex(-Vc01b)
11-10 23:01:49.008 888 997 E QC2VppFilterCaps: VppPictureSizeOutputSetter: Setting resolution 640x480
11-10 23:01:49.008 19112 19121 D audio_route_ext: audio_route_init_ext enter: path=/vendor/etc/audio/sku_shima/mixer_paths_shimaidp.xml, path overlay=/vendor/etc/audio/sku_shima/mixer_paths_overlay_static.xml path_overlay2=/vendor/etc/audio/sku_shima/mixer_paths_overlay_dynamic.xml
11-10 23:01:49.008 888 997 E StandardCaps: Failed to read platform hdr value
11-10 23:01:49.008 888 997 I vendor.qti.media.c2@1.0-service: get enum 0 from HQV_MODE_OFF
11-10 23:01:49.008 888 997 I QC2VppFilterCaps: Seeting CNR is only allowed when mode is manual: mode=HQV_MODE_OFF
11-10 23:01:49.008 888 997 I QC2VppFilterCaps: Setting FRC is only allowed when mode is manual: mode=HQV_MODE_OFF
11-10 23:01:49.008 888 997 E QC2VppFilterExt: Setting AIS is not allowed when vpp mode is Not manual
11-10 23:01:49.008 888 997 I vendor.qti.media.c2@1.0-service: get enum 0 from PROCESS_LEFT
11-10 23:01:49.008 888 997 I QC2VppFilterCaps: Setting EAR is only allowed when mode is manual: mode=HQV_MODE_OFF
11-10 23:01:49.008 888 997 I QC2VppFilterCaps: Setting AIE is only allowed when mode is manual: mode=HQV_MODE_OFF
11-10 23:01:49.008 888 997 I QC2CompStore: Created interface(c2.qti.mpeg2.decoder) id(820)
11-10 23:01:49.008 19117 19125 D Codec2InfoBuilder: component 'c2.qti.mpeg2.decoder' not found in xml
11-10 23:01:49.009 888 1639 I vendor.qti.media.c2@1.0-service: missing struct descriptor #Param::CoreIndex(-Vc01f) for field ubwcStats of struct #Param::CoreIndex(-Vc020)
11-10 23:01:49.009 888 1639 I vendor.qti.media.c2@1.0-service: missing struct descriptor #Param::CoreIndex(--002) for field mastering of struct #Param::CoreIndex(--180a)
11-10 23:01:49.009 888 1639 I vendor.qti.media.c2@1.0-service: missing struct descriptor #Param::CoreIndex(--004) for field values of struct #Param::CoreIndex(F-12004)
11-10 23:01:49.009 888 1639 I QC2CompStore: Created interface(c2.qti.avc.encoder) id(821)
11-10 23:01:49.010 19117 19125 D Codec2InfoBuilder: component 'c2.qti.avc.encoder' not found in xml
11-10 23:01:49.010 888 997 I vendor.qti.media.c2@1.0-service: missing struct descriptor #Param::CoreIndex(-Vc01f) for field ubwcStats of struct #Param::CoreIndex(-Vc020)
11-10 23:01:49.010 888 997 I vendor.qti.media.c2@1.0-service: missing struct descriptor #Param::CoreIndex(--002) for field mastering of struct #Param::CoreIndex(--180a)
11-10 23:01:49.011 888 997 I vendor.qti.media.c2@1.0-service: missing struct descriptor #Param::CoreIndex(--004) for field values of struct #Param::CoreIndex(F-12004)
11-10 23:01:49.011 888 997 I QC2CompStore: Created interface(c2.qti.avc.encoder.secure) id(822)
11-10 23:01:49.011 19117 19125 D Codec2InfoBuilder: component 'c2.qti.avc.encoder.secure' not found in xml
11-10 23:01:49.012 888 2149 I vendor.qti.media.c2@1.0-service: missing struct descriptor #Param::CoreIndex(-Vc01f) for field ubwcStats of struct #Param::CoreIndex(-Vc020)
11-10 23:01:49.012 0 0 D voc_get_session_id: Voice session has session id 0x10c01000
11-10 23:01:49.012 0 0 D voice_get_session: session_id 0x10c01000 session handle 0000000000000000
11-10 23:01:49.012 0 0 D voice_get_session: session_id 0x10c01000 session handle 0000000000000000
11-10 23:01:49.012 0 0 D voc_get_cvd_version: Returning the cached value 2.4
11-10 23:01:49.012 888 2149 I vendor.qti.media.c2@1.0-service: missing struct descriptor #Param::CoreIndex(--002) for field mastering of struct #Param::CoreIndex(--180a)
11-10 23:01:49.012 888 2149 I vendor.qti.media.c2@1.0-service: missing struct descriptor #Param::CoreIndex(--004) for field values of struct #Param::CoreIndex(F-12004)
11-10 23:01:49.012 888 2149 I QC2CompStore: Created interface(c2.qti.hevc.encoder) id(823)
11-10 23:01:49.012 19117 19125 D Codec2InfoBuilder: component 'c2.qti.hevc.encoder' not found in xml
11-10 23:01:49.013 888 2478 I vendor.qti.media.c2@1.0-service: missing struct descriptor #Param::CoreIndex(-Vc01f) for field ubwcStats of struct #Param::CoreIndex(-Vc020)
11-10 23:01:49.013 888 2478 I vendor.qti.media.c2@1.0-service: missing struct descriptor #Param::CoreIndex(--002) for field mastering of struct #Param::CoreIndex(--180a)
11-10 23:01:49.013 888 2478 I vendor.qti.media.c2@1.0-service: missing struct descriptor #Param::CoreIndex(--004) for field values of struct #Param::CoreIndex(F-12004)
11-10 23:01:49.013 888 2478 I QC2CompStore: Created interface(c2.qti.hevc.encoder.cq) id(824)
11-10 23:01:49.013 19117 19125 D Codec2InfoBuilder: component 'c2.qti.hevc.encoder.cq' not found in xml
11-10 23:01:49.014 888 888 I vendor.qti.media.c2@1.0-service: missing struct descriptor #Param::CoreIndex(--002) for field mastering of struct #Param::CoreIndex(--180a)
11-10 23:01:49.014 888 888 I vendor.qti.media.c2@1.0-service: missing struct descriptor #Param::CoreIndex(-Vc01f) for field ubwcStats of struct #Param::CoreIndex(-Vc020)
11-10 23:01:49.014 888 888 E StandardCaps: requested height is not supported
11-10 23:01:49.014 888 888 I vendor.qti.media.c2@1.0-service: missing struct descriptor #Param::CoreIndex(--004) for field values of struct #Param::CoreIndex(F-12004)
11-10 23:01:49.014 888 888 W StandardCaps: Preconditions for b-frame didn't meet. Disabling b-frame!
11-10 23:01:49.014 888 888 I QC2CompStore: Created interface(c2.qti.heic.encoder) id(825)
11-10 23:01:49.015 19117 19125 D Codec2InfoBuilder: component 'c2.qti.heic.encoder' not found in xml
11-10 23:01:49.015 888 1639 E QC2CompStore: Failed to locate interface with name c2.android.aac.decoder
11-10 23:01:49.015 1153 1650 V C2Store : in init
11-10 23:01:49.015 1153 1650 V C2Store : loading dll
11-10 23:01:49.016 19117 19125 I Codec2InfoBuilder: adding type 'audio/mp4a-latm'
11-10 23:01:49.017 888 997 E QC2CompStore: Failed to locate interface with name c2.android.aac.encoder
11-10 23:01:49.017 1153 5457 V C2Store : in init
11-10 23:01:49.017 1153 5457 V C2Store : loading dll
11-10 23:01:49.018 1153 1650 V C2Store : in ~ComponentModule
11-10 23:01:49.018 1153 1650 V C2Store : unloading dll
11-10 23:01:49.018 19117 19125 I Codec2InfoBuilder: adding type 'audio/mp4a-latm'
11-10 23:01:49.019 888 2149 E QC2CompStore: Failed to locate interface with name c2.android.amrnb.decoder
11-10 23:01:49.019 1153 15597 V C2Store : in init
11-10 23:01:49.019 1153 15597 V C2Store : loading dll
11-10 23:01:49.020 1153 5457 V C2Store : in ~ComponentModule
11-10 23:01:49.020 1153 5457 V C2Store : unloading dll
11-10 23:01:49.020 19117 19125 I Codec2InfoBuilder: adding type 'audio/3gpp'
11-10 23:01:49.020 1153 5457 V C2Store : in ~ComponentModule
11-10 23:01:49.020 1153 5457 V C2Store : unloading dll
11-10 23:01:49.020 888 2149 E QC2CompStore: Failed to locate interface with name c2.android.amrnb.encoder
11-10 23:01:49.020 1153 5457 V C2Store : in init
11-10 23:01:49.020 1153 5457 V C2Store : loading dll
11-10 23:01:49.021 19114 19114 W zygote : JNI RegisterNativeMethods: attempt to register 0 native methods for android.media.AudioAttributes
11-10 23:01:49.021 19117 19125 I Codec2InfoBuilder: adding type 'audio/3gpp'
11-10 23:01:49.021 888 2149 E QC2CompStore: Failed to locate interface with name c2.android.amrwb.decoder
11-10 23:01:49.021 1153 15597 V C2Store : in init
11-10 23:01:49.022 1153 15597 V C2Store : loading dll
11-10 23:01:49.022 1153 5457 V C2Store : in ~ComponentModule
11-10 23:01:49.022 1153 5457 V C2Store : unloading dll
11-10 23:01:49.022 19117 19125 I Codec2InfoBuilder: adding type 'audio/amr-wb'
11-10 23:01:49.022 888 2149 E QC2CompStore: Failed to locate interface with name c2.android.amrwb.encoder
11-10 23:01:49.023 1153 15597 V C2Store : in ~ComponentModule
11-10 23:01:49.023 1153 15597 V C2Store : unloading dll
11-10 23:01:49.023 1153 5457 V C2Store : in init
11-10 23:01:49.023 1153 5457 V C2Store : loading dll
11-10 23:01:49.023 19117 19125 I Codec2InfoBuilder: adding type 'audio/amr-wb'
11-10 23:01:49.024 19113 19113 D zygote64: Time zone APEX ICU file found: /apex/com.android.tzdata/etc/icu/icu_tzdata.dat
11-10 23:01:49.024 1153 5457 V C2Store : in ~ComponentModule
11-10 23:01:49.024 1153 5457 V C2Store : unloading dll
11-10 23:01:49.024 19113 19113 D zygote64: I18n APEX ICU file found: /apex/com.android.i18n/etc/icu/icudt66l.dat
11-10 23:01:49.024 888 2149 E QC2CompStore: Failed to locate interface with name c2.android.av1.decoder
11-10 23:01:49.024 1153 15597 V C2Store : in init
11-10 23:01:49.024 1153 15597 V C2Store : loading dll
11-10 23:01:49.027 19117 19125 I Codec2InfoBuilder: adding type 'video/av01'
11-10 23:01:49.028 1153 15597 V C2Store : in ~ComponentModule
11-10 23:01:49.028 1153 15597 V C2Store : unloading dll
11-10 23:01:49.029 888 2149 E QC2CompStore: Failed to locate interface with name c2.android.avc.decoder
11-10 23:01:49.029 19113 19113 I zygote64: Using memfd for future sealing
11-10 23:01:49.029 1153 15597 V C2Store : in init
11-10 23:01:49.029 1153 15597 V C2Store : loading dll
11-10 23:01:49.030 19114 19114 I zygote : Explicit concurrent copying GC freed 560(51KB) AllocSpace objects, 0(0B) LOS objects, 99% free, 86KB/24MB, paused 23us total 4.095ms
11-10 23:01:49.032 19117 19125 I Codec2InfoBuilder: adding type 'video/avc'
11-10 23:01:49.035 19127 19127 I netd : Creating child chains: 29899us
11-10 23:01:49.035 19127 19127 I netd : Setting up OEM hooks: 85us
11-10 23:01:49.035 19127 19127 I netd : Setting up FirewallController hooks: 14us
11-10 23:01:49.036 19114 19114 I zygote : Explicit concurrent copying GC freed 48(44KB) AllocSpace objects, 0(0B) LOS objects, 99% free, 91KB/24MB, paused 42us total 5.142ms
11-10 23:01:49.037 888 2149 E QC2CompStore: Failed to locate interface with name c2.android.avc.encoder
11-10 23:01:49.037 1153 1650 V C2Store : in init
11-10 23:01:49.037 1153 1650 V C2Store : loading dll
11-10 23:01:49.038 19114 19114 I Zygote : Accepting command socket connections
11-10 23:01:49.038 19127 19127 I netd : Setting up TetherController hooks: 2035us
11-10 23:01:49.038 1153 1650 I mediaswcodec: missing struct descriptor #Param::CoreIndex(--004) for field values of struct #Param::CoreIndex(F-12004)
11-10 23:01:49.039 1153 1650 I mediaswcodec: missing struct descriptor #Param::CoreIndex(--004) for field values of struct #Param::CoreIndex(F-12004)
11-10 23:01:49.040 19117 19125 I Codec2InfoBuilder: adding type 'video/avc'
11-10 23:01:49.040 19127 19127 I netd : Setting up BandwidthController hooks: 3260us
11-10 23:01:49.040 19127 19127 I netd : Setting up IdletimerController hooks: 40us
11-10 23:01:49.041 888 2149 E QC2CompStore: Failed to locate interface with name c2.android.flac.decoder
11-10 23:01:49.041 1153 1250 V C2Store : in init
11-10 23:01:49.041 1153 1250 V C2Store : loading dll
11-10 23:01:49.042 19127 19127 I netd : Setting up StrictController hooks: 1989us
11-10 23:01:49.042 19127 19127 I ClatdController: 4.9+ kernel and device shipped with Q+ - clat ebpf should work.
11-10 23:01:49.042 19127 19127 I netd : Initializing ClatdController: 115us
11-10 23:01:49.042 1153 1650 V C2Store : in ~ComponentModule
11-10 23:01:49.042 1153 1650 V C2Store : unloading dll
11-10 23:01:49.043 1153 15597 V C2Store : in ~ComponentModule
11-10 23:01:49.043 1153 15597 V C2Store : unloading dll
11-10 23:01:49.043 19127 19127 I netd : Initializing traffic control: 497us
11-10 23:01:49.043 19117 19125 I Codec2InfoBuilder: adding type 'audio/flac'
11-10 23:01:49.044 1153 1250 V C2Store : in ~ComponentModule
11-10 23:01:49.044 1153 1250 V C2Store : unloading dll
11-10 23:01:49.044 888 2149 E QC2CompStore: Failed to locate interface with name c2.android.flac.encoder
11-10 23:01:49.044 1153 1250 V C2Store : in init
11-10 23:01:49.044 1153 1250 V C2Store : loading dll
11-10 23:01:49.047 19117 19125 I Codec2InfoBuilder: adding type 'audio/flac'
11-10 23:01:49.048 1153 1250 V C2Store : in ~ComponentModule
11-10 23:01:49.048 888 2149 E QC2CompStore: Failed to locate interface with name c2.android.g711.alaw.decoder
11-10 23:01:49.048 1153 1250 V C2Store : unloading dll
11-10 23:01:49.048 1153 1250 V C2Store : in init
11-10 23:01:49.048 1153 1250 V C2Store : loading dll
11-10 23:01:49.048 19113 19113 W zygote64: JNI RegisterNativeMethods: attempt to register 0 native methods for android.media.AudioAttributes
11-10 23:01:49.049 19127 19127 I netd : Enabling bandwidth control: 6260us
11-10 23:01:49.049 19127 19127 E Netd : Error adding route 0.0.0.0/0 -> (null) dummy0 to table 1002: File exists
11-10 23:01:49.050 19127 19127 I netd : Initializing RouteController: 617us
11-10 23:01:49.050 19127 19127 D XfrmController: XfrmController::ipSecAddXfrmInterface, line=1377
11-10 23:01:49.050 19127 19127 D XfrmController: XfrmController::ipSecRemoveTunnelInterface, line=1590
11-10 23:01:49.050 19127 19127 D XfrmController: deviceName=ipsec_test
11-10 23:01:49.051 19117 19125 I Codec2InfoBuilder: adding type 'audio/g711-alaw'
11-10 23:01:49.052 888 2149 E QC2CompStore: Failed to locate interface with name c2.android.g711.mlaw.decoder
11-10 23:01:49.052 1153 1650 V C2Store : in init
11-10 23:01:49.052 2418 2418 D wpa_supplicant: RTM_NEWLINK: ifi_index=84 ifname=ipsec_test operstate=2 linkmode=0 ifi_family=0 ifi_flags=0x80 ()
11-10 23:01:49.052 1153 1650 V C2Store : loading dll
11-10 23:01:49.052 1194 1211 D LOWI-9.0.0.71: [LOWINetlinkSocketReceiver] unpackRTMLinkMessage: RTM_NEWLINK - ifname ipsec_test, flags 0x80 ()
11-10 23:01:49.053 1153 1250 V C2Store : in ~ComponentModule
11-10 23:01:49.053 1153 1250 V C2Store : unloading dll
11-10 23:01:49.055 19117 19125 I Codec2InfoBuilder: adding type 'audio/g711-mlaw'
11-10 23:01:49.055 1153 1650 V C2Store : in ~ComponentModule
11-10 23:01:49.055 1153 1650 V C2Store : unloading dll
11-10 23:01:49.056 2418 2418 D wpa_supplicant: RTM_DELLINK: ifi_index=84 ifname=ipsec_test operstate=2 linkmode=0 ifi_family=0 ifi_flags=0x80 ()
11-10 23:01:49.056 2418 2418 D wpa_supplicant: RTM_DELLINK: Interface 'ipsec_test' removed
11-10 23:01:49.056 1194 1211 D LOWI-9.0.0.71: [LOWINetlinkSocketReceiver] unpackRTMLinkMessage: RTM_DELLINK - ifname ipsec_test, flags 0x80 ()
11-10 23:01:49.056 888 2149 E QC2CompStore: Failed to locate interface with name c2.android.gsm.decoder
11-10 23:01:49.056 1153 1650 V C2Store : in init
11-10 23:01:49.056 1153 1650 V C2Store : loading dll
11-10 23:01:49.058 19117 19125 D Codec2InfoBuilder: codec entry for 'c2.android.gsm.decoder' is disabled
11-10 23:01:49.058 1153 15597 V C2Store : in ~ComponentModule
11-10 23:01:49.058 1153 15597 V C2Store : unloading dll
11-10 23:01:49.058 888 2149 E QC2CompStore: Failed to locate interface with name c2.android.h263.decoder
11-10 23:01:49.058 1153 1250 V C2Store : in init
11-10 23:01:49.058 1153 1250 V C2Store : loading dll
11-10 23:01:49.060 19113 19113 D Zygote : begin preload
11-10 23:01:49.060 19113 19113 I Zygote : Calling ZygoteHooks.beginPreload()
11-10 23:01:49.060 19117 19125 I Codec2InfoBuilder: adding type 'video/3gpp'
11-10 23:01:49.062 888 2149 E QC2CompStore: Failed to locate interface with name c2.android.h263.encoder
11-10 23:01:49.062 1153 1250 V C2Store : in ~ComponentModule
11-10 23:01:49.062 1153 1250 V C2Store : unloading dll
11-10 23:01:49.062 1153 15597 V C2Store : in init
11-10 23:01:49.062 1153 15597 V C2Store : loading dll
11-10 23:01:49.064 19117 19125 I Codec2InfoBuilder: adding type 'video/3gpp'
11-10 23:01:49.065 888 2149 E QC2CompStore: Failed to locate interface with name c2.android.hevc.decoder
11-10 23:01:49.065 1153 1650 V C2Store : in init
11-10 23:01:49.065 1153 1650 V C2Store : loading dll
11-10 23:01:49.068 1153 1250 V C2Store : in ~ComponentModule
11-10 23:01:49.068 1153 1250 V C2Store : unloading dll
11-10 23:01:49.069 19117 19125 I Codec2InfoBuilder: adding type 'video/hevc'
11-10 23:01:49.071 888 2149 E QC2CompStore: Failed to locate interface with name c2.android.hevc.encoder
11-10 23:01:49.071 1153 5457 V C2Store : in init
11-10 23:01:49.071 1153 5457 V C2Store : loading dll
11-10 23:01:49.072 1153 5457 I mediaswcodec: missing struct descriptor #Param::CoreIndex(--004) for field values of struct #Param::CoreIndex(F-12004)
11-10 23:01:49.072 1153 5457 D C2SoftHevcEnc: Given level 6000 does not cover current configuration: adjusting to 6001
11-10 23:01:49.072 1153 5457 I mediaswcodec: missing struct descriptor #Param::CoreIndex(--004) for field values of struct #Param::CoreIndex(F-12004)
11-10 23:01:49.073 1153 5457 D C2SoftHevcEnc: Given level 6000 does not cover current configuration: adjusting to 6001
11-10 23:01:49.073 19117 19125 I Codec2InfoBuilder: adding type 'video/hevc'
11-10 23:01:49.074 888 2149 E QC2CompStore: Failed to locate interface with name c2.android.mp3.decoder
11-10 23:01:49.075 1153 1153 V C2Store : in init
11-10 23:01:49.075 1153 1153 V C2Store : loading dll
11-10 23:01:49.075 1153 5457 V C2Store : in ~ComponentModule
11-10 23:01:49.075 1153 5457 V C2Store : unloading dll
11-10 23:01:49.076 19117 19125 I Codec2InfoBuilder: adding type 'audio/mpeg'
11-10 23:01:49.077 888 2149 E QC2CompStore: Failed to locate interface with name c2.android.mpeg2.decoder
11-10 23:01:49.077 19113 19113 I Zygote : Preloading classes...
11-10 23:01:49.077 1153 1153 V C2Store : in ~ComponentModule
11-10 23:01:49.077 1153 1153 V C2Store : unloading dll
11-10 23:01:49.077 1153 1647 V C2Store : in init
11-10 23:01:49.077 1153 1647 V C2Store : loading dll
11-10 23:01:49.078 19127 19127 D XfrmController: Sending Netlink XFRM Message: XFRM_MSG_FLUSHSA
11-10 23:01:49.078 19127 19127 D XfrmController: Sending Netlink XFRM Message: XFRM_MSG_FLUSHPOLICY
11-10 23:01:49.078 19127 19127 I netd : Initializing XfrmController: 28633us
11-10 23:01:49.079 19113 19113 W Zygote : Class not found for preloading: android.app.-$$Lambda$ActivityThread$A4ykhsPb8qV3ffTqpQDklHSMDJ0
11-10 23:01:49.079 19113 19113 W Zygote : Class not found for preloading: android.app.-$$Lambda$ActivityThread$ActivityClientRecord$HOrG1qglSjSUHSjKBn2rXtX0gGg
11-10 23:01:49.079 19113 19113 W Zygote : Class not found for preloading: android.app.-$$Lambda$ActivityThread$ApplicationThread$nBC_BR7B9W6ftKAxur3BC53SJYc
11-10 23:01:49.079 19113 19113 W Zygote : Class not found for preloading: android.app.-$$Lambda$ActivityThread$ApplicationThread$tUGFX7CUhzB4Pg5wFd5yeqOnu38
11-10 23:01:49.079 19117 19125 D Codec2InfoBuilder: codec entry for 'c2.android.mpeg2.decoder' is disabled
11-10 23:01:49.079 19113 19113 W Zygote : Class not found for preloading: android.app.-$$Lambda$ActivityThread$ApplicationThread$uR_ee-5oPoxu4U_by7wU55jwtdU
11-10 23:01:49.079 888 2149 E QC2CompStore: Failed to locate interface with name c2.android.mpeg4.decoder
11-10 23:01:49.079 19113 19113 W Zygote : Class not found for preloading: android.app.-$$Lambda$ActivityTransitionState$yioLR6wQWjZ9DcWK5bibElIbsXc
11-10 23:01:49.079 19127 19127 I libnetd_resolv: resolv_init: Initializing resolver
11-10 23:01:49.079 19113 19113 W Zygote : Class not found for preloading: android.app.-$$Lambda$AppOpsManager$4Zbi7CSLEt0nvOmfJBVYtJkauTQ
11-10 23:01:49.080 19113 19113 W Zygote : Class not found for preloading: android.app.-$$Lambda$AppOpsManager$HistoricalOp$DkVcBvqB32SMHlxw0sWQPh3GL1A
11-10 23:01:49.080 1153 2152 V C2Store : in init
11-10 23:01:49.080 1153 2152 V C2Store : loading dll
11-10 23:01:49.080 19113 19113 W Zygote : Class not found for preloading: android.app.-$$Lambda$AppOpsManager$HistoricalOp$HUOLFYs8TiaQIOXcrq6JzjxA6gs
11-10 23:01:49.080 19113 19113 W Zygote : Class not found for preloading: android.app.-$$Lambda$AppOpsManager$HistoricalOp$Vs6pDL0wjOBTquwNnreWVbPQrn4
11-10 23:01:49.080 19113 19113 W Zygote : Class not found for preloading: android.app.-$$Lambda$AppOpsManager$frSyqmhVUmNbhMckfMS3PSwTMlw
11-10 23:01:49.080 19113 19113 W Zygote : Class not found for preloading: android.app.-$$Lambda$Dialog$zXRzrq3I7H1_zmZ8d_W7t2CQN0I
11-10 23:01:49.080 19113 19113 W Zygote : Class not found for preloading: android.app.-$$Lambda$FragmentTransition$jurn0WXuKw3bRQ_2d5zCWdeZWuI
11-10 23:01:49.080 19113 19113 W Zygote : Class not found for preloading: android.app.-$$Lambda$LoadedApk$ReceiverDispatcher$Args$_BumDX2UKsnxLVrE6UJsJZkotuA
11-10 23:01:49.080 19113 19113 W Zygote : Class not found for preloading: android.app.-$$Lambda$Notification$hOCsSZH8tWalFSbIzQ9x9IcPa9M
11-10 23:01:49.080 19113 19113 W Zygote : Class not found for preloading: android.app.-$$Lambda$ResourcesManager$QJ7UiVk_XS90KuXAsIjIEym1DnM
11-10 23:01:49.080 19113 19113 W Zygote : Class not found for preloading: android.app.-$$Lambda$SharedPreferencesImpl$EditorImpl$3CAjkhzA131V3V-sLfP2uy0FWZ0
11-10 23:01:49.080 1153 1251 V C2Store : in ~ComponentModule
11-10 23:01:49.080 1153 1251 V C2Store : unloading dll
11-10 23:01:49.081 19113 19113 W Zygote : Class not found for preloading: android.app.-$$Lambda$SystemServiceRegistry$16$s6mZ42tuGUunhKa_5iwjLY5FGdM
11-10 23:01:49.081 19113 19113 W Zygote : Class not found for preloading: android.app.-$$Lambda$WallpaperManager$Globals$1AcnQUORvPlCjJoNqdxfQT4o4Nw
11-10 23:01:49.081 19113 19113 W Zygote : Class not found for preloading: android.app.-$$Lambda$WallpaperManager$Globals$2yG7V1sbMECCnlFTLyjKWKqNoYI
11-10 23:01:49.081 19113 19113 W Zygote : Class not found for preloading: android.app.-$$Lambda$ZsFzoG2loyqNOR2cNbo-thrNK5c
11-10 23:01:49.081 19113 19113 W Zygote : Class not found for preloading: android.app.-$$Lambda$oslF4K8Uk6v-6nTRoaEpCmfAptE
11-10 23:01:49.081 19113 19113 W Zygote : Class not found for preloading: android.app.-$$Lambda$thfU5Zh-cKOR8p7IfITtlg111Go
11-10 23:01:49.082 19117 19125 I Codec2InfoBuilder: adding type 'video/mp4v-es'
11-10 23:01:49.082 888 2149 E QC2CompStore: Failed to locate interface with name c2.android.mpeg4.encoder
11-10 23:01:49.083 1153 2152 V C2Store : in init
11-10 23:01:49.083 1153 2152 V C2Store : loading dll
