11-10 23:01:40.760 18525 18713 I chatty : uid=1041(audioserver) /system/bin/audioserver expire 1 line
11-10 23:01:40.764 18525 18716 I chatty : uid=1041(audioserver) /system/bin/audioserver expire 7 lines
11-10 23:01:40.777 18595 18718 I chatty : uid=1000 system_server expire 3 lines
11-10 23:01:40.778 18595 18720 I chatty : uid=1000 system_server expire 34 lines
11-10 23:01:40.778 18595 18718 I chatty : uid=1000 system_server expire 3 lines
11-10 23:01:40.779 18595 18721 I chatty : uid=1000 system_server expire 1 line
11-10 23:01:40.783 18595 18722 I chatty : uid=1000 system_server expire 2 lines
11-10 23:01:40.845 18595 18724 I chatty : uid=1000 system_server expire 4 lines
11-10 23:01:40.849 18595 18725 I chatty : uid=1000 system_server expire 1 line
11-10 23:01:40.853 18595 18727 I chatty : uid=1000 system_server expire 2 lines
11-10 23:01:40.969 18525 18738 I chatty : uid=1041(audioserver) /system/bin/audioserver expire 5 lines
11-10 23:01:41.033 568 568 I servicemanager: Notifying apexservice they have clients: 1
11-10 23:01:41.033 568 568 I servicemanager: Notifying apexservice they have clients: 0
11-10 23:01:41.033 0 0 I AidlLazyServiceRegistrar: Process has 1 (of 1 available) client(s) in use after notification android.apex.IApexService has clients: 1
11-10 23:01:41.033 0 0 I AidlLazyServiceRegistrar: Process has 0 (of 1 available) client(s) in use after notification android.apex.IApexService has clients: 0
11-10 23:01:41.033 0 0 I AidlLazyServiceRegistrar: Shutdown prevented by forcePersist override flag.
11-10 23:01:41.033 887 887 D vendor.qti.vibrator: QTI Vibrator reporting capabilities: 15
11-10 23:01:41.172 18522 18736 I chatty : uid=1041(audioserver) /vendor/bin/hw/android.hardware.audio.service expire 1 line
11-10 23:01:41.172 18522 18522 I chatty : uid=1041(audioserver) /vendor/bin/hw/android.hardware.audio.service expire 2 lines
11-10 23:01:41.172 18525 18525 I chatty : uid=1041(audioserver) /system/bin/audioserver expire 2 lines
11-10 23:01:41.173 18522 18531 I chatty : uid=1041(audioserver) /vendor/bin/hw/android.hardware.audio.service expire 3 lines
11-10 23:01:41.174 18525 18525 I chatty : uid=1041(audioserver) /system/bin/audioserver expire 1 line
11-10 23:01:41.174 18525 18753 I chatty : uid=1041(audioserver) /system/bin/audioserver expire 3 lines
11-10 23:01:41.174 18522 18522 I chatty : uid=1041(audioserver) /vendor/bin/hw/android.hardware.audio.service expire 6 lines
11-10 23:01:41.175 18525 18753 I chatty : uid=1041(audioserver) /system/bin/audioserver expire 2 lines
11-10 23:01:41.179 18525 18525 I chatty : uid=1041(audioserver) /system/bin/audioserver expire 2 lines
11-10 23:01:41.235 18522 18522 I chatty : uid=1041(audioserver) /vendor/bin/hw/android.hardware.audio.service expire 6 lines
11-10 23:01:41.237 18525 18525 I chatty : uid=1041(audioserver) /system/bin/audioserver expire 2 lines
11-10 23:01:41.238 18525 18754 I chatty : uid=1041(audioserver) /system/bin/audioserver expire 4 lines
11-10 23:01:41.238 18522 18522 I chatty : uid=1041(audioserver) /vendor/bin/hw/android.hardware.audio.service expire 3 lines
11-10 23:01:41.238 18525 18754 I chatty : uid=1041(audioserver) /system/bin/audioserver expire 3 lines
11-10 23:01:41.440 18522 18522 I chatty : uid=1041(audioserver) /vendor/bin/hw/android.hardware.audio.service expire 2 lines
11-10 23:01:41.440 18525 18525 I chatty : uid=1041(audioserver) /system/bin/audioserver expire 1 line
11-10 23:01:41.440 18522 18531 I chatty : uid=1041(audioserver) /vendor/bin/hw/android.hardware.audio.service expire 2 lines
11-10 23:01:41.441 18525 18525 I chatty : uid=1041(audioserver) /system/bin/audioserver expire 2 lines
11-10 23:01:41.442 18525 18757 I chatty : uid=1041(audioserver) /system/bin/audioserver expire 3 lines
11-10 23:01:41.442 18522 18531 I chatty : uid=1041(audioserver) /vendor/bin/hw/android.hardware.audio.service expire 1 line
11-10 23:01:41.442 18525 18757 W AudioFlinger: no wake lock to update, system not ready yet
11-10 23:01:41.442 18525 18757 D AudioFlinger: ro.audio.silent is ignored since no output device is set
11-10 23:01:41.447 18525 18525 W APM::AudioPolicyEngine: getDevicesForStrategy() unknown strategy: -1
11-10 23:01:41.503 18522 18531 D audio_hw_primary: adev_create_audio_patch: enter: num sources 1, num_sinks 1, handle 0
11-10 23:01:41.503 18522 18531 D audio_hw_primary: adev_create_audio_patch: Playback patch from mix handle 77 to device 10000
11-10 23:01:41.503 18522 18531 D audio_hw_primary: route_output_stream: enter: usecase(54: afe-proxy-playback) devices 10000
11-10 23:01:41.503 18522 18531 D audio_hw_primary: adev_create_audio_patch: Added a new patch with handle 5
11-10 23:01:41.504 18522 18531 D audio_hw_primary: adev_open_input_stream is_karaoke_fastcapture=0
11-10 23:01:41.504 18522 18531 D audio_hw_primary: adev_open_input_stream: enter: sample_rate(96000) channel_mask(0xc) devices(0x80000004) stream_handle(0xece00010) io_handle(14) source(1) format 1
11-10 23:01:41.506 18525 18758 I AudioFlinger: AudioFlinger's thread 0xb4000079fc3a0040 tid=18758 ready to run
11-10 23:01:41.506 18522 18531 D audio_hw_primary: in_standby: enter: stream (0xece00010) usecase(23: audio-record)
11-10 23:01:41.506 18525 18758 W AudioFlinger: no wake lock to update, system not ready yet
11-10 23:01:41.507 18522 18531 D audio_hw_primary: in_standby: enter: stream (0xece00010) usecase(23: audio-record)
11-10 23:01:41.507 18525 18758 W AudioFlinger: no wake lock to update, system not ready yet
11-10 23:01:41.507 18522 18531 D audio_hw_primary: adev_close_input_stream: enter:stream_handle(0xece00010)
11-10 23:01:41.507 18522 18531 D soundtrigger: audio_extn_sound_trigger_check_ec_ref_enable: EC Reference is disabled
11-10 23:01:41.507 18522 18531 D sound_trigger_hw: handle_audio_ec_ref_enabled: Enter
11-10 23:01:41.507 18522 18531 D sound_trigger_hw: handle_audio_ec_ref_enabled: Exit audio ec ref=0
11-10 23:01:41.507 18522 18531 D soundtrigger: audio_extn_sound_trigger_update_ec_ref_status: update audio echo ref status false
11-10 23:01:41.507 18522 18531 D audio_hw_primary: in_standby: enter: stream (0xece00010) usecase(23: audio-record)
11-10 23:01:41.507 18522 18531 D audio_hw_primary: adev_open_input_stream is_karaoke_fastcapture=0
11-10 23:01:41.507 18522 18531 D audio_hw_primary: adev_open_input_stream: enter: sample_rate(48000) channel_mask(0xc) devices(0x80000004) stream_handle(0xece00010) io_handle(22) source(1) format 1
11-10 23:01:41.508 18525 18760 I AudioFlinger: AudioFlinger's thread 0xb4000079fc3a0040 tid=18760 ready to run
11-10 23:01:41.508 18522 18531 D audio_hw_primary: in_standby: enter: stream (0xece00010) usecase(23: audio-record)
11-10 23:01:41.509 18525 18760 W AudioFlinger: no wake lock to update, system not ready yet
11-10 23:01:41.509 18522 18531 D audio_hw_primary: in_standby: enter: stream (0xece00010) usecase(23: audio-record)
11-10 23:01:41.509 18525 18760 W AudioFlinger: no wake lock to update, system not ready yet
11-10 23:01:41.509 18522 18531 D audio_hw_primary: adev_close_input_stream: enter:stream_handle(0xece00010)
11-10 23:01:41.509 18522 18531 D soundtrigger: audio_extn_sound_trigger_check_ec_ref_enable: EC Reference is disabled
11-10 23:01:41.509 18522 18531 D sound_trigger_hw: handle_audio_ec_ref_enabled: Enter
11-10 23:01:41.509 18522 18531 D sound_trigger_hw: handle_audio_ec_ref_enabled: Exit audio ec ref=0
11-10 23:01:41.509 18522 18531 D soundtrigger: audio_extn_sound_trigger_update_ec_ref_status: update audio echo ref status false
11-10 23:01:41.509 18522 18531 D audio_hw_primary: in_standby: enter: stream (0xece00010) usecase(23: audio-record)
11-10 23:01:41.510 18522 18531 D audio_hw_primary: adev_open_input_stream is_karaoke_fastcapture=0
11-10 23:01:41.510 18522 18531 D audio_hw_primary: adev_open_input_stream: enter: sample_rate(48000) channel_mask(0x8000000f) devices(0x80000004) stream_handle(0xece00010) io_handle(30) source(1) format 1
11-10 23:01:41.511 18525 18762 I AudioFlinger: AudioFlinger's thread 0xb4000079fc3a0040 tid=18762 ready to run
11-10 23:01:41.511 18522 18531 D audio_hw_primary: in_standby: enter: stream (0xece00010) usecase(23: audio-record)
11-10 23:01:41.511 18525 18762 W AudioFlinger: no wake lock to update, system not ready yet
11-10 23:01:41.511 18522 18531 D audio_hw_primary: in_standby: enter: stream (0xece00010) usecase(23: audio-record)
11-10 23:01:41.512 18525 18762 W AudioFlinger: no wake lock to update, system not ready yet
11-10 23:01:41.512 18522 18531 D audio_hw_primary: adev_close_input_stream: enter:stream_handle(0xece00010)
11-10 23:01:41.512 18522 18531 D soundtrigger: audio_extn_sound_trigger_check_ec_ref_enable: EC Reference is disabled
11-10 23:01:41.512 18522 18531 D sound_trigger_hw: handle_audio_ec_ref_enabled: Enter
11-10 23:01:41.512 18522 18531 D sound_trigger_hw: handle_audio_ec_ref_enabled: Exit audio ec ref=0
11-10 23:01:41.512 18522 18531 D soundtrigger: audio_extn_sound_trigger_update_ec_ref_status: update audio echo ref status false
11-10 23:01:41.512 18522 18531 D audio_hw_primary: in_standby: enter: stream (0xece00010) usecase(23: audio-record)
11-10 23:01:41.512 18522 18531 D audio_hw_primary: adev_open_input_stream is_karaoke_fastcapture=0
11-10 23:01:41.512 18522 18531 D audio_hw_primary: adev_open_input_stream: enter: sample_rate(48000) channel_mask(0x10) devices(0x80000004) stream_handle(0xece00010) io_handle(38) source(1) format 1
11-10 23:01:41.513 18525 18764 I AudioFlinger: AudioFlinger's thread 0xb4000079fc3a0040 tid=18764 ready to run
11-10 23:01:41.513 18522 18531 D audio_hw_primary: in_standby: enter: stream (0xece00010) usecase(23: audio-record)
11-10 23:01:41.514 18525 18764 W AudioFlinger: no wake lock to update, system not ready yet
11-10 23:01:41.514 18522 18531 D audio_hw_primary: in_standby: enter: stream (0xece00010) usecase(23: audio-record)
11-10 23:01:41.514 18525 18764 W AudioFlinger: no wake lock to update, system not ready yet
11-10 23:01:41.514 18522 18531 D audio_hw_primary: adev_close_input_stream: enter:stream_handle(0xece00010)
11-10 23:01:41.514 18522 18531 D soundtrigger: audio_extn_sound_trigger_check_ec_ref_enable: EC Reference is disabled
11-10 23:01:41.514 18522 18531 D sound_trigger_hw: handle_audio_ec_ref_enabled: Enter
11-10 23:01:41.514 18522 18531 D sound_trigger_hw: handle_audio_ec_ref_enabled: Exit audio ec ref=0
11-10 23:01:41.514 18522 18531 D soundtrigger: audio_extn_sound_trigger_update_ec_ref_status: update audio echo ref status false
11-10 23:01:41.514 18522 18531 D audio_hw_primary: in_standby: enter: stream (0xece00010) usecase(23: audio-record)
11-10 23:01:41.514 18525 18525 E APM_AudioPolicyManager: onNewAudioModulesAvailableInt: Input device list is empty!
11-10 23:01:41.514 18522 18531 D audio_hw_primary: adev_open_input_stream is_karaoke_fastcapture=0
11-10 23:01:41.515 18522 18531 D audio_hw_primary: adev_open_input_stream: enter: sample_rate(192000) channel_mask(0x8000000f) devices(0x80000004) stream_handle(0xece00010) io_handle(46) source(1) format 5
11-10 23:01:41.515 18522 18531 D audio_hw_primary: adev_open_input_stream is_karaoke_fastcapture=0
11-10 23:01:41.515 18522 18531 D audio_hw_primary: adev_open_input_stream: enter: sample_rate(192000) channel_mask(0x8000000f) devices(0x80000004) stream_handle(0xece00010) io_handle(46) source(1) format 6
11-10 23:01:41.516 18525 18766 I AudioFlinger: AudioFlinger's thread 0xb4000079fc3a0040 tid=18766 ready to run
11-10 23:01:41.516 18522 18531 D audio_hw_primary: in_standby: enter: stream (0xece00010) usecase(23: audio-record)
11-10 23:01:41.517 18525 18766 W AudioFlinger: no wake lock to update, system not ready yet
11-10 23:01:41.517 18522 18531 D audio_hw_primary: in_standby: enter: stream (0xece00010) usecase(23: audio-record)
11-10 23:01:41.517 18525 18766 W AudioFlinger: no wake lock to update, system not ready yet
11-10 23:01:41.517 18522 18531 D audio_hw_primary: adev_close_input_stream: enter:stream_handle(0xece00010)
11-10 23:01:41.517 18522 18531 D soundtrigger: audio_extn_sound_trigger_check_ec_ref_enable: EC Reference is disabled
11-10 23:01:41.517 18522 18531 D sound_trigger_hw: handle_audio_ec_ref_enabled: Enter
11-10 23:01:41.517 18522 18531 D sound_trigger_hw: handle_audio_ec_ref_enabled: Exit audio ec ref=0
11-10 23:01:41.517 18522 18531 D soundtrigger: audio_extn_sound_trigger_update_ec_ref_status: update audio echo ref status false
11-10 23:01:41.517 18522 18531 D audio_hw_primary: in_standby: enter: stream (0xece00010) usecase(23: audio-record)
11-10 23:01:41.518 18522 18531 D audio_hw_primary: adev_open_input_stream is_karaoke_fastcapture=0
11-10 23:01:41.518 18522 18531 D audio_hw_primary: adev_open_input_stream: enter: sample_rate(48000) channel_mask(0xc) devices(0x80000040) stream_handle(0xece00010) io_handle(54) source(1) format 1
11-10 23:01:41.519 18525 18768 I AudioFlinger: AudioFlinger's thread 0xb4000079fc3a0040 tid=18768 ready to run
11-10 23:01:41.519 18522 18531 D audio_hw_primary: in_standby: enter: stream (0xece00010) usecase(56: afe-proxy-record2)
11-10 23:01:41.519 18525 18768 W AudioFlinger: no wake lock to update, system not ready yet
11-10 23:01:41.519 18522 18531 D audio_hw_primary: in_standby: enter: stream (0xece00010) usecase(56: afe-proxy-record2)
11-10 23:01:41.520 18525 18768 W AudioFlinger: no wake lock to update, system not ready yet
11-10 23:01:41.520 18522 18531 D audio_hw_primary: adev_close_input_stream: enter:stream_handle(0xece00010)
11-10 23:01:41.520 18522 18531 D soundtrigger: audio_extn_sound_trigger_check_ec_ref_enable: EC Reference is disabled
11-10 23:01:41.520 18522 18531 D sound_trigger_hw: handle_audio_ec_ref_enabled: Enter
11-10 23:01:41.520 18522 18531 D sound_trigger_hw: handle_audio_ec_ref_enabled: Exit audio ec ref=0
11-10 23:01:41.520 18522 18531 D soundtrigger: audio_extn_sound_trigger_update_ec_ref_status: update audio echo ref status false
11-10 23:01:41.520 18522 18531 D audio_hw_primary: in_standby: enter: stream (0xece00010) usecase(56: afe-proxy-record2)
11-10 23:01:41.520 18522 18531 D audio_hw_primary: adev_open_input_stream is_karaoke_fastcapture=0
11-10 23:01:41.520 18522 18531 D audio_hw_primary: adev_open_input_stream: enter: sample_rate(48000) channel_mask(0x80000007) devices(0x80000004) stream_handle(0xece00010) io_handle(62) source(1) format 1
11-10 23:01:41.521 18525 18770 I AudioFlinger: AudioFlinger's thread 0xb4000079fc3a0040 tid=18770 ready to run
11-10 23:01:41.521 18522 18531 D audio_hw_primary: in_standby: enter: stream (0xece00010) usecase(23: audio-record)
11-10 23:01:41.522 18525 18770 W AudioFlinger: no wake lock to update, system not ready yet
11-10 23:01:41.522 18522 18531 D audio_hw_primary: in_standby: enter: stream (0xece00010) usecase(23: audio-record)
11-10 23:01:41.522 18525 18770 W AudioFlinger: no wake lock to update, system not ready yet
11-10 23:01:41.522 18522 18531 D audio_hw_primary: adev_close_input_stream: enter:stream_handle(0xece00010)
11-10 23:01:41.522 18522 18531 D soundtrigger: audio_extn_sound_trigger_check_ec_ref_enable: EC Reference is disabled
11-10 23:01:41.522 18522 18531 D sound_trigger_hw: handle_audio_ec_ref_enabled: Enter
11-10 23:01:41.522 18522 18531 D sound_trigger_hw: handle_audio_ec_ref_enabled: Exit audio ec ref=0
11-10 23:01:41.522 18522 18531 D soundtrigger: audio_extn_sound_trigger_update_ec_ref_status: update audio echo ref status false
11-10 23:01:41.522 18522 18531 D audio_hw_primary: in_standby: enter: stream (0xece00010) usecase(23: audio-record)
11-10 23:01:41.522 18525 18525 E APM_AudioPolicyManager: onNewAudioModulesAvailableInt: Input device list is empty!
11-10 23:01:41.523 18522 18531 D btaudio_offload_qti: is_value_adds_supported: vendor_info = 3
11-10 23:01:41.523 18522 18531 D btaudio_offload_qti: is_value_adds_supported: Build is running with QC Value-adds for odm
11-10 23:01:41.523 18522 18531 E btaudio_offload_qti: bt_audio_pre_init_qti: HIDL IBluetoothAudioProvidersFactory already registered
11-10 23:01:41.524 18525 18525 I AudioFlinger: loadHwModule() Loaded bluetooth_qti audio interface, handle 18
11-10 23:01:41.524 18525 18525 E APM_AudioPolicyManager: onNewAudioModulesAvailableInt: Input device list is empty!
11-10 23:01:41.525 18525 18525 I AudioFlinger: loadHwModule() Loaded usb audio interface, handle 26
11-10 23:01:41.526 18522 18531 I r_submix: adev_open(name=audio_hw_if)
11-10 23:01:41.526 18522 18531 I r_submix: adev_init_check()
11-10 23:01:41.526 18525 18525 I AudioFlinger: loadHwModule() Loaded r_submix audio interface, handle 34
11-10 23:01:41.526 18522 18531 D r_submix: adev_open_input_stream(addr=0)
11-10 23:01:41.526 18522 18531 D r_submix: submix_audio_device_create_pipe_l(addr=0, idx=9)
11-10 23:01:41.526 18522 18531 D r_submix: now using address 0 for route 9
11-10 23:01:41.527 18525 18772 I AudioFlinger: AudioFlinger's thread 0xb4000079fc3a0040 tid=18772 ready to run
11-10 23:01:41.527 18522 18531 I r_submix: in_standby()
11-10 23:01:41.528 18525 18772 W AudioFlinger: no wake lock to update, system not ready yet
11-10 23:01:41.528 18522 18531 I r_submix: in_standby()
11-10 23:01:41.528 18525 18772 W AudioFlinger: no wake lock to update, system not ready yet
11-10 23:01:41.528 18522 18531 D r_submix: adev_close_input_stream()
11-10 23:01:41.528 18522 18531 D r_submix: submix_audio_device_release_pipe_l(idx=9) addr=0
11-10 23:01:41.528 18522 18531 D r_submix: submix_audio_device_destroy_pipe_l(): pipe destroyed
11-10 23:01:41.528 18525 18525 W AudioFlinger: loadHwModule() module bluetooth_qti already loaded
11-10 23:01:41.529 18525 18525 W APM::AudioPolicyEngine: getDevicesForStrategy() unknown strategy: -1
11-10 23:01:41.529 18525 18525 W APM::AudioPolicyEngine: getDevicesForStrategy() unknown strategy: -1
11-10 23:01:41.531 18595 18712 I chatty : uid=1000 system_server expire 1 line
11-10 23:01:41.559 18525 18525 D PermissionCache: checking android.permission.MODIFY_AUDIO_ROUTING for uid=1000 => granted (327 us)
11-10 23:01:41.560 18525 18525 D AudioPolicyManagerCustom: setForceUse() usage 4, config 0, mPhoneState 0
11-10 23:01:41.562 18525 18776 D AudioPolicyManagerCustom: setForceUse() usage 3, config 8, mPhoneState 0
11-10 23:01:41.564 18525 18776 W APM::AudioPolicyEngine: getDevicesForStrategy() unknown strategy: -1
11-10 23:01:41.565 18525 18776 I chatty : uid=1041(audioserver) /system/bin/audioserver identical 4 lines
11-10 23:01:41.565 18525 18777 I chatty : uid=1041(audioserver) /system/bin/audioserver expire 2 lines
11-10 23:01:41.644 18595 18780 I chatty : uid=1000 system_server expire 1 line
11-10 23:01:41.650 0 0 I : read descriptors
11-10 23:01:41.650 0 0 I : read strings
11-10 23:01:41.650 0 0 I : read descriptors
11-10 23:01:41.650 0 0 I : read strings
11-10 23:01:41.653 0 0 I : acc_open
11-10 23:01:41.653 0 0 I : acc_release
11-10 23:01:41.657 18595 18620 I chatty : uid=1000 system_server expire 1 line
11-10 23:01:41.658 18595 18646 I chatty : uid=1000 system_server expire 1 line
11-10 23:01:41.659 18595 18646 I chatty : uid=1000 system_server expire 2 lines
11-10 23:01:41.677 18595 18742 I chatty : uid=1000 system_server expire 1 line
11-10 23:01:41.696 18595 18789 I chatty : uid=1000 system_server expire 3 lines
11-10 23:01:41.704 1188 1188 I HwBinder:1188_1: type=1400 audit(0.0:24611): avc: denied { getattr } for path="/data/vendor/fpc/user.db" dev="dm-5" ino=59615 scontext=u:r:vendor_mfp-daemon:s0 tcontext=u:object_r:vendor_data_file:s0 tclass=file permissive=1
11-10 23:01:41.704 1188 1188 I HwBinder:1188_1: type=1400 audit(0.0:24612): avc: denied { read } for name="user.db" dev="dm-5" ino=59615 scontext=u:r:vendor_mfp-daemon:s0 tcontext=u:object_r:vendor_data_file:s0 tclass=file permissive=1
11-10 23:01:41.704 1188 1188 I HwBinder:1188_1: type=1400 audit(0.0:24613): avc: denied { open } for path="/data/vendor/fpc/user.db" dev="dm-5" ino=59615 scontext=u:r:vendor_mfp-daemon:s0 tcontext=u:object_r:vendor_data_file:s0 tclass=file permissive=1
11-10 23:01:41.705 1188 1231 I fpc_fingerprint_hal: fpc_set_active_group gid = 0, store path = /data/vendor_de/0/fpdata
11-10 23:01:41.713 0 0 I [ELUS] : (device_open) : Opened device elliptic0
11-10 23:01:41.716 608 608 I sscrpcd : type=1400 audit(0.0:24614): avc: denied { read } for name="dynamic_fps" dev="sysfs" ino=83951 scontext=u:r:vendor_sensors:s0 tcontext=u:object_r:sysfs:s0 tclass=file permissive=1
11-10 23:01:41.716 608 608 I sscrpcd : type=1400 audit(0.0:24615): avc: denied { open } for path="/sys/devices/virtual/mi_display/disp_feature/disp-DSI-0/dynamic_fps" dev="sysfs" ino=83951 scontext=u:r:vendor_sensors:s0 tcontext=u:object_r:sysfs:s0 tclass=file permissive=1
11-10 23:01:41.716 608 608 I sscrpcd : type=1400 audit(0.0:24616): avc: denied { getattr } for path="/sys/devices/virtual/mi_display/disp_feature/disp-DSI-0/dynamic_fps" dev="sysfs" ino=83951 scontext=u:r:vendor_sensors:s0 tcontext=u:object_r:sysfs:s0 tclass=file permissive=1
11-10 23:01:41.716 0 0 E elliptic_system_configuration_param_put: reg: 0 shift: 4 val: 402
11-10 23:01:41.717 861 18795 I chatty : uid=1000(system) sensors@2.1-ser expire 2 lines
11-10 23:01:41.718 608 841 I sscrpcd : vendor/qcom/proprietary/adsprpc/src/apps_std_imp.c:777: Successfully opened file /sys/class/backlight/panel0-backlight/brightness
11-10 23:01:41.720 0 0 E [ELUS] : (elliptic_ultrasound_rx_port_set) : ultrasound_rx_port: enable=0 ret=0
11-10 23:01:41.721 608 841 I sscrpcd : vendor/qcom/proprietary/adsprpc/src/apps_std_imp.c:777: Successfully opened file /sys/class/mi_display/disp-DSI-0/dynamic_fps
11-10 23:01:41.732 1188 1188 I HwBinder:1188_1: type=1400 audit(0.0:24617): avc: denied { write } for name="user_backup.db" dev="dm-5" ino=5962 scontext=u:r:vendor_mfp-daemon:s0 tcontext=u:object_r:vendor_data_file:s0 tclass=file permissive=1
11-10 23:01:41.732 0 0 E elliptic_system_configuration_param_put: reg: 0 shift: 23 val: 1
11-10 23:01:41.733 0 0 E elliptic_system_configuration_param_put: reg: 0 shift: 8 val: 1
11-10 23:01:41.733 0 0 E [ELUS] : (elliptic_system_configuration_param_put) : ELLIPTIC_SYSTEM_CONFIGURATION_CUSTOM_SETTING_XX csi:1
11-10 23:01:41.733 0 0 E [ELUS] : (elliptic_system_configuration_param_put) : ucontrol->value.integer.value[0]:1
11-10 23:01:41.733 0 0 E [ELUS] : (elliptic_system_configuration_param_put) : calling elliptic_data_write(custom_setting) csi:1
11-10 23:01:41.741 0 0 D msm_be_hw_params_fixup: dai_id= 196, format = 2, rate = 96000
11-10 23:01:41.741 0 0 D msm_snd_cdc_dma_hw_params: id 5 tx_ch=1
11-10 23:01:41.741 0 0 D msm-dai-cdc-dma-dev soc: qcom,msm-dai-cdc-dma:qcom,msm-dai-tx-cdc-dma-4-tx: msm_dai_q6_cdc_dma_set_channel_map: id = 45113
11-10 23:01:41.741 0 0 D msm-dai-cdc-dma-dev soc: qcom,msm-dai-cdc-dma:qcom,msm-dai-tx-cdc-dma-4-tx: msm_dai_q6_cdc_dma_set_channel_map: CDC_DMA_45113_ch cnt[1] ch mask[0x10]
11-10 23:01:41.741 0 0 D msm_be_hw_params_fixup: dai_id= 196, format = 2, rate = 96000
11-10 23:01:41.741 0 0 D msm_be_hw_params_fixup: dai_id= 196, format = 2, rate = 96000
11-10 23:01:41.741 0 0 D msm-dai-cdc-dma-dev soc: qcom,msm-dai-cdc-dma:qcom,msm-dai-tx-cdc-dma-4-tx: msm_dai_q6_cdc_dma_hw_params: bit_wd[16] format[0]
11-10 23:01:41.741 0 0 D : num_channel 1 sample_rate 96000
11-10 23:01:41.744 0 0 I [CSPL] crus_afe_port_start: 0xb039
11-10 23:01:41.745 0 0 D wcd938x_codec wcd938x-codec: __wcd938x_codec_enable_micbias: wname: MIC BIAS3, event: 1
11-10 23:01:41.746 0 0 D wcd938x_codec wcd938x-codec: wcd938x_micbias_control: micb_num:3, micb_ref: 1, pullup_ref: 0
11-10 23:01:41.746 0 0 D wcd938x_codec wcd938x-codec: __wcd938x_codec_enable_micbias: wname: MIC BIAS1, event: 1
11-10 23:01:41.746 0 0 D wcd938x_codec wcd938x-codec: wcd938x_micbias_control: micb_num:1, micb_ref: 1, pullup_ref: 0
11-10 23:01:41.746 0 0 D wcd938x_codec wcd938x-codec: __wcd938x_codec_enable_micbias: wname: MIC BIAS3, event: 2
11-10 23:01:41.747 0 0 D wcd938x_codec wcd938x-codec: __wcd938x_codec_enable_micbias: wname: MIC BIAS1, event: 2
11-10 23:01:41.755 0 0 I bolero-codec soc: qcom,msm-audio-apr:qcom,q6core-audio:bolero-cdc: tx_macro_enable_dec: the reg(0x60c) value before enable dec is: 0x0
11-10 23:01:41.755 0 0 I bolero-codec soc: qcom,msm-audio-apr:qcom,q6core-audio:bolero-cdc: tx_macro_enable_dec: the reg(0x60c) value after enable dec is: 0x0
11-10 23:01:41.755 0 0 D wcd938x_codec wcd938x-codec: wcd938x_enable_req wname: ADC1 REQ event: 1
11-10 23:01:41.756 0 0 D wcd938x_codec wcd938x-codec: wcd938x_enable_req wname: ADC3 REQ event: 1
11-10 23:01:41.757 0 0 D wcd938x_codec wcd938x-codec: wcd938x_enable_req wname: ADC4 REQ event: 1
11-10 23:01:41.758 0 0 D wcd938x_codec wcd938x-codec: wcd938x_tx_connect_port slv_ch_idx: 0, mstr_ch_type: 34
11-10 23:01:41.758 0 0 D wcd938x_codec wcd938x-codec: wcd938x_tx_connect_port slv_ch_idx: 2, mstr_ch_type: 42
11-10 23:01:41.758 0 0 D wcd938x_codec wcd938x-codec: wcd938x_tx_connect_port slv_ch_idx: 3, mstr_ch_type: 43
11-10 23:01:41.758 0 0 D wcd938x_codec wcd938x-codec: wcd938x_codec_enable_adc wname: ADC1 event: 1
11-10 23:01:41.763 0 0 D wcd938x_codec wcd938x-codec: wcd938x_codec_enable_adc wname: ADC3 event: 1
11-10 23:01:41.764 0 0 D wcd938x_codec wcd938x-codec: wcd938x_codec_enable_adc wname: ADC4 event: 1
11-10 23:01:41.771 0 0 D lahaina-asoc-snd soc: qcom,msm-audio-apr:qcom,q6core-audio:sound: msm_mi2s_snd_startup: substream = subdevice #0 stream = 1, dai name Tertiary MI2S, dai ID 2
11-10 23:01:41.771 0 0 D lahaina-asoc-snd soc: qcom,msm-audio-apr:qcom,q6core-audio:sound: msm_mi2s_set_sclk: clock rate 6144000l
11-10 23:01:41.771 0 0 D msm_be_hw_params_fixup: dai_id= 46, format = 32, rate = 48000
11-10 23:01:41.771 0 0 D msm_be_hw_params_fixup: dai_id= 46, format = 6, rate = 96000
11-10 23:01:41.771 0 0 D msm_be_hw_params_fixup: dai_id= 46, format = 6, rate = 96000
11-10 23:01:41.771 0 0 D msm-dai-q6-mi2s soc: qcom,msm-dai-mi2s:qcom,msm-dai-q6-mi2s-tert: msm_dai_q6_mi2s_hw_params: dai id 2 dai_data->channels = 2
11-10 23:01:41.771 0 0 D : sample_rate = 96000 i2s_cfg_minor_version = 0x1
11-10 23:01:41.771 0 0 D : bit_width = 24 channel_mode = 0x1 mono_stereo = 0x1
11-10 23:01:41.771 0 0 D : ws_src = 0x1 sample_rate = 96000 data_format = 0x0
11-10 23:01:41.771 0 0 D : reserved = 0
11-10 23:01:41.771 0 0 D msm_mi2s_get_port_id: port_id = 0x1005
11-10 23:01:41.771 0 0 D msm-dai-q6-mi2s soc: qcom,msm-dai-mi2s:qcom,msm-dai-q6-mi2s-tert: msm_dai_q6_mi2s_prepare: dai id 2, afe port id = 0x1005
11-10 23:01:41.771 0 0 D : dai_data->channels = 2 sample_rate = 96000
11-10 23:01:41.771 0 0 I afe_get_cal_topology_id: port_id = 0x1005 acdb_id = 102 topology_id = 0x1000b909 cal_type_index=8 ret=0
11-10 23:01:41.772 18595 18595 I chatty : uid=1000 system_server expire 29 lines
11-10 23:01:41.772 0 0 I afe_send_hw_delay: port_id 0x1005 rate 96000 delay_usec 289 status 0
11-10 23:01:41.772 18595 18595 I SystemServerTiming: OnBootPhase_480_com.android.server.slice.SliceManagerService$Lifecycle
11-10 23:01:41.772 18595 18595 I SystemServerTiming: OnBootPhase_480_com.android.server.camera.CameraServiceProxy
11-10 23:01:41.772 18595 18595 I SystemServerTiming: OnBootPhase_480_com.android.server.stats.StatsCompanion$Lifecycle
11-10 23:01:41.772 18595 18595 I SystemServerTiming: OnBootPhase_480_com.android.server.stats.pull.StatsPullAtomService
11-10 23:01:41.772 18595 18595 I SystemServerTiming: OnBootPhase_480_com.android.server.incident.IncidentCompanionService
11-10 23:01:41.772 18595 18595 I SystemServerTiming: OnBootPhase_480_com.android.server.MmsServiceBroker
11-10 23:01:41.772 18595 18595 I SystemServerTiming: OnBootPhase_480_com.android.server.autofill.AutofillManagerService
11-10 23:01:41.772 18595 18595 I SystemServerTiming: OnBootPhase_480_com.android.server.clipboard.ClipboardService
11-10 23:01:41.772 18595 18595 I SystemServerTiming: OnBootPhase_480_com.android.server.appbinding.AppBindingService$Lifecycle
11-10 23:01:41.772 18595 18595 I SystemServerTiming: OnBootPhase_480_org.lineageos.platform.internal.ProfileManagerService
11-10 23:01:41.772 18595 18595 I SystemServerTiming: OnBootPhase_480_org.lineageos.platform.internal.LineageHardwareService
11-10 23:01:41.772 18595 18595 I SystemServerTiming: OnBootPhase_480_org.lineageos.platform.internal.PerformanceManagerService
11-10 23:01:41.772 18595 18595 I SystemServerTiming: OnBootPhase_480_org.lineageos.platform.internal.display.LiveDisplayService
11-10 23:01:41.772 18595 18595 I SystemServerTiming: OnBootPhase_480_org.lineageos.platform.internal.LineageAudioService
11-10 23:01:41.772 18595 18595 I SystemServerTiming: OnBootPhase_480_org.lineageos.platform.internal.TrustInterfaceService
11-10 23:01:41.772 18595 18595 I SystemServerTiming: OnBootPhase_480_org.lineageos.platform.internal.LineageSettingsService
11-10 23:01:41.772 18595 18595 I SystemServerTiming: OnBootPhase_480_org.lineageos.platform.internal.LineageGlobalActionsService
11-10 23:01:41.772 18595 18595 I SystemServerTiming: StartBootPhaseSystemServicesReady
11-10 23:01:41.772 18595 18595 I SystemServiceManager: Starting phase 500
11-10 23:01:41.773 18595 18595 I SystemServerTiming: OnBootPhase_500
11-10 23:01:41.773 18595 18595 I SystemServerTiming: OnBootPhase_500_com.android.server.security.FileIntegrityService
11-10 23:01:41.773 18595 18595 I SystemServerTiming: OnBootPhase_500_com.android.server.pm.Installer
11-10 23:01:41.773 18595 18595 I SystemServerTiming: OnBootPhase_500_com.android.server.os.DeviceIdentifiersPolicyService
11-10 23:01:41.773 18595 18595 I SystemServerTiming: OnBootPhase_500_com.android.server.uri.UriGrantsManagerService$Lifecycle
11-10 23:01:41.773 18595 18595 I SystemServerTiming: OnBootPhase_500_com.android.server.wm.ActivityTaskManagerService$Lifecycle
11-10 23:01:41.773 18595 18595 I SystemServerTiming: OnBootPhase_500_com.android.server.am.ActivityManagerService$Lifecycle
11-10 23:01:41.773 18595 18595 I SystemServerTiming: OnBootPhase_500_com.android.server.pm.DataLoaderManagerService
11-10 23:01:41.773 18595 18595 I SystemServerTiming: OnBootPhase_500_com.android.server.power.PowerManagerService
11-10 23:01:41.773 18595 18595 I SystemServerTiming: OnBootPhase_500_com.android.server.power.ThermalManagerService
11-10 23:01:41.773 18595 18595 I SystemServerTiming: OnBootPhase_500_com.android.server.recoverysystem.RecoverySystemService$Lifecycle
11-10 23:01:41.773 18595 18595 I SystemServerTiming: OnBootPhase_500_com.android.server.lights.LightsService
11-10 23:01:41.773 18595 18595 I SystemServerTiming: OnBootPhase_500_com.android.server.display.DisplayManagerService
11-10 23:01:41.773 18595 18595 I SystemServerTiming: OnBootPhase_500_com.android.server.pm.UserManagerService$LifeCycle
11-10 23:01:41.773 18595 18595 I SystemServerTiming: OnBootPhase_500_com.android.server.om.OverlayManagerService
11-10 23:01:41.773 18595 18595 I SystemServerTiming: OnBootPhase_500_com.android.server.SensorPrivacyService
11-10 23:01:41.773 18595 18595 I SystemServerTiming: OnBootPhase_500_com.android.server.SystemConfigService
11-10 23:01:41.773 18595 18595 I SystemServerTiming: OnBootPhase_500_com.android.server.BatteryService
11-10 23:01:41.773 18595 18595 I SystemServerTiming: OnBootPhase_500_com.android.server.usage.UsageStatsService
11-10 23:01:41.774 18595 18595 D AppStandbyController: Setting app idle enabled state
11-10 23:01:41.774 18595 18595 E HistoricalRegistry: Interaction before persistence initialized
11-10 23:01:41.774 18595 18595 I SystemServerTiming: OnBootPhase_500_com.android.server.webkit.WebViewUpdateService
11-10 23:01:41.774 18595 18595 I SystemServerTiming: OnBootPhase_500_com.android.server.CachedDeviceStateService
11-10 23:01:41.774 18595 18595 I SystemServerTiming: OnBootPhase_500_com.android.server.BinderCallsStatsService$LifeCycle
11-10 23:01:41.775 0 0 I [CSPL] crus_afe_port_start: 0x1005
11-10 23:01:41.776 0 0 D msm-dai-q6-mi2s soc: qcom,msm-dai-mi2s:qcom,msm-dai-q6-mi2s-tert: msm_dai_q6_mi2s_prepare: set hwfree_status to started
11-10 23:01:41.777 18595 18595 I SystemServerTiming: OnBootPhase_500_com.android.server.LooperStatsService$Lifecycle
11-10 23:01:41.777 18595 18595 I SystemServerTiming: OnBootPhase_500_com.android.server.rollback.RollbackManagerService
11-10 23:01:41.777 18595 18595 I SystemServerTiming: OnBootPhase_500_com.android.server.os.BugreportManagerService
11-10 23:01:41.777 18595 18595 I SystemServerTiming: OnBootPhase_500_com.android.server.gpu.GpuService
11-10 23:01:41.777 18595 18595 I SystemServerTiming: OnBootPhase_500_com.android.server.security.KeyChainSystemService
11-10 23:01:41.777 18595 18595 I SystemServerTiming: OnBootPhase_500_com.android.server.telecom.TelecomLoaderService
11-10 23:01:41.777 18595 18595 I SystemServerTiming: OnBootPhase_500_com.android.server.accounts.AccountManagerService$Lifecycle
11-10 23:01:41.777 18595 18595 I SystemServerTiming: OnBootPhase_500_com.android.server.content.ContentService$Lifecycle
11-10 23:01:41.777 18595 18595 I SystemServerTiming: OnBootPhase_500_com.android.server.DropBoxManagerService
11-10 23:01:41.777 18595 18595 I SystemServerTiming: OnBootPhase_500_com.android.server.AlarmManagerService
11-10 23:01:41.778 18595 18595 I SystemServerTiming: OnBootPhase_500_com.android.server.BluetoothService
11-10 23:01:41.778 18595 18595 I SystemServerTiming: OnBootPhase_500_com.android.server.connectivity.IpConnectivityMetrics
11-10 23:01:41.779 18595 18595 I SystemServerTiming: OnBootPhase_500_com.android.server.net.watchlist.NetworkWatchlistService$Lifecycle
11-10 23:01:41.779 18595 18595 I SystemServerTiming: OnBootPhase_500_com.android.server.PinnerService
11-10 23:01:41.779 18595 18595 I SystemServerTiming: OnBootPhase_500_com.google.android.startop.iorap.IorapForwardingService
11-10 23:01:41.779 18595 18595 I SystemServerTiming: OnBootPhase_500_com.android.server.wm.AppLockService
11-10 23:01:41.779 18595 18595 V AppLockService_AppLock: onBootPhase PHASE_SYSTEM_SERVICES_READY
11-10 23:01:41.779 18595 18595 I SystemServerTiming: OnBootPhase_500_com.android.server.integrity.AppIntegrityManagerService
11-10 23:01:41.779 18595 18595 I SystemServerTiming: OnBootPhase_500_com.android.server.inputmethod.InputMethodManagerService$Lifecycle
11-10 23:01:41.779 18595 18595 I SystemServerTiming: OnBootPhase_500_com.android.server.accessibility.AccessibilityManagerService$Lifecycle
11-10 23:01:41.779 18595 18595 I SystemServerTiming: OnBootPhase_500_com.android.server.StorageManagerService$Lifecycle
11-10 23:01:41.780 0 0 D [tfa98xx] tfa98xx_set_profile(): selected container profile [1]
11-10 23:01:41.780 18595 18595 I SystemServerTiming: OnBootPhase_500_com.android.server.usage.StorageStatsService$Lifecycle
11-10 23:01:41.780 18595 18595 I SystemServerTiming: OnBootPhase_500_com.android.server.UiModeManagerService
11-10 23:01:41.780 0 0 D lahaina-asoc-snd soc: qcom,msm-audio-apr:qcom,q6core-audio:sound: msm_mi2s_snd_startup: substream = subdevice #0 stream = 0, dai name Tertiary MI2S, dai ID 2
11-10 23:01:41.780 0 0 D msm_be_hw_params_fixup: dai_id= 45, format = 2, rate = 96000
11-10 23:01:41.780 0 0 D msm_be_hw_params_fixup: dai_id= 45, format = 6, rate = 96000
11-10 23:01:41.780 0 0 E : tfa98xx_hw_params-1
11-10 23:01:41.780 0 0 D [tfa98xx] tfa98xx_hw_params(): Requested rate: 96000, sample size: 24, physical size: 32
11-10 23:01:41.780 0 0 D [tfa98xx] tfa98xx_hw_params(): tfa98xx_hw_params: Requested width: 24
11-10 23:01:41.780 0 0 D [tfa98xx] tfa98xx_hw_params(): mixer profile:container profile = [1:1]
11-10 23:01:41.780 0 0 D msm_be_hw_params_fixup: dai_id= 45, format = 6, rate = 96000
11-10 23:01:41.780 0 0 E : tfa98xx_hw_params-1
11-10 23:01:41.780 0 0 D [tfa98xx] tfa98xx_hw_params(): Requested rate: 96000, sample size: 24, physical size: 32
11-10 23:01:41.780 0 0 D [tfa98xx] tfa98xx_hw_params(): tfa98xx_hw_params: Requested width: 24
11-10 23:01:41.780 0 0 D [tfa98xx] tfa98xx_hw_params(): mixer profile:container profile = [1:1]
11-10 23:01:41.780 0 0 D msm_be_hw_params_fixup: dai_id= 45, format = 6, rate = 96000
11-10 23:01:41.780 0 0 D msm-dai-q6-mi2s soc: qcom,msm-dai-mi2s:qcom,msm-dai-q6-mi2s-tert: msm_dai_q6_mi2s_hw_params: dai id 2 dai_data->channels = 2
11-10 23:01:41.780 0 0 D : sample_rate = 96000 i2s_cfg_minor_version = 0x1
11-10 23:01:41.780 0 0 D : bit_width = 24 channel_mode = 0x2 mono_stereo = 0x1
11-10 23:01:41.780 0 0 D : ws_src = 0x1 sample_rate = 96000 data_format = 0x0
11-10 23:01:41.780 0 0 D : reserved = 0
11-10 23:01:41.781 0 0 D msm_mi2s_get_port_id: port_id = 0x1004
11-10 23:01:41.781 0 0 D msm-dai-q6-mi2s soc: qcom,msm-dai-mi2s:qcom,msm-dai-q6-mi2s-tert: msm_dai_q6_mi2s_prepare: dai id 2, afe port id = 0x1004
11-10 23:01:41.781 0 0 D : dai_data->channels = 2 sample_rate = 96000
11-10 23:01:41.781 0 0 I afe_get_cal_topology_id: port_id = 0x1004 acdb_id = 7 topology_id = 0x112fc cal_type_index=8 ret=0
11-10 23:01:41.781 18595 18595 I ActivityTaskManager: Config changes=200 {1.0 ?mcc?mnc [ja_JP] ldltr sw392dp w392dp h786dp 440dpi nrml long port night finger -keyb/h/h -nav/h winConfig={ mBounds=Rect(0, 0 - 1080, 2400) mAppBounds=Rect(0, 104 - 1080, 2268) mWindowingMode=fullscreen mDisplayWindowingMode=fullscreen mActivityType=undefined mAlwaysOnTop=undefined mRotation=ROTATION_0} s.6}
11-10 23:01:41.781 0 0 E send_afe_cal_type: No cal sent for cal_index 0, port_id = 0x1004! ret -22
11-10 23:01:41.781 0 0 I afe_send_hw_delay: port_id 0x1004 rate 96000 delay_usec 0 status 0
11-10 23:01:41.782 18595 18595 I WindowManager: Override config changes=200 {1.0 ?mcc?mnc [ja_JP] ldltr sw392dp w392dp h786dp 440dpi nrml long port night finger -keyb/h/h -nav/h winConfig={ mBounds=Rect(0, 0 - 1080, 2400) mAppBounds=Rect(0, 104 - 1080, 2268) mWindowingMode=fullscreen mDisplayWindowingMode=fullscreen mActivityType=undefined mAlwaysOnTop=undefined mRotation=ROTATION_0} s.6} for displayId=0
11-10 23:01:41.782 18595 18595 I SystemServerTiming: OnBootPhase_500_com.android.server.locksettings.LockSettingsService$Lifecycle
11-10 23:01:41.782 18595 18595 I SystemServerTiming: OnBootPhase_500_com.android.server.PersistentDataBlockService
11-10 23:01:41.782 18595 18595 I SystemServerTiming: OnBootPhase_500_com.android.server.testharness.TestHarnessModeService
11-10 23:01:41.783 18595 18595 D TestHarnessModeService: Setting up test harness mode
11-10 23:01:41.783 18595 18595 D TestHarnessModeService: Getting PersistentDataBlockManagerInternal from LocalServices
11-10 23:01:41.784 0 0 I [CSPL] crus_afe_port_start: 0x1004
11-10 23:01:41.784 0 0 D msm-dai-q6-mi2s soc: qcom,msm-dai-mi2s:qcom,msm-dai-q6-mi2s-tert: msm_dai_q6_mi2s_prepare: set hwfree_status to started
11-10 23:01:41.784 0 0 I tfa98xx 1-0034: tfa98xx_mute: state: 0
11-10 23:01:41.784 0 0 E tfa98xx_mute-1 mute:
11-10 23:01:41.784 0 0 D [tfa98xx] tfa98xx_mute(): [goodix] tfa98xx_mute dsp_init=0
11-10 23:01:41.784 0 0 D [tfa98xx] tfa98xx_dsp_init(): [goodix] tfa98xx_dsp_init init_count=0
11-10 23:01:41.784 0 0 D [tfa98xx] tfa98xx_tfa_start(): tfa98xx_tfa_start next_profile=1 vstep=0
11-10 23:01:41.784 0 0 D [tfa98xx] tfa_dev_start(): entry...
11-10 23:01:41.784 0 0 I [tfa98xx] tfa_dev_start(): Active_profile:handset, next_profile:handset
11-10 23:01:41.784 0 0 D [tfa98xx] show_current_state(): Current HW manager state:
11-10 23:01:41.784 0 0 D [tfa98xx] show_current_state(): power_down_state
11-10 23:01:41.785 0 0 D [tfa98xx] show_current_state(): Current HW manager state:
11-10 23:01:41.785 0 0 D [tfa98xx] show_current_state(): power_down_state
11-10 23:01:41.785 0 0 D [tfa98xx] tfaRunSpeakerBoost(): Startup of device [RCV] is a warmstart
11-10 23:01:41.785 0 0 D [tfa98xx] tfa_dev_start(): [goodix] tfa_dev_start after osc_powerdown
11-10 23:01:41.785 0 0 D [tfa98xx] tfa_dev_set_state(): tfa_dev_set_state() state=5 is_calibration=0
11-10 23:01:41.785 18595 18623 D PinnerService: pinRangeStream: null
11-10 23:01:41.786 0 0 D [tfa98xx] tfa_dev_set_state(): tfa->is_probus_device=1 is_calibration=0
11-10 23:01:41.786 18595 18595 I SystemServerTiming: OnBootPhase_500_com.android.server.oemlock.OemLockService
11-10 23:01:41.786 18595 18595 I SystemServerTiming: OnBootPhase_500_com.android.server.DeviceIdleController
11-10 23:01:41.786 0 0 D [tfa98xx] tfa_dev_start(): [goodix] tfa_dev_start after implemented tfa_dev_set_state()
11-10 23:01:41.787 0 0 D [tfa98xx] tfa_dev_start(): [goodix] tfa_dev_start after implemented tfaContWriteProfile()
11-10 23:01:41.787 0 0 D [tfa98xx] show_current_state(): Current HW manager state:
11-10 23:01:41.787 0 0 D [tfa98xx] show_current_state(): enable_pll_state
11-10 23:01:41.787 18595 18595 E HistoricalRegistry: Interaction before persistence initialized
11-10 23:01:41.788 18595 18595 I SystemServerTiming: OnBootPhase_500_com.android.server.devicepolicy.DevicePolicyManagerService$Lifecycle
11-10 23:01:41.788 18595 18595 I SystemServerTiming: OnBootPhase_500_com.android.server.textservices.TextServicesManagerService$Lifecycle
11-10 23:01:41.788 18595 18595 I SystemServerTiming: OnBootPhase_500_com.android.server.textclassifier.TextClassificationManagerService$Lifecycle
11-10 23:01:41.788 18595 18595 I SystemServerTiming: OnBootPhase_500_com.android.server.NetworkScoreService$Lifecycle
11-10 23:01:41.788 18595 18595 I SystemServerTiming: OnBootPhase_500_com.android.server.wifi.WifiService
11-10 23:01:41.788 18595 18595 I SystemServerTiming: OnBootPhase_500_com.android.server.wifi.scanner.WifiScanningService
11-10 23:01:41.788 18595 18595 I SystemServerTiming: OnBootPhase_500_com.android.server.wifi.rtt.RttService
11-10 23:01:41.788 0 0 D [tfa98xx] tfa_dev_start(): [goodix] tfa_dev_start end...
11-10 23:01:41.789 0 0 D [tfa98xx] show_current_state(): Current HW manager state:
11-10 23:01:41.789 0 0 D [tfa98xx] show_current_state(): enable_pll_state
11-10 23:01:41.789 0 0 D [tfa98xx] tfa98xx_tfa_start(): tfa98xx_tfa_start after performed tfa_dev_start return (0)
11-10 23:01:41.789 0 0 D tfa98xx 1-0034: tfa_dev_start success (0)
11-10 23:01:41.789 0 0 I tfa98xx 1-0035: tfa98xx_mute: state: 0
11-10 23:01:41.789 0 0 E tfa98xx_mute-1 mute:
11-10 23:01:41.789 0 0 D [tfa98xx] tfa98xx_mute(): [goodix] tfa98xx_mute dsp_init=0
11-10 23:01:41.789 0 0 D [tfa98xx] tfa98xx_dsp_init(): [goodix] tfa98xx_dsp_init init_count=0
11-10 23:01:41.789 0 0 D [tfa98xx] tfa98xx_tfa_start(): tfa98xx_tfa_start next_profile=1 vstep=0
11-10 23:01:41.789 0 0 D [tfa98xx] tfa_dev_start(): entry...
11-10 23:01:41.789 0 0 I [tfa98xx] tfa_dev_start(): Active_profile:NONE, next_profile:powerdown.standby
11-10 23:01:41.790 0 0 D [tfa98xx] show_current_state(): Current HW manager state:
11-10 23:01:41.790 0 0 D [tfa98xx] show_current_state(): power_down_state
11-10 23:01:41.790 0 0 I [tfa98xx] tfa_dev_start(): This is .standby profile, we do need power up device 0x35
11-10 23:01:41.790 0 0 D [tfa98xx] tfa_dev_start(): [goodix] tfa_dev_start end...
11-10 23:01:41.790 0 0 D [tfa98xx] show_current_state(): Current HW manager state:
11-10 23:01:41.790 0 0 D [tfa98xx] show_current_state(): power_down_state
11-10 23:01:41.790 0 0 D [tfa98xx] tfa98xx_tfa_start(): tfa98xx_tfa_start after performed tfa_dev_start return (0)
11-10 23:01:41.790 0 0 D tfa98xx 1-0035: tfa_dev_start success (0)
11-10 23:01:41.790 0 0 D [tfa98xx] tfa_dev_set_state(): tfa_dev_set_state() state=32 is_calibration=0
11-10 23:01:41.791 0 0 D [tfa98xx] tfa_dev_set_state(): tfa_dev_set_state() state=32 is_calibration=0
11-10 23:01:41.791 18595 18623 D PinnerService: pinRangeStream: null
11-10 23:01:41.791 18595 18623 D PinnerService: pinRangeStream: null
11-10 23:01:41.793 18595 18595 I SystemServerTiming: OnBootPhase_500_com.android.server.wifi.aware.WifiAwareService
11-10 23:01:41.793 0 0 E elliptic_system_configuration_param_put: reg: 0 shift: 23 val: 0
11-10 23:01:41.794 0 0 D mi2s_rx_sample_rate_get: idx[2]_rx_sample_rate = 96000, item = 8
11-10 23:01:41.795 0 0 D msm_mi2s_rx_format_get: idx[2]_rx_format = 6, item = 1
11-10 23:01:41.795 0 0 D msm_mi2s_rx_ch_get: msm_mi2s_[2]_rx_ch = 2
11-10 23:01:41.797 18595 18804 I chatty : uid=1000 system_server expire 3 lines
11-10 23:01:41.799 18595 18595 I SystemServerTiming: OnBootPhase_500_com.android.server.wifi.p2p.WifiP2pService
11-10 23:01:41.799 18595 18595 I SystemServerTiming: OnBootPhase_500_com.android.server.ethernet.EthernetService
11-10 23:01:41.799 18595 18805 I chatty : uid=1000 system_server expire 3 lines
11-10 23:01:41.801 18595 18742 D ConnectivityService: Got NetworkProvider Messenger for Ethernet
11-10 23:01:41.801 18595 18595 I SystemServerTiming: OnBootPhase_500_com.android.server.notification.NotificationManagerService
11-10 23:01:41.801 18595 18806 I chatty : uid=1000 system_server expire 1 line
11-10 23:01:41.803 18595 18595 I SystemServerTiming: OnBootPhase_500_com.android.server.storage.DeviceStorageMonitorService
11-10 23:01:41.803 18595 18595 I SystemServerTiming: OnBootPhase_500_com.android.server.location.LocationManagerService$Lifecycle
11-10 23:01:41.804 18595 18595 E HistoricalRegistry: Interaction before persistence initialized
11-10 23:01:41.804 18595 18733 I chatty : uid=1000 system_server expire 10 lines
11-10 23:01:41.804 18595 18595 I SystemServerTiming: OnBootPhase_500_com.android.server.timedetector.TimeDetectorService$Lifecycle
11-10 23:01:41.804 18595 18595 I SystemServerTiming: OnBootPhase_500_com.android.server.timezonedetector.TimeZoneDetectorService$Lifecycle
11-10 23:01:41.804 18595 18595 I SystemServerTiming: OnBootPhase_500_com.android.server.search.SearchManagerService$Lifecycle
11-10 23:01:41.804 18595 18595 I SystemServerTiming: OnBootPhase_500_com.android.server.wallpaper.WallpaperManagerService$Lifecycle
11-10 23:01:41.804 18595 18595 I SystemServerTiming: OnBootPhase_500_com.android.server.audio.AudioService$Lifecycle
11-10 23:01:41.804 18595 18595 I SystemServerTiming: OnBootPhase_500_com.android.server.soundtrigger_middleware.SoundTriggerMiddlewareService$Lifecycle
11-10 23:01:41.804 18595 18595 I SystemServerTiming: OnBootPhase_500_com.android.server.DockObserver
11-10 23:01:41.804 18595 18595 I SystemServerTiming: OnBootPhase_500_com.android.server.midi.MidiService$Lifecycle
11-10 23:01:41.804 18595 18595 I SystemServerTiming: OnBootPhase_500_com.android.server.adb.AdbService$Lifecycle
11-10 23:01:41.804 18595 18595 I SystemServerTiming: OnBootPhase_500_com.android.server.usb.UsbService$Lifecycle
11-10 23:01:41.804 18595 18595 I SystemServerTiming: OnBootPhase_500_com.android.server.twilight.TwilightService
11-10 23:01:41.804 864 864 I WifiHAL : Sent msg on exit sock to unblock poll()
11-10 23:01:41.804 18595 18595 I SystemServerTiming: OnBootPhase_500_com.android.server.display.color.ColorDisplayService
11-10 23:01:41.805 18595 18595 I SystemServerTiming: OnBootPhase_500_com.android.server.job.JobSchedulerService
11-10 23:01:41.805 864 18511 I WifiHAL : exit_event_handler, buf=E
11-10 23:01:41.805 864 18511 I CLD80211: android.hardware.wifi@1.0-service: Sent msg on exit sock to unblock poll()
11-10 23:01:41.805 864 18511 D WifiHAL : wlan_service_update_sys_param: /proc/sys/net/ipv4/tcp_limit_output_bytes 1048576
11-10 23:01:41.805 18595 18595 E HistoricalRegistry: Interaction before persistence initialized
11-10 23:01:41.805 864 18511 E WifiHAL : wlan_service_update_sys_param: unable to open /proc/sys/net/ipv4/tcp_use_userconfig
11-10 23:01:41.805 864 18511 D WifiHAL : wlan_service_update_sys_param: /proc/sys/net/ipv4/tcp_adv_win_scale 1
11-10 23:01:41.805 864 18511 I android.hardware.wifi@1.0-service: Legacy HAL stop complete callback received
11-10 23:01:41.805 18595 18595 I SystemServerTiming: OnBootPhase_500_com.android.server.soundtrigger.SoundTriggerService
11-10 23:01:41.805 18595 18595 D SoundTriggerService: onBootPhase: 500 : false
11-10 23:01:41.805 18595 18595 I SystemServerTiming: OnBootPhase_500_com.android.server.trust.TrustManagerService
11-10 23:01:41.806 18595 18595 I SystemServerTiming: OnBootPhase_500_com.android.server.backup.BackupManagerService$Lifecycle
11-10 23:01:41.806 18595 18595 I SystemServerTiming: OnBootPhase_500_com.android.server.appwidget.AppWidgetService
11-10 23:01:41.806 18595 18595 I SystemServerTiming: OnBootPhase_500_com.android.server.role.RoleManagerService
11-10 23:01:41.806 18595 18595 I SystemServerTiming: OnBootPhase_500_com.android.server.voiceinteraction.VoiceInteractionManagerService
11-10 23:01:41.806 18595 18595 I SystemServerTiming: OnBootPhase_500_com.android.server.GestureLauncherService
11-10 23:01:41.806 18595 18595 I SystemServerTiming: OnBootPhase_500_com.android.server.SensorNotificationService
11-10 23:01:41.806 18595 18595 I SystemServerTiming: OnBootPhase_500_com.android.server.emergency.EmergencyAffordanceService
11-10 23:01:41.806 18595 18595 I SystemServerTiming: OnBootPhase_500_com.android.server.dreams.DreamManagerService
11-10 23:01:41.806 18595 18595 I SystemServerTiming: OnBootPhase_500_com.android.server.print.PrintManagerService
11-10 23:01:41.806 18595 18595 I SystemServerTiming: OnBootPhase_500_com.android.server.companion.CompanionDeviceManagerService
11-10 23:01:41.806 18595 18595 I SystemServerTiming: OnBootPhase_500_com.android.server.restrictions.RestrictionsManagerService
11-10 23:01:41.806 18595 18595 I SystemServerTiming: OnBootPhase_500_com.android.server.media.MediaSessionService
11-10 23:01:41.806 18595 18595 I SystemServerTiming: OnBootPhase_500_com.android.server.media.MediaResourceMonitorService
11-10 23:01:41.806 18595 18595 I SystemServerTiming: OnBootPhase_500_com.android.server.biometrics.fingerprint.FingerprintService
11-10 23:01:41.806 18595 18595 I SystemServerTiming: OnBootPhase_500_com.android.server.biometrics.BiometricService
11-10 23:01:41.806 18595 18595 I SystemServerTiming: OnBootPhase_500_com.android.server.blob.BlobStoreManagerService
11-10 23:01:41.806 18595 18595 I SystemServerTiming: OnBootPhase_500_com.android.server.biometrics.AuthService
11-10 23:01:41.806 18595 18595 I SystemServerTiming: OnBootPhase_500_com.android.server.pm.ShortcutService$Lifecycle
11-10 23:01:41.806 18595 18595 I SystemServerTiming: OnBootPhase_500_com.android.server.pm.LauncherAppsService
