11-10 23:01:51.793 19191 19216 I UsbDeviceManager: at com.android.server.usb.UsbService$Lifecycle$$ExternalSyntheticLambda1.run(Unknown Source:2)
11-10 23:01:51.793 19191 19216 I UsbDeviceManager: at com.android.server.SystemServerInitThreadPool.lambda$submitTask$0$SystemServerInitThreadPool(SystemServerInitThreadPool.java:103)
11-10 23:01:51.793 19191 19216 I UsbDeviceManager: at com.android.server.SystemServerInitThreadPool$$ExternalSyntheticLambda0.run(Unknown Source:6)
11-10 23:01:51.793 19191 19216 I UsbDeviceManager: at java.util.concurrent.Executors$RunnableAdapter.call(Executors.java:462)
11-10 23:01:51.793 19191 19216 I UsbDeviceManager: at java.util.concurrent.FutureTask.run(FutureTask.java:266)
11-10 23:01:51.793 19191 19216 I UsbDeviceManager: at java.util.concurrent.ThreadPoolExecutor.runWorker(ThreadPoolExecutor.java:1167)
11-10 23:01:51.793 19191 19216 I UsbDeviceManager: at java.util.concurrent.ThreadPoolExecutor$Worker.run(ThreadPoolExecutor.java:641)
11-10 23:01:51.793 19191 19216 I UsbDeviceManager: at com.android.internal.util.ConcurrentUtils$1$1.run(ConcurrentUtils.java:65)
11-10 23:01:51.798 19191 19191 D HardwarePropertiesManagerService-JNI: Link to death notification successful
11-10 23:01:51.798 19191 19191 I SystemServerTiming: StartTwilightService
11-10 23:01:51.798 19191 19191 I SystemServiceManager: Starting com.android.server.twilight.TwilightService
11-10 23:01:51.798 19191 19191 I SystemServerTiming: StartColorDisplay
11-10 23:01:51.799 19191 19191 I SystemServiceManager: Starting com.android.server.display.color.ColorDisplayService
11-10 23:01:51.798 0 0 W healthd : battery l=39 v=3830 t=33.0 h=2 st=2 c=-69 fc=4280000 cc=9 tl=7 chg=u
11-10 23:01:51.800 19191 19191 I SystemServerTiming: StartJobScheduler
11-10 23:01:51.800 19191 19191 I SystemServiceManager: Starting com.android.server.job.JobSchedulerService
11-10 23:01:51.802 19191 19216 W StorageManagerService: No primary storage defined yet; hacking together a stub
11-10 23:01:51.799 0 0 W healthd : battery l=39 v=3830 t=33.0 h=2 st=2 c=-69 fc=4280000 cc=9 tl=7 chg=u
11-10 23:01:51.803 0 0 I : acc_open
11-10 23:01:51.803 0 0 I : acc_release
11-10 23:01:51.804 19191 19191 D JobStore: Start tag: job-info
11-10 23:01:51.805 19191 19216 I android_os_HwBinder: HwBinder: Starting thread pool for getting: android.hidl.manager@1.0::IServiceManager/default
11-10 23:01:51.806 19191 19241 I UsbPortManager: Usb hal service started android.hardware.usb@1.0::IUsb default
11-10 23:01:51.807 19191 19216 I android_os_HwBinder: HwBinder: Starting thread pool for getting: android.hardware.usb@1.0::IUsb/default
11-10 23:01:51.809 863 863 I android.hardware.usb@1.2-service-qti: port0
11-10 23:01:51.809 863 863 I android.hardware.usb@1.2-service-qti: connected:1 canChangeMode:1 canChagedata:0 canChangePower:0
11-10 23:01:51.814 0 0 W healthd : battery l=39 v=3830 t=33.0 h=2 st=2 c=-69 fc=4280000 cc=9 tl=7 chg=u
11-10 23:01:51.818 19191 19191 I JobStore: Read 106 jobs
11-10 23:01:51.819 19191 19191 I TetheringManager: registerTetheringEventCallback:android
11-10 23:01:51.820 19191 19331 D ConnectivityService: NetReassign [no changes]
11-10 23:01:51.821 19191 19191 E HistoricalRegistry: Interaction before persistence initialized
11-10 23:01:51.821 19191 19191 I SystemServerTiming: StartSoundTrigger
11-10 23:01:51.821 19191 19191 I SystemServiceManager: Starting com.android.server.soundtrigger.SoundTriggerService
11-10 23:01:51.822 19191 19191 I SystemServerTiming: StartTrustManager
11-10 23:01:51.822 19191 19191 I SystemServiceManager: Starting com.android.server.trust.TrustManagerService
11-10 23:01:51.822 19191 19191 I SystemServerTiming: StartBackupManager
11-10 23:01:51.822 19191 19191 I SystemServiceManager: Starting com.android.server.backup.BackupManagerService$Lifecycle
11-10 23:01:51.823 19191 19191 I SystemServerTiming: StartAppWidgetService
11-10 23:01:51.823 19191 19191 I SystemServiceManager: Starting com.android.server.appwidget.AppWidgetService
11-10 23:01:51.824 19191 19191 I SystemServerTiming: StartRoleManagerService
11-10 23:01:51.824 19191 19191 I SystemServerTiming: StartVoiceRecognitionManager
11-10 23:01:51.824 19191 19191 I SystemServiceManager: Starting com.android.server.voiceinteraction.VoiceInteractionManagerService
11-10 23:01:51.825 19191 19191 W VoiceInteractionManager: Unable to resolve default voice recognition service.
11-10 23:01:51.826 19191 19191 I SystemServerTiming: StartGestureLauncher
11-10 23:01:51.826 19191 19191 I SystemServiceManager: Starting com.android.server.GestureLauncherService
11-10 23:01:51.826 19191 19191 I SystemServerTiming: StartSensorNotification
11-10 23:01:51.826 19191 19191 I SystemServiceManager: Starting com.android.server.SensorNotificationService
11-10 23:01:51.826 19191 19191 I SystemServerTiming: StartDiskStatsService
11-10 23:01:51.826 19191 19191 I SystemServerTiming: RuntimeService
11-10 23:01:51.827 19191 19191 I SystemServerTiming: StartNetworkTimeUpdateService
11-10 23:01:51.827 19191 19191 I SystemServerTiming: CertBlacklister
11-10 23:01:51.827 19191 19191 I SystemServerTiming: StartEmergencyAffordanceService
11-10 23:01:51.827 19191 19191 I SystemServiceManager: Starting com.android.server.emergency.EmergencyAffordanceService
11-10 23:01:51.827 19191 19191 I SystemServerTiming: StartDreamManager
11-10 23:01:51.827 19191 19191 I SystemServiceManager: Starting com.android.server.dreams.DreamManagerService
11-10 23:01:51.827 19191 19278 I SystemServerTimingAsync: InitThreadPoolExec:startBlobStoreManagerService
11-10 23:01:51.827 19191 19278 I SystemServerTimingAsync: startBlobStoreManagerService
11-10 23:01:51.828 19191 19191 I SystemServerTiming: AddGraphicsStatsService
11-10 23:01:51.828 19191 19191 I SystemServerTiming: StartPrintManager
11-10 23:01:51.828 19191 19191 I SystemServiceManager: Starting com.android.server.print.PrintManagerService
11-10 23:01:51.828 19191 19383 I ServiceManager: Waiting for service 'stats' on '/dev/binder'...
11-10 23:01:51.829 19191 19191 I SystemServerTiming: StartCompanionDeviceManager
11-10 23:01:51.829 19191 19191 I SystemServiceManager: Starting com.android.server.companion.CompanionDeviceManagerService
11-10 23:01:51.829 19191 19191 I SystemServerTiming: StartRestrictionManager
11-10 23:01:51.829 19191 19191 I SystemServiceManager: Starting com.android.server.restrictions.RestrictionsManagerService
11-10 23:01:51.830 19191 19191 I SystemServerTiming: StartMediaSessionService
11-10 23:01:51.830 19191 19191 I SystemServiceManager: Starting com.android.server.media.MediaSessionService
11-10 23:01:51.831 19191 19191 I SystemServerTiming: StartMediaResourceMonitor
11-10 23:01:51.831 19191 19191 I SystemServiceManager: Starting com.android.server.media.MediaResourceMonitorService
11-10 23:01:51.831 19191 19191 I SystemServerTiming: StartMediaRouterService
11-10 23:01:51.831 19191 19191 E HistoricalRegistry: Interaction before persistence initialized
11-10 23:01:51.832 19191 19191 I SystemServerTiming: StartFingerprintSensor
11-10 23:01:51.832 19191 19191 I SystemServiceManager: Starting com.android.server.biometrics.fingerprint.FingerprintService
11-10 23:01:51.833 19191 19191 I SystemServerTiming: StartBiometricService
11-10 23:01:51.833 19191 19191 I SystemServiceManager: Starting com.android.server.biometrics.BiometricService
11-10 23:01:51.833 19191 19291 I SystemServerTimingAsync: InitThreadPoolExec:FingerprintService.onStart
11-10 23:01:51.833 19191 19291 V FingerprintService: mDaemon was null, reconnect to fingerprint
11-10 23:01:51.834 19191 19291 I android_os_HwBinder: HwBinder: Starting thread pool for getting: android.hardware.biometrics.fingerprint@2.1::IBiometricsFingerprint/default
11-10 23:01:51.834 19191 19191 I SystemServerTiming: StartAuthService
11-10 23:01:51.834 19191 19191 I SystemServiceManager: Starting com.android.server.biometrics.AuthService
11-10 23:01:51.834 19191 19191 D AuthService: Registering ID: 0 Modality: 2 Strength: 15
11-10 23:01:51.834 19191 19191 D FingerprintService: initConfiguredStrengthInternal(15)
11-10 23:01:51.835 19191 19191 D BiometricService: Registering ID: 0 Modality: 2 Strength: 15
11-10 23:01:51.835 19191 19191 D BiometricStrengthController: Flags are null or empty
11-10 23:01:51.835 19191 19291 V FingerprintService: Fingerprint HAL id: -5476376646046306384
11-10 23:01:51.835 19191 19191 I SystemServerTiming: StartBackgroundDexOptService
11-10 23:01:51.835 19191 19191 W BackgroundDexOptService: SysProp pm.dexopt.downgrade_after_inactive_days not set
11-10 23:01:51.835 1188 1231 I fpc_fingerprint_hal: fpc_set_active_group gid = 0, store path = /data/vendor_de/0/fpdata
11-10 23:01:51.835 19191 19278 I SystemServiceManager: Starting com.android.server.blob.BlobStoreManagerService
11-10 23:01:51.835 19191 19191 I SystemServerTiming: StartDynamicCodeLoggingService
11-10 23:01:51.836 19191 19191 I SystemServerTiming: StartPruneInstantAppsJobService
11-10 23:01:51.836 19191 19191 I SystemServerTiming: StartShortcutServiceLifecycle
11-10 23:01:51.836 19191 19191 I SystemServiceManager: Starting com.android.server.pm.ShortcutService$Lifecycle
11-10 23:01:51.836 19191 19191 E HistoricalRegistry: Interaction before persistence initialized
11-10 23:01:51.837 19191 19191 I SystemServerTiming: StartLauncherAppsService
11-10 23:01:51.837 19191 19191 I SystemServiceManager: Starting com.android.server.pm.LauncherAppsService
11-10 23:01:51.837 19191 19191 I SystemServerTiming: StartCrossProfileAppsService
11-10 23:01:51.837 19191 19191 I SystemServiceManager: Starting com.android.server.pm.CrossProfileAppsService
11-10 23:01:51.837 19191 19191 I SystemServerTiming: StartPocketService
11-10 23:01:51.837 19191 19191 I SystemServiceManager: Starting com.android.server.pocket.PocketService
11-10 23:01:51.836 1188 1188 I HwBinder:1188_1: type=1400 audit(0.0:25261): avc: denied { getattr } for path="/data/vendor/fpc/user.db" dev="dm-5" ino=59615 scontext=u:r:vendor_mfp-daemon:s0 tcontext=u:object_r:vendor_data_file:s0 tclass=file permissive=1
11-10 23:01:51.839 19191 19191 D PocketService: Cannot detect Vendor pocket sensor, sensor is NULL
11-10 23:01:51.836 1188 1188 I HwBinder:1188_1: type=1400 audit(0.0:25262): avc: denied { read } for name="user.db" dev="dm-5" ino=59615 scontext=u:r:vendor_mfp-daemon:s0 tcontext=u:object_r:vendor_data_file:s0 tclass=file permissive=1
11-10 23:01:51.836 1188 1188 I HwBinder:1188_1: type=1400 audit(0.0:25263): avc: denied { open } for path="/data/vendor/fpc/user.db" dev="dm-5" ino=59615 scontext=u:r:vendor_mfp-daemon:s0 tcontext=u:object_r:vendor_data_file:s0 tclass=file permissive=1
11-10 23:01:51.839 861 861 E sensors.elliptic@2.0: Elliptic: batch() 0
11-10 23:01:51.840 861 861 E sensors.elliptic@2.0: Elliptic: activate() 0, 1
11-10 23:01:51.840 861 897 I Elliptic: nsorBase.h(74) : I : ACTIVATE sensor with Handle = 0
11-10 23:01:51.840 861 861 I sensors-hal: batch:242, android.sensor.light/51, period=400000000, max_latency=0
11-10 23:01:51.840 861 861 I sensors-hal: set_config:68, no need to adjust sample_period_ns due to on_change_sp_enabled = 1 or reporting_mode = 2
11-10 23:01:51.840 861 861 I sensors-hal: batch:251, android.sensor.light/51, period=400000000, max_latency=0 request completed
11-10 23:01:51.840 861 897 W android.hardware.sensors@2.1-service.xiaomi_sm8350-multihal: elliptic_notify_audio_hal : ultrasound-proximity=1
11-10 23:01:51.840 861 897 W android.hardware.sensors@2.1-service.xiaomi_sm8350-multihal: elliptic_notify_audio_hal, mode:enable 0:1
11-10 23:01:51.840 861 897 I ultrasound: ultrasound_enable: enable ultrasound 1 mode 0
11-10 23:01:51.840 861 861 I sensors-hal: activate:209, android.sensor.light/51 en=1
11-10 23:01:51.840 861 861 I sensors-hal: get_qmi_debug_flag:241, support_qmi_debug : false
11-10 23:01:51.840 861 897 D ultrasound: clientRequest: write to server 264
11-10 23:01:51.840 0 0 I [ELUS] : (device_open) : Opened device elliptic0
11-10 23:01:51.836 861 861 I sensors@2.1-ser: type=1400 audit(0.0:25264): avc: denied { connectto } for path="/dev/socket/audio_hw_socket" scontext=u:r:hal_sensors_default:s0 tcontext=u:r:hal_audio_default:s0 tclass=unix_stream_socket permissive=1
11-10 23:01:51.840 19112 19292 D audio_hw_con: add_client accept client connect 58, total connect 1
11-10 23:01:51.840 19112 19292 W audio_hw_con: audio_handle_client_sock received client connect 58
11-10 23:01:51.840 19112 19292 D audio_hw_primary: adev_set_parameters: enter: ultrasound-proximity=1
11-10 23:01:51.841 19112 19292 V msm8974_platform: platform_set_parameters: enter: ultrasound-proximity=1
11-10 23:01:51.841 19112 19292 D msm8974_platform: platform_set_parameters: exit with code(0)
11-10 23:01:51.841 19112 19292 D ultrasound_extn: ultrasound_extn_set_parameters: enable: 1 index: 0 parms: ultrasound-proximity=1
11-10 23:01:51.841 19112 19292 D ultrasound_extn: ultrasound_extn_set_parameters: adev->ultrasound.sensor_activated:1
11-10 23:01:51.841 19112 19292 D ultrasound_extn: ultrasound_extn_start: enter
11-10 23:01:51.841 19112 19292 D ultrasound_extn: ultrasound_extn_start: start_refcount 0
11-10 23:01:51.841 19112 19292 D ultrasound_extn: ultrasound_extn_start: starting
11-10 23:01:51.841 19112 19292 D ultrasound_extn: ultrasound_start: enter
11-10 23:01:51.841 19112 19292 D ultrasound_extn: ultrasound_load_calibration: enter
11-10 23:01:51.841 19112 19292 D ultrasound_extn: ultrasound_load_calibration_data: Load manual calibration /mnt/vendor/persist/audio/elliptic_calibration
11-10 23:01:51.841 19112 19292 E ultrasound_extn: ultrasound_load_calibration_data: Failed to open file : /mnt/vendor/persist/audio/elliptic_calibration
11-10 23:01:51.841 19112 19292 D ultrasound_extn: ultrasound_load_calibration: Failed to load calibration values, exit
11-10 23:01:51.841 19112 19292 D ultrasound_extn: ultrasound_extract_calibration A cal_size:64 file_size:320
11-10 23:01:51.841 19112 19292 E ultrasound_extn: Read 0 bytes from calibration file. val:0x0, ...., 0x0
11-10 23:01:51.841 19112 19292 D ultrasound_extn: ultrasound_load_calibration: Extract failed, ret_val=0
11-10 23:01:51.841 19112 19292 D ultrasound_extn: ultrasound_load_calibration_v2: enter
11-10 23:01:51.841 19112 19292 D ultrasound_extn: ultrasound_load_calibration_data: Load manual calibration /mnt/vendor/persist/audio/elliptic_calibration_v2
11-10 23:01:51.841 19112 19292 E ultrasound_extn: ultrasound_load_calibration_data: Failed to open file : /mnt/vendor/persist/audio/elliptic_calibration_v2
11-10 23:01:51.841 19112 19292 D ultrasound_extn: ultrasound_load_calibration_v2: Failed to load calibration_v2 values, exit
11-10 23:01:51.841 19112 19292 D ultrasound_extn: ultrasound_extract_calibration A cal_size:448 file_size:2240
11-10 23:01:51.841 19112 19292 E ultrasound_extn: Read 0 bytes from calibration file. val:0x0, ...., 0x0
11-10 23:01:51.841 19112 19292 D ultrasound_extn: ultrasound_load_calibration_v2: Extract failed, ret_val=0
11-10 23:01:51.841 19112 19292 D ultrasound_extn: ultrasound_load_manual_calibration: Load manual calibration /mnt/vendor/persist/audio/elliptic_manual_calibration
11-10 23:01:51.841 19112 19292 D ultrasound_extn: ultrasound_load_calibration_data: Load manual calibration /mnt/vendor/persist/audio/elliptic_manual_calibration
11-10 23:01:51.841 19112 19292 E ultrasound_extn: ultrasound_load_calibration_data: Failed to open file : /mnt/vendor/persist/audio/elliptic_manual_calibration
11-10 23:01:51.841 19112 19292 D ultrasound_extn: ultrasound_load_manual_calibration: Failed to load manual calibration /mnt/vendor/persist/audio/elliptic_manual_calibration
11-10 23:01:51.841 19112 19292 D ultrasound_extn: dump_usecase_list: start ======================================
11-10 23:01:51.841 19112 19292 D ultrasound_extn: dump_usecase_list: enter sensor_activated:1 hw_port_enabled:0 suspended:0
11-10 23:01:51.841 19112 19292 D ultrasound_extn: dump_usecase_list: end ======================================
11-10 23:01:51.841 19112 19292 D audio_route: Apply path: ultrasound-proximity
11-10 23:01:51.844 861 861 I sensors-hal: send_sensor_config_request:484, dt=ambient_light: convert sample_period=400000000 to batch_period=400000
11-10 23:01:51.844 861 861 I sensors-hal: send_sync_sensor_request:361, send sync request
11-10 23:01:51.844 861 861 I sensors-hal: send_sync_sensor_request:387, wait for notification of response
11-10 23:01:51.845 19112 19292 D ultrasound_extn: ultrasound_start: audio_route_apply_and_update_path err:0
11-10 23:01:51.844 0 0 E elliptic_system_configuration_param_put: reg: 0 shift: 4 val: 402
11-10 23:01:51.845 19112 19292 D ultrasound_extn: ultrasound_enable_pseudo_port
11-10 23:01:51.845 19112 19292 D ultrasound_extn: ultrasound_set_pseudo_port_state: on is 1 adev->mode is 0
11-10 23:01:51.845 19112 19292 D ultrasound_extn: ultrasound_set_pseudo_port_state: enter, switch = On
11-10 23:01:51.845 19112 19292 D audio_route: Apply path: ultrasound-on
11-10 23:01:51.845 861 19389 I sensors-hal: ssc_conn_resp_cb:666, resp_value = 0
11-10 23:01:51.846 861 861 I sensors-hal: send_sync_sensor_request:393, takes 1 ms to receive the response with 0
11-10 23:01:51.846 861 861 I sensors-hal: activate:220, android.sensor.light/51 en=1 completed
11-10 23:01:51.846 608 841 I sscrpcd : vendor/qcom/proprietary/adsprpc/src/apps_std_imp.c:777: Successfully opened file /sys/class/backlight/panel0-backlight/brightness
11-10 23:01:51.846 19191 19191 I SystemServerTiming: StartPeopleService
11-10 23:01:51.846 19191 19191 I SystemServiceManager: Starting com.android.server.people.PeopleService
11-10 23:01:51.847 19191 19191 I SystemServerTiming: StartMediaProjectionManager
11-10 23:01:51.847 19191 19191 I SystemServiceManager: Starting com.android.server.media.projection.MediaProjectionManagerService
11-10 23:01:51.847 19191 19191 V MediaRouter: Selecting route: RouteInfo{ name=繝「繝舌う繝ォ 繝・ヰ繧、繧ケ, description=null, status=null, category=RouteCategory{ name=繧キ繧ケ繝・Β types=ROUTE_TYPE_LIVE_AUDIO ROUTE_TYPE_LIVE_VIDEO groupable=false }, supportedTypes=ROUTE_TYPE_LIVE_AUDIO ROUTE_TYPE_LIVE_VIDEO , presentationDisplay=null }
11-10 23:01:51.848 19191 19191 I SystemServerTiming: StartSliceManagerService
11-10 23:01:51.848 19191 19191 I SystemServiceManager: Starting com.android.server.slice.SliceManagerService$Lifecycle
11-10 23:01:51.848 608 841 I sscrpcd : vendor/qcom/proprietary/adsprpc/src/apps_std_imp.c:777: Successfully opened file /sys/class/mi_display/disp-DSI-0/dynamic_fps
11-10 23:01:51.844 608 608 I sscrpcd : type=1400 audit(0.0:25265): avc: denied { read } for name="dynamic_fps" dev="sysfs" ino=83951 scontext=u:r:vendor_sensors:s0 tcontext=u:object_r:sysfs:s0 tclass=file permissive=1
11-10 23:01:51.844 608 608 I sscrpcd : type=1400 audit(0.0:25266): avc: denied { open } for path="/sys/devices/virtual/mi_display/disp_feature/disp-DSI-0/dynamic_fps" dev="sysfs" ino=83951 scontext=u:r:vendor_sensors:s0 tcontext=u:object_r:sysfs:s0 tclass=file permissive=1
11-10 23:01:51.849 19191 19191 I SystemServerTiming: StartCameraServiceProxy
11-10 23:01:51.849 19191 19191 I SystemServiceManager: Starting com.android.server.camera.CameraServiceProxy
11-10 23:01:51.844 608 608 I sscrpcd : type=1400 audit(0.0:25267): avc: denied { getattr } for path="/sys/devices/virtual/mi_display/disp_feature/disp-DSI-0/dynamic_fps" dev="sysfs" ino=83951 scontext=u:r:vendor_sensors:s0 tcontext=u:object_r:sysfs:s0 tclass=file permissive=1
11-10 23:01:51.849 0 0 E [ELUS] : (elliptic_ultrasound_rx_port_set) : ultrasound_rx_port: enable=0 ret=0
11-10 23:01:51.849 19112 19292 D ultrasound_extn: ultrasound_start: ultrasound suspend for rx path not enable
11-10 23:01:51.849 19112 19292 E ultrasound_extn: ultrasound_suspend_usecase: suspend
11-10 23:01:51.849 19112 19292 D ultrasound_extn: ultrasound_apply_ramp_down_path: ultrasound ::ramp_down_path
11-10 23:01:51.849 19112 19292 D audio_route: Apply path: ultrasound-rampdown
11-10 23:01:51.849 19191 19191 I SystemServerTiming: StartStatsCompanion
11-10 23:01:51.850 19191 19191 I SystemServiceManager: Starting com.android.server.stats.StatsCompanion$Lifecycle
11-10 23:01:51.853 19191 19191 I SystemServerTiming: StartStatsPullAtomService
11-10 23:01:51.858 19191 19191 I SystemServiceManager: Starting com.android.server.stats.pull.StatsPullAtomService
11-10 23:01:51.858 19191 19191 I SystemServerTiming: StartIncidentCompanionService
11-10 23:01:51.858 19191 19191 I SystemServiceManager: Starting com.android.server.incident.IncidentCompanionService
11-10 23:01:51.858 19191 19191 I SystemServerTiming: StartMmsService
11-10 23:01:51.858 19191 19191 I SystemServiceManager: Starting com.android.server.MmsServiceBroker
11-10 23:01:51.858 19191 19191 I SystemServerTiming: StartAutoFillService
11-10 23:01:51.860 19191 19191 I SystemServiceManager: Starting com.android.server.autofill.AutofillManagerService
11-10 23:01:51.861 19191 19191 E AutofillManagerServiceImpl: Bad service name: com.google.android.gms/.autofill.service.AutofillService
11-10 23:01:51.861 19191 19191 I SystemServerTiming: StartClipboardService
11-10 23:01:51.861 19191 19191 I SystemServiceManager: Starting com.android.server.clipboard.ClipboardService
11-10 23:01:51.862 19112 19292 D audio_route: Apply path: ultrasound-suspend
11-10 23:01:51.862 19191 19191 I SystemServerTiming: AppServiceManager
11-10 23:01:51.862 19191 19191 I SystemServiceManager: Starting com.android.server.appbinding.AppBindingService$Lifecycle
11-10 23:01:51.862 19191 19191 I LineageSystemServer: Attempting to start service org.lineageos.platform.internal.ProfileManagerService
11-10 23:01:51.863 19112 19292 D ultrasound_extn: ultrasound_start_tx: enter
11-10 23:01:51.863 19112 19292 D ultrasound_extn: ultrasound_capture_backends_match: snd_device1 = ultrasound-input, snd_device2 =
11-10 23:01:51.863 19112 19292 E ultrasound_extn: ultrasound_capture_backends_match: Invalid snd_device =
11-10 23:01:51.863 19112 19292 E ultrasound_extn: ultrasound_select_devices: ultrasound_select_devices get tx snd_device(288: ultrasound-input), rx snd_device(0: )
11-10 23:01:51.863 19112 19292 I msm8974_platform: platform_check_and_set_capture_codec_backend_cfg:txbecf: afe: bitwidth 0, samplerate 96000, channel 1 format 0, backend_idx 17 usecase = 72 device (ultrasound-input)
11-10 23:01:51.863 19112 19292 I msm8974_platform: platform_check_capture_codec_backend_cfg:txbecf: afe: Codec selected backend: 17 current bit width: 0 and sample rate: 96000, channels 1 format 0
11-10 23:01:51.863 19112 19292 W msm8974_platform: platform_get_backend_index:napb: Invalid device - 0
11-10 23:01:51.863 19112 19292 D msm8974_platform: platform_check_capture_codec_backend_cfg:becf: afe: set BE sample 96000, bit_width 16, channels 1 for ULTRASOUND_TX_BACKEND
11-10 23:01:51.863 19112 19292 I msm8974_platform: platform_check_capture_codec_backend_cfg:txbecf: afe: current backend bit_width 16 sample_rate 96000 channels 1, format 0
11-10 23:01:51.863 19112 19292 D hardware_info: hw_info_append_hw_type : device_name = ultrasound-input
11-10 23:01:51.863 19112 19292 D audio_hw_primary: enable_snd_device: snd_device(288: ultrasound-input)
11-10 23:01:51.863 19112 19292 D msm8974_platform: platform_get_island_cfg_on_device:island cfg status on snd_device = (ultrasound-input 0)
11-10 23:01:51.863 19112 19292 I soundtrigger: audio_extn_sound_trigger_update_device_status: device 0x120 of type 1 for Event 1, with Raise=0
11-10 23:01:51.863 19112 19292 D audio_route: Apply path: ultrasound-input
11-10 23:01:51.864 19191 19191 I LineageSystemServer: Starting service org.lineageos.platform.internal.ProfileManagerService
11-10 23:01:51.864 19191 19191 I SystemServiceManager: Starting org.lineageos.platform.internal.ProfileManagerService
11-10 23:01:51.864 19191 19191 I LineageSystemServer: Attempting to start service org.lineageos.platform.internal.LineageHardwareService
11-10 23:01:51.864 19191 19191 I LineageSystemServer: Starting service org.lineageos.platform.internal.LineageHardwareService
11-10 23:01:51.864 19191 19191 I SystemServiceManager: Starting org.lineageos.platform.internal.LineageHardwareService
11-10 23:01:51.865 19191 19191 I LineageSystemServer: Attempting to start service org.lineageos.platform.internal.PerformanceManagerService
11-10 23:01:51.862 0 0 E elliptic_system_configuration_param_put: reg: 0 shift: 23 val: 1
11-10 23:01:51.864 0 0 E elliptic_system_configuration_param_put: reg: 0 shift: 8 val: 1
11-10 23:01:51.864 0 0 E [ELUS] : (elliptic_system_configuration_param_put) : ELLIPTIC_SYSTEM_CONFIGURATION_CUSTOM_SETTING_XX csi:1
11-10 23:01:51.864 0 0 E [ELUS] : (elliptic_system_configuration_param_put) : ucontrol->value.integer.value[0]:1
11-10 23:01:51.864 0 0 E [ELUS] : (elliptic_system_configuration_param_put) : calling elliptic_data_write(custom_setting) csi:1
11-10 23:01:51.867 19191 19191 I LineageSystemServer: Starting service org.lineageos.platform.internal.PerformanceManagerService
11-10 23:01:51.867 19191 19191 I SystemServiceManager: Starting org.lineageos.platform.internal.PerformanceManagerService
11-10 23:01:51.864 1188 1188 I HwBinder:1188_1: type=1400 audit(0.0:25268): avc: denied { write } for name="user_backup.db" dev="dm-5" ino=5962 scontext=u:r:vendor_mfp-daemon:s0 tcontext=u:object_r:vendor_data_file:s0 tclass=file permissive=1
11-10 23:01:51.868 19191 19191 I LineageSystemServer: Attempting to start service org.lineageos.platform.internal.display.LiveDisplayService
11-10 23:01:51.870 19191 19191 I LineageSystemServer: Starting service org.lineageos.platform.internal.display.LiveDisplayService
11-10 23:01:51.870 19191 19191 I SystemServiceManager: Starting org.lineageos.platform.internal.display.LiveDisplayService
11-10 23:01:51.870 19112 19292 D soundtrigger: audio_extn_sound_trigger_update_stream_status: uc_info->id 72 of type 1 for Event 3, with Raise=0
11-10 23:01:51.870 19112 19292 D audio_hw_utils: audio_extn_utils_send_app_type_cfg: usecase->in_snd_device ultrasound-input
11-10 23:01:51.871 19112 19292 E audio_hw_utils: send_app_type_cfg_for_device: Could not get ctl for mixer cmd - Audio Stream Capture 45 App Type Cfg
11-10 23:01:51.871 19112 19292 E device_utils: compare_device_type() The list is not initialized
11-10 23:01:51.871 19112 19292 D ACDB-LOADER: ACDB -> send_audio_cal, acdb_id = 4, path = 1, app id = 0x0, sample rate = 96000, afe_sample_rate = 96000
11-10 23:01:51.871 19112 19292 D ACDB-LOADER: ACDB -> send_asm_topology
11-10 23:01:51.871 19112 19292 D ACDB-LOADER: ACDB -> ACDB_CMD_GET_AUDPROC_STREAM_TOPOLOGY_ID
11-10 23:01:51.871 19112 19292 D ACDB-LOADER: Error: ACDB get asm topology returned = -8
11-10 23:01:51.871 19112 19292 D ACDB-LOADER: ACDB -> send_adm_topology
11-10 23:01:51.871 19191 19191 I LineageSystemServer: Attempting to start service org.lineageos.platform.internal.LineageAudioService
11-10 23:01:51.871 19112 19292 D ACDB-LOADER: ACDB -> ACDB_CMD_GET_AUDPROC_COMMON_TOPOLOGY_ID
11-10 23:01:51.871 19112 19292 D ACDB-LOADER: Error: ACDB get adm topology for acdb id = 4, returned = -8
11-10 23:01:51.871 19112 19292 D ACDB-LOADER: ACDB -> send_audtable
11-10 23:01:51.871 19112 19292 D ACDB-LOADER: ACDB -> ACDB_CMD_GET_AUDPROC_INSTANCE_COMMON_TABLE_SIZE
11-10 23:01:51.871 19112 19292 D android.hardware.audio.service: Failed to fetch the lookup information of the device 00000004
11-10 23:01:51.871 19112 19292 D ACDB-LOADER: Error: ACDB_CMD_GET_AUDPROC_INSTANCE_COMMON_TABLE_SIZE Returned = -19
11-10 23:01:51.871 19112 19292 D ACDB-LOADER: ACDB -> ACDB_CMD_GET_AUDPROC_INSTANCE_COMMON_TABLE
11-10 23:01:51.871 19112 19292 D android.hardware.audio.service: Failed to fetch the lookup information of the device 00000004
11-10 23:01:51.871 19112 19292 D ACDB-LOADER: Error: ACDB audproc returned = -19
11-10 23:01:51.871 19112 19292 D ACDB-LOADER: ACDB -> AUDIO_SET_AUDPROC_CAL cal_type[11] acdb_id[4] app_type[0]
11-10 23:01:51.871 19112 19292 D ACDB-LOADER: check_fnn_usecase_status: fnn usecase active 0
11-10 23:01:51.871 19112 19292 D ACDB-LOADER: ACDB -> ACDB_CMD_GET_PERSISTENT_AUDPROC_INSTANCE_COMMON_TABLE_SIZE
11-10 23:01:51.871 19112 19292 D android.hardware.audio.service: Failed to fetch the lookup information of the device 00000004
11-10 23:01:51.871 19112 19292 D ACDB-LOADER: Error: ACDB_CMD_GET_PERSISTENT_AUDPROC_INSTANCE_COMMON_TABLE_SIZE returned -19
11-10 23:01:51.871 19112 19292 D ACDB-LOADER: ACDB -> send_audproc_persist_table -19
11-10 23:01:51.871 19112 19292 D ACDB-LOADER: Error: Invalid Audproc persist size = -19
11-10 23:01:51.871 19191 19191 I LineageSystemServer: Starting service org.lineageos.platform.internal.LineageAudioService
11-10 23:01:51.871 19191 19191 I SystemServiceManager: Starting org.lineageos.platform.internal.LineageAudioService
11-10 23:01:51.871 19112 19292 D ACDB-LOADER: ACDB -> ACDB_CMD_GET_AUDPROC_INSTANCE_STREAM_TABLE_SIZE
11-10 23:01:51.871 19112 19292 D android.hardware.audio.service: Failed to fetch the lookup information of the appid 00000000
11-10 23:01:51.872 19112 19292 D ACDB-LOADER: Error: ACDB_CMD_GET_AUDPROC_INSTANCE_STREAM_TABLE_SIZE Returned = -19
11-10 23:01:51.872 19112 19292 D ACDB-LOADER: ACDB -> send_audstrmtable
11-10 23:01:51.872 19112 19292 D ACDB-LOADER: ACDB -> ACDB_CMD_GET_AUDPROC_INSTANCE_STREAM_TABLE
11-10 23:01:51.872 19112 19292 D android.hardware.audio.service: Failed to fetch the lookup information of the appid 00000000
11-10 23:01:51.872 19112 19292 D ACDB-LOADER: Error: ACDB get audstream table returned = -19
11-10 23:01:51.872 19112 19292 D ACDB-LOADER: ACDB -> send_afe_topology
11-10 23:01:51.872 19112 19292 D ACDB-LOADER: ACDB -> ACDB_CMD_GET_AFE_TOPOLOGY_ID
11-10 23:01:51.872 19112 19292 D ACDB-LOADER: ACDB -> GET_AFE_TOPOLOGY_ID for adcd_id 4, Topology Id 112fb
11-10 23:01:51.872 19112 19292 D ACDB-LOADER: ACDB -> send_afe_cal
11-10 23:01:51.872 19112 19292 D ACDB-LOADER: ACDB -> ACDB_CMD_GET_AFE_INSTANCE_COMMON_TABLE_SIZE
11-10 23:01:51.872 19112 19292 D android.hardware.audio.service: Failed to fetch the lookup information of the device 00000004
11-10 23:01:51.872 19112 19292 D ACDB-LOADER: Error: ACDB_CMD_GET_AFE_INSTANCE_COMMON_TABLE_SIZE Returned = -19
11-10 23:01:51.872 19112 19292 D ACDB-LOADER: ACDB -> ACDB_CMD_GET_AFE_INSTANCE_COMMON_TABLE
11-10 23:01:51.872 19112 19292 D android.hardware.audio.service: Failed to fetch the lookup information of the device 00000004
11-10 23:01:51.872 19112 19292 D ACDB-LOADER: Error: ACDB AFE returned = -19
11-10 23:01:51.872 19112 19292 D ACDB-LOADER: ACDB -> AUDIO_SET_AFE_CAL cal_type[17] acdb_id[4]
11-10 23:01:51.872 19112 19292 D ACDB-LOADER: ACDB -> send_hw_delay : acdb_id = 4 path = 1
11-10 23:01:51.872 19112 19292 D ACDB-LOADER: ACDB -> ACDB_AVSYNC_INFO: ACDB_CMD_GET_DEVICE_PROPERTY
11-10 23:01:51.872 19112 19292 D audio_hw_primary: enable_audio_route: apply mixer and update path: ultrasound-proximity-input ultrasund-tx
11-10 23:01:51.872 19112 19292 D audio_route: Apply path: ultrasound-proximity-input ultrasund-tx
11-10 23:01:51.872 19112 19292 D ultrasound_extn: ultrasound_start_tx: pcm device id 45
11-10 23:01:51.873 19191 19191 I LineageSystemServer: Attempting to start service org.lineageos.platform.internal.TrustInterfaceService
11-10 23:01:51.873 19191 19191 I LineageSystemServer: Starting service org.lineageos.platform.internal.TrustInterfaceService
11-10 23:01:51.873 19191 19191 I SystemServiceManager: Starting org.lineageos.platform.internal.TrustInterfaceService
11-10 23:01:51.873 0 0 D msm_be_hw_params_fixup: dai_id= 196, format = 2, rate = 96000
11-10 23:01:51.873 0 0 D msm_snd_cdc_dma_hw_params: id 5 tx_ch=1
11-10 23:01:51.873 0 0 D msm-dai-cdc-dma-dev soc: qcom,msm-dai-cdc-dma:qcom,msm-dai-tx-cdc-dma-4-tx: msm_dai_q6_cdc_dma_set_channel_map: id = 45113
11-10 23:01:51.873 0 0 D msm-dai-cdc-dma-dev soc: qcom,msm-dai-cdc-dma:qcom,msm-dai-tx-cdc-dma-4-tx: msm_dai_q6_cdc_dma_set_channel_map: CDC_DMA_45113_ch cnt[1] ch mask[0x10]
11-10 23:01:51.873 0 0 D msm_be_hw_params_fixup: dai_id= 196, format = 2, rate = 96000
11-10 23:01:51.873 0 0 D msm_be_hw_params_fixup: dai_id= 196, format = 2, rate = 96000
11-10 23:01:51.873 0 0 D msm-dai-cdc-dma-dev soc: qcom,msm-dai-cdc-dma:qcom,msm-dai-tx-cdc-dma-4-tx: msm_dai_q6_cdc_dma_hw_params: bit_wd[16] format[0]
11-10 23:01:51.873 0 0 D : num_channel 1 sample_rate 96000
11-10 23:01:51.874 19191 19191 I LineageSystemServer: Attempting to start service org.lineageos.platform.internal.LineageSettingsService
11-10 23:01:51.874 19191 19191 I LineageSystemServer: Starting service org.lineageos.platform.internal.LineageSettingsService
11-10 23:01:51.874 19191 19191 I SystemServiceManager: Starting org.lineageos.platform.internal.LineageSettingsService
11-10 23:01:51.874 19191 19191 I LineageSystemServer: Attempting to start service org.lineageos.platform.internal.LineageGlobalActionsService
11-10 23:01:51.874 19191 19191 I LineageSystemServer: Starting service org.lineageos.platform.internal.LineageGlobalActionsService
11-10 23:01:51.874 19191 19191 I SystemServiceManager: Starting org.lineageos.platform.internal.LineageGlobalActionsService
11-10 23:01:51.874 19191 19191 I SystemServerTiming: MakeVibratorServiceReady
11-10 23:01:51.875 19191 19191 E HistoricalRegistry: Interaction before persistence initialized
11-10 23:01:51.875 19191 19191 I SystemServerTiming: MakeLockSettingsServiceReady
11-10 23:01:51.876 19191 19291 V FingerprintService: Enumerating user(0)
11-10 23:01:51.877 570 570 I hwservicemanager: getTransport: Cannot find entry android.hardware.weaver@1.0::IWeaver/default in either framework or device manifest.
11-10 23:01:51.876 0 0 I [CSPL] crus_afe_port_start: 0xb039
11-10 23:01:51.876 0 0 D wcd938x_codec wcd938x-codec: __wcd938x_codec_enable_micbias: wname: MIC BIAS3, event: 1
11-10 23:01:51.877 0 0 D wcd938x_codec wcd938x-codec: wcd938x_micbias_control: micb_num:3, micb_ref: 1, pullup_ref: 0
11-10 23:01:51.877 0 0 D wcd938x_codec wcd938x-codec: __wcd938x_codec_enable_micbias: wname: MIC BIAS1, event: 1
11-10 23:01:51.877 0 0 D wcd938x_codec wcd938x-codec: wcd938x_micbias_control: micb_num:1, micb_ref: 1, pullup_ref: 0
11-10 23:01:51.878 19191 19191 I SyntheticPasswordManager: Device does not support weaver
11-10 23:01:51.877 0 0 D wcd938x_codec wcd938x-codec: __wcd938x_codec_enable_micbias: wname: MIC BIAS3, event: 2
11-10 23:01:51.878 570 570 I hwservicemanager: getTransport: Cannot find entry android.hardware.authsecret@1.0::IAuthSecret/default in either framework or device manifest.
11-10 23:01:51.878 19191 19191 I LockSettingsService: Device doesn't implement AuthSecret HAL
11-10 23:01:51.879 19191 19191 I SystemServerTiming: StartBootPhaseLockSettingsReady
11-10 23:01:51.879 19191 19191 I SystemServiceManager: Starting phase 480
11-10 23:01:51.879 19191 19191 I SystemServerTiming: OnBootPhase_480
11-10 23:01:51.879 19191 19191 I SystemServerTiming: OnBootPhase_480_com.android.server.security.FileIntegrityService
11-10 23:01:51.879 19191 19191 I SystemServerTiming: OnBootPhase_480_com.android.server.pm.Installer
11-10 23:01:51.879 19191 19191 I SystemServerTiming: OnBootPhase_480_com.android.server.os.DeviceIdentifiersPolicyService
11-10 23:01:51.879 19191 19191 I SystemServerTiming: OnBootPhase_480_com.android.server.uri.UriGrantsManagerService$Lifecycle
11-10 23:01:51.879 19191 19191 I SystemServerTiming: OnBootPhase_480_com.android.server.wm.ActivityTaskManagerService$Lifecycle
11-10 23:01:51.879 19191 19191 I SystemServerTiming: OnBootPhase_480_com.android.server.am.ActivityManagerService$Lifecycle
11-10 23:01:51.879 19191 19191 I SystemServerTiming: OnBootPhase_480_com.android.server.pm.DataLoaderManagerService
11-10 23:01:51.879 19191 19191 I SystemServerTiming: OnBootPhase_480_com.android.server.power.PowerManagerService
11-10 23:01:51.879 19191 19191 I SystemServerTiming: OnBootPhase_480_com.android.server.power.ThermalManagerService
11-10 23:01:51.879 19191 19191 I SystemServerTiming: OnBootPhase_480_com.android.server.recoverysystem.RecoverySystemService$Lifecycle
11-10 23:01:51.879 19191 19191 I SystemServerTiming: OnBootPhase_480_com.android.server.lights.LightsService
11-10 23:01:51.879 19191 19191 I SystemServerTiming: OnBootPhase_480_com.android.server.display.DisplayManagerService
11-10 23:01:51.879 19191 19191 I SystemServerTiming: OnBootPhase_480_com.android.server.pm.UserManagerService$LifeCycle
11-10 23:01:51.879 19191 19191 I SystemServerTiming: OnBootPhase_480_com.android.server.om.OverlayManagerService
11-10 23:01:51.879 19191 19191 I SystemServerTiming: OnBootPhase_480_com.android.server.SensorPrivacyService
11-10 23:01:51.879 19191 19191 I SystemServerTiming: OnBootPhase_480_com.android.server.SystemConfigService
11-10 23:01:51.879 19191 19191 I SystemServerTiming: OnBootPhase_480_com.android.server.BatteryService
11-10 23:01:51.879 19191 19191 I SystemServerTiming: OnBootPhase_480_com.android.server.usage.UsageStatsService
11-10 23:01:51.879 19191 19191 I SystemServerTiming: OnBootPhase_480_com.android.server.webkit.WebViewUpdateService
11-10 23:01:51.879 19191 19191 I SystemServerTiming: OnBootPhase_480_com.android.server.CachedDeviceStateService
11-10 23:01:51.879 19191 19191 I SystemServerTiming: OnBootPhase_480_com.android.server.BinderCallsStatsService$LifeCycle
11-10 23:01:51.879 19191 19191 I SystemServerTiming: OnBootPhase_480_com.android.server.LooperStatsService$Lifecycle
11-10 23:01:51.879 19191 19191 I SystemServerTiming: OnBootPhase_480_com.android.server.rollback.RollbackManagerService
11-10 23:01:51.879 19191 19191 I SystemServerTiming: OnBootPhase_480_com.android.server.os.BugreportManagerService
11-10 23:01:51.879 19191 19191 I SystemServerTiming: OnBootPhase_480_com.android.server.gpu.GpuService
11-10 23:01:51.879 19191 19191 I SystemServerTiming: OnBootPhase_480_com.android.server.security.KeyChainSystemService
11-10 23:01:51.879 19191 19191 I SystemServerTiming: OnBootPhase_480_com.android.server.telecom.TelecomLoaderService
11-10 23:01:51.879 19191 19191 I SystemServerTiming: OnBootPhase_480_com.android.server.accounts.AccountManagerService$Lifecycle
11-10 23:01:51.879 19191 19191 I SystemServerTiming: OnBootPhase_480_com.android.server.content.ContentService$Lifecycle
11-10 23:01:51.879 19191 19191 I SystemServerTiming: OnBootPhase_480_com.android.server.DropBoxManagerService
11-10 23:01:51.879 19191 19191 I SystemServerTiming: OnBootPhase_480_com.android.server.AlarmManagerService
11-10 23:01:51.879 19191 19191 I SystemServerTiming: OnBootPhase_480_com.android.server.BluetoothService
11-10 23:01:51.879 19191 19191 I SystemServerTiming: OnBootPhase_480_com.android.server.connectivity.IpConnectivityMetrics
11-10 23:01:51.879 19191 19191 I SystemServerTiming: OnBootPhase_480_com.android.server.net.watchlist.NetworkWatchlistService$Lifecycle
11-10 23:01:51.879 19191 19191 I SystemServerTiming: OnBootPhase_480_com.android.server.PinnerService
11-10 23:01:51.879 19191 19191 I SystemServerTiming: OnBootPhase_480_com.google.android.startop.iorap.IorapForwardingService
11-10 23:01:51.879 19191 19191 I SystemServerTiming: OnBootPhase_480_com.android.server.wm.AppLockService
11-10 23:01:51.879 19191 19191 I SystemServerTiming: OnBootPhase_480_com.android.server.integrity.AppIntegrityManagerService
11-10 23:01:51.879 19191 19191 I SystemServerTiming: OnBootPhase_480_com.android.server.inputmethod.InputMethodManagerService$Lifecycle
11-10 23:01:51.879 19191 19191 I SystemServerTiming: OnBootPhase_480_com.android.server.accessibility.AccessibilityManagerService$Lifecycle
11-10 23:01:51.879 19191 19191 I SystemServerTiming: OnBootPhase_480_com.android.server.StorageManagerService$Lifecycle
11-10 23:01:51.879 19191 19191 I SystemServerTiming: OnBootPhase_480_com.android.server.usage.StorageStatsService$Lifecycle
11-10 23:01:51.879 19191 19191 I SystemServerTiming: OnBootPhase_480_com.android.server.UiModeManagerService
11-10 23:01:51.879 19191 19191 I SystemServerTiming: OnBootPhase_480_com.android.server.locksettings.LockSettingsService$Lifecycle
11-10 23:01:51.879 19191 19191 I SystemServerTiming: OnBootPhase_480_com.android.server.PersistentDataBlockService
11-10 23:01:51.879 19191 19191 I SystemServerTiming: OnBootPhase_480_com.android.server.testharness.TestHarnessModeService
11-10 23:01:51.879 19191 19191 I SystemServerTiming: OnBootPhase_480_com.android.server.oemlock.OemLockService
11-10 23:01:51.879 19191 19191 I SystemServerTiming: OnBootPhase_480_com.android.server.DeviceIdleController
11-10 23:01:51.879 19191 19191 I SystemServerTiming: OnBootPhase_480_com.android.server.devicepolicy.DevicePolicyManagerService$Lifecycle
11-10 23:01:51.880 19191 19191 I SystemServerTiming: OnBootPhase_480_com.android.server.textservices.TextServicesManagerService$Lifecycle
11-10 23:01:51.880 19191 19191 I SystemServerTiming: OnBootPhase_480_com.android.server.textclassifier.TextClassificationManagerService$Lifecycle
11-10 23:01:51.880 19191 19306 I SystemServerTimingAsync: InitThreadPoolExec:DevicePolicyManager
11-10 23:01:51.881 19191 19191 I SystemServerTiming: OnBootPhase_480_com.android.server.NetworkScoreService$Lifecycle
11-10 23:01:51.881 19191 19191 I SystemServerTiming: OnBootPhase_480_com.android.server.wifi.WifiService
11-10 23:01:51.881 19191 19191 I SystemServerTiming: OnBootPhase_480_com.android.server.wifi.scanner.WifiScanningService
11-10 23:01:51.881 19191 19191 I SystemServerTiming: OnBootPhase_480_com.android.server.wifi.rtt.RttService
11-10 23:01:51.881 19191 19191 I SystemServerTiming: OnBootPhase_480_com.android.server.wifi.aware.WifiAwareService
11-10 23:01:51.881 19191 19191 I SystemServerTiming: OnBootPhase_480_com.android.server.wifi.p2p.WifiP2pService
11-10 23:01:51.881 19191 19191 I SystemServerTiming: OnBootPhase_480_com.android.server.ethernet.EthernetService
11-10 23:01:51.881 19191 19191 I SystemServerTiming: OnBootPhase_480_com.android.server.notification.NotificationManagerService
11-10 23:01:51.881 19191 19191 I SystemServerTiming: OnBootPhase_480_com.android.server.storage.DeviceStorageMonitorService
11-10 23:01:51.881 19191 19191 I SystemServerTiming: OnBootPhase_480_com.android.server.location.LocationManagerService$Lifecycle
11-10 23:01:51.881 19191 19191 I SystemServerTiming: OnBootPhase_480_com.android.server.timedetector.TimeDetectorService$Lifecycle
11-10 23:01:51.878 0 0 D wcd938x_codec wcd938x-codec: __wcd938x_codec_enable_micbias: wname: MIC BIAS1, event: 2
11-10 23:01:51.881 19191 19191 I SystemServerTiming: OnBootPhase_480_com.android.server.timezonedetector.TimeZoneDetectorService$Lifecycle
11-10 23:01:51.881 19191 19191 I SystemServerTiming: OnBootPhase_480_com.android.server.search.SearchManagerService$Lifecycle
11-10 23:01:51.881 19191 19191 I SystemServerTiming: OnBootPhase_480_com.android.server.wallpaper.WallpaperManagerService$Lifecycle
11-10 23:01:51.881 19191 19191 I SystemServerTiming: OnBootPhase_480_com.android.server.audio.AudioService$Lifecycle
11-10 23:01:51.881 19191 19191 I SystemServerTiming: OnBootPhase_480_com.android.server.soundtrigger_middleware.SoundTriggerMiddlewareService$Lifecycle
11-10 23:01:51.881 19191 19191 I SystemServerTiming: OnBootPhase_480_com.android.server.DockObserver
11-10 23:01:51.881 19191 19191 I SystemServerTiming: OnBootPhase_480_com.android.server.midi.MidiService$Lifecycle
11-10 23:01:51.881 19191 19191 I SystemServerTiming: OnBootPhase_480_com.android.server.adb.AdbService$Lifecycle
11-10 23:01:51.881 19191 19191 I SystemServerTiming: OnBootPhase_480_com.android.server.usb.UsbService$Lifecycle
11-10 23:01:51.881 19191 19191 I SystemServerTiming: OnBootPhase_480_com.android.server.twilight.TwilightService
11-10 23:01:51.881 19191 19191 I SystemServerTiming: OnBootPhase_480_com.android.server.display.color.ColorDisplayService
11-10 23:01:51.881 19191 19191 I SystemServerTiming: OnBootPhase_480_com.android.server.job.JobSchedulerService
11-10 23:01:51.881 19191 19191 I SystemServerTiming: OnBootPhase_480_com.android.server.soundtrigger.SoundTriggerService
11-10 23:01:51.881 19191 19191 D SoundTriggerService: onBootPhase: 480 : false
11-10 23:01:51.881 19191 19191 I SystemServerTiming: OnBootPhase_480_com.android.server.trust.TrustManagerService
11-10 23:01:51.881 19191 19191 I SystemServerTiming: OnBootPhase_480_com.android.server.backup.BackupManagerService$Lifecycle
11-10 23:01:51.881 19191 19191 I SystemServerTiming: OnBootPhase_480_com.android.server.appwidget.AppWidgetService
11-10 23:01:51.881 19191 19191 I SystemServerTiming: OnBootPhase_480_com.android.server.role.RoleManagerService
11-10 23:01:51.881 19191 19191 I SystemServerTiming: OnBootPhase_480_com.android.server.voiceinteraction.VoiceInteractionManagerService
11-10 23:01:51.881 19191 19191 I SystemServerTiming: OnBootPhase_480_com.android.server.GestureLauncherService
11-10 23:01:51.881 19191 19191 I SystemServerTiming: OnBootPhase_480_com.android.server.SensorNotificationService
11-10 23:01:51.881 19191 19191 I SystemServerTiming: OnBootPhase_480_com.android.server.emergency.EmergencyAffordanceService
11-10 23:01:51.881 19191 19191 I SystemServerTiming: OnBootPhase_480_com.android.server.dreams.DreamManagerService
11-10 23:01:51.881 19191 19191 I SystemServerTiming: OnBootPhase_480_com.android.server.print.PrintManagerService
11-10 23:01:51.881 19191 19191 I SystemServerTiming: OnBootPhase_480_com.android.server.companion.CompanionDeviceManagerService
11-10 23:01:51.881 19191 19191 I SystemServerTiming: OnBootPhase_480_com.android.server.restrictions.RestrictionsManagerService
11-10 23:01:51.881 19191 19191 I SystemServerTiming: OnBootPhase_480_com.android.server.media.MediaSessionService
11-10 23:01:51.881 19191 19191 I SystemServerTiming: OnBootPhase_480_com.android.server.media.MediaResourceMonitorService
11-10 23:01:51.881 19191 19191 I SystemServerTiming: OnBootPhase_480_com.android.server.biometrics.fingerprint.FingerprintService
11-10 23:01:51.881 19191 19191 I SystemServerTiming: OnBootPhase_480_com.android.server.biometrics.BiometricService
11-10 23:01:51.881 19191 19191 I SystemServerTiming: OnBootPhase_480_com.android.server.biometrics.AuthService
11-10 23:01:51.881 19191 19191 I SystemServerTiming: OnBootPhase_480_com.android.server.blob.BlobStoreManagerService
11-10 23:01:51.881 19191 19191 I SystemServerTiming: OnBootPhase_480_com.android.server.pm.ShortcutService$Lifecycle
11-10 23:01:51.881 19191 19191 I SystemServerTiming: OnBootPhase_480_com.android.server.pm.LauncherAppsService
11-10 23:01:51.881 19191 19191 I SystemServerTiming: OnBootPhase_480_com.android.server.pm.CrossProfileAppsService
11-10 23:01:51.881 19191 19191 I SystemServerTiming: OnBootPhase_480_com.android.server.pocket.PocketService
11-10 23:01:51.881 19191 19191 W PocketService: Un-handled boot phase:480
11-10 23:01:51.881 19191 19191 I SystemServerTiming: OnBootPhase_480_com.android.server.people.PeopleService
11-10 23:01:51.881 19191 19191 I SystemServerTiming: OnBootPhase_480_com.android.server.media.projection.MediaProjectionManagerService
11-10 23:01:51.881 19191 19191 I SystemServerTiming: OnBootPhase_480_com.android.server.slice.SliceManagerService$Lifecycle
11-10 23:01:51.881 19191 19191 I SystemServerTiming: OnBootPhase_480_com.android.server.camera.CameraServiceProxy
11-10 23:01:51.881 19191 19191 I SystemServerTiming: OnBootPhase_480_com.android.server.stats.StatsCompanion$Lifecycle
11-10 23:01:51.881 19191 19191 I SystemServerTiming: OnBootPhase_480_com.android.server.stats.pull.StatsPullAtomService
11-10 23:01:51.881 19191 19191 I SystemServerTiming: OnBootPhase_480_com.android.server.incident.IncidentCompanionService
11-10 23:01:51.881 19191 19191 I SystemServerTiming: OnBootPhase_480_com.android.server.MmsServiceBroker
11-10 23:01:51.881 19191 19191 I SystemServerTiming: OnBootPhase_480_com.android.server.autofill.AutofillManagerService
11-10 23:01:51.881 19191 19191 I SystemServerTiming: OnBootPhase_480_com.android.server.clipboard.ClipboardService
11-10 23:01:51.881 19191 19191 I SystemServerTiming: OnBootPhase_480_com.android.server.appbinding.AppBindingService$Lifecycle
11-10 23:01:51.881 19191 19191 I SystemServerTiming: OnBootPhase_480_org.lineageos.platform.internal.ProfileManagerService
11-10 23:01:51.882 19191 19191 I SystemServerTiming: OnBootPhase_480_org.lineageos.platform.internal.LineageHardwareService
11-10 23:01:51.882 19191 19191 I SystemServerTiming: OnBootPhase_480_org.lineageos.platform.internal.PerformanceManagerService
11-10 23:01:51.882 19191 19191 I SystemServerTiming: OnBootPhase_480_org.lineageos.platform.internal.display.LiveDisplayService
11-10 23:01:51.882 19191 19191 I SystemServerTiming: OnBootPhase_480_org.lineageos.platform.internal.LineageAudioService
11-10 23:01:51.882 19191 19191 I SystemServerTiming: OnBootPhase_480_org.lineageos.platform.internal.TrustInterfaceService
11-10 23:01:51.882 19191 19191 I SystemServerTiming: OnBootPhase_480_org.lineageos.platform.internal.LineageSettingsService
11-10 23:01:51.882 19191 19191 I SystemServerTiming: OnBootPhase_480_org.lineageos.platform.internal.LineageGlobalActionsService
11-10 23:01:51.882 19191 19191 I SystemServerTiming: StartBootPhaseSystemServicesReady
11-10 23:01:51.882 19191 19191 I SystemServiceManager: Starting phase 500
11-10 23:01:51.882 19191 19191 I SystemServerTiming: OnBootPhase_500
11-10 23:01:51.882 19191 19191 I SystemServerTiming: OnBootPhase_500_com.android.server.security.FileIntegrityService
11-10 23:01:51.882 19191 19191 I SystemServerTiming: OnBootPhase_500_com.android.server.pm.Installer
11-10 23:01:51.882 19191 19191 I SystemServerTiming: OnBootPhase_500_com.android.server.os.DeviceIdentifiersPolicyService
11-10 23:01:51.882 19191 19191 I SystemServerTiming: OnBootPhase_500_com.android.server.uri.UriGrantsManagerService$Lifecycle
11-10 23:01:51.882 19191 19191 I SystemServerTiming: OnBootPhase_500_com.android.server.wm.ActivityTaskManagerService$Lifecycle
11-10 23:01:51.882 19191 19191 I SystemServerTiming: OnBootPhase_500_com.android.server.am.ActivityManagerService$Lifecycle
