11-10 23:01:51.059 19114 19114 W Zygote : Class not found for preloading: com.android.internal.telephony.dataconnection.-$$Lambda$XZAGhHrbkIDyusER4MAM6luKcT0
11-10 23:01:51.059 19114 19114 W Zygote : Class not found for preloading: com.android.internal.telephony.dataconnection.DcTracker$5
11-10 23:01:51.059 19114 19114 W Zygote : Class not found for preloading: com.android.internal.telephony.euicc.-$$Lambda$EuiccConnector$ConnectedState$4$S52i3hpE3-FGho807KZ1LR5rXQM
11-10 23:01:51.060 19114 19114 W Zygote : Class not found for preloading: com.android.internal.telephony.ims.-$$Lambda$ImsResolver$pNx4XUM9FmR6cV_MCAGiEt8F4pg
11-10 23:01:51.060 19114 19114 W Zygote : Class not found for preloading: com.android.internal.telephony.ims.-$$Lambda$WamP7BPq0j01TgYE3GvUqU3b-rs
11-10 23:01:51.060 19114 19114 W Zygote : Class not found for preloading: com.android.internal.telephony.imsphone.-$$Lambda$ImsPhoneCallTracker$QlPVd_3u4_verjHUDnkn6zaSe54
11-10 23:01:51.060 19114 19114 W Zygote : Class not found for preloading: com.android.internal.telephony.imsphone.-$$Lambda$ImsPhoneCallTracker$Zw03itjXT6-LrhiYuD-9nKFg2Wg
11-10 23:01:51.060 19114 19114 W Zygote : Class not found for preloading: com.android.internal.telephony.metrics.-$$Lambda$TelephonyMetrics$fLmZDbNadlr6LF7zSJ6jCR1AAsk
11-10 23:01:51.060 19114 19114 W Zygote : Class not found for preloading: com.android.internal.telephony.metrics.-$$Lambda$TelephonyMetrics$tQOsX1lKb2eTuPp-1rpkeIAEOoY
11-10 23:01:51.060 19114 19114 W Zygote : Class not found for preloading: com.android.internal.telephony.metrics.-$$Lambda$TelephonyMetrics$x2dJi76S2YQdpSTfY8RZ8qC_K6g
11-10 23:01:51.061 19114 19114 W Zygote : Class not found for preloading: com.android.internal.util.-$$Lambda$DumpUtils$D1OlZP6xIpu72ypnJd0fzx0wd6I
11-10 23:01:51.061 19114 19114 W Zygote : Class not found for preloading: com.android.internal.util.-$$Lambda$DumpUtils$X8irOs5hfloCKy89_l1HRA1QeG0
11-10 23:01:51.061 19114 19114 W Zygote : Class not found for preloading: com.android.internal.util.-$$Lambda$DumpUtils$vCLO_0ezRxkpSERUWCFrJ0ph5jg
11-10 23:01:51.061 19114 19114 W Zygote : Class not found for preloading: com.android.internal.util.-$$Lambda$FunctionalUtils$koCSI8D7Nu5vOJTVTEj0m3leo_U
11-10 23:01:51.062 19114 19114 W Zygote : Class not found for preloading: com.android.internal.util.-$$Lambda$JwOUSWW2-Jzu15y4Kn4JuPh8tWM
11-10 23:01:51.062 19114 19114 W Zygote : Class not found for preloading: com.android.internal.util.-$$Lambda$ProviderAccessStats$9AhC6lKURctNKuYjVd-wu7jn6_c
11-10 23:01:51.062 19114 19114 W Zygote : Class not found for preloading: com.android.internal.util.-$$Lambda$TCbPpgWlKJUHZgFKCczglAvxLfw
11-10 23:01:51.062 19114 19114 W Zygote : Class not found for preloading: com.android.internal.util.-$$Lambda$eRa1rlfDk6Og2yFeXGHqUGPzRF0
11-10 23:01:51.062 19114 19114 W Zygote : Class not found for preloading: com.android.internal.util.-$$Lambda$grRTg3idX3yJe9Zyx-tmLBiD1DM
11-10 23:01:51.062 19114 19114 W Zygote : Class not found for preloading: com.android.internal.util.-$$Lambda$kVylv1rl9MOSbHFZoVyK5dl1kfY
11-10 23:01:51.062 19114 19114 W Zygote : Class not found for preloading: com.android.internal.view.-$$Lambda$FloatingActionMode$LU5MpPuKYDtwlFAuYhXYfzgLNLE
11-10 23:01:51.063 19114 19114 W Zygote : Class not found for preloading: com.android.internal.widget.-$$Lambda$FloatingToolbar$7-enOzxeypZYfdFYr1HzBLfj47k
11-10 23:01:51.063 19114 19114 W Zygote : Class not found for preloading: com.android.internal.widget.-$$Lambda$FloatingToolbar$FloatingToolbarPopup$-uEfRwR-_1oHxMvRVdmbNRdukDM
11-10 23:01:51.063 19114 19114 W Zygote : Class not found for preloading: com.android.internal.widget.-$$Lambda$FloatingToolbar$FloatingToolbarPopup$77YZy6kisO5OnjlgtKp0Zi1V8EY
11-10 23:01:51.063 19114 19114 W Zygote : Class not found for preloading: com.android.internal.widget.-$$Lambda$FloatingToolbar$FloatingToolbarPopup$E8FwnPCl7gZpcTlX_UaRPIBRnT0
11-10 23:01:51.063 19114 19114 W Zygote : Class not found for preloading: com.android.internal.widget.-$$Lambda$FloatingToolbar$LutnsyBKrZiroTBekgIjhIyrl40
11-10 23:01:51.063 19114 19114 W Zygote : Class not found for preloading: com.android.internal.widget.-$$Lambda$MessagingPropertyAnimator$7coWc0tjIUC7grCXucNFbpYTxDI
11-10 23:01:51.063 19114 19114 W Zygote : Class not found for preloading: com.android.internal.widget.-$$Lambda$NotificationActionListLayout$uFZFEmIEBpI3kn6c3tNvvgmMSv8
11-10 23:01:51.063 19114 19114 W Zygote : Class not found for preloading: com.android.internal.widget.-$$Lambda$TTC7hNz7BTsLwhNRb2L5kl-7mdU
11-10 23:01:51.063 19114 19114 W Zygote : Class not found for preloading: com.android.internal.widget.-$$Lambda$gPQuiuEDuOmrh2MixBcV6a5gu5s
11-10 23:01:51.063 19114 19114 W Zygote : Class not found for preloading: com.android.internal.widget.LockPatternUtils$2
11-10 23:01:51.065 19191 19191 I NotificationAssistants: Read notification assistant permissions from xml
11-10 23:01:51.065 19191 19191 I ConditionProviders: Read condition provider permissions from xml
11-10 23:01:51.065 19191 19191 I ConditionProviders: Read condition provider permissions from xml
11-10 23:01:51.065 19191 19191 D NotificationAssistants: Approving default notification assistant for user 0
11-10 23:01:51.065 19191 19191 I ConditionProviders: Allowing condition provider android.ext.services/android.ext.services.notification.Assistant
11-10 23:01:51.067 19114 19114 W Zygote : Class not found for preloading: dalvik.system.-$$Lambda$DexPathList$_CyMypnZmV6ArWiPOPB4EkAIeUc
11-10 23:01:51.067 19114 19114 W Zygote : Class not found for preloading: java.io.-$$Lambda$ObjectStreamClass$GVMp_c-BEBrBo_ZKh_HiLSO-fGo
11-10 23:01:51.068 19114 19114 W Zygote : Class not found for preloading: java.lang.-$$Lambda$CharSequence$lS6BYp9KMNOi2HcboXLiOooqoX8
11-10 23:01:51.068 19114 19114 W Zygote : Class not found for preloading: java.lang.-$$Lambda$CharSequence$lnrrVTEPDeRteHnQDz8kEht4CY8
11-10 23:01:51.069 19114 19114 W Zygote : Class not found for preloading: java.math.BigInt
11-10 23:01:51.069 19114 19114 W Zygote : Class not found for preloading: java.math.Conversion
11-10 23:01:51.069 19114 19114 W Zygote : Class not found for preloading: java.math.Multiplication
11-10 23:01:51.069 19114 19114 W Zygote : Class not found for preloading: java.math.NativeBN
11-10 23:01:51.070 19114 19114 W Zygote : Class not found for preloading: java.time.-$$Lambda$Bq8PKq1YWr8nyVk9SSfRYKrOu4A
11-10 23:01:51.070 19114 19114 W Zygote : Class not found for preloading: java.time.-$$Lambda$up1HpCqucM_DXyY-rpDOyCcdmIA
11-10 23:01:51.071 19114 19114 W Zygote : Class not found for preloading: java.time.chrono.-$$Lambda$AbstractChronology$5b0W7uLeaWkn0HLPDKwPXzJ7HPo
11-10 23:01:51.071 19114 19114 W Zygote : Class not found for preloading: java.time.chrono.-$$Lambda$AbstractChronology$j22w8kHhJoqCd56hhLQK1G0VLFw
11-10 23:01:51.071 19114 19114 W Zygote : Class not found for preloading: java.time.chrono.-$$Lambda$AbstractChronology$onW9aZyLFliH5Gg1qLodD_GoPfA
11-10 23:01:51.071 19114 19114 W Zygote : Class not found for preloading: java.time.format.-$$Lambda$DateTimeFormatter$GhpE1dbCMFpBqvhZZgrqVYpzk8E
11-10 23:01:51.071 19114 19114 W Zygote : Class not found for preloading: java.time.format.-$$Lambda$DateTimeFormatter$QqeEAMXK7Qf5gsmaSCLmrVwQ1Ns
11-10 23:01:51.071 19114 19114 W Zygote : Class not found for preloading: java.time.format.-$$Lambda$DateTimeFormatterBuilder$M-GACNxm6552EiylPRPw4dyNXKo
11-10 23:01:51.071 19114 19114 W Zygote : Class not found for preloading: java.time.temporal.-$$Lambda$TemporalAdjusters$A9OZwfMlHD1vy7-nYt5NssACu7Q
11-10 23:01:51.071 19114 19114 W Zygote : Class not found for preloading: java.time.temporal.-$$Lambda$TemporalQueries$IZUinmsZUz98YXPe0ftAd27ByiE
11-10 23:01:51.071 19114 19114 W Zygote : Class not found for preloading: java.time.temporal.-$$Lambda$TemporalQueries$JPrXwgedeqexYxypO8VpPKV4l3c
11-10 23:01:51.071 19114 19114 W Zygote : Class not found for preloading: java.time.temporal.-$$Lambda$TemporalQueries$PBpYKRiwkxqQNlcU-BOJfaQoONg
11-10 23:01:51.071 19114 19114 W Zygote : Class not found for preloading: java.time.temporal.-$$Lambda$TemporalQueries$WGGw7SkRcanjtxRiTk5p0dKf_jc
11-10 23:01:51.071 19114 19114 W Zygote : Class not found for preloading: java.time.temporal.-$$Lambda$TemporalQueries$bI5NESEXE4DqyC7TnOvbkx1GlvM
11-10 23:01:51.071 19114 19114 W Zygote : Class not found for preloading: java.time.temporal.-$$Lambda$TemporalQueries$okxqZ6ZoOhHd_zSzW7k5qRIaLxM
11-10 23:01:51.071 19114 19114 W Zygote : Class not found for preloading: java.time.temporal.-$$Lambda$TemporalQueries$thd4JmExRUYKd7nNlE7b5oT19ms
11-10 23:01:51.072 570 570 I hwservicemanager: getTransport: Cannot find entry android.hardware.light@2.0::ILight/default in either framework or device manifest.
11-10 23:01:51.073 19114 19114 W Zygote : Class not found for preloading: java.util.-$$Lambda$Arrays$H0YqaggIxZUqId4_BJ1BLcUa93k
11-10 23:01:51.073 19114 19114 W Zygote : Class not found for preloading: java.util.-$$Lambda$Arrays$KFf05FUz26CqVc_cf2bKY9C927o
11-10 23:01:51.073 19114 19114 W Zygote : Class not found for preloading: java.util.-$$Lambda$Arrays$aBSX_SvA5f2Q1t8_MODHDGhokzk
11-10 23:01:51.073 19114 19114 W Zygote : Class not found for preloading: java.util.-$$Lambda$Arrays$x0HcRDlColwoPupFWmOW7TREPtM
11-10 23:01:51.073 19114 19114 W Zygote : Class not found for preloading: java.util.-$$Lambda$Comparator$4V5k8aLimtS0VsEILEAqQ9UGZYo
11-10 23:01:51.073 19114 19114 W Zygote : Class not found for preloading: java.util.-$$Lambda$Comparator$BZSVCoA8i87ehjxxZ1weEounfDQ
11-10 23:01:51.073 19114 19114 W Zygote : Class not found for preloading: java.util.-$$Lambda$Comparator$DNgpxUFZqmT4lOBzlVyPjWwvEvw
11-10 23:01:51.073 19114 19114 W Zygote : Class not found for preloading: java.util.-$$Lambda$Comparator$KVN0LWz1D1wyrL2gs1CbubvLa9o
11-10 23:01:51.073 19114 19114 W Zygote : Class not found for preloading: java.util.-$$Lambda$Comparator$SPB8K9Yj7Pw1mljm7LpasV7zxWw
11-10 23:01:51.073 19114 19114 W Zygote : Class not found for preloading: java.util.-$$Lambda$Comparator$edSxqANnwdmzeJ1aMMcwJWE2wII
11-10 23:01:51.074 19112 19302 D audio_hw_primary: out_set_parameters: enter: usecase(4: compress-offload-playback2) kvpairs: exiting=1
11-10 23:01:51.074 19115 19315 W AudioFlinger: no wake lock to update, system not ready yet
11-10 23:01:51.074 19115 19315 D AudioFlinger: ro.audio.silent is ignored since no output device is set
11-10 23:01:51.074 19112 19302 D audio_hw_primary: adev_close_output_stream: enter:stream_handle(compress-offload-playback2)
11-10 23:01:51.074 19112 19302 D audio_hw_primary: out_standby: enter: stream (0xf3888650) usecase(4: compress-offload-playback2)
11-10 23:01:51.075 19114 19114 W Zygote : Class not found for preloading: java.util.concurrent.-$$Lambda$ConcurrentMap$T12JRbgGLhxGbYCuTfff6_dTrMk
11-10 23:01:51.075 19115 19115 I AudioFlinger: openOutput() this 0xb400007a5b9d4070, module 10 Device type:0x2,@:, SamplingRate 8000, Format 0x1000000, Channels 0x1, flags 0x31
11-10 23:01:51.075 19112 19112 D audio_hw_primary: adev_open_output_stream: enter: format(0x1000000) sample_rate(8000) channel_mask(0x1) devices(0x2) flags(0x31) stream_handle(0xf388c970) address()
11-10 23:01:51.075 19191 19191 I SystemServerTiming: StartDeviceMonitor
11-10 23:01:51.075 19191 19191 I SystemServiceManager: Starting com.android.server.storage.DeviceStorageMonitorService
11-10 23:01:51.075 19112 19112 D audio_hw_primary: adev_open_output_stream: Stream (0xf388c970) picks up usecase (compress-offload-playback)
11-10 23:01:51.076 19191 19191 I SystemServerTiming: StartLocationManagerService
11-10 23:01:51.076 19191 19191 I SystemServiceManager: Starting com.android.server.location.LocationManagerService$Lifecycle
11-10 23:01:51.076 19114 19114 W Zygote : Class not found for preloading: java.util.function.-$$Lambda$BiFunction$q-2HhQ1fzCu6oYNirKhp1W_vpSM
11-10 23:01:51.076 19114 19114 W Zygote : Class not found for preloading: java.util.function.-$$Lambda$Consumer$fZIgy_f2Fa5seBa8ztxXTExq2p4
11-10 23:01:51.076 19114 19114 W Zygote : Class not found for preloading: java.util.function.-$$Lambda$DoubleUnaryOperator$EzzlhUGRoL66wVBCG-_euZgC-CA
11-10 23:01:51.076 19114 19114 W Zygote : Class not found for preloading: java.util.function.-$$Lambda$DoubleUnaryOperator$i7wtM_8Ous-CB32HCfZ4usZ4zaQ
11-10 23:01:51.076 19114 19114 W Zygote : Class not found for preloading: java.util.function.-$$Lambda$Function$1mm3dZ9IMG2T6zAULCCEh3eoHSY
11-10 23:01:51.076 19114 19114 W Zygote : Class not found for preloading: java.util.function.-$$Lambda$Predicate$17UUIF1CH_K9duk0ChtjSwOycuM
11-10 23:01:51.077 19115 19115 I AudioFlinger: HAL output buffer size 2048 frames, normal sink buffer size 2048 frames
11-10 23:01:51.077 19112 19302 D audio_hw_utils: audio_extn_utils_compress_get_dsp_latency:: Using Fix DSP delay
11-10 23:01:51.077 19112 19302 D audio_hw_utils: audio_extn_utils_compress_get_dsp_latency:: delay in ms is 50
11-10 23:01:51.077 19114 19114 W Zygote : Class not found for preloading: java.util.stream.-$$Lambda$Collectors$0y_EMl863H_U7B4kxyGscB4vAag
11-10 23:01:51.077 19114 19114 W Zygote : Class not found for preloading: java.util.stream.-$$Lambda$Collectors$F7-we3W7I2plNaGHqh_d2lzmvho
11-10 23:01:51.077 19114 19114 W Zygote : Class not found for preloading: java.util.stream.-$$Lambda$Collectors$SMVdf7W0ks2OOmS3zJw7DHc-Nhc
11-10 23:01:51.077 19114 19114 W Zygote : Class not found for preloading: java.util.stream.-$$Lambda$Collectors$TzSZZBK0laNSWMge_uuxANwkkMo
11-10 23:01:51.077 19114 19114 W Zygote : Class not found for preloading: java.util.stream.-$$Lambda$Collectors$f0IPpRuyw9HZC8FIP30mNjUUUhw
11-10 23:01:51.077 19114 19114 W Zygote : Class not found for preloading: java.util.stream.-$$Lambda$Collectors$f68RHYk8qNU7alEHPPrPoFuCJO4
11-10 23:01:51.077 19114 19114 W Zygote : Class not found for preloading: java.util.stream.-$$Lambda$Collectors$iab6bVO3ydceISRiUEq_MRHYzoU
11-10 23:01:51.077 19114 19114 W Zygote : Class not found for preloading: java.util.stream.-$$Lambda$Collectors$kXZFmh6iM6xf9lJWimhd2Ef6NEs
11-10 23:01:51.077 19114 19114 W Zygote : Class not found for preloading: java.util.stream.-$$Lambda$Collectors$nKlT6uFghrTzWO44dlFAJFeRr34
11-10 23:01:51.077 19114 19114 W Zygote : Class not found for preloading: java.util.stream.-$$Lambda$Collectors$pzPeDl3rCgtNVSeZPHZk5f2se60
11-10 23:01:51.077 19115 19115 E AudioFlinger: Failed to add event callback
11-10 23:01:51.077 19114 19114 W Zygote : Class not found for preloading: java.util.stream.-$$Lambda$Drw47GGUtPrz9CklhlT0v26u-5c
11-10 23:01:51.077 19114 19114 W Zygote : Class not found for preloading: java.util.stream.-$$Lambda$IntPipeline$R-E7oGjPWog3HR9X-8MdhU1ZGRE
11-10 23:01:51.077 19114 19114 W Zygote : Class not found for preloading: java.util.stream.-$$Lambda$IntPipeline$ozedusDMANE_B8aDthWCd1L-na4
11-10 23:01:51.077 19114 19114 W Zygote : Class not found for preloading: java.util.stream.-$$Lambda$MatchOps$_LtFSpSMfVwoPv-8p_1cMGGcaHA
11-10 23:01:51.077 19115 19341 I AudioFlinger: AudioFlinger's thread 0xb400007adb9d3650 tid=19341 ready to run
11-10 23:01:51.077 19114 19114 W Zygote : Class not found for preloading: java.util.stream.-$$Lambda$MatchOps$emK14UX33I4-nqH2o5l7hLEVAy8
11-10 23:01:51.077 19112 19302 D audio_hw_utils: audio_extn_utils_compress_get_dsp_latency:: Using Fix DSP delay
11-10 23:01:51.077 19114 19114 W Zygote : Class not found for preloading: java.util.stream.-$$Lambda$ReferencePipeline$mk6xSsLZAKvG89IyN8pzBoM6otw
11-10 23:01:51.077 19112 19302 D audio_hw_utils: audio_extn_utils_compress_get_dsp_latency:: delay in ms is 50
11-10 23:01:51.077 19114 19114 W Zygote : Class not found for preloading: java.util.stream.-$$Lambda$bjSXRjZ5UYwAzkW-XPKwqbJ9BRQ
11-10 23:01:51.077 19114 19114 W Zygote : Class not found for preloading: java.util.stream.-$$Lambda$dplkPhACWDPIy18ogwdupEQaN40
11-10 23:01:51.077 19114 19114 W Zygote : Class not found for preloading: java.util.stream.-$$Lambda$i0Jl5dMkfWphZviqg6QdkkWPWRI
11-10 23:01:51.078 19114 19114 W Zygote : Class not found for preloading: java.util.stream.-$$Lambda$ihOtgw0eLCrsEBOphyN7SwoAlDg
11-10 23:01:51.078 19112 19302 D audio_hw_utils: audio_extn_utils_compress_get_dsp_latency:: Using Fix DSP delay
11-10 23:01:51.078 19112 19302 D audio_hw_utils: audio_extn_utils_compress_get_dsp_latency:: delay in ms is 50
11-10 23:01:51.078 19114 19114 W Zygote : Class not found for preloading: java.util.stream.-$$Lambda$okJigbB9kSn__oCZ5Do9uFNyF6A
11-10 23:01:51.078 19191 19191 I SystemServerTiming: StartCountryDetectorService
11-10 23:01:51.078 19114 19114 W Zygote : Class not found for preloading: java.util.stream.-$$Lambda$ono9Bp0lMrKbIRfAAYdycY0_qag
11-10 23:01:51.078 19114 19114 W Zygote : Class not found for preloading: java.util.stream.-$$Lambda$opQ7JxjVCJzqzgTxGU3LVtqC7is
11-10 23:01:51.078 19114 19114 W Zygote : Class not found for preloading: java.util.stream.-$$Lambda$r-8H_R_mZJjp9wd0XTLoEAHMNQ0
11-10 23:01:51.078 19115 19341 W AudioFlinger: no wake lock to update, system not ready yet
11-10 23:01:51.078 19114 19114 W Zygote : Class not found for preloading: java.util.stream.-$$Lambda$ry7iWszBr7beYy31SdRxibDyciQ
11-10 23:01:51.078 19115 19341 D AudioFlinger: ro.audio.silent is ignored since no output device is set
11-10 23:01:51.078 19114 19114 W Zygote : Class not found for preloading: java.util.stream.-$$Lambda$sKPaOkcQePGTRevrwmKVVhCTmTo
11-10 23:01:51.078 19191 19191 I SystemServerTiming: StartTimeDetectorService
11-10 23:01:51.078 19191 19191 I SystemServiceManager: Starting com.android.server.timedetector.TimeDetectorService$Lifecycle
11-10 23:01:51.078 19114 19114 W Zygote : Class not found for preloading: java.util.stream.-$$Lambda$uJ6CkL42Bk73jN5EzP0Fx7o1eVA
11-10 23:01:51.078 19114 19114 W Zygote : Class not found for preloading: java.util.stream.-$$Lambda$wFoiz-RiPqYBPe0X4aSzbj2iL3g
11-10 23:01:51.078 19114 19114 W Zygote : Class not found for preloading: java.util.stream.-$$Lambda$yTqQxkqu88ZhKI6fWaTTLwOLF60
11-10 23:01:51.078 19115 19341 W AudioFlinger: no wake lock to update, system not ready yet
11-10 23:01:51.078 19191 19191 I SystemServerTiming: StartTimeZoneDetectorService
11-10 23:01:51.078 19115 19341 D AudioFlinger: ro.audio.silent is ignored since no output device is set
11-10 23:01:51.078 19191 19191 I SystemServiceManager: Starting com.android.server.timezonedetector.TimeZoneDetectorService$Lifecycle
11-10 23:01:51.078 19112 19302 D audio_hw_primary: out_set_parameters: enter: usecase(3: compress-offload-playback) kvpairs: closing=true
11-10 23:01:51.079 19191 19191 I SystemServerTiming: StartSearchManagerService
11-10 23:01:51.079 19191 19191 I SystemServiceManager: Starting com.android.server.search.SearchManagerService$Lifecycle
11-10 23:01:51.079 19114 19114 W Zygote : Class not found for preloading: libcore.content.type.-$$Lambda$MimeMap$xJ95jeANwfbnj45hvSUmlPtZWWg
11-10 23:01:51.080 19191 19191 I SystemServerTiming: StartWallpaperManagerService
11-10 23:01:51.080 19191 19191 I SystemServiceManager: Starting com.android.server.wallpaper.WallpaperManagerService$Lifecycle
11-10 23:01:51.080 19191 19191 I SystemServerTiming: StartAudioService
11-10 23:01:51.080 19191 19191 I SystemServiceManager: Starting com.android.server.audio.AudioService$Lifecycle
11-10 23:01:51.087 887 887 D vendor.qti.vibrator: QTI Vibrator reporting capabilities: 15
11-10 23:01:51.087 19191 19191 I ServiceManager: Waiting for service 'media.audio_policy' on '/dev/binder'...
11-10 23:01:51.088 19114 19114 I Zygote : ...preloaded 11629 classes in 355ms.
11-10 23:01:51.088 19114 19114 I zygote : The ClassLoaderContext is a special shared library.
11-10 23:01:51.090 19114 19114 D ApplicationLoaders: Created zygote-cached class loader: /system/framework/android.hidl.base-V1.0-java.jar
11-10 23:01:51.090 19114 19114 I zygote : The ClassLoaderContext is a special shared library.
11-10 23:01:51.091 19114 19114 D ApplicationLoaders: Created zygote-cached class loader: /system/framework/android.hidl.manager-V1.0-java.jar
11-10 23:01:51.091 19114 19114 I zygote : The ClassLoaderContext is a special shared library.
11-10 23:01:51.092 19114 19114 D ApplicationLoaders: Created zygote-cached class loader: /system/framework/android.test.base.jar
11-10 23:01:51.092 19114 19114 I Zygote : Preloading resources...
11-10 23:01:51.094 19114 19114 W Resources: Preloaded drawable resource #0x108028d (android:drawable/dialog_background_material) that varies with configuration!!
11-10 23:01:51.094 19114 19114 W Resources: Preloaded color resource #0x10601bc (android:color/material_grey_800) that varies with configuration!!
11-10 23:01:51.094 19114 19114 W Resources: Preloaded drawable resource #0x10802fa (android:drawable/floating_popup_background_dark) that varies with configuration!!
11-10 23:01:51.099 19114 19114 I Zygote : ...preloaded 64 resources in 7ms.
11-10 23:01:51.100 19114 19114 W Resources: Preloaded color resource #0x1060039 (android:color/background_cache_hint_selector_material_dark) that varies with configuration!!
11-10 23:01:51.100 19114 19114 W Resources: Preloaded color resource #0x106003a (android:color/background_cache_hint_selector_material_light) that varies with configuration!!
11-10 23:01:51.100 19114 19114 I Zygote : ...preloaded 41 resources in 2ms.
11-10 23:01:51.106 19114 19114 D libEGL : loaded /vendor/lib/egl/libEGL_adreno.so
11-10 23:01:51.108 19114 19114 D libEGL : loaded /vendor/lib/egl/libGLESv1_CM_adreno.so
11-10 23:01:51.111 19114 19114 D libEGL : loaded /vendor/lib/egl/libGLESv2_adreno.so
11-10 23:01:51.133 19114 19114 I Zygote : Preloading shared libraries...
11-10 23:01:51.135 19114 19114 I Zygote : Called ZygoteHooks.endPreload()
11-10 23:01:51.136 19114 19114 I Zygote : Installed AndroidKeyStoreProvider in 1ms.
11-10 23:01:51.138 19114 19114 I Zygote : Warmed up JCA providers in 2ms.
11-10 23:01:51.138 19114 19114 D Zygote : end preload
11-10 23:01:51.187 19191 19191 I ServiceManager: Waiting for service 'media.audio_policy' on '/dev/binder'...
11-10 23:01:51.280 19112 19302 D audio_hw_primary: out_set_parameters: enter: usecase(3: compress-offload-playback) kvpairs: exiting=1
11-10 23:01:51.280 19112 19338 E audio_hw_primary: offload_thread_loop: Compress handle is NULL
11-10 23:01:51.281 19112 19120 D audio_hw_primary: adev_close_output_stream: enter:stream_handle(compress-offload-playback)
11-10 23:01:51.281 19112 19120 D audio_hw_primary: out_standby: enter: stream (0xf388c970) usecase(3: compress-offload-playback)
11-10 23:01:51.281 19115 19115 I AudioFlinger: openOutput() this 0xb400007a5b9d4070, module 10 Device type:0x10000,@:, SamplingRate 48000, Format 0x000001, Channels 0x3, flags 0
11-10 23:01:51.282 19112 19302 D audio_hw_primary: adev_open_output_stream: enter: format(0x1) sample_rate(48000) channel_mask(0x3) devices(0x10000) flags(0) stream_handle(0xf388c970) address()
11-10 23:01:51.282 19112 19302 D audio_hw_primary: adev_open_output_stream: Stream (0xf388c970) picks up usecase (afe-proxy-playback)
11-10 23:01:51.282 19115 19115 I AudioFlinger: HAL output buffer size 768 frames, normal sink buffer size 1152 frames
11-10 23:01:51.283 19115 19115 E AudioFlinger: Failed to add event callback
11-10 23:01:51.283 19115 19346 I AudioFlinger: AudioFlinger's thread 0xb400007bddf1f040 tid=19346 ready to run
11-10 23:01:51.283 19115 19346 W AudioFlinger: no wake lock to update, system not ready yet
11-10 23:01:51.283 19115 19346 D AudioFlinger: ro.audio.silent is ignored since no output device is set
11-10 23:01:51.283 19112 19302 D audio_hw_primary: out_standby: enter: stream (0xf388c970) usecase(54: afe-proxy-playback)
11-10 23:01:51.283 19112 19120 D audio_hw_primary: adev_get_parameters:routing=65536;supEncapsulationMetadataTypes;supEncapsulationModes
11-10 23:01:51.283 19112 19120 D soundtrigger: audio_extn_sound_trigger_get_parameters input string
11-10 23:01:51.283 19112 19120 D soundtrigger: extract_sm_handle input string param string
11-10 23:01:51.283 19112 19120 D audio_hw_extn: audio_extn_get_parameters: returns
11-10 23:01:51.283 19112 19120 V msm8974_platform: platform_get_parameters: exit: returns -
11-10 23:01:51.284 19115 19346 W AudioFlinger: no wake lock to update, system not ready yet
11-10 23:01:51.284 19115 19346 D AudioFlinger: ro.audio.silent is ignored since no output device is set
11-10 23:01:51.287 19191 19191 I ServiceManager: Waiting for service 'media.audio_policy' on '/dev/binder'...
11-10 23:01:51.288 19115 19115 W APM::AudioPolicyEngine: getDevicesForStrategy() unknown strategy: -1
11-10 23:01:51.345 19112 19120 D audio_hw_primary: adev_create_audio_patch: enter: num sources 1, num_sinks 1, handle 0
11-10 23:01:51.345 19112 19120 D audio_hw_primary: adev_create_audio_patch: Playback patch from mix handle 61 to device 10000
11-10 23:01:51.345 19112 19120 D audio_hw_primary: route_output_stream: enter: usecase(54: afe-proxy-playback) devices 10000
11-10 23:01:51.345 19112 19120 D audio_hw_primary: adev_create_audio_patch: Added a new patch with handle 4
11-10 23:01:51.346 19115 19115 I AudioFlinger: openOutput() this 0xb400007a5b9d4070, module 10 Device type:0x2,@:, SamplingRate 8000, Format 0x000001, Channels 0x1, flags 0x8001
11-10 23:01:51.346 19112 19120 D audio_hw_primary: adev_open_output_stream: enter: format(0x1) sample_rate(8000) channel_mask(0x1) devices(0x2) flags(0x8001) stream_handle(0xf3888650) address()
11-10 23:01:51.346 19112 19120 W audio_hw_utils: audio_extn_utils_is_vendor_enhanced_fwk: is_vendor_enhanced_fwk 1
11-10 23:01:51.346 19112 19120 D audio_hw_primary: adev_open_output_stream: Stream (0xf3888650) picks up usecase (audio-playback-voip)
11-10 23:01:51.347 19115 19115 I AudioFlinger: HAL output buffer size 160 frames, normal sink buffer size 160 frames
11-10 23:01:51.348 19115 19115 E AudioFlinger: Failed to add event callback
11-10 23:01:51.348 19115 19347 I AudioFlinger: AudioFlinger's thread 0xb400007adb9d63e0 tid=19347 ready to run
11-10 23:01:51.348 19115 19347 W AudioFlinger: no wake lock to update, system not ready yet
11-10 23:01:51.348 19115 19347 D AudioFlinger: ro.audio.silent is ignored since no output device is set
11-10 23:01:51.348 19112 19120 D audio_hw_primary: out_standby: enter: stream (0xf3888650) usecase(33: audio-playback-voip)
11-10 23:01:51.348 19115 19347 W AudioFlinger: no wake lock to update, system not ready yet
11-10 23:01:51.348 19115 19347 D AudioFlinger: ro.audio.silent is ignored since no output device is set
11-10 23:01:51.348 19112 19120 D audio_hw_primary: out_set_parameters: enter: usecase(33: audio-playback-voip) kvpairs: closing=true
11-10 23:01:51.388 19191 19191 I ServiceManager: Waiting for service 'media.audio_policy' on '/dev/binder'...
11-10 23:01:51.488 19191 19191 I ServiceManager: Waiting for service 'media.audio_policy' on '/dev/binder'...
11-10 23:01:51.550 19112 19120 D audio_hw_primary: out_set_parameters: enter: usecase(33: audio-playback-voip) kvpairs: exiting=1
11-10 23:01:51.550 19115 19347 W AudioFlinger: no wake lock to update, system not ready yet
11-10 23:01:51.550 19115 19347 D AudioFlinger: ro.audio.silent is ignored since no output device is set
11-10 23:01:51.550 19112 19120 D audio_hw_primary: adev_close_output_stream: enter:stream_handle(audio-playback-voip)
11-10 23:01:51.550 19112 19120 D audio_hw_primary: out_standby: enter: stream (0xf3888650) usecase(33: audio-playback-voip)
11-10 23:01:51.550 19115 19115 I AudioFlinger: openOutput() this 0xb400007a5b9d4070, module 10 Device type:0x10000,@:, SamplingRate 48000, Format 0x000001, Channels 0x3, flags 0x10000
11-10 23:01:51.550 19112 19120 D audio_hw_primary: adev_open_output_stream: enter: format(0x1) sample_rate(48000) channel_mask(0x3) devices(0x10000) flags(0x10000) stream_handle(0xf3888650) address()
11-10 23:01:51.550 19112 19120 D audio_hw_primary: adev_open_output_stream: Stream (0xf3888650) picks up usecase (afe-proxy-playback)
11-10 23:01:51.551 19115 19115 I AudioFlinger: HAL output buffer size 768 frames, normal sink buffer size 1152 frames
11-10 23:01:51.552 19115 19115 E AudioFlinger: Failed to add event callback
11-10 23:01:51.552 19115 19350 I AudioFlinger: AudioFlinger's thread 0xb400007bdce53040 tid=19350 ready to run
11-10 23:01:51.552 19115 19350 W AudioFlinger: no wake lock to update, system not ready yet
11-10 23:01:51.552 19115 19350 D AudioFlinger: ro.audio.silent is ignored since no output device is set
11-10 23:01:51.552 19112 19120 D audio_hw_primary: out_standby: enter: stream (0xf3888650) usecase(54: afe-proxy-playback)
11-10 23:01:51.552 19115 19350 W AudioFlinger: no wake lock to update, system not ready yet
11-10 23:01:51.552 19115 19350 D AudioFlinger: ro.audio.silent is ignored since no output device is set
11-10 23:01:51.557 19115 19115 W APM::AudioPolicyEngine: getDevicesForStrategy() unknown strategy: -1
11-10 23:01:51.588 19191 19191 I ServiceManager: Waiting for service 'media.audio_policy' on '/dev/binder'...
11-10 23:01:51.613 19112 19120 D audio_hw_primary: adev_create_audio_patch: enter: num sources 1, num_sinks 1, handle 0
11-10 23:01:51.613 19112 19120 D audio_hw_primary: adev_create_audio_patch: Playback patch from mix handle 77 to device 10000
11-10 23:01:51.613 19112 19120 D audio_hw_primary: route_output_stream: enter: usecase(54: afe-proxy-playback) devices 10000
11-10 23:01:51.613 19112 19120 D audio_hw_primary: adev_create_audio_patch: Added a new patch with handle 5
11-10 23:01:51.614 19112 19120 D audio_hw_primary: adev_open_input_stream is_karaoke_fastcapture=0
11-10 23:01:51.614 19112 19120 D audio_hw_primary: adev_open_input_stream: enter: sample_rate(96000) channel_mask(0xc) devices(0x80000004) stream_handle(0xf50878d0) io_handle(14) source(1) format 1
11-10 23:01:51.615 19115 19351 I AudioFlinger: AudioFlinger's thread 0xb400007bdcb37040 tid=19351 ready to run
11-10 23:01:51.616 19112 19120 D audio_hw_primary: in_standby: enter: stream (0xf50878d0) usecase(23: audio-record)
11-10 23:01:51.616 19115 19351 W AudioFlinger: no wake lock to update, system not ready yet
11-10 23:01:51.616 19112 19120 D audio_hw_primary: in_standby: enter: stream (0xf50878d0) usecase(23: audio-record)
11-10 23:01:51.617 19115 19351 W AudioFlinger: no wake lock to update, system not ready yet
11-10 23:01:51.617 19112 19120 D audio_hw_primary: adev_close_input_stream: enter:stream_handle(0xf50878d0)
11-10 23:01:51.617 19112 19120 D soundtrigger: audio_extn_sound_trigger_check_ec_ref_enable: EC Reference is disabled
11-10 23:01:51.617 19112 19120 D sound_trigger_hw: handle_audio_ec_ref_enabled: Enter
11-10 23:01:51.617 19112 19120 D sound_trigger_hw: handle_audio_ec_ref_enabled: Exit audio ec ref=0
11-10 23:01:51.617 19112 19120 D soundtrigger: audio_extn_sound_trigger_update_ec_ref_status: update audio echo ref status false
11-10 23:01:51.617 19112 19120 D audio_hw_primary: in_standby: enter: stream (0xf50878d0) usecase(23: audio-record)
11-10 23:01:51.617 19112 19120 D audio_hw_primary: adev_open_input_stream is_karaoke_fastcapture=0
11-10 23:01:51.617 19112 19120 D audio_hw_primary: adev_open_input_stream: enter: sample_rate(48000) channel_mask(0xc) devices(0x80000004) stream_handle(0xf50878d0) io_handle(22) source(1) format 1
11-10 23:01:51.618 19115 19353 I AudioFlinger: AudioFlinger's thread 0xb400007bdcb37040 tid=19353 ready to run
11-10 23:01:51.619 19112 19120 D audio_hw_primary: in_standby: enter: stream (0xf50878d0) usecase(23: audio-record)
11-10 23:01:51.619 19115 19353 W AudioFlinger: no wake lock to update, system not ready yet
11-10 23:01:51.619 19112 19120 D audio_hw_primary: in_standby: enter: stream (0xf50878d0) usecase(23: audio-record)
11-10 23:01:51.619 19115 19353 W AudioFlinger: no wake lock to update, system not ready yet
11-10 23:01:51.620 19112 19120 D audio_hw_primary: adev_close_input_stream: enter:stream_handle(0xf50878d0)
11-10 23:01:51.620 19112 19120 D soundtrigger: audio_extn_sound_trigger_check_ec_ref_enable: EC Reference is disabled
11-10 23:01:51.620 19112 19120 D sound_trigger_hw: handle_audio_ec_ref_enabled: Enter
11-10 23:01:51.620 19112 19120 D sound_trigger_hw: handle_audio_ec_ref_enabled: Exit audio ec ref=0
11-10 23:01:51.620 19112 19120 D soundtrigger: audio_extn_sound_trigger_update_ec_ref_status: update audio echo ref status false
11-10 23:01:51.620 19112 19120 D audio_hw_primary: in_standby: enter: stream (0xf50878d0) usecase(23: audio-record)
11-10 23:01:51.620 19112 19120 D audio_hw_primary: adev_open_input_stream is_karaoke_fastcapture=0
11-10 23:01:51.620 19112 19120 D audio_hw_primary: adev_open_input_stream: enter: sample_rate(48000) channel_mask(0x8000000f) devices(0x80000004) stream_handle(0xf50878d0) io_handle(30) source(1) format 1
11-10 23:01:51.621 19115 19355 I AudioFlinger: AudioFlinger's thread 0xb400007bdcb37040 tid=19355 ready to run
11-10 23:01:51.621 19112 19120 D audio_hw_primary: in_standby: enter: stream (0xf50878d0) usecase(23: audio-record)
11-10 23:01:51.622 19115 19355 W AudioFlinger: no wake lock to update, system not ready yet
11-10 23:01:51.622 19112 19302 D audio_hw_primary: in_standby: enter: stream (0xf50878d0) usecase(23: audio-record)
11-10 23:01:51.622 19115 19355 W AudioFlinger: no wake lock to update, system not ready yet
11-10 23:01:51.622 19112 19302 D audio_hw_primary: adev_close_input_stream: enter:stream_handle(0xf50878d0)
11-10 23:01:51.622 19112 19302 D soundtrigger: audio_extn_sound_trigger_check_ec_ref_enable: EC Reference is disabled
11-10 23:01:51.622 19112 19302 D sound_trigger_hw: handle_audio_ec_ref_enabled: Enter
11-10 23:01:51.622 19112 19302 D sound_trigger_hw: handle_audio_ec_ref_enabled: Exit audio ec ref=0
11-10 23:01:51.622 19112 19302 D soundtrigger: audio_extn_sound_trigger_update_ec_ref_status: update audio echo ref status false
11-10 23:01:51.622 19112 19302 D audio_hw_primary: in_standby: enter: stream (0xf50878d0) usecase(23: audio-record)
11-10 23:01:51.623 19112 19302 D audio_hw_primary: adev_open_input_stream is_karaoke_fastcapture=0
11-10 23:01:51.623 19112 19302 D audio_hw_primary: adev_open_input_stream: enter: sample_rate(48000) channel_mask(0x10) devices(0x80000004) stream_handle(0xf50878d0) io_handle(38) source(1) format 1
11-10 23:01:51.624 19115 19357 I AudioFlinger: AudioFlinger's thread 0xb400007bdcb37040 tid=19357 ready to run
11-10 23:01:51.624 19112 19302 D audio_hw_primary: in_standby: enter: stream (0xf50878d0) usecase(23: audio-record)
11-10 23:01:51.624 19115 19357 W AudioFlinger: no wake lock to update, system not ready yet
11-10 23:01:51.624 19112 19120 D audio_hw_primary: in_standby: enter: stream (0xf50878d0) usecase(23: audio-record)
11-10 23:01:51.625 19115 19357 W AudioFlinger: no wake lock to update, system not ready yet
11-10 23:01:51.625 19112 19120 D audio_hw_primary: adev_close_input_stream: enter:stream_handle(0xf50878d0)
11-10 23:01:51.625 19112 19120 D soundtrigger: audio_extn_sound_trigger_check_ec_ref_enable: EC Reference is disabled
11-10 23:01:51.625 19112 19120 D sound_trigger_hw: handle_audio_ec_ref_enabled: Enter
11-10 23:01:51.625 19112 19120 D sound_trigger_hw: handle_audio_ec_ref_enabled: Exit audio ec ref=0
11-10 23:01:51.625 19112 19120 D soundtrigger: audio_extn_sound_trigger_update_ec_ref_status: update audio echo ref status false
11-10 23:01:51.625 19112 19120 D audio_hw_primary: in_standby: enter: stream (0xf50878d0) usecase(23: audio-record)
11-10 23:01:51.625 19115 19115 E APM_AudioPolicyManager: onNewAudioModulesAvailableInt: Input device list is empty!
11-10 23:01:51.625 19112 19120 D audio_hw_primary: adev_open_input_stream is_karaoke_fastcapture=0
11-10 23:01:51.625 19112 19120 D audio_hw_primary: adev_open_input_stream: enter: sample_rate(192000) channel_mask(0x8000000f) devices(0x80000004) stream_handle(0xf50878d0) io_handle(46) source(1) format 5
11-10 23:01:51.625 19112 19120 D audio_hw_primary: adev_open_input_stream is_karaoke_fastcapture=0
11-10 23:01:51.625 19112 19120 D audio_hw_primary: adev_open_input_stream: enter: sample_rate(192000) channel_mask(0x8000000f) devices(0x80000004) stream_handle(0xf50878d0) io_handle(46) source(1) format 6
11-10 23:01:51.627 19115 19359 I AudioFlinger: AudioFlinger's thread 0xb400007bdcb37040 tid=19359 ready to run
11-10 23:01:51.627 19112 19120 D audio_hw_primary: in_standby: enter: stream (0xf50878d0) usecase(23: audio-record)
11-10 23:01:51.627 19115 19359 W AudioFlinger: no wake lock to update, system not ready yet
11-10 23:01:51.627 19112 19120 D audio_hw_primary: in_standby: enter: stream (0xf50878d0) usecase(23: audio-record)
11-10 23:01:51.628 19115 19359 W AudioFlinger: no wake lock to update, system not ready yet
11-10 23:01:51.628 19112 19120 D audio_hw_primary: adev_close_input_stream: enter:stream_handle(0xf50878d0)
11-10 23:01:51.628 19112 19120 D soundtrigger: audio_extn_sound_trigger_check_ec_ref_enable: EC Reference is disabled
11-10 23:01:51.628 19112 19120 D sound_trigger_hw: handle_audio_ec_ref_enabled: Enter
11-10 23:01:51.628 19112 19120 D sound_trigger_hw: handle_audio_ec_ref_enabled: Exit audio ec ref=0
11-10 23:01:51.628 19112 19120 D soundtrigger: audio_extn_sound_trigger_update_ec_ref_status: update audio echo ref status false
11-10 23:01:51.628 19112 19120 D audio_hw_primary: in_standby: enter: stream (0xf50878d0) usecase(23: audio-record)
11-10 23:01:51.628 19112 19120 D audio_hw_primary: adev_open_input_stream is_karaoke_fastcapture=0
11-10 23:01:51.628 19112 19120 D audio_hw_primary: adev_open_input_stream: enter: sample_rate(48000) channel_mask(0xc) devices(0x80000040) stream_handle(0xf50878d0) io_handle(54) source(1) format 1
11-10 23:01:51.629 19115 19361 I AudioFlinger: AudioFlinger's thread 0xb400007bdcb37040 tid=19361 ready to run
11-10 23:01:51.629 19112 19120 D audio_hw_primary: in_standby: enter: stream (0xf50878d0) usecase(56: afe-proxy-record2)
11-10 23:01:51.630 19115 19361 W AudioFlinger: no wake lock to update, system not ready yet
11-10 23:01:51.630 19112 19120 D audio_hw_primary: in_standby: enter: stream (0xf50878d0) usecase(56: afe-proxy-record2)
11-10 23:01:51.630 19115 19361 W AudioFlinger: no wake lock to update, system not ready yet
11-10 23:01:51.630 19112 19120 D audio_hw_primary: adev_close_input_stream: enter:stream_handle(0xf50878d0)
11-10 23:01:51.630 19112 19120 D soundtrigger: audio_extn_sound_trigger_check_ec_ref_enable: EC Reference is disabled
11-10 23:01:51.630 19112 19120 D sound_trigger_hw: handle_audio_ec_ref_enabled: Enter
11-10 23:01:51.630 19112 19120 D sound_trigger_hw: handle_audio_ec_ref_enabled: Exit audio ec ref=0
11-10 23:01:51.630 19112 19120 D soundtrigger: audio_extn_sound_trigger_update_ec_ref_status: update audio echo ref status false
11-10 23:01:51.630 19112 19120 D audio_hw_primary: in_standby: enter: stream (0xf50878d0) usecase(56: afe-proxy-record2)
11-10 23:01:51.631 19112 19120 D audio_hw_primary: adev_open_input_stream is_karaoke_fastcapture=0
11-10 23:01:51.631 19112 19120 D audio_hw_primary: adev_open_input_stream: enter: sample_rate(48000) channel_mask(0x80000007) devices(0x80000004) stream_handle(0xf50878d0) io_handle(62) source(1) format 1
11-10 23:01:51.632 19115 19363 I AudioFlinger: AudioFlinger's thread 0xb400007bdcb37040 tid=19363 ready to run
11-10 23:01:51.632 19112 19120 D audio_hw_primary: in_standby: enter: stream (0xf50878d0) usecase(23: audio-record)
11-10 23:01:51.632 19115 19363 W AudioFlinger: no wake lock to update, system not ready yet
11-10 23:01:51.632 19112 19120 D audio_hw_primary: in_standby: enter: stream (0xf50878d0) usecase(23: audio-record)
11-10 23:01:51.633 19115 19363 W AudioFlinger: no wake lock to update, system not ready yet
11-10 23:01:51.633 19112 19120 D audio_hw_primary: adev_close_input_stream: enter:stream_handle(0xf50878d0)
11-10 23:01:51.633 19112 19120 D soundtrigger: audio_extn_sound_trigger_check_ec_ref_enable: EC Reference is disabled
11-10 23:01:51.633 19112 19120 D sound_trigger_hw: handle_audio_ec_ref_enabled: Enter
11-10 23:01:51.633 19112 19120 D sound_trigger_hw: handle_audio_ec_ref_enabled: Exit audio ec ref=0
11-10 23:01:51.633 19112 19120 D soundtrigger: audio_extn_sound_trigger_update_ec_ref_status: update audio echo ref status false
11-10 23:01:51.633 19112 19120 D audio_hw_primary: in_standby: enter: stream (0xf50878d0) usecase(23: audio-record)
11-10 23:01:51.633 19115 19115 E APM_AudioPolicyManager: onNewAudioModulesAvailableInt: Input device list is empty!
11-10 23:01:51.634 19112 19120 D btaudio_offload_qti: is_value_adds_supported: vendor_info = 3
11-10 23:01:51.634 19112 19120 D btaudio_offload_qti: is_value_adds_supported: Build is running with QC Value-adds for odm
11-10 23:01:51.634 19112 19120 E btaudio_offload_qti: bt_audio_pre_init_qti: HIDL IBluetoothAudioProvidersFactory already registered
11-10 23:01:51.635 19115 19115 I AudioFlinger: loadHwModule() Loaded bluetooth_qti audio interface, handle 18
11-10 23:01:51.635 19115 19115 E APM_AudioPolicyManager: onNewAudioModulesAvailableInt: Input device list is empty!
11-10 23:01:51.636 19115 19115 I AudioFlinger: loadHwModule() Loaded usb audio interface, handle 26
11-10 23:01:51.636 19112 19120 I r_submix: adev_open(name=audio_hw_if)
11-10 23:01:51.637 19112 19120 I r_submix: adev_init_check()
11-10 23:01:51.637 19115 19115 I AudioFlinger: loadHwModule() Loaded r_submix audio interface, handle 34
11-10 23:01:51.637 19112 19120 D r_submix: adev_open_input_stream(addr=0)
11-10 23:01:51.637 19112 19120 D r_submix: submix_audio_device_create_pipe_l(addr=0, idx=9)
11-10 23:01:51.637 19112 19120 D r_submix: now using address 0 for route 9
11-10 23:01:51.638 19115 19365 I AudioFlinger: AudioFlinger's thread 0xb400007bdcb37040 tid=19365 ready to run
11-10 23:01:51.638 19112 19120 I r_submix: in_standby()
11-10 23:01:51.639 19115 19365 W AudioFlinger: no wake lock to update, system not ready yet
11-10 23:01:51.639 19112 19120 I r_submix: in_standby()
11-10 23:01:51.639 19115 19365 W AudioFlinger: no wake lock to update, system not ready yet
11-10 23:01:51.639 19112 19120 D r_submix: adev_close_input_stream()
11-10 23:01:51.640 19112 19120 D r_submix: submix_audio_device_release_pipe_l(idx=9) addr=0
11-10 23:01:51.640 19112 19120 D r_submix: submix_audio_device_destroy_pipe_l(): pipe destroyed
11-10 23:01:51.640 19115 19115 W AudioFlinger: loadHwModule() module bluetooth_qti already loaded
11-10 23:01:51.641 19115 19115 W APM::AudioPolicyEngine: getDevicesForStrategy() unknown strategy: -1
11-10 23:01:51.643 19191 19304 E HistoricalRegistry: Interaction before persistence initialized
11-10 23:01:51.641 19115 19115 W APM::AudioPolicyEngine: getDevicesForStrategy() unknown strategy: -1
11-10 23:01:51.694 19191 19191 I android_os_HwBinder: HwBinder: Starting thread pool for getting: android.hidl.manager@1.0::IServiceManager/default
11-10 23:01:51.705 19191 19191 W TelecomManager: Telecom Service not found.
11-10 23:01:51.706 19115 19370 D PermissionCache: checking android.permission.MODIFY_AUDIO_ROUTING for uid=1000 => granted (484 us)
11-10 23:01:51.706 19115 19370 D AudioPolicyManagerCustom: setForceUse() usage 4, config 0, mPhoneState 0
11-10 23:01:51.709 19115 19115 D AudioPolicyManagerCustom: setForceUse() usage 3, config 8, mPhoneState 0
11-10 23:01:51.711 19115 19115 W APM::AudioPolicyEngine: getDevicesForStrategy() unknown strategy: -1
11-10 23:01:51.712 19115 19115 I chatty : uid=1041(audioserver) /system/bin/audioserver identical 1 line
11-10 23:01:51.712 19115 19115 W APM::AudioPolicyEngine: getDevicesForStrategy() unknown strategy: -1
11-10 23:01:51.712 19115 19135 D AudioPolicyManagerCustom: setForceUse() usage 6, config 0, mPhoneState 0
11-10 23:01:51.712 19115 19135 D PermissionCache: checking android.permission.MODIFY_AUDIO_SETTINGS for uid=1000 => granted (110 us)
11-10 23:01:51.713 19112 19372 D audio_hw_primary: adev_set_mic_mute state 0
11-10 23:01:51.768 19115 19135 W APM::AudioPolicyEngine: getDevicesForStrategy() unknown strategy: -1
11-10 23:01:51.771 19115 19115 D AudioFlinger: isLowRamDevice:false totalMemory:5588307968 mClientSharedHeapSize:33554432
11-10 23:01:51.771 19115 19115 D AudioPolicyManagerCustom: setForceUse() usage 7, config 0, mPhoneState 0
11-10 23:01:51.775 19191 19191 I SystemServerTiming: StartSoundTriggerMiddlewareService
11-10 23:01:51.775 19191 19191 I SystemServiceManager: Starting com.android.server.soundtrigger_middleware.SoundTriggerMiddlewareService$Lifecycle
11-10 23:01:51.778 19191 19191 D SoundTriggerMiddlewareService: Connecting to default ISoundTriggerHw
11-10 23:01:51.779 19191 19191 I android_os_HwBinder: HwBinder: Starting thread pool for getting: android.hardware.soundtrigger@2.0::ISoundTriggerHw/default
11-10 23:01:51.780 19112 19120 I sound_trigger_hw: stdev_get_properties_extended: enter
11-10 23:01:51.780 19112 19120 I sound_trigger_hw: get_base_properties: enter
11-10 23:01:51.781 19112 19120 W sound_trigger_platform: platform_stdev_get_hw_type: max_cpe_sessions platform configured=1 > driver supported=0
11-10 23:01:51.781 19112 19120 D sound_trigger_hw: st_session_init: client attached: h1 <-- c1
11-10 23:01:51.781 19112 19120 D sound_trigger_hw: session[1]: st_session_init ---> idle_state_fn
11-10 23:01:51.781 19112 19120 D sound_trigger_hw: idle_state_fn:[c1-1] handle event id 18
11-10 23:01:51.781 19112 19120 D sound_trigger_platform: platform_stdev_get_capture_device: Device = 0x80000004
11-10 23:01:51.781 19112 19120 D sound_trigger_platform: platform_stdev_get_capture_device: Available device = 0x80000004
11-10 23:01:51.781 19112 19120 D sound_trigger_platform: platform_stdev_get_capture_device: Device = 0x80000004
11-10 23:01:51.781 19112 19120 D sound_trigger_platform: platform_stdev_get_capture_device: Available device = 0x80000004
11-10 23:01:51.781 19112 19120 D sound_trigger_platform: platform_stdev_send_calibration_v2: sending lsm cal for device(7) acdb_id(135) index(0) app_id(3)
11-10 23:01:51.781 19112 19120 D ACDB-LOADER: ACDB -> send_lsm_topology
11-10 23:01:51.781 19112 19120 D ACDB-LOADER: ACDB -> ACDB_CMD_GET_LSM_TOPOLOGY_ID
11-10 23:01:51.781 19112 19120 D ACDB-LOADER: ACDB -> get_lsm_table
11-10 23:01:51.781 19112 19120 D ACDB-LOADER: ACDB -> ACDB_CMD_GET_LSM_INSTANCE_TABLE_SIZE
11-10 23:01:51.781 19112 19120 D android.hardware.audio.service: Failed to fetch the lookup information of the device 00000087
11-10 23:01:51.781 19112 19120 D ACDB-LOADER: Error: ACDB_CMD_GET_LSM_INSTANCE_TABLE_SIZE Returned = -19
11-10 23:01:51.781 19112 19120 D ACDB-LOADER: ACDB -> ACDB_CMD_GET_LSM_INSTANCE_TABLE
11-10 23:01:51.781 19112 19120 D android.hardware.audio.service: Failed to fetch the lookup information of the device 00000087
11-10 23:01:51.781 19112 19120 D ACDB-LOADER: Error: ACDB LSM returned = -19
11-10 23:01:51.781 19112 19120 D ACDB-LOADER: ACDB -> AUDIO_SET_LSM_CAL
11-10 23:01:51.781 19112 19120 D sound_trigger_hw: ape_open_session: opening pcm device=10
11-10 23:01:51.781 19112 19120 D sound_trigger_hw: lsm_set_session_data_v2: Sending lpi_enable = false to LSM
11-10 23:01:51.786 19115 19115 I CaptureStateNotifier: Registering a listener
11-10 23:01:51.786 19191 19374 I SoundTriggerMiddlewareLogging: setCaptureState[this=com.android.server.soundtrigger_middleware.SoundTriggerMiddlewareImpl@3d16817, caller=1000/19191](false)
11-10 23:01:51.786 19191 19191 I SystemServerTiming: StartDockObserver
11-10 23:01:51.786 19191 19191 I SystemServiceManager: Starting com.android.server.DockObserver
11-10 23:01:51.786 19191 19191 W DockObserver: This kernel does not have dock station support
11-10 23:01:51.787 19191 19191 I SystemServerTiming: StartWiredAccessoryManager
11-10 23:01:51.788 19191 19191 W WiredAccessoryManager: This kernel does not have usb audio support
11-10 23:01:51.788 19191 19191 W WiredAccessoryManager: This kernel does not have HDMI audio support
11-10 23:01:51.789 19191 19191 I SystemServerTiming: StartMidiManager
11-10 23:01:51.789 19191 19191 I SystemServiceManager: Starting com.android.server.midi.MidiService$Lifecycle
11-10 23:01:51.790 19191 19191 I SystemServerTiming: StartAdbService
11-10 23:01:51.790 19191 19191 I SystemServiceManager: Starting com.android.server.adb.AdbService$Lifecycle
11-10 23:01:51.791 19191 19191 I SystemServerTiming: StartUsbService
11-10 23:01:51.791 19191 19191 I SystemServiceManager: Starting com.android.server.usb.UsbService$Lifecycle
11-10 23:01:51.791 19191 19191 I SystemServerTiming: StartSerialService
11-10 23:01:51.791 19191 19216 I SystemServerTimingAsync: InitThreadPoolExec:UsbService$Lifecycle#onStart
11-10 23:01:51.791 19191 19191 I SystemServerTiming: StartHardwarePropertiesManagerService
11-10 23:01:51.792 19191 19216 E UsbDeviceManager: failed to write to /sys/class/android_usb/android0/f_rndis/ethaddr
11-10 23:01:51.793 0 0 I : read descriptors
11-10 23:01:51.793 0 0 I : read strings
11-10 23:01:51.793 0 0 I : read descriptors
11-10 23:01:51.793 0 0 I : read strings
11-10 23:01:51.792 570 570 I hwservicemanager: getTransport: Cannot find entry android.hardware.usb.gadget@1.0::IUsbGadget/default in either framework or device manifest.
11-10 23:01:51.793 19191 19216 I UsbDeviceManager: USB GADGET HAL not present in the device
11-10 23:01:51.793 19191 19216 I UsbDeviceManager: java.util.NoSuchElementException
11-10 23:01:51.793 19191 19216 I UsbDeviceManager: at android.os.HwBinder.getService(Native Method)
11-10 23:01:51.793 19191 19216 I UsbDeviceManager: at android.hardware.usb.gadget.V1_0.IUsbGadget.getService(IUsbGadget.java:55)
11-10 23:01:51.793 19191 19216 I UsbDeviceManager: at android.hardware.usb.gadget.V1_0.IUsbGadget.getService(IUsbGadget.java:62)
11-10 23:01:51.793 19191 19216 I UsbDeviceManager: at com.android.server.usb.UsbDeviceManager.(UsbDeviceManager.java:266)
11-10 23:01:51.793 19191 19216 I UsbDeviceManager: at com.android.server.usb.UsbService.(UsbService.java:178)
11-10 23:01:51.793 19191 19216 I UsbDeviceManager: at com.android.server.usb.UsbService$Lifecycle.lambda$onStart$0$UsbService$Lifecycle(UsbService.java:92)
