11-10 23:01:49.083 1153 1251 V C2Store : in ~ComponentModule
11-10 23:01:49.083 1153 1251 V C2Store : unloading dll
11-10 23:01:49.085 19117 19125 I Codec2InfoBuilder: adding type 'video/mp4v-es'
11-10 23:01:49.086 888 2149 E QC2CompStore: Failed to locate interface with name c2.android.opus.decoder
11-10 23:01:49.086 1153 5457 V C2Store : in init
11-10 23:01:49.086 1153 5457 V C2Store : loading dll
11-10 23:01:49.088 1153 5457 V C2Store : in ~ComponentModule
11-10 23:01:49.088 1153 5457 V C2Store : unloading dll
11-10 23:01:49.089 19117 19125 I Codec2InfoBuilder: adding type 'audio/opus'
11-10 23:01:49.089 888 2149 E QC2CompStore: Failed to locate interface with name c2.android.opus.encoder
11-10 23:01:49.089 1153 2152 V C2Store : in init
11-10 23:01:49.089 1153 2152 V C2Store : loading dll
11-10 23:01:49.089 1135 1770 I QC-NETMGR-LIB: onRegistration(): Starting Netd getService thread
11-10 23:01:49.091 1153 1251 V C2Store : in ~ComponentModule
11-10 23:01:49.091 1153 1251 V C2Store : unloading dll
11-10 23:01:49.091 19117 19125 I Codec2InfoBuilder: adding type 'audio/opus'
11-10 23:01:49.091 1153 1250 V C2Store : in ~ComponentModule
11-10 23:01:49.091 1153 1250 V C2Store : unloading dll
11-10 23:01:49.091 1153 1251 V C2Store : in ~ComponentModule
11-10 23:01:49.091 1153 1251 V C2Store : unloading dll
11-10 23:01:49.092 888 2149 E QC2CompStore: Failed to locate interface with name c2.android.raw.decoder
11-10 23:01:49.092 1153 1251 V C2Store : in init
11-10 23:01:49.092 1153 1251 V C2Store : loading dll
11-10 23:01:49.094 19117 19125 I Codec2InfoBuilder: adding type 'audio/raw'
11-10 23:01:49.094 888 2149 E QC2CompStore: Failed to locate interface with name c2.android.vorbis.decoder
11-10 23:01:49.094 1153 1251 V C2Store : in ~ComponentModule
11-10 23:01:49.094 1153 1251 V C2Store : unloading dll
11-10 23:01:49.094 1153 1250 V C2Store : in init
11-10 23:01:49.094 1153 1250 V C2Store : loading dll
11-10 23:01:49.095 1135 19165 I QC-NETMGR-LIB: getServiceImpl(): INetd discovered
11-10 23:01:49.095 1135 19165 I QC-NETMGR-LIB: registerLinkToDeath(): Success registerLinkToDeath!
11-10 23:01:49.095 1135 1770 D QC-NETMGR-LIB: onRegistration(): netd restart detected
11-10 23:01:49.096 19117 19125 I Codec2InfoBuilder: adding type 'audio/vorbis'
11-10 23:01:49.097 888 2149 E QC2CompStore: Failed to locate interface with name c2.android.vp8.decoder
11-10 23:01:49.097 1153 1250 V C2Store : in ~ComponentModule
11-10 23:01:49.097 1153 1250 V C2Store : unloading dll
11-10 23:01:49.097 1153 1250 V C2Store : in init
11-10 23:01:49.097 1153 1250 V C2Store : loading dll
11-10 23:01:49.099 19117 19125 I Codec2InfoBuilder: adding type 'video/x-vnd.on2.vp8'
11-10 23:01:49.100 1135 1209 I QC-NETMGR-LIB: NetmgrNetdClientRegisterNetwork(): Looking for Netd service
11-10 23:01:49.100 1135 1209 I QC-NETMGR-LIB: NetmgrNetdClientRegisterNetwork(): register to create new OEM network
11-10 23:01:49.100 1135 1209 I QC-NETMGR-LIB: registerNetwork(): Attempting createOemNetwork
11-10 23:01:49.100 1135 1209 I QC-NETMGR-LIB: registerNetwork(): command completed!
11-10 23:01:49.100 1135 1209 I QC-NETMGR-LIB: registerNetwork(): createOemNetwork succeeded [packet mark : 0xf0001] [net id : 1] [network handle : 0x1cafed00d]
11-10 23:01:49.100 1135 1209 I QC-NETMGR-LIB: NetmgrNetdClientRegisterNetwork(): [packet mark : 0xf0001] [network handle : 0x1cafed00d]
11-10 23:01:49.101 888 2149 E QC2CompStore: Failed to locate interface with name c2.android.vp8.encoder
11-10 23:01:49.101 1153 15597 V C2Store : in init
11-10 23:01:49.101 1153 15597 V C2Store : loading dll
11-10 23:01:49.102 1153 15597 I C2SoftVp8Enc: setting temporal layering 0 + 0
11-10 23:01:49.102 1153 1250 V C2Store : in ~ComponentModule
11-10 23:01:49.102 1153 1250 V C2Store : unloading dll
11-10 23:01:49.104 1153 15597 I C2SoftVp8Enc: setting temporal layering 0 + 0
11-10 23:01:49.105 19113 19113 W Zygote : Class not found for preloading: android.app.admin.-$$Lambda$DevicePolicyManager$aBAov4sAc4DWENs1-hCXh31NAg0
11-10 23:01:49.105 19113 19113 W Zygote : Class not found for preloading: android.app.admin.-$$Lambda$DevicePolicyManager$w2TynM9H41ejac4JVpNbnemNVWk
11-10 23:01:49.106 19113 19113 W Zygote : Class not found for preloading: android.app.admin.-$$Lambda$pWaRScwKTZTgGW4Wa_v5R_pKBDU
11-10 23:01:49.106 19117 19125 I Codec2InfoBuilder: adding type 'video/x-vnd.on2.vp8'
11-10 23:01:49.107 888 2149 E QC2CompStore: Failed to locate interface with name c2.android.vp9.decoder
11-10 23:01:49.107 1153 1250 V C2Store : in ~ComponentModule
11-10 23:01:49.107 1153 1250 V C2Store : unloading dll
11-10 23:01:49.107 1153 1650 V C2Store : in init
11-10 23:01:49.107 1153 1650 V C2Store : loading dll
11-10 23:01:49.108 19113 19113 W Zygote : Class not found for preloading: android.app.blob.-$$Lambda$BlobStoreManagerFrameworkInitializer$WjSRSHMmxWPF4Fq-7TpX23MBh2U
11-10 23:01:49.109 19113 19113 W Zygote : Class not found for preloading: android.app.job.-$$Lambda$FpGlzN9oJcl8o5soW-gU-DyTvXM
11-10 23:01:49.109 19113 19113 W Zygote : Class not found for preloading: android.app.job.-$$Lambda$JobSchedulerFrameworkInitializer$PtYe8PQc1PVJQXRnpm3iSxcWTR0
11-10 23:01:49.109 19113 19113 W Zygote : Class not found for preloading: android.app.job.-$$Lambda$JobSchedulerFrameworkInitializer$RHUxgww0pZFMmfQWKgaRAx0YFqA
11-10 23:01:49.110 19113 19113 W Zygote : Class not found for preloading: android.app.prediction.-$$Lambda$1lqxDplfWlUwgBrOynX9L0oK_uA
11-10 23:01:49.110 19117 19125 I Codec2InfoBuilder: adding type 'video/x-vnd.on2.vp9'
11-10 23:01:49.110 19113 19113 W Zygote : Class not found for preloading: android.app.role.-$$Lambda$9DeAxmM9lUVr3-FTSefyo-BW8DY
11-10 23:01:49.110 19113 19113 W Zygote : Class not found for preloading: android.app.role.-$$Lambda$RoleControllerManager$Jsb4ev7pHUqel8_lglNSRLiUzpg
11-10 23:01:49.110 19113 19113 W Zygote : Class not found for preloading: android.app.role.-$$Lambda$RoleControllerManager$hbh627Rh8mtJykW3vb1FWR34mIQ
11-10 23:01:49.110 19113 19113 W Zygote : Class not found for preloading: android.app.role.-$$Lambda$RoleControllerManager$mCMKfoPdye0sMu6efs963HCR1Xk
11-10 23:01:49.110 19113 19113 W Zygote : Class not found for preloading: android.app.role.-$$Lambda$Z0BwIRmLFQVA4XrF_I5nxvuecWE
11-10 23:01:49.111 19113 19113 W Zygote : Class not found for preloading: android.app.role.-$$Lambda$o94o2jK_ei-IVw-3oY_QJ49zpAA
11-10 23:01:49.111 888 2149 E QC2CompStore: Failed to locate interface with name c2.android.vp9.encoder
11-10 23:01:49.111 1153 15597 V C2Store : in init
11-10 23:01:49.111 1153 1250 V C2Store : in ~ComponentModule
11-10 23:01:49.111 1153 15597 V C2Store : loading dll
11-10 23:01:49.111 19113 19113 W Zygote : Class not found for preloading: android.app.slice.-$$Lambda$SliceProvider$bIgM5f4PsMvz_YYWEeFTjvTqevw
11-10 23:01:49.111 1153 1250 V C2Store : unloading dll
11-10 23:01:49.112 1153 15597 I C2SoftVp9Enc: setting temporal layering 0 + 0
11-10 23:01:49.113 19113 19113 W Zygote : Class not found for preloading: android.bluetooth.-$$Lambda$BluetoothAdapter$5$eKI2JS6EbiGZOGfQ8La27pm0gy0
11-10 23:01:49.113 1153 15597 I C2SoftVp9Enc: setting temporal layering 0 + 0
11-10 23:01:49.114 19117 19125 I Codec2InfoBuilder: adding type 'video/x-vnd.on2.vp9'
11-10 23:01:49.115 19113 19113 W Zygote : Class not found for preloading: android.content.-$$Lambda$AbstractThreadedSyncAdapter$ISyncAdapterImpl$L6ZtOCe8gjKwJj0908ytPlrD8Rc
11-10 23:01:49.116 19113 19113 W Zygote : Class not found for preloading: android.content.-$$Lambda$ClipboardManager$1$hQk8olbGAgUi4WWNG4ZuDZsM39s
11-10 23:01:49.116 19113 19113 W Zygote : Class not found for preloading: android.content.-$$Lambda$IntentFilter$WX75RVXUnG63zh-f133zF3i8Szs
11-10 23:01:49.116 19113 19113 W Zygote : Class not found for preloading: android.content.-$$Lambda$IntentFilter$fvZpjl2C1djVISORSFvcX_-NkJo
11-10 23:01:49.116 1153 15597 V C2Store : in ~ComponentModule
11-10 23:01:49.116 1153 15597 V C2Store : unloading dll
11-10 23:01:49.116 19116 19116 I CameraProviderManager: Enumerating new camera device: device@3.5/legacy/1
11-10 23:01:49.117 19116 19116 I CameraProviderManager: Enumerating new camera device: device@3.5/legacy/2
11-10 23:01:49.117 19116 19116 I CameraProviderManager: Enumerating new camera device: device@3.5/legacy/3
11-10 23:01:49.118 19116 19116 I CameraProviderManager: Enumerating new camera device: device@3.5/legacy/4
11-10 23:01:49.118 19116 19116 I CameraProviderManager: Enumerating new camera device: device@3.5/legacy/5
11-10 23:01:49.119 19116 19116 I CameraProviderManager: Enumerating new camera device: device@3.5/legacy/6
11-10 23:01:49.119 19113 19113 W Zygote : Class not found for preloading: android.content.pm.-$$Lambda$ApplicationInfo$1$FDtFc-prTtONpy6YSScuAiML69E
11-10 23:01:49.119 19113 19113 W Zygote : Class not found for preloading: android.content.pm.-$$Lambda$B12dZLpdwpXn89QSesmkaZjD72Q
11-10 23:01:49.119 19113 19113 W Zygote : Class not found for preloading: android.content.pm.-$$Lambda$IPackageManager$Stub$Proxy$X2I1qlX4SiKMZSjDTNzS_nTibbo
11-10 23:01:49.119 19116 19116 I CameraProviderManager: Enumerating new camera device: device@3.5/legacy/7
11-10 23:01:49.119 19113 19113 W Zygote : Class not found for preloading: android.content.pm.-$$Lambda$IPackageManager$Stub$ZVp6oEh-Gn_bn8lM7TgSgpaGriw
11-10 23:01:49.120 19113 19113 W Zygote : Class not found for preloading: android.content.pm.-$$Lambda$PackageParser$0DZRgzfgaIMpCOhJqjw6PUiU5vw
11-10 23:01:49.120 19113 19113 W Zygote : Class not found for preloading: android.content.pm.-$$Lambda$PackageParser$0aobsT7Zf7WVZCqMZ5z2clAuQf4
11-10 23:01:49.120 19116 19116 I CameraProviderManager: Camera provider legacy/0 ready with 8 camera devices
11-10 23:01:49.120 19116 19122 W CameraProviderManager: addProviderLocked: Camera provider HAL with name 'legacy/0' already registered
11-10 23:01:49.120 19116 19116 I CameraService: onDeviceStatusChanged: Status changed for cameraId=7, newStatus=1
11-10 23:01:49.120 19116 19116 I CameraService: onDeviceStatusChanged: Unknown camera ID 7, a new camera is added
11-10 23:01:49.120 19116 19122 I CameraService: onDeviceStatusChanged: Status changed for cameraId=5, newStatus=1
11-10 23:01:49.120 19116 19122 I CameraService: onDeviceStatusChanged: Unknown camera ID 5, a new camera is added
11-10 23:01:49.120 19113 19113 W Zygote : Class not found for preloading: android.content.pm.-$$Lambda$PackageParser$M-9fHqS_eEp1oYkuKJhRHOGUxf8
11-10 23:01:49.121 19113 19113 W Zygote : Class not found for preloading: android.content.pm.-$$Lambda$T1UQAuePWRRmVQ1KzTyMAktZUPM
11-10 23:01:49.121 19113 19113 W Zygote : Class not found for preloading: android.content.pm.-$$Lambda$ciir_QAmv6RwJro4I58t77dPnxU
11-10 23:01:49.121 19113 19113 W Zygote : Class not found for preloading: android.content.pm.-$$Lambda$n3uXeb1v-YRmq_BWTfosEqUUr9g
11-10 23:01:49.121 19113 19113 W Zygote : Class not found for preloading: android.content.pm.-$$Lambda$zO9HBUVgPeroyDQPLJE-MNMvSqc
11-10 23:01:49.121 19116 19116 I CameraService: onDeviceStatusChanged: Status changed for cameraId=3, newStatus=1
11-10 23:01:49.121 19116 19122 I CameraService: onDeviceStatusChanged: Status changed for cameraId=3, newStatus=1
11-10 23:01:49.121 19116 19116 I CameraService: onDeviceStatusChanged: Unknown camera ID 3, a new camera is added
11-10 23:01:49.121 19116 19122 I CameraService: onDeviceStatusChanged: Unknown camera ID 3, a new camera is added
11-10 23:01:49.122 19116 19122 I CameraService: onDeviceStatusChanged: Status changed for cameraId=2, newStatus=1
11-10 23:01:49.122 19116 19122 I CameraService: onDeviceStatusChanged: Unknown camera ID 2, a new camera is added
11-10 23:01:49.122 19116 19116 I CameraService: onDeviceStatusChanged: Status changed for cameraId=4, newStatus=1
11-10 23:01:49.122 19116 19116 I CameraService: onDeviceStatusChanged: Unknown camera ID 4, a new camera is added
11-10 23:01:49.122 19116 19122 I CameraService: onDeviceStatusChanged: Status changed for cameraId=1, newStatus=1
11-10 23:01:49.122 19116 19116 I CameraService: onDeviceStatusChanged: Status changed for cameraId=1, newStatus=1
11-10 23:01:49.122 19116 19122 I CameraService: onDeviceStatusChanged: Unknown camera ID 1, a new camera is added
11-10 23:01:49.122 19116 19116 I CameraService: onDeviceStatusChanged: Unknown camera ID 1, a new camera is added
11-10 23:01:49.122 19116 19116 I CameraService: onDeviceStatusChanged: Status changed for cameraId=6, newStatus=1
11-10 23:01:49.122 19116 19116 I CameraService: onDeviceStatusChanged: Unknown camera ID 6, a new camera is added
11-10 23:01:49.122 19116 19122 I CameraService: onDeviceStatusChanged: Status changed for cameraId=6, newStatus=1
11-10 23:01:49.122 19116 19122 I CameraService: onDeviceStatusChanged: Unknown camera ID 6, a new camera is added
11-10 23:01:49.122 19116 19122 I CameraService: onDeviceStatusChanged: Status changed for cameraId=0, newStatus=1
11-10 23:01:49.122 19116 19122 I CameraService: onDeviceStatusChanged: Unknown camera ID 0, a new camera is added
11-10 23:01:49.123 19116 19116 I cameraserver: Waiting for activity service
11-10 23:01:49.149 19113 19113 W Zygote : Class not found for preloading: android.content.res.-$$Lambda$Resources$4msWUw7LKsgLexLZjIfWa4oguq4
11-10 23:01:49.149 19113 19113 W Zygote : Class not found for preloading: android.content.res.-$$Lambda$ResourcesImpl$99dm2ENnzo9b0SIUjUj2Kl3pi90
11-10 23:01:49.149 19113 19113 W Zygote : Class not found for preloading: android.content.res.-$$Lambda$ResourcesImpl$h3PTRX185BeQl8SVC2_w9arp5Og
11-10 23:01:49.150 19113 19113 W Zygote : Class not found for preloading: android.content.type.-$$Lambda$DefaultMimeMapFactory$3biOnZOOEGRoeaFehYke-eZnpCg
11-10 23:01:49.151 19113 19113 W Zygote : Class not found for preloading: android.database.-$$Lambda$ContentObserver$MgqiYb2qvgLhoXTioYXq9MvvpNk
11-10 23:01:49.151 19113 19113 W Zygote : Class not found for preloading: android.database.sqlite.-$$Lambda$RBWjWVyGrOTsQrLCYzJ_G8Uk25Q
11-10 23:01:49.151 19113 19113 W Zygote : Class not found for preloading: android.database.sqlite.-$$Lambda$SQLiteDatabase$1FsSJH2q7x3eeDFXCAu9l4piDsE
11-10 23:01:49.151 19113 19113 W Zygote : Class not found for preloading: android.database.sqlite.-$$Lambda$SQLiteQueryBuilder$W2yQ6UjYGqGIu6HEomKgdgvGNKI
11-10 23:01:49.154 19113 19113 W Zygote : Class not found for preloading: android.graphics.-$$Lambda$ColorSpace$BNp-1CyCzsQzfE-Ads9uc4rJDfw
11-10 23:01:49.154 19113 19113 W Zygote : Class not found for preloading: android.graphics.-$$Lambda$ColorSpace$Rgb$8EkhO2jIf14tuA3BvrmYJMa7YXM
11-10 23:01:49.154 19113 19113 W Zygote : Class not found for preloading: android.graphics.-$$Lambda$ColorSpace$Rgb$CqKld6797g7__JnuY0NeFz5q4_E
11-10 23:01:49.154 19113 19113 W Zygote : Class not found for preloading: android.graphics.-$$Lambda$ColorSpace$Rgb$V_0lmM2WEpxGBDV_1G1wvvidn7Y
11-10 23:01:49.154 19113 19113 W Zygote : Class not found for preloading: android.graphics.-$$Lambda$ColorSpace$Rgb$ZvS77aTfobOSa2o9MTqYMph4Rcg
11-10 23:01:49.154 19113 19113 W Zygote : Class not found for preloading: android.graphics.-$$Lambda$ColorSpace$Rgb$b9VGKuNnse0bbguR9jbOM_wK2Ac
11-10 23:01:49.155 19113 19113 W Zygote : Class not found for preloading: android.graphics.-$$Lambda$ColorSpace$Rgb$bWzafC8vMHNuVmRuTUPEFUMlfuY
11-10 23:01:49.155 19113 19113 W Zygote : Class not found for preloading: android.graphics.-$$Lambda$ColorSpace$Rgb$iMkODTKa3_8kPZUnZZerD2Lv-yo
11-10 23:01:49.155 19113 19113 W Zygote : Class not found for preloading: android.graphics.-$$Lambda$ColorSpace$S2rlqJvkXGTpUF6mZhvkElds8JE
11-10 23:01:49.155 19113 19113 W Zygote : Class not found for preloading: android.graphics.-$$Lambda$HardwareRendererObserver$Z08IFApIdHoCBfw8BsQ-lVjpUlI
11-10 23:01:49.157 19114 19142 I zygote : Verified 1356 classes from mainline modules in 132.146ms
11-10 23:01:49.166 19113 19148 I zygote64: Verified 1356 classes from mainline modules in 105.738ms
11-10 23:01:49.183 19113 19148 I zygote64: Compiler allocated 5405KB to compile void android.app.AppOpsManager.()
11-10 23:01:49.250 19113 19113 W Zygote : Class not found for preloading: android.graphics.animation.-$$Lambda$awqPSgriNRe12PWP0zkpAtPsfV4
11-10 23:01:49.250 19113 19113 W Zygote : Class not found for preloading: android.graphics.drawable.-$$Lambda$AnimatedVectorDrawable$VectorDrawableAnimatorRT$PzjgSeyQweoFjbEZJP80UteZqm8
11-10 23:01:49.251 19113 19113 W Zygote : Class not found for preloading: android.graphics.drawable.-$$Lambda$BitmapDrawable$LMqt8JvxZ4giSOIRAtlCKDg39Jw
11-10 23:01:49.251 19113 19113 W Zygote : Class not found for preloading: android.graphics.drawable.-$$Lambda$Drawable$bbJz2VgQAwkXlE27mR8nPMYacEw
11-10 23:01:49.251 19113 19113 W Zygote : Class not found for preloading: android.graphics.drawable.-$$Lambda$NinePatchDrawable$yQvfm7FAkslD5wdGFysjgwt8cLE
11-10 23:01:49.261 19113 19113 W Zygote : Class not found for preloading: android.hardware.camera2.-$$Lambda$CameraManager$CameraManagerGlobal$6Ptxoe4wF_VCkE_pml8t66mklao
11-10 23:01:49.036 0 0 I do_mount: dev: rootfs, mount point: / , retval=0
11-10 23:01:49.261 19113 19113 W Zygote : Class not found for preloading: android.hardware.camera2.-$$Lambda$CameraManager$CameraManagerGlobal$CONvadOBAEkcHSpx8j61v67qRGM
11-10 23:01:49.277 0 0 D voc_get_sound_focus: Enter
11-10 23:01:49.263 19113 19113 W Zygote : Class not found for preloading: android.hardware.display.-$$Lambda$NightDisplayListener$sOK1HmSbMnFLzc4SdDD1WpVWJiI
11-10 23:01:49.263 19113 19113 W Zygote : Class not found for preloading: android.hardware.location.-$$Lambda$ContextHubManager$3$5yx25kUuvL9qy3uBcIzI3sQQoL8
11-10 23:01:49.263 19113 19113 W Zygote : Class not found for preloading: android.hardware.location.-$$Lambda$ContextHubManager$3$KgVQePwT_QpjU9EQTp2L3LsHE5Y
11-10 23:01:49.263 19113 19113 W Zygote : Class not found for preloading: android.hardware.location.-$$Lambda$ContextHubManager$3$U9x_HK_GdADIEQ3mS5mDWMNWMu8
11-10 23:01:49.263 19113 19113 W Zygote : Class not found for preloading: android.hardware.location.-$$Lambda$ContextHubManager$4$sylEfC1Rx_cxuQRnKuthZXmV8KI
11-10 23:01:49.263 19113 19113 W Zygote : Class not found for preloading: android.hardware.location.-$$Lambda$ContextHubTransaction$7a5H6DrY_dOy9M3qnYHhlmDHRNQ
11-10 23:01:49.263 19113 19113 W Zygote : Class not found for preloading: android.hardware.location.-$$Lambda$ContextHubTransaction$RNVGnle3xCUm9u68syzn6-2znnU
11-10 23:01:49.264 19113 19113 E ActivityRecognitionHardware: activity_recognition HAL is deprecated. class_init is effectively a no-op
11-10 23:01:49.265 19113 19113 W Zygote : Class not found for preloading: android.hardware.soundtrigger.-$$Lambda$SoundTrigger$ZVJnEi-r8cH99VNOx-TiaTkEQgo
11-10 23:01:49.277 0 0 D voice_itr_get_next_session: cur idx = 0 session idx = 7
11-10 23:01:49.277 0 0 D voice_itr_get_next_session: cur idx = 1 session idx = 7
11-10 23:01:49.277 0 0 D voice_itr_get_next_session: cur idx = 2 session idx = 7
11-10 23:01:49.277 0 0 D voice_itr_get_next_session: cur idx = 3 session idx = 7
11-10 23:01:49.277 0 0 D voice_itr_get_next_session: cur idx = 4 session idx = 7
11-10 23:01:49.277 0 0 D voice_itr_get_next_session: cur idx = 5 session idx = 7
11-10 23:01:49.277 0 0 D voice_itr_get_next_session: cur idx = 6 session idx = 7
11-10 23:01:49.277 0 0 D voice_itr_get_next_session: cur idx = 7 session idx = 7
11-10 23:01:49.277 0 0 D voice_itr_get_next_session: cur idx = 8 session idx = 7
11-10 23:01:49.277 0 0 D voc_get_sound_focus: Exit, ret=-22
11-10 23:01:49.277 0 0 D voc_get_source_tracking: Enter
11-10 23:01:49.277 0 0 D voice_itr_get_next_session: cur idx = 0 session idx = 7
11-10 23:01:49.277 0 0 D voice_itr_get_next_session: cur idx = 1 session idx = 7
11-10 23:01:49.277 0 0 D voice_itr_get_next_session: cur idx = 2 session idx = 7
11-10 23:01:49.277 0 0 D voice_itr_get_next_session: cur idx = 3 session idx = 7
11-10 23:01:49.277 0 0 D voice_itr_get_next_session: cur idx = 4 session idx = 7
11-10 23:01:49.277 0 0 D voice_itr_get_next_session: cur idx = 5 session idx = 7
11-10 23:01:49.277 0 0 D voice_itr_get_next_session: cur idx = 6 session idx = 7
11-10 23:01:49.277 0 0 D voice_itr_get_next_session: cur idx = 7 session idx = 7
11-10 23:01:49.277 0 0 D voice_itr_get_next_session: cur idx = 8 session idx = 7
11-10 23:01:49.277 0 0 D voc_get_source_tracking: Exit, ret=-22
11-10 23:01:49.277 0 0 D voc_get_sound_focus: Enter
11-10 23:01:49.277 0 0 D voice_itr_get_next_session: cur idx = 0 session idx = 7
11-10 23:01:49.277 0 0 D voice_itr_get_next_session: cur idx = 1 session idx = 7
11-10 23:01:49.277 0 0 D voice_itr_get_next_session: cur idx = 2 session idx = 7
11-10 23:01:49.277 0 0 D voice_itr_get_next_session: cur idx = 3 session idx = 7
11-10 23:01:49.277 0 0 D voice_itr_get_next_session: cur idx = 4 session idx = 7
11-10 23:01:49.277 0 0 D voice_itr_get_next_session: cur idx = 5 session idx = 7
11-10 23:01:49.277 0 0 D voice_itr_get_next_session: cur idx = 6 session idx = 7
11-10 23:01:49.277 0 0 D voice_itr_get_next_session: cur idx = 7 session idx = 7
11-10 23:01:49.277 0 0 D voice_itr_get_next_session: cur idx = 8 session idx = 7
11-10 23:01:49.277 0 0 D voc_get_sound_focus: Exit, ret=-22
11-10 23:01:49.277 0 0 D voc_get_source_tracking: Enter
11-10 23:01:49.277 0 0 D voice_itr_get_next_session: cur idx = 0 session idx = 7
11-10 23:01:49.277 0 0 D voice_itr_get_next_session: cur idx = 1 session idx = 7
11-10 23:01:49.277 0 0 D voice_itr_get_next_session: cur idx = 2 session idx = 7
11-10 23:01:49.277 0 0 D voice_itr_get_next_session: cur idx = 3 session idx = 7
11-10 23:01:49.277 0 0 D voice_itr_get_next_session: cur idx = 4 session idx = 7
11-10 23:01:49.277 0 0 D voice_itr_get_next_session: cur idx = 5 session idx = 7
11-10 23:01:49.277 0 0 D voice_itr_get_next_session: cur idx = 6 session idx = 7
11-10 23:01:49.277 0 0 D voice_itr_get_next_session: cur idx = 7 session idx = 7
11-10 23:01:49.277 0 0 D voice_itr_get_next_session: cur idx = 8 session idx = 7
11-10 23:01:49.277 0 0 D voc_get_source_tracking: Exit, ret=-22
11-10 23:01:49.277 0 0 D voc_get_sound_focus: Enter
11-10 23:01:49.277 0 0 D voice_itr_get_next_session: cur idx = 0 session idx = 7
11-10 23:01:49.277 0 0 D voice_itr_get_next_session: cur idx = 1 session idx = 7
11-10 23:01:49.277 0 0 D voice_itr_get_next_session: cur idx = 2 session idx = 7
11-10 23:01:49.277 0 0 D voice_itr_get_next_session: cur idx = 3 session idx = 7
11-10 23:01:49.277 0 0 D voice_itr_get_next_session: cur idx = 4 session idx = 7
11-10 23:01:49.277 0 0 D voice_itr_get_next_session: cur idx = 5 session idx = 7
11-10 23:01:49.277 0 0 D voice_itr_get_next_session: cur idx = 6 session idx = 7
11-10 23:01:49.277 0 0 D voice_itr_get_next_session: cur idx = 7 session idx = 7
11-10 23:01:49.277 0 0 D voice_itr_get_next_session: cur idx = 8 session idx = 7
11-10 23:01:49.277 0 0 D voc_get_sound_focus: Exit, ret=-22
11-10 23:01:49.278 0 0 D voc_get_source_tracking: Enter
11-10 23:01:49.278 0 0 D voice_itr_get_next_session: cur idx = 0 session idx = 7
11-10 23:01:49.278 0 0 D voice_itr_get_next_session: cur idx = 1 session idx = 7
11-10 23:01:49.278 0 0 D voice_itr_get_next_session: cur idx = 2 session idx = 7
11-10 23:01:49.278 0 0 D voice_itr_get_next_session: cur idx = 3 session idx = 7
11-10 23:01:49.278 0 0 D voice_itr_get_next_session: cur idx = 4 session idx = 7
11-10 23:01:49.278 0 0 D voice_itr_get_next_session: cur idx = 5 session idx = 7
11-10 23:01:49.278 0 0 D voice_itr_get_next_session: cur idx = 6 session idx = 7
11-10 23:01:49.278 0 0 D voice_itr_get_next_session: cur idx = 7 session idx = 7
11-10 23:01:49.278 0 0 D voice_itr_get_next_session: cur idx = 8 session idx = 7
11-10 23:01:49.278 0 0 D voc_get_source_tracking: Exit, ret=-22
11-10 23:01:49.278 0 0 D voc_get_sound_focus: Enter
11-10 23:01:49.278 0 0 D voice_itr_get_next_session: cur idx = 0 session idx = 7
11-10 23:01:49.278 0 0 D voice_itr_get_next_session: cur idx = 1 session idx = 7
11-10 23:01:49.278 0 0 D voice_itr_get_next_session: cur idx = 2 session idx = 7
11-10 23:01:49.278 0 0 D voice_itr_get_next_session: cur idx = 3 session idx = 7
11-10 23:01:49.278 0 0 D voice_itr_get_next_session: cur idx = 4 session idx = 7
11-10 23:01:49.278 0 0 D voice_itr_get_next_session: cur idx = 5 session idx = 7
11-10 23:01:49.278 0 0 D voice_itr_get_next_session: cur idx = 6 session idx = 7
11-10 23:01:49.278 0 0 D voice_itr_get_next_session: cur idx = 7 session idx = 7
11-10 23:01:49.278 0 0 D voice_itr_get_next_session: cur idx = 8 session idx = 7
11-10 23:01:49.278 0 0 D voc_get_sound_focus: Exit, ret=-22
11-10 23:01:49.278 0 0 D voc_get_source_tracking: Enter
11-10 23:01:49.278 0 0 D voice_itr_get_next_session: cur idx = 0 session idx = 7
11-10 23:01:49.278 0 0 D voice_itr_get_next_session: cur idx = 1 session idx = 7
11-10 23:01:49.278 0 0 D voice_itr_get_next_session: cur idx = 2 session idx = 7
11-10 23:01:49.278 0 0 D voice_itr_get_next_session: cur idx = 3 session idx = 7
11-10 23:01:49.278 0 0 D voice_itr_get_next_session: cur idx = 4 session idx = 7
11-10 23:01:49.278 0 0 D voice_itr_get_next_session: cur idx = 5 session idx = 7
11-10 23:01:49.278 0 0 D voice_itr_get_next_session: cur idx = 6 session idx = 7
11-10 23:01:49.278 0 0 D voice_itr_get_next_session: cur idx = 7 session idx = 7
11-10 23:01:49.278 0 0 D voice_itr_get_next_session: cur idx = 8 session idx = 7
11-10 23:01:49.278 0 0 D voc_get_source_tracking: Exit, ret=-22
11-10 23:01:49.278 0 0 D voc_get_sound_focus: Enter
11-10 23:01:49.278 0 0 D voice_itr_get_next_session: cur idx = 0 session idx = 7
11-10 23:01:49.278 0 0 D voice_itr_get_next_session: cur idx = 1 session idx = 7
11-10 23:01:49.278 0 0 D voice_itr_get_next_session: cur idx = 2 session idx = 7
11-10 23:01:49.278 0 0 D voice_itr_get_next_session: cur idx = 3 session idx = 7
11-10 23:01:49.278 0 0 D voice_itr_get_next_session: cur idx = 4 session idx = 7
11-10 23:01:49.278 0 0 D voice_itr_get_next_session: cur idx = 5 session idx = 7
11-10 23:01:49.278 0 0 D voice_itr_get_next_session: cur idx = 6 session idx = 7
11-10 23:01:49.278 0 0 D voice_itr_get_next_session: cur idx = 7 session idx = 7
11-10 23:01:49.278 0 0 D voice_itr_get_next_session: cur idx = 8 session idx = 7
11-10 23:01:49.278 0 0 D voc_get_sound_focus: Exit, ret=-22
11-10 23:01:49.278 0 0 D voc_get_source_tracking: Enter
11-10 23:01:49.278 0 0 D voice_itr_get_next_session: cur idx = 0 session idx = 7
11-10 23:01:49.278 0 0 D voice_itr_get_next_session: cur idx = 1 session idx = 7
11-10 23:01:49.278 0 0 D voice_itr_get_next_session: cur idx = 2 session idx = 7
11-10 23:01:49.278 0 0 D voice_itr_get_next_session: cur idx = 3 session idx = 7
11-10 23:01:49.278 0 0 D voice_itr_get_next_session: cur idx = 4 session idx = 7
11-10 23:01:49.278 0 0 D voice_itr_get_next_session: cur idx = 5 session idx = 7
11-10 23:01:49.278 0 0 D voice_itr_get_next_session: cur idx = 6 session idx = 7
11-10 23:01:49.278 0 0 D voice_itr_get_next_session: cur idx = 7 session idx = 7
11-10 23:01:49.278 0 0 D voice_itr_get_next_session: cur idx = 8 session idx = 7
11-10 23:01:49.278 0 0 D voc_get_source_tracking: Exit, ret=-22
11-10 23:01:49.279 0 0 D voc_get_sound_focus: Enter
11-10 23:01:49.279 0 0 D voice_itr_get_next_session: cur idx = 0 session idx = 7
11-10 23:01:49.279 0 0 D voice_itr_get_next_session: cur idx = 1 session idx = 7
11-10 23:01:49.279 0 0 D voice_itr_get_next_session: cur idx = 2 session idx = 7
11-10 23:01:49.279 0 0 D voice_itr_get_next_session: cur idx = 3 session idx = 7
11-10 23:01:49.279 0 0 D voice_itr_get_next_session: cur idx = 4 session idx = 7
11-10 23:01:49.279 0 0 D voice_itr_get_next_session: cur idx = 5 session idx = 7
11-10 23:01:49.279 0 0 D voice_itr_get_next_session: cur idx = 6 session idx = 7
11-10 23:01:49.279 0 0 D voice_itr_get_next_session: cur idx = 7 session idx = 7
11-10 23:01:49.279 0 0 D voice_itr_get_next_session: cur idx = 8 session idx = 7
11-10 23:01:49.279 0 0 D voc_get_sound_focus: Exit, ret=-22
11-10 23:01:49.279 0 0 D voc_get_source_tracking: Enter
11-10 23:01:49.279 0 0 D voice_itr_get_next_session: cur idx = 0 session idx = 7
11-10 23:01:49.279 0 0 D voice_itr_get_next_session: cur idx = 1 session idx = 7
11-10 23:01:49.279 0 0 D voice_itr_get_next_session: cur idx = 2 session idx = 7
11-10 23:01:49.279 0 0 D voice_itr_get_next_session: cur idx = 3 session idx = 7
11-10 23:01:49.279 0 0 D voice_itr_get_next_session: cur idx = 4 session idx = 7
11-10 23:01:49.279 0 0 D voice_itr_get_next_session: cur idx = 5 session idx = 7
11-10 23:01:49.279 0 0 D voice_itr_get_next_session: cur idx = 6 session idx = 7
11-10 23:01:49.279 0 0 D voice_itr_get_next_session: cur idx = 7 session idx = 7
11-10 23:01:49.279 0 0 D voice_itr_get_next_session: cur idx = 8 session idx = 7
11-10 23:01:49.279 0 0 D voc_get_source_tracking: Exit, ret=-22
11-10 23:01:49.280 0 0 I core_get_license_status: cmdrsp_license_result.result = 0x15 for module 0x131ff
11-10 23:01:49.281 0 0 I [CSPL] msm_routing_cirrus_fbport_get: this_ctrl.fb_port = 36897
11-10 23:01:49.281 0 0 I [CSPL] msm_routing_crus_sp_enable_get: 0
11-10 23:01:49.282 0 0 I [CSPL] msm_routing_crus_sp_usecase_get: 0
11-10 23:01:49.282 0 0 I [CSPL] msm_routing_crus_load_config_get: 0
11-10 23:01:49.282 0 0 I [CSPL] msm_routing_crus_chan_swap_get: 0
11-10 23:01:49.282 0 0 I [CSPL] crus_adm_get_params: Enter, port_id 9020, copp_idx: 0, len: 4
11-10 23:01:49.283 0 0 E adm_callback: cmd = 0x1035e returned error = 0x2
11-10 23:01:49.283 0 0 E adm_callback: ADM get param error = 2, resuming
11-10 23:01:49.356 19113 19113 W Zygote : Class not found for preloading: android.inputmethodservice.-$$Lambda$InputMethodService$8T9TmAUIN7vW9eU6kTg8309_d4E
11-10 23:01:49.356 19113 19113 W Zygote : Class not found for preloading: android.inputmethodservice.-$$Lambda$InputMethodService$TvVfWDKZ3ljQdrU87qYykg6uD-I
11-10 23:01:49.356 19113 19113 W Zygote : Class not found for preloading: android.inputmethodservice.-$$Lambda$InputMethodService$wp8DeVGx_WDOPw4F6an7QbwVxf0
11-10 23:01:49.356 19113 19113 W Zygote : Class not found for preloading: android.location.-$$Lambda$-z-Hjl12STdAybauR3BT-ftvWd0
11-10 23:01:49.356 19113 19113 W Zygote : Class not found for preloading: android.location.-$$Lambda$AbstractListenerManager$Registration$XpiThbVaDDpOnFWIkrt38Bf4yx0
11-10 23:01:49.356 19113 19113 W Zygote : Class not found for preloading: android.location.-$$Lambda$GpsStatus$RTSonBp9m0T0NWA3SCfYgWf1mTo
11-10 23:01:49.356 19113 19113 W Zygote : Class not found for preloading: android.location.-$$Lambda$LocationManager$GnssStatusListenerManager$GnssStatusListener$4EPi22o4xuVnpNhFHnDvebH4TG8
11-10 23:01:49.356 19113 19113 W Zygote : Class not found for preloading: android.location.-$$Lambda$LocationManager$GnssStatusListenerManager$GnssStatusListener$7Fi5XkeF81eL_OKPS2GJMvyc3-8
11-10 23:01:49.356 19113 19113 W Zygote : Class not found for preloading: android.location.-$$Lambda$LocationManager$GnssStatusListenerManager$GnssStatusListener$gYcH61KCtV_OcJJszI1TfvnrJHY
11-10 23:01:49.356 19113 19113 W Zygote : Class not found for preloading: android.location.-$$Lambda$LocationManager$LocationListenerTransport$C3xaM63A8GAwfJNN4R634OLsvDc
11-10 23:01:49.356 19113 19113 W Zygote : Class not found for preloading: android.location.-$$Lambda$LocationManager$LocationListenerTransport$enkW18B0WwpQkSIMmVChmQ2YwC8
11-10 23:01:49.356 19113 19113 W Zygote : Class not found for preloading: android.location.-$$Lambda$LocationManager$LocationListenerTransport$fHjQXipQePznoEyxLuCfUO-YP1Y
11-10 23:01:49.356 19113 19113 W Zygote : Class not found for preloading: android.location.-$$Lambda$UmbtQF279SH5h72Ftfcj_s96jsY
11-10 23:01:49.356 19113 19113 W Zygote : Class not found for preloading: android.location.-$$Lambda$_14QHG018Z6p13d3hzJuGTWnNeo
11-10 23:01:49.357 19113 19113 W Zygote : Class not found for preloading: android.media.-$$Lambda$MediaCodecInfo$VideoCapabilities$DpgwEn-gVFZT9EtP3qcxpiA2G0M
11-10 23:01:49.357 19113 19113 W Zygote : Class not found for preloading: android.media.-$$Lambda$MediaDrm$8rRollK1F3eENvuaBGoS8u_-heQ
11-10 23:01:49.357 19113 19113 W Zygote : Class not found for preloading: android.media.-$$Lambda$MediaDrm$IvEWhXQgSYABwC6_1bdnhTJ4V2I
11-10 23:01:49.357 19113 19113 W Zygote : Class not found for preloading: android.media.-$$Lambda$MediaDrm$UPVWCanGo24eu9-1S_t6PvJ1Zno
11-10 23:01:49.357 19113 19113 W Zygote : Class not found for preloading: android.media.-$$Lambda$RouteDiscoveryPreference$Builder$RAMVaK9RAZ5Ai0qMO3YINliBf1o
11-10 23:01:49.357 19113 19113 W Zygote : Class not found for preloading: android.media.-$$Lambda$ThumbnailUtils$HhGKNQZck57eO__Paj6KyQm6lCk
11-10 23:01:49.357 19113 19113 W Zygote : Class not found for preloading: android.media.-$$Lambda$ThumbnailUtils$P13h9YbyD69p6ss1gYpoef43_MU
11-10 23:01:49.357 19113 19113 W Zygote : Class not found for preloading: android.media.-$$Lambda$ThumbnailUtils$qOH5vebuTwPi2G92PTa6rgwKGoc
11-10 23:01:49.361 19113 19113 I zygote64: Thread[1,tid=19113,Native,Thread*=0xb400007aed51c380,peer=0x12c02fe8,"main"] recursive attempt to load library "libmedia_jni.so"
11-10 23:01:49.362 19113 19113 I zygote64: Thread[1,tid=19113,Native,Thread*=0xb400007aed51c380,peer=0x12c02fe8,"main"] recursive attempt to load library "libmedia_jni.so"
11-10 23:01:49.362 19113 19113 D MtpDeviceJNI: register_android_mtp_MtpDevice
11-10 23:01:49.362 19113 19113 I zygote64: Thread[1,tid=19113,Native,Thread*=0xb400007aed51c380,peer=0x12c02fe8,"main"] recursive attempt to load library "libmedia_jni.so"
11-10 23:01:49.362 19113 19113 I zygote64: Thread[1,tid=19113,Native,Thread*=0xb400007aed51c380,peer=0x12c02fe8,"main"] recursive attempt to load library "libmedia_jni.so"
11-10 23:01:49.365 19113 19113 W Zygote : Class not found for preloading: android.media.MediaRouter$Static$Client$1
11-10 23:01:49.365 19113 19113 W Zygote : Class not found for preloading: android.media.MediaRouter$Static$Client$2
11-10 23:01:49.370 19113 19113 W Zygote : Class not found for preloading: android.media.audiopolicy.-$$Lambda$AudioPolicy$-ztOT0FT3tzGMUr4lm1gv6dBE4c
11-10 23:01:49.370 19113 19113 W Zygote : Class not found for preloading: android.media.session.-$$Lambda$MediaSessionManager$IEuWPZ528guBgmyKPMUWhBwnMCE
11-10 23:01:49.371 19113 19113 W Zygote : Class not found for preloading: android.net.-$$Lambda$FpGXkd3pLxeXY58eJ_84mi1PLWQ
11-10 23:01:49.371 19113 19113 W Zygote : Class not found for preloading: android.net.-$$Lambda$Network$KD6DxaMRJIcajhj36TU1K7lJnHQ
11-10 23:01:49.371 19113 19113 W Zygote : Class not found for preloading: android.net.-$$Lambda$NetworkScoreManager$NetworkScoreCallbackProxy$PGkg1UrNyisY0wAts4zoVuYRgkw
11-10 23:01:49.371 19113 19113 W Zygote : Class not found for preloading: android.net.-$$Lambda$NetworkScoreManager$NetworkScoreCallbackProxy$TEOhIiY2C9y8yDWwRR6zm_12TGY
11-10 23:01:49.371 19113 19113 W Zygote : Class not found for preloading: android.net.-$$Lambda$p1_56lwnt1xBuY1muPblbN1Dtkw
11-10 23:01:49.376 19113 19113 W Zygote : Class not found for preloading: android.net.shared.Inet4AddressUtils
11-10 23:01:49.376 19113 19113 W Zygote : Class not found for preloading: android.net.shared.InetAddressUtils
11-10 23:01:49.376 19113 19113 W Zygote : Class not found for preloading: android.net.util.-$$Lambda$MultinetworkPolicyTracker$8YMQ0fPTKk7Fw-_gJjln0JT-g8E
11-10 23:01:49.377 19113 19113 W Zygote : Class not found for preloading: android.os.-$$Lambda$Binder$aNRcHb8WfLrWjcSlV42Wu5psFwU
11-10 23:01:49.377 19113 19113 W Zygote : Class not found for preloading: android.os.-$$Lambda$Binder$sHSgT14Q7D-inZx204V4-ect-uA
11-10 23:01:49.377 19113 19113 W Zygote : Class not found for preloading: android.os.-$$Lambda$Build$WrC6eL7oW2Zm9UDTcXXKr0DnOMw
11-10 23:01:49.377 19113 19113 W Zygote : Class not found for preloading: android.os.-$$Lambda$FileUtils$0SBPRWOXcbR9EMG_p-55sUuxJ_0
11-10 23:01:49.377 19113 19113 W Zygote : Class not found for preloading: android.os.-$$Lambda$FileUtils$TJeD9NeX5giO-5vlBrurGI-g4IY
11-10 23:01:49.377 19113 19113 W Zygote : Class not found for preloading: android.os.-$$Lambda$HidlSupport$CwwfmHPEvZaybUxpLzKdwrpQRfA
11-10 23:01:49.377 19113 19113 W Zygote : Class not found for preloading: android.os.-$$Lambda$HidlSupport$GHxmwrIWiKN83tl6aMQt_nV5hiw
11-10 23:01:49.377 19113 19113 W Zygote : Class not found for preloading: android.os.-$$Lambda$IncidentManager$mfBTEJgu7VPkoPMTQdf1KC7oi5g
11-10 23:01:49.377 19113 19113 W Zygote : Class not found for preloading: android.os.-$$Lambda$IyvVQC-0mKtsfXbnO0kDL64hrk0
11-10 23:01:49.377 19113 19113 W Zygote : Class not found for preloading: android.os.-$$Lambda$PowerManager$WakeLock$VvFzmRZ4ZGlXx7u3lSAJ_T-YUjw
11-10 23:01:49.377 19113 19113 W Zygote : Class not found for preloading: android.os.-$$Lambda$StrictMode$1yH8AK0bTwVwZOb9x8HoiSBdzr0
11-10 23:01:49.377 19113 19113 W Zygote : Class not found for preloading: android.os.-$$Lambda$StrictMode$AndroidBlockGuardPolicy$9nBulCQKaMajrWr41SB7f7YRT1I
11-10 23:01:49.377 19113 19113 W Zygote : Class not found for preloading: android.os.-$$Lambda$StrictMode$AndroidBlockGuardPolicy$FxZGA9KtfTewqdcxlUwvIe5Nx9I
11-10 23:01:49.377 19113 19113 W Zygote : Class not found for preloading: android.os.-$$Lambda$StrictMode$UFC_nI1x6u8ZwMQmA7bmj9NHZz4
11-10 23:01:49.378 19113 19113 W Zygote : Class not found for preloading: android.os.-$$Lambda$StrictMode$lu9ekkHJ2HMz0jd3F8K8MnhenxQ
11-10 23:01:49.378 19113 19113 W Zygote : Class not found for preloading: android.os.-$$Lambda$StrictMode$yZJXPvy2veRNA-xL_SWdXzX_OLg
11-10 23:01:49.378 19113 19113 W Zygote : Class not found for preloading: android.os.-$$Lambda$ThreadLocalWorkSource$IP9vRFCDG5YwbWbXAEGHH52B9IE
11-10 23:01:49.378 19113 19113 W Zygote : Class not found for preloading: android.os.-$$Lambda$q1UvBdLgHRZVzc68BxdksTmbuCw
11-10 23:01:49.381 19113 19113 W Zygote : Class not found for preloading: android.os.storage.-$$Lambda$StorageManager$StorageEventListenerDelegate$GoEFKT1rhv7KuSkGeH69DO738lA
11-10 23:01:49.381 19113 19113 W Zygote : Class not found for preloading: android.os.storage.-$$Lambda$StorageManager$StorageEventListenerDelegate$pyZP4UQS232-tqmtk5lSCyZx9qU
11-10 23:01:49.381 19113 19113 W Zygote : Class not found for preloading: android.permission.-$$Lambda$PermissionControllerManager$2gyb4miANgsuR_Cn3HPTnP6sL54
11-10 23:01:49.381 19113 19113 W Zygote : Class not found for preloading: android.permission.-$$Lambda$PermissionControllerManager$Iy-7wiKMCV-MFSPGyIJxP_DSf8E
11-10 23:01:49.381 19113 19113 W Zygote : Class not found for preloading: android.permission.-$$Lambda$PermissionControllerManager$eHuRmDpRAUfA3qanHHMVMV_C0lI
11-10 23:01:49.382 19113 19113 W Zygote : Class not found for preloading: android.permission.-$$Lambda$PermissionControllerManager$vBYanTuMAWBbfOp_XdHzQXYNpXY
11-10 23:01:49.382 19113 19113 W Zygote : Class not found for preloading: android.permission.-$$Lambda$PermissionControllerManager$wPNqW0yZff7KXoWmrKVyzMgY2jc
11-10 23:01:49.382 19113 19113 W Zygote : Class not found for preloading: android.permission.-$$Lambda$ViMr_PAGHrCLBQPYNzqdYUNU5zI
11-10 23:01:49.382 19113 19113 W Zygote : Class not found for preloading: android.provider.-$$Lambda$DeviceConfig$6U9gBH6h5Oab2DB_e83az4n_WEo
11-10 23:01:49.382 19113 19113 W Zygote : Class not found for preloading: android.provider.-$$Lambda$FontsContract$3FDNQd-WsglsyDhif-aHVbzkfrA
11-10 23:01:49.382 19113 19113 W Zygote : Class not found for preloading: android.provider.-$$Lambda$FontsContract$rqfIZKvP1frnI9vP1hVA8jQN_RE
11-10 23:01:49.382 19113 19113 W Zygote : Class not found for preloading: android.provider.-$$Lambda$Settings$NameValueCache$cLX_nUBDGp9SYpFxrABk-2ceeMI
11-10 23:01:49.382 19113 19113 W Zygote : Class not found for preloading: android.provider.-$$Lambda$Settings$NameValueCache$qSyMM6rUAHCa-5rsP-atfAqR3sA
11-10 23:01:49.386 19113 19113 W Zygote : Class not found for preloading: android.service.dreams.-$$Lambda$DreamService$DreamServiceWrapper$2R9T6zqLOUvx4z5eu1pSMWsejpU
11-10 23:01:49.386 19113 19113 W Zygote : Class not found for preloading: android.service.dreams.-$$Lambda$DreamService$DreamServiceWrapper$fKPQo1GZX03b5-nMg-IFcuuxhKs
11-10 23:01:49.386 19113 19113 W Zygote : Class not found for preloading: android.service.dreams.-$$Lambda$DreamService$DreamServiceWrapper$mm-Rh3xCTudFT-WRyQZatcwXBss
11-10 23:01:49.386 19113 19113 W Zygote : Class not found for preloading: android.service.dreams.-$$Lambda$DreamService$uqzqbrpptkCH_tc1jkx48W1A6vM
11-10 23:01:49.387 19113 19113 W Zygote : Class not found for preloading: android.service.wallpaper.-$$Lambda$87Do-TfJA3qVM7QF6F_6BpQlQTA
11-10 23:01:49.387 19113 19113 W Zygote : Class not found for preloading: android.service.wallpaper.-$$Lambda$vsWBQpiXExY07tlrSzTqh4pNQAQ
11-10 23:01:49.391 19113 19113 W Zygote : Class not found for preloading: android.sysprop.-$$Lambda$TelephonyProperties$0Zy6hglFVc-K9jiJWmuHmilIMkY
11-10 23:01:49.391 19113 19113 W Zygote : Class not found for preloading: android.sysprop.-$$Lambda$TelephonyProperties$2V_2ZQoGHfOIfKo_A8Ss547oL-c
11-10 23:01:49.391 19113 19113 W Zygote : Class not found for preloading: android.sysprop.-$$Lambda$TelephonyProperties$BfPaTA0e9gauJmR4vGNCDkGZ3uc
11-10 23:01:49.391 19113 19113 W Zygote : Class not found for preloading: android.sysprop.-$$Lambda$TelephonyProperties$EV4LSOwY7Dsh1rJalZDLmnGJw5I
11-10 23:01:49.391 19113 19113 W Zygote : Class not found for preloading: android.sysprop.-$$Lambda$TelephonyProperties$H4jN0VIBNpZQBeWYt6qS3DCe_M8
11-10 23:01:49.391 19113 19113 W Zygote : Class not found for preloading: android.sysprop.-$$Lambda$TelephonyProperties$JNTRmlscGaFlYo_3krOr_WWd2QI
11-10 23:01:49.391 19113 19113 W Zygote : Class not found for preloading: android.sysprop.-$$Lambda$TelephonyProperties$UKEfAuJVPm5cKR_UnPj1L66mN34
11-10 23:01:49.391 19113 19113 W Zygote : Class not found for preloading: android.sysprop.-$$Lambda$TelephonyProperties$VtSZ_Uto4bMa49ncgAfdWewMFOU
11-10 23:01:49.392 19113 19113 W Zygote : Class not found for preloading: android.sysprop.-$$Lambda$TelephonyProperties$dc-CgjsF3BtDxLSSKL5bQ9ullG0
11-10 23:01:49.392 19113 19113 W Zygote : Class not found for preloading: android.sysprop.-$$Lambda$TelephonyProperties$fdR0mRnJd3OymvjDc_MI1AHnMwc
11-10 23:01:49.392 19113 19113 W Zygote : Class not found for preloading: android.sysprop.-$$Lambda$TelephonyProperties$iJa3afMQmWbO1DX4jS9zkcOKZlY
11-10 23:01:49.392 19113 19113 W Zygote : Class not found for preloading: android.sysprop.-$$Lambda$TelephonyProperties$kCQNtMqtfi6MMlFLqtIufNXwOS8
11-10 23:01:49.392 19113 19113 W Zygote : Class not found for preloading: android.sysprop.-$$Lambda$TelephonyProperties$kemQbl44ndTqXdQVvnYppJuQboQ
11-10 23:01:49.392 19113 19113 W Zygote : Class not found for preloading: android.sysprop.-$$Lambda$TelephonyProperties$rKoNB08X7R8OCPq-VDCWDOm3lDM
11-10 23:01:49.392 19113 19113 W Zygote : Class not found for preloading: android.sysprop.-$$Lambda$TelephonyProperties$yK9cdPdkKXdcfM9Ey52BIE31a5M
11-10 23:01:49.392 19113 19113 W Zygote : Class not found for preloading: android.telecom.-$$Lambda$cyYWqCYT05eM23eLVm4oQ5DrYjw
11-10 23:01:49.392 19113 19113 W Zygote : Class not found for preloading: android.telecom.-$$Lambda$qa4s1Fm2YuohEunaJUJcmJXDXG0
11-10 23:01:49.392 19113 19113 W Zygote : Class not found for preloading: android.telecom.Logging.-$$Lambda$L5F_SL2jOCUETYvgdB36aGwY50E
11-10 23:01:49.392 19113 19113 W Zygote : Class not found for preloading: android.telecom.Logging.-$$Lambda$SessionManager$VyH2gT1EjIvzDy_C9JfTT60CISM
11-10 23:01:49.392 19113 19113 W Zygote : Class not found for preloading: android.telecom.Logging.-$$Lambda$SessionManager$hhtZwTEbvO-fLNlAvB6Do9_2gW4
11-10 23:01:49.393 19113 19113 W Zygote : Class not found for preloading: android.telephony.-$$Lambda$DataFailCause$djkZSxdG-s-w2L5rQKiGu6OudyY
11-10 23:01:49.393 19113 19113 W Zygote : Class not found for preloading: android.telephony.-$$Lambda$MLKtmRGKP3e0WU7x_KyS5-Vg8q4
11-10 23:01:49.393 19113 19113 W Zygote : Class not found for preloading: android.telephony.-$$Lambda$NetworkRegistrationInfo$1JuZmO5PoYGZY8bHhZYwvmqwOB0
11-10 23:01:49.393 19113 19113 W Zygote : Class not found for preloading: android.telephony.-$$Lambda$PhoneStateListener$IPhoneStateListenerStub$1M3m0i6211i2YjWyTDT7l0bJm3I
11-10 23:01:49.393 19113 19113 W Zygote : Class not found for preloading: android.telephony.-$$Lambda$PhoneStateListener$IPhoneStateListenerStub$2XBMUIj05jt4Xm08XAsE57q5gCc
11-10 23:01:49.393 19113 19113 W Zygote : Class not found for preloading: android.telephony.-$$Lambda$PhoneStateListener$IPhoneStateListenerStub$2cMrwdqnKBpixpApeIX38rmRLak
11-10 23:01:49.393 19113 19113 W Zygote : Class not found for preloading: android.telephony.-$$Lambda$PhoneStateListener$IPhoneStateListenerStub$4NHt5Shg_DHV-T1IxfcQLHP5-j0
11-10 23:01:49.393 19113 19113 W Zygote : Class not found for preloading: android.telephony.-$$Lambda$PhoneStateListener$IPhoneStateListenerStub$5J-sdvem6pUpdVwRdm8IbDhvuv8
11-10 23:01:49.394 19113 19113 W Zygote : Class not found for preloading: android.telephony.-$$Lambda$PhoneStateListener$IPhoneStateListenerStub$5Uf5OZWCyPD0lZtySzbYw18FWhU
11-10 23:01:49.394 19113 19113 W Zygote : Class not found for preloading: android.telephony.-$$Lambda$PhoneStateListener$IPhoneStateListenerStub$5rF2IFj8mrb7uZc0HMKiuCodUn0
11-10 23:01:49.394 19113 19113 W Zygote : Class not found for preloading: android.telephony.-$$Lambda$PhoneStateListener$IPhoneStateListenerStub$5uu-05j4ojTh9mEHkN-ynQqQRGM
11-10 23:01:49.394 19113 19113 W Zygote : Class not found for preloading: android.telephony.-$$Lambda$PhoneStateListener$IPhoneStateListenerStub$6czWSGzxct0CXPVO54T0aq05qls
11-10 23:01:49.394 19113 19113 W Zygote : Class not found for preloading: android.telephony.-$$Lambda$PhoneStateListener$IPhoneStateListenerStub$FBJGFGXoSvidKfm50cEzC3i9rVk
11-10 23:01:49.394 19113 19113 W Zygote : Class not found for preloading: android.telephony.-$$Lambda$PhoneStateListener$IPhoneStateListenerStub$GJ2YJ4ARy5-u2bWutnqrYMAsLYA
11-10 23:01:49.394 19113 19113 W Zygote : Class not found for preloading: android.telephony.-$$Lambda$PhoneStateListener$IPhoneStateListenerStub$HEcWn-J1WRb0wLERu2qoMIZDfjY
11-10 23:01:49.394 19113 19113 W Zygote : Class not found for preloading: android.telephony.-$$Lambda$PhoneStateListener$IPhoneStateListenerStub$Hbn6-eZxY2p3rjOfStodI04A8E8
11-10 23:01:49.394 19113 19113 W Zygote : Class not found for preloading: android.telephony.-$$Lambda$PhoneStateListener$IPhoneStateListenerStub$IU278K5QbmReF-mbpcNVAvVlhFI
11-10 23:01:49.394 19113 19113 W Zygote : Class not found for preloading: android.telephony.-$$Lambda$PhoneStateListener$IPhoneStateListenerStub$M39is_Zyt8D7Camw2NS4EGTDn-s
11-10 23:01:49.394 19113 19113 W Zygote : Class not found for preloading: android.telephony.-$$Lambda$PhoneStateListener$IPhoneStateListenerStub$NjMtWvO8dQakD688KRREWiYI4JI
11-10 23:01:49.394 19113 19113 W Zygote : Class not found for preloading: android.telephony.-$$Lambda$PhoneStateListener$IPhoneStateListenerStub$OfwFKKtcQHRmtv70FCopw6FDAAU
11-10 23:01:49.394 19113 19113 W Zygote : Class not found for preloading: android.telephony.-$$Lambda$PhoneStateListener$IPhoneStateListenerStub$Q2A8FgYlU8_D6PD78tThGut_rTc
11-10 23:01:49.394 19113 19113 W Zygote : Class not found for preloading: android.telephony.-$$Lambda$PhoneStateListener$IPhoneStateListenerStub$RC2x2ijetA-pQrLa4QakzMBjh_k
11-10 23:01:49.394 19113 19113 W Zygote : Class not found for preloading: android.telephony.-$$Lambda$PhoneStateListener$IPhoneStateListenerStub$SLDsZb_RTXJpIvKJwCENgXrSXcU
11-10 23:01:49.394 19113 19113 W Zygote : Class not found for preloading: android.telephony.-$$Lambda$PhoneStateListener$IPhoneStateListenerStub$TqrkuLPlaG_ucU7VbLS4tnf8hG8
11-10 23:01:49.394 19113 19113 W Zygote : Class not found for preloading: android.telephony.-$$Lambda$PhoneStateListener$IPhoneStateListenerStub$VCD7izkh9A_sRz9zMUPYy-TktLo
11-10 23:01:49.394 19113 19113 W Zygote : Class not found for preloading: android.telephony.-$$Lambda$PhoneStateListener$IPhoneStateListenerStub$W65ui1dCCc-JnQa7gon1I7Bz7Sk
11-10 23:01:49.394 19113 19113 W Zygote : Class not found for preloading: android.telephony.-$$Lambda$PhoneStateListener$IPhoneStateListenerStub$WYWtWHdkZDxBd9anjoxyZozPWHc
11-10 23:01:49.394 19113 19113 W Zygote : Class not found for preloading: android.telephony.-$$Lambda$PhoneStateListener$IPhoneStateListenerStub$bELzxgwsPigyVKYkAXBO2BjcSm8
11-10 23:01:49.394 19113 19113 W Zygote : Class not found for preloading: android.telephony.-$$Lambda$PhoneStateListener$IPhoneStateListenerStub$hxq77a5O_MUfoptHg15ipzFvMkI
11-10 23:01:49.394 19113 19113 W Zygote : Class not found for preloading: android.telephony.-$$Lambda$PhoneStateListener$IPhoneStateListenerStub$icX71zgNszuMfnDaCmahcqWacFM
11-10 23:01:49.394 19113 19113 W Zygote : Class not found for preloading: android.telephony.-$$Lambda$PhoneStateListener$IPhoneStateListenerStub$j6NpsS_PE3VHutxIDEmwFHop7Yc
11-10 23:01:49.394 19113 19113 W Zygote : Class not found for preloading: android.telephony.-$$Lambda$PhoneStateListener$IPhoneStateListenerStub$l57DgyMDrONq3sajd_dBE967ClU
11-10 23:01:49.394 19113 19113 W Zygote : Class not found for preloading: android.telephony.-$$Lambda$PhoneStateListener$IPhoneStateListenerStub$lP7_Xy6P82nXGbUQ_ZUY6rZR4bI
11-10 23:01:49.394 19113 19113 W Zygote : Class not found for preloading: android.telephony.-$$Lambda$PhoneStateListener$IPhoneStateListenerStub$nR7W5ox6SCgPxtH9IRcENwKeFI4
11-10 23:01:49.394 19113 19113 W Zygote : Class not found for preloading: android.telephony.-$$Lambda$PhoneStateListener$IPhoneStateListenerStub$nrGqSRBJrc3_EwotCDNwfKeizIo
11-10 23:01:49.394 19113 19113 W Zygote : Class not found for preloading: android.telephony.-$$Lambda$PhoneStateListener$IPhoneStateListenerStub$oDAZqs8paeefe_3k_uRKV5plQW4
11-10 23:01:49.395 19113 19113 W Zygote : Class not found for preloading: android.telephony.-$$Lambda$PhoneStateListener$IPhoneStateListenerStub$okPCYOx4UxYuvUHlM2iS425QGIg
