11-10 23:01:35.368 0 0 D msm_dai_q6_tdm_data_format_get: data_format = 0
11-10 23:01:35.368 0 0 D msm_dai_q6_tdm_header_type_get: header_type = 0
11-10 23:01:35.368 0 0 D msm_dai_q6_tdm_header_get: header #0 = 0x0
11-10 23:01:35.368 0 0 D msm_dai_q6_tdm_header_get: header #1 = 0x0
11-10 23:01:35.368 0 0 D msm_dai_q6_tdm_header_get: header #2 = 0x0
11-10 23:01:35.368 0 0 D msm_dai_q6_tdm_header_get: header #3 = 0x0
11-10 23:01:35.368 0 0 D msm_dai_q6_tdm_header_get: header #4 = 0x0
11-10 23:01:35.368 0 0 D msm_dai_q6_tdm_header_get: header #5 = 0x0
11-10 23:01:35.368 0 0 D msm_dai_q6_tdm_header_get: header #6 = 0x0
11-10 23:01:35.368 0 0 D msm_dai_q6_tdm_header_get: header #7 = 0x0
11-10 23:01:35.368 0 0 D msm_dai_q6_tdm_data_format_get: data_format = 0
11-10 23:01:35.368 0 0 D msm_dai_q6_tdm_header_type_get: header_type = 0
11-10 23:01:35.368 0 0 D msm_dai_q6_tdm_header_get: header #0 = 0x0
11-10 23:01:35.368 0 0 D msm_dai_q6_tdm_header_get: header #1 = 0x0
11-10 23:01:35.368 0 0 D msm_dai_q6_tdm_header_get: header #2 = 0x0
11-10 23:01:35.368 0 0 D msm_dai_q6_tdm_header_get: header #3 = 0x0
11-10 23:01:35.368 0 0 D msm_dai_q6_tdm_header_get: header #4 = 0x0
11-10 23:01:35.368 0 0 D msm_dai_q6_tdm_header_get: header #5 = 0x0
11-10 23:01:35.368 0 0 D msm_dai_q6_tdm_header_get: header #6 = 0x0
11-10 23:01:35.368 0 0 D msm_dai_q6_tdm_header_get: header #7 = 0x0
11-10 23:01:35.369 0 0 D msm_dai_q6_tdm_data_format_get: data_format = 0
11-10 23:01:35.369 0 0 D msm_dai_q6_tdm_header_type_get: header_type = 0
11-10 23:01:35.369 0 0 D msm_dai_q6_tdm_header_get: header #0 = 0x0
11-10 23:01:35.369 0 0 D msm_dai_q6_tdm_header_get: header #1 = 0x0
11-10 23:01:35.369 0 0 D msm_dai_q6_tdm_header_get: header #2 = 0x0
11-10 23:01:35.369 0 0 D msm_dai_q6_tdm_header_get: header #3 = 0x0
11-10 23:01:35.369 0 0 D msm_dai_q6_tdm_header_get: header #4 = 0x0
11-10 23:01:35.369 0 0 D msm_dai_q6_tdm_header_get: header #5 = 0x0
11-10 23:01:35.369 0 0 D msm_dai_q6_tdm_header_get: header #6 = 0x0
11-10 23:01:35.369 0 0 D msm_dai_q6_tdm_header_get: header #7 = 0x0
11-10 23:01:35.369 0 0 D msm_dai_q6_tdm_data_format_get: data_format = 0
11-10 23:01:35.369 0 0 D msm_dai_q6_tdm_header_type_get: header_type = 0
11-10 23:01:35.370 0 0 D msm_dai_q6_tdm_header_get: header #0 = 0x0
11-10 23:01:35.370 0 0 D msm_dai_q6_tdm_header_get: header #1 = 0x0
11-10 23:01:35.370 0 0 D msm_dai_q6_tdm_header_get: header #2 = 0x0
11-10 23:01:35.370 0 0 D msm_dai_q6_tdm_header_get: header #3 = 0x0
11-10 23:01:35.370 0 0 D msm_dai_q6_tdm_header_get: header #4 = 0x0
11-10 23:01:35.370 0 0 D msm_dai_q6_tdm_header_get: header #5 = 0x0
11-10 23:01:35.370 0 0 D msm_dai_q6_tdm_header_get: header #6 = 0x0
11-10 23:01:35.370 0 0 D msm_dai_q6_tdm_header_get: header #7 = 0x0
11-10 23:01:35.370 0 0 D msm_dai_q6_tdm_data_format_get: data_format = 0
11-10 23:01:35.370 0 0 D msm_dai_q6_tdm_header_type_get: header_type = 0
11-10 23:01:35.370 0 0 D msm_dai_q6_tdm_header_get: header #0 = 0x0
11-10 23:01:35.370 0 0 D msm_dai_q6_tdm_header_get: header #1 = 0x0
11-10 23:01:35.370 0 0 D msm_dai_q6_tdm_header_get: header #2 = 0x0
11-10 23:01:35.370 0 0 D msm_dai_q6_tdm_header_get: header #3 = 0x0
11-10 23:01:35.370 0 0 D msm_dai_q6_tdm_header_get: header #4 = 0x0
11-10 23:01:35.370 0 0 D msm_dai_q6_tdm_header_get: header #5 = 0x0
11-10 23:01:35.370 0 0 D msm_dai_q6_tdm_header_get: header #6 = 0x0
11-10 23:01:35.370 0 0 D msm_dai_q6_tdm_header_get: header #7 = 0x0
11-10 23:01:35.370 0 0 D msm_dai_q6_tdm_data_format_get: data_format = 0
11-10 23:01:35.371 0 0 D msm_dai_q6_tdm_header_type_get: header_type = 0
11-10 23:01:35.371 0 0 D msm_dai_q6_tdm_header_get: header #0 = 0x0
11-10 23:01:35.371 0 0 D msm_dai_q6_tdm_header_get: header #1 = 0x0
11-10 23:01:35.371 0 0 D msm_dai_q6_tdm_header_get: header #2 = 0x0
11-10 23:01:35.371 0 0 D msm_dai_q6_tdm_header_get: header #3 = 0x0
11-10 23:01:35.371 0 0 D msm_dai_q6_tdm_header_get: header #4 = 0x0
11-10 23:01:35.371 0 0 D msm_dai_q6_tdm_header_get: header #5 = 0x0
11-10 23:01:35.371 0 0 D msm_dai_q6_tdm_header_get: header #6 = 0x0
11-10 23:01:35.371 0 0 D msm_dai_q6_tdm_header_get: header #7 = 0x0
11-10 23:01:35.378 0 0 D msm_dai_q6_afe_enc_cfg_get: encoder config for 0 format
11-10 23:01:35.378 0 0 D msm_dai_q6_afe_enc_cfg_get: unknown format = 0
11-10 23:01:35.378 0 0 D msm_dai_q6_afe_input_channel_get: afe input channel = 0
11-10 23:01:35.379 0 0 D msm_dai_q6_afe_input_bit_format_get: afe input bit format : 0
11-10 23:01:35.379 0 0 D msm_dai_q6_tws_channel_mode_get: tws channel mode = 0
11-10 23:01:35.379 0 0 D msm_dai_q6_afe_enc_cfg_get: encoder config for 0 format
11-10 23:01:35.379 0 0 D msm_dai_q6_afe_enc_cfg_get: unknown format = 0
11-10 23:01:35.379 0 0 D msm_dai_q6_lc3_channel_mode_get: lc3 channel mode = 0
11-10 23:01:35.379 0 0 D msm_dai_q6_slim_rx_drift_get: afe port not started. dai_data->status_mask = 0
11-10 23:01:35.380 0 0 D msm_dai_q6_afe_feedback_dec_cfg_get: abr_dec_cfg for 0 format
11-10 23:01:35.380 0 0 D msm_dai_q6_afe_feedback_dec_cfg_get: no afe_dec_cfg for format 0
11-10 23:01:35.402 0 0 E : msm_pcm_volume_ctl_get substream not found
11-10 23:01:35.410 0 0 I chatty : uid=0(root) logd identical 2 lines
11-10 23:01:35.415 0 0 E : msm_pcm_volume_ctl_get substream not found
11-10 23:01:35.416 0 0 D cdc_dma_rx_ch_get: cdc_dma_rx_ch = 0
11-10 23:01:35.416 0 0 D cdc_dma_rx_ch_get: cdc_dma_rx_ch = 1
11-10 23:01:35.416 0 0 D cdc_dma_rx_ch_get: cdc_dma_rx_ch = 0
11-10 23:01:35.416 0 0 D cdc_dma_rx_ch_get: cdc_dma_rx_ch = 1
11-10 23:01:35.417 0 0 I chatty : uid=0(root) logd identical 2 lines
11-10 23:01:35.417 0 0 D cdc_dma_rx_ch_get: cdc_dma_rx_ch = 1
11-10 23:01:35.417 0 0 D cdc_dma_rx_ch_get: cdc_dma_rx_ch = 0
11-10 23:01:35.418 0 0 D cdc_dma_tx_ch_get: cdc_dma_tx_ch = 2
11-10 23:01:35.419 0 0 I chatty : uid=0(root) logd identical 2 lines
11-10 23:01:35.419 0 0 D cdc_dma_tx_ch_get: cdc_dma_tx_ch = 2
11-10 23:01:35.419 0 0 D cdc_dma_tx_ch_get: cdc_dma_tx_ch = 1
11-10 23:01:35.420 0 0 I chatty : uid=0(root) logd identical 1 line
11-10 23:01:35.420 0 0 D cdc_dma_tx_ch_get: cdc_dma_tx_ch = 1
11-10 23:01:35.421 0 0 D cdc_dma_tx_ch_get: cdc_dma_tx_ch = 8
11-10 23:01:35.421 0 0 D cdc_dma_tx_ch_get: cdc_dma_tx_ch = 8
11-10 23:01:35.421 0 0 D cdc_dma_rx_format_get: cdc_dma_rx_format = 2, ucontrol value = 0
11-10 23:01:35.422 0 0 D cdc_dma_rx_format_get: cdc_dma_rx_format = 2, ucontrol value = 0
11-10 23:01:35.422 0 0 D cdc_dma_tx_format_get: cdc_dma_tx_format = 2, ucontrol value = 0
11-10 23:01:35.424 0 0 I chatty : uid=0(root) logd identical 6 lines
11-10 23:01:35.424 0 0 D cdc_dma_tx_format_get: cdc_dma_tx_format = 2, ucontrol value = 0
11-10 23:01:35.425 0 0 D cdc_dma_rx_sample_rate_get: cdc_dma_rx_sample_rate = 48000
11-10 23:01:35.425 0 0 D cdc_dma_rx_sample_rate_get: cdc_dma_rx_sample_rate = 48000
11-10 23:01:35.426 0 0 D cdc_dma_tx_sample_rate_get: cdc_dma_tx_sample_rate = 48000
11-10 23:01:35.428 0 0 I chatty : uid=0(root) logd identical 3 lines
11-10 23:01:35.429 0 0 D cdc_dma_tx_sample_rate_get: cdc_dma_tx_sample_rate = 48000
11-10 23:01:35.430 0 0 D cdc_dma_tx_sample_rate_get: cdc_dma_tx_sample_rate = 96000
11-10 23:01:35.430 0 0 D cdc_dma_tx_sample_rate_get: cdc_dma_tx_sample_rate = 16000
11-10 23:01:35.431 0 0 D cdc_dma_tx_sample_rate_get: cdc_dma_tx_sample_rate = 48000
11-10 23:01:35.432 0 0 D cdc_dma_tx_sample_rate_get: cdc_dma_tx_sample_rate = 48000
11-10 23:01:35.432 0 0 D usb_audio_rx_sample_rate_get: usb_audio_rx_sample_rate = 48000
11-10 23:01:35.433 0 0 D usb_audio_tx_sample_rate_get: usb_audio_tx_sample_rate = 48000
11-10 23:01:35.433 0 0 D tdm_rx_sample_rate_get: tdm_rx_sample_rate = 48000, item = 3
11-10 23:01:35.435 0 0 I chatty : uid=0(root) logd identical 5 lines
11-10 23:01:35.436 0 0 D tdm_rx_sample_rate_get: tdm_rx_sample_rate = 48000, item = 3
11-10 23:01:35.436 0 0 D tdm_tx_sample_rate_get: tdm_tx_sample_rate = 48000, item = 3
11-10 23:01:35.438 0 0 I chatty : uid=0(root) logd identical 4 lines
11-10 23:01:35.438 0 0 D tdm_tx_sample_rate_get: tdm_tx_sample_rate = 48000, item = 3
11-10 23:01:35.438 0 0 D aux_pcm_rx_sample_rate_get: idx[0]_rx_sample_rate = 8000, item = 0
11-10 23:01:35.439 0 0 D aux_pcm_rx_sample_rate_get: idx[1]_rx_sample_rate = 8000, item = 0
11-10 23:01:35.439 0 0 D aux_pcm_rx_sample_rate_get: idx[2]_rx_sample_rate = 8000, item = 0
11-10 23:01:35.439 0 0 D aux_pcm_rx_sample_rate_get: idx[3]_rx_sample_rate = 8000, item = 0
11-10 23:01:35.439 0 0 D aux_pcm_rx_sample_rate_get: idx[4]_rx_sample_rate = 8000, item = 0
11-10 23:01:35.439 0 0 D aux_pcm_rx_sample_rate_get: idx[5]_rx_sample_rate = 8000, item = 0
11-10 23:01:35.440 0 0 D aux_pcm_tx_sample_rate_get: idx[0]_tx_sample_rate = 8000, item = 0
11-10 23:01:35.440 0 0 D aux_pcm_tx_sample_rate_get: idx[1]_tx_sample_rate = 8000, item = 0
11-10 23:01:35.440 0 0 D aux_pcm_tx_sample_rate_get: idx[2]_tx_sample_rate = 8000, item = 0
11-10 23:01:35.440 0 0 D aux_pcm_tx_sample_rate_get: idx[3]_tx_sample_rate = 8000, item = 0
11-10 23:01:35.440 0 0 D aux_pcm_tx_sample_rate_get: idx[4]_tx_sample_rate = 8000, item = 0
11-10 23:01:35.441 0 0 D aux_pcm_tx_sample_rate_get: idx[5]_tx_sample_rate = 8000, item = 0
11-10 23:01:35.441 0 0 D mi2s_rx_sample_rate_get: idx[0]_rx_sample_rate = 48000, item = 6
11-10 23:01:35.442 0 0 D mi2s_rx_sample_rate_get: idx[1]_rx_sample_rate = 48000, item = 6
11-10 23:01:35.443 0 0 D mi2s_rx_sample_rate_get: idx[2]_rx_sample_rate = 96000, item = 8
11-10 23:01:35.443 0 0 D mi2s_rx_sample_rate_get: idx[3]_rx_sample_rate = 48000, item = 6
11-10 23:01:35.444 0 0 D mi2s_rx_sample_rate_get: idx[4]_rx_sample_rate = 48000, item = 6
11-10 23:01:35.445 0 0 D mi2s_rx_sample_rate_get: idx[5]_rx_sample_rate = 48000, item = 6
11-10 23:01:35.445 0 0 D mi2s_tx_sample_rate_get: idx[0]_tx_sample_rate = 48000, item = 6
11-10 23:01:35.446 0 0 D mi2s_tx_sample_rate_get: idx[1]_tx_sample_rate = 48000, item = 6
11-10 23:01:35.447 0 0 D mi2s_tx_sample_rate_get: idx[2]_tx_sample_rate = 96000, item = 8
11-10 23:01:35.447 0 0 D mi2s_tx_sample_rate_get: idx[3]_tx_sample_rate = 48000, item = 6
11-10 23:01:35.448 0 0 D mi2s_tx_sample_rate_get: idx[4]_tx_sample_rate = 48000, item = 6
11-10 23:01:35.449 0 0 D mi2s_tx_sample_rate_get: idx[5]_tx_sample_rate = 48000, item = 6
11-10 23:01:35.449 0 0 D usb_audio_rx_format_get: usb_audio_rx_format = 6, ucontrol value = 1
11-10 23:01:35.449 0 0 D usb_audio_tx_format_get: usb_audio_tx_format = 2, ucontrol value = 0
11-10 23:01:35.450 0 0 D tdm_rx_format_get: tdm_rx_bit_format = 2, item = 0
11-10 23:01:35.451 0 0 I chatty : uid=0(root) logd identical 5 lines
11-10 23:01:35.451 0 0 D tdm_rx_format_get: tdm_rx_bit_format = 2, item = 0
11-10 23:01:35.451 0 0 D tdm_tx_format_get: tdm_tx_bit_format = 2, item = 0
11-10 23:01:35.452 0 0 I chatty : uid=0(root) logd identical 4 lines
11-10 23:01:35.453 0 0 D tdm_tx_format_get: tdm_tx_bit_format = 2, item = 0
11-10 23:01:35.453 0 0 D msm_aux_pcm_rx_format_get: idx[0]_rx_format = 2, item = 0
11-10 23:01:35.453 0 0 D msm_aux_pcm_rx_format_get: idx[1]_rx_format = 2, item = 0
11-10 23:01:35.454 0 0 D msm_aux_pcm_rx_format_get: idx[2]_rx_format = 2, item = 0
11-10 23:01:35.454 0 0 D msm_aux_pcm_rx_format_get: idx[3]_rx_format = 2, item = 0
11-10 23:01:35.454 0 0 D msm_aux_pcm_rx_format_get: idx[4]_rx_format = 2, item = 0
11-10 23:01:35.454 0 0 D msm_aux_pcm_rx_format_get: idx[5]_rx_format = 2, item = 0
11-10 23:01:35.455 0 0 D msm_aux_pcm_tx_format_get: idx[0]_tx_format = 2, item = 0
11-10 23:01:35.455 0 0 D msm_aux_pcm_tx_format_get: idx[1]_tx_format = 2, item = 0
11-10 23:01:35.455 0 0 D msm_aux_pcm_tx_format_get: idx[2]_tx_format = 2, item = 0
11-10 23:01:35.456 0 0 D msm_aux_pcm_tx_format_get: idx[3]_tx_format = 2, item = 0
11-10 23:01:35.456 0 0 D msm_aux_pcm_tx_format_get: idx[4]_tx_format = 2, item = 0
11-10 23:01:35.456 0 0 D msm_aux_pcm_tx_format_get: idx[5]_tx_format = 2, item = 0
11-10 23:01:35.457 0 0 D msm_mi2s_rx_format_get: idx[0]_rx_format = 2, item = 0
11-10 23:01:35.457 0 0 D msm_mi2s_rx_format_get: idx[1]_rx_format = 2, item = 0
11-10 23:01:35.457 0 0 D msm_mi2s_rx_format_get: idx[2]_rx_format = 6, item = 1
11-10 23:01:35.458 0 0 D msm_mi2s_rx_format_get: idx[3]_rx_format = 2, item = 0
11-10 23:01:35.458 0 0 D msm_mi2s_rx_format_get: idx[4]_rx_format = 2, item = 0
11-10 23:01:35.458 0 0 D msm_mi2s_rx_format_get: idx[5]_rx_format = 2, item = 0
11-10 23:01:35.458 0 0 D msm_mi2s_tx_format_get: idx[0]_tx_format = 2, item = 0
11-10 23:01:35.459 0 0 D msm_mi2s_tx_format_get: idx[1]_tx_format = 2, item = 0
11-10 23:01:35.459 0 0 D msm_mi2s_tx_format_get: idx[2]_tx_format = 6, item = 1
11-10 23:01:35.459 0 0 D msm_mi2s_tx_format_get: idx[3]_tx_format = 2, item = 0
11-10 23:01:35.460 0 0 D msm_mi2s_tx_format_get: idx[4]_tx_format = 2, item = 0
11-10 23:01:35.460 0 0 D msm_mi2s_tx_format_get: idx[5]_tx_format = 2, item = 0
11-10 23:01:35.460 0 0 D usb_audio_rx_ch_get: usb_audio_rx_ch = 2
11-10 23:01:35.461 0 0 D usb_audio_tx_ch_get: usb_audio_tx_ch = 1
11-10 23:01:35.461 0 0 D proxy_rx_ch_get: proxy_rx channels = 2
11-10 23:01:35.462 0 0 D tdm_rx_ch_get: tdm_rx_ch = 0, item = 0
11-10 23:01:35.464 0 0 I chatty : uid=0(root) logd identical 5 lines
11-10 23:01:35.465 0 0 D tdm_rx_ch_get: tdm_rx_ch = 0, item = 0
11-10 23:01:35.465 0 0 D tdm_tx_ch_get: tdm_tx_ch = 0, item = 0
11-10 23:01:35.467 0 0 I chatty : uid=0(root) logd identical 4 lines
11-10 23:01:35.468 0 0 D tdm_tx_ch_get: tdm_tx_ch = 0, item = 0
11-10 23:01:35.468 0 0 D msm_mi2s_rx_ch_get: msm_mi2s_[0]_rx_ch = 2
11-10 23:01:35.469 0 0 D msm_mi2s_rx_ch_get: msm_mi2s_[1]_rx_ch = 2
11-10 23:01:35.469 0 0 D msm_mi2s_rx_ch_get: msm_mi2s_[2]_rx_ch = 2
11-10 23:01:35.470 0 0 D msm_mi2s_rx_ch_get: msm_mi2s_[3]_rx_ch = 2
11-10 23:01:35.470 0 0 D msm_mi2s_rx_ch_get: msm_mi2s_[4]_rx_ch = 2
11-10 23:01:35.471 0 0 D msm_mi2s_rx_ch_get: msm_mi2s_[5]_rx_ch = 2
11-10 23:01:35.471 0 0 D msm_mi2s_tx_ch_get: msm_mi2s_[0]_tx_ch = 1
11-10 23:01:35.471 0 0 D msm_mi2s_tx_ch_get: msm_mi2s_[1]_tx_ch = 1
11-10 23:01:35.472 0 0 D msm_mi2s_tx_ch_get: msm_mi2s_[2]_tx_ch = 2
11-10 23:01:35.472 0 0 D msm_mi2s_tx_ch_get: msm_mi2s_[3]_tx_ch = 1
11-10 23:01:35.473 0 0 D msm_mi2s_tx_ch_get: msm_mi2s_[4]_tx_ch = 1
11-10 23:01:35.473 0 0 D msm_mi2s_tx_ch_get: msm_mi2s_[5]_tx_ch = 1
11-10 23:01:35.474 0 0 D ext_disp_rx_ch_get: ext_disp_rx[0].ch = 2
11-10 23:01:35.474 0 0 D ext_disp_rx_format_get: ext_disp_rx[0].format = 2, ucontrol value = 0
11-10 23:01:35.475 0 0 D ext_disp_rx_sample_rate_get: ext_disp_rx[0].sample_rate = 48000
11-10 23:01:35.475 0 0 D ext_disp_rx_ch_get: ext_disp_rx[1].ch = 2
11-10 23:01:35.475 0 0 D ext_disp_rx_format_get: ext_disp_rx[1].format = 2, ucontrol value = 0
11-10 23:01:35.476 0 0 D ext_disp_rx_sample_rate_get: ext_disp_rx[1].sample_rate = 48000
11-10 23:01:35.476 0 0 D msm_bt_sample_rate_get: sample rate = 8000
11-10 23:01:35.477 0 0 D msm_bt_sample_rate_rx_get: sample rate rx = 8000
11-10 23:01:35.477 0 0 D msm_bt_sample_rate_tx_get: sample rate tx = 8000
11-10 23:01:35.477 0 0 D afe_loopback_tx_ch_get: afe_loopback_tx_ch = 1
11-10 23:01:35.478 0 0 D msm_vi_feed_tx_ch_get: msm_vi_feed_tx_ch = 1
11-10 23:01:35.478 0 0 D cdc_dma_rx_format_get: cdc_dma_rx_format = 2, ucontrol value = 0
11-10 23:01:35.479 0 0 I chatty : uid=0(root) logd identical 4 lines
11-10 23:01:35.480 0 0 D cdc_dma_rx_format_get: cdc_dma_rx_format = 2, ucontrol value = 0
11-10 23:01:35.480 0 0 D cdc_dma_rx_sample_rate_get: cdc_dma_rx_sample_rate = 48000
11-10 23:01:35.483 0 0 I chatty : uid=0(root) logd identical 4 lines
11-10 23:01:35.483 0 0 D cdc_dma_rx_sample_rate_get: cdc_dma_rx_sample_rate = 48000
11-10 23:01:35.489 0 0 D voice_get_session: session_id 0x10c01000 session handle 0000000000000000
11-10 23:01:35.489 0 0 D voc_get_cvd_version: Returning the cached value 2.4
11-10 23:01:35.498 18295 18382 I chatty : uid=1000 system_server expire 2 lines
11-10 23:01:35.500 0 0 E : msm_pcm_volume_ctl_get substream not found
11-10 23:01:35.506 0 0 E : msm_pcm_volume_ctl_get substream not found
11-10 23:01:35.508 0 0 D : voice_alloc_cal
11-10 23:01:35.508 0 0 I chatty : uid=0(root) logd identical 2 lines
11-10 23:01:35.508 0 0 D : voice_alloc_cal
11-10 23:01:35.511 0 0 E : msm_pcm_volume_ctl_get substream not found
11-10 23:01:35.512 0 0 D cdc_dma_rx_ch_get: cdc_dma_rx_ch = 0
11-10 23:01:35.512 0 0 D cdc_dma_rx_ch_get: cdc_dma_rx_ch = 1
11-10 23:01:35.512 0 0 D cdc_dma_rx_ch_get: cdc_dma_rx_ch = 0
11-10 23:01:35.512 0 0 D cdc_dma_rx_ch_get: cdc_dma_rx_ch = 1
11-10 23:01:35.513 0 0 I chatty : uid=0(root) logd identical 2 lines
11-10 23:01:35.513 0 0 D cdc_dma_rx_ch_get: cdc_dma_rx_ch = 1
11-10 23:01:35.513 0 0 D cdc_dma_rx_ch_get: cdc_dma_rx_ch = 0
11-10 23:01:35.514 0 0 D cdc_dma_tx_ch_get: cdc_dma_tx_ch = 2
11-10 23:01:35.514 0 0 I chatty : uid=0(root) logd identical 1 line
11-10 23:01:35.515 0 0 D cdc_dma_tx_ch_get: cdc_dma_tx_ch = 2
11-10 23:01:35.515 0 0 D msm_dai_q6_island_mode_put: island mode = 0
11-10 23:01:35.515 0 0 D cdc_dma_tx_ch_get: cdc_dma_tx_ch = 2
11-10 23:01:35.516 0 0 D cdc_dma_tx_ch_get: cdc_dma_tx_ch = 1
11-10 23:01:35.516 0 0 I chatty : uid=0(root) logd identical 1 line
11-10 23:01:35.517 0 0 D cdc_dma_tx_ch_get: cdc_dma_tx_ch = 1
11-10 23:01:35.517 0 0 D cdc_dma_tx_ch_get: cdc_dma_tx_ch = 8
11-10 23:01:35.518 0 0 D cdc_dma_tx_ch_get: cdc_dma_tx_ch = 8
11-10 23:01:35.518 0 0 D cdc_dma_rx_format_get: cdc_dma_rx_format = 2, ucontrol value = 0
11-10 23:01:35.518 0 0 D cdc_dma_rx_format_get: cdc_dma_rx_format = 2, ucontrol value = 0
11-10 23:01:35.519 0 0 D cdc_dma_tx_format_get: cdc_dma_tx_format = 2, ucontrol value = 0
11-10 23:01:35.520 0 0 I chatty : uid=0(root) logd identical 6 lines
11-10 23:01:35.520 0 0 D cdc_dma_tx_format_get: cdc_dma_tx_format = 2, ucontrol value = 0
11-10 23:01:35.521 0 0 D cdc_dma_rx_sample_rate_get: cdc_dma_rx_sample_rate = 48000
11-10 23:01:35.522 0 0 D cdc_dma_rx_sample_rate_get: cdc_dma_rx_sample_rate = 48000
11-10 23:01:35.522 0 0 D cdc_dma_tx_sample_rate_get: cdc_dma_tx_sample_rate = 48000
11-10 23:01:35.524 0 0 I chatty : uid=0(root) logd identical 3 lines
11-10 23:01:35.525 0 0 D cdc_dma_tx_sample_rate_get: cdc_dma_tx_sample_rate = 48000
11-10 23:01:35.525 0 0 D cdc_dma_tx_sample_rate_get: cdc_dma_tx_sample_rate = 96000
11-10 23:01:35.526 0 0 D cdc_dma_tx_sample_rate_get: cdc_dma_tx_sample_rate = 16000
11-10 23:01:35.526 0 0 D cdc_dma_tx_sample_rate_get: cdc_dma_tx_sample_rate = 48000
11-10 23:01:35.527 0 0 D cdc_dma_tx_sample_rate_get: cdc_dma_tx_sample_rate = 48000
11-10 23:01:35.527 0 0 D usb_audio_rx_sample_rate_get: usb_audio_rx_sample_rate = 48000
11-10 23:01:35.528 0 0 D usb_audio_tx_sample_rate_get: usb_audio_tx_sample_rate = 48000
11-10 23:01:35.528 0 0 D tdm_rx_sample_rate_get: tdm_rx_sample_rate = 48000, item = 3
11-10 23:01:35.530 0 0 I chatty : uid=0(root) logd identical 5 lines
11-10 23:01:35.531 0 0 D tdm_rx_sample_rate_get: tdm_rx_sample_rate = 48000, item = 3
11-10 23:01:35.531 0 0 D tdm_tx_sample_rate_get: tdm_tx_sample_rate = 48000, item = 3
11-10 23:01:35.533 0 0 I chatty : uid=0(root) logd identical 4 lines
11-10 23:01:35.533 0 0 D tdm_tx_sample_rate_get: tdm_tx_sample_rate = 48000, item = 3
11-10 23:01:35.533 0 0 D aux_pcm_rx_sample_rate_get: idx[0]_rx_sample_rate = 8000, item = 0
11-10 23:01:35.533 0 0 D aux_pcm_rx_sample_rate_get: idx[1]_rx_sample_rate = 8000, item = 0
11-10 23:01:35.534 0 0 D aux_pcm_rx_sample_rate_get: idx[2]_rx_sample_rate = 8000, item = 0
11-10 23:01:35.534 0 0 D aux_pcm_rx_sample_rate_get: idx[3]_rx_sample_rate = 8000, item = 0
11-10 23:01:35.534 0 0 D aux_pcm_rx_sample_rate_get: idx[4]_rx_sample_rate = 8000, item = 0
11-10 23:01:35.534 0 0 D aux_pcm_rx_sample_rate_get: idx[5]_rx_sample_rate = 8000, item = 0
11-10 23:01:35.534 0 0 D aux_pcm_tx_sample_rate_get: idx[0]_tx_sample_rate = 8000, item = 0
11-10 23:01:35.535 0 0 D aux_pcm_tx_sample_rate_get: idx[1]_tx_sample_rate = 8000, item = 0
11-10 23:01:35.535 0 0 D aux_pcm_tx_sample_rate_get: idx[2]_tx_sample_rate = 8000, item = 0
11-10 23:01:35.535 0 0 D aux_pcm_tx_sample_rate_get: idx[3]_tx_sample_rate = 8000, item = 0
11-10 23:01:35.535 0 0 D aux_pcm_tx_sample_rate_get: idx[4]_tx_sample_rate = 8000, item = 0
11-10 23:01:35.535 0 0 D aux_pcm_tx_sample_rate_get: idx[5]_tx_sample_rate = 8000, item = 0
11-10 23:01:35.536 0 0 D mi2s_rx_sample_rate_get: idx[0]_rx_sample_rate = 48000, item = 6
11-10 23:01:35.537 0 0 D mi2s_rx_sample_rate_get: idx[1]_rx_sample_rate = 48000, item = 6
11-10 23:01:35.537 0 0 D mi2s_rx_sample_rate_get: idx[2]_rx_sample_rate = 96000, item = 8
11-10 23:01:35.538 0 0 D mi2s_rx_sample_rate_get: idx[3]_rx_sample_rate = 48000, item = 6
11-10 23:01:35.539 0 0 D mi2s_rx_sample_rate_get: idx[4]_rx_sample_rate = 48000, item = 6
11-10 23:01:35.539 0 0 D mi2s_rx_sample_rate_get: idx[5]_rx_sample_rate = 48000, item = 6
11-10 23:01:35.540 0 0 D mi2s_tx_sample_rate_get: idx[0]_tx_sample_rate = 48000, item = 6
11-10 23:01:35.541 0 0 D mi2s_tx_sample_rate_get: idx[1]_tx_sample_rate = 48000, item = 6
11-10 23:01:35.541 0 0 D mi2s_tx_sample_rate_get: idx[2]_tx_sample_rate = 96000, item = 8
11-10 23:01:35.542 0 0 D mi2s_tx_sample_rate_get: idx[3]_tx_sample_rate = 48000, item = 6
11-10 23:01:35.543 0 0 D mi2s_tx_sample_rate_get: idx[4]_tx_sample_rate = 48000, item = 6
11-10 23:01:35.543 0 0 D mi2s_tx_sample_rate_get: idx[5]_tx_sample_rate = 48000, item = 6
11-10 23:01:35.543 0 0 D usb_audio_rx_format_get: usb_audio_rx_format = 6, ucontrol value = 1
11-10 23:01:35.544 0 0 D usb_audio_tx_format_get: usb_audio_tx_format = 2, ucontrol value = 0
11-10 23:01:35.544 0 0 D tdm_rx_format_get: tdm_rx_bit_format = 2, item = 0
11-10 23:01:35.545 0 0 I chatty : uid=0(root) logd identical 5 lines
11-10 23:01:35.545 0 0 D tdm_rx_format_get: tdm_rx_bit_format = 2, item = 0
11-10 23:01:35.546 0 0 D tdm_tx_format_get: tdm_tx_bit_format = 2, item = 0
11-10 23:01:35.547 0 0 I chatty : uid=0(root) logd identical 4 lines
11-10 23:01:35.547 0 0 D tdm_tx_format_get: tdm_tx_bit_format = 2, item = 0
11-10 23:01:35.547 0 0 D msm_aux_pcm_rx_format_get: idx[0]_rx_format = 2, item = 0
11-10 23:01:35.548 0 0 D msm_aux_pcm_rx_format_get: idx[1]_rx_format = 2, item = 0
11-10 23:01:35.548 0 0 D msm_aux_pcm_rx_format_get: idx[2]_rx_format = 2, item = 0
11-10 23:01:35.548 0 0 D msm_aux_pcm_rx_format_get: idx[3]_rx_format = 2, item = 0
11-10 23:01:35.548 0 0 D msm_aux_pcm_rx_format_get: idx[4]_rx_format = 2, item = 0
11-10 23:01:35.549 0 0 D msm_aux_pcm_rx_format_get: idx[5]_rx_format = 2, item = 0
11-10 23:01:35.549 0 0 D msm_aux_pcm_tx_format_get: idx[0]_tx_format = 2, item = 0
11-10 23:01:35.549 0 0 D msm_aux_pcm_tx_format_get: idx[1]_tx_format = 2, item = 0
11-10 23:01:35.549 0 0 D msm_aux_pcm_tx_format_get: idx[2]_tx_format = 2, item = 0
11-10 23:01:35.550 0 0 D msm_aux_pcm_tx_format_get: idx[3]_tx_format = 2, item = 0
11-10 23:01:35.550 0 0 D msm_aux_pcm_tx_format_get: idx[4]_tx_format = 2, item = 0
11-10 23:01:35.550 0 0 D msm_aux_pcm_tx_format_get: idx[5]_tx_format = 2, item = 0
11-10 23:01:35.551 0 0 D msm_mi2s_rx_format_get: idx[0]_rx_format = 2, item = 0
11-10 23:01:35.551 0 0 D msm_mi2s_rx_format_get: idx[1]_rx_format = 2, item = 0
11-10 23:01:35.551 0 0 D msm_mi2s_rx_format_get: idx[2]_rx_format = 6, item = 1
11-10 23:01:35.551 0 0 D msm_mi2s_rx_format_get: idx[3]_rx_format = 2, item = 0
11-10 23:01:35.552 0 0 D msm_mi2s_rx_format_get: idx[4]_rx_format = 2, item = 0
11-10 23:01:35.552 0 0 D msm_mi2s_rx_format_get: idx[5]_rx_format = 2, item = 0
11-10 23:01:35.552 0 0 D msm_mi2s_tx_format_get: idx[0]_tx_format = 2, item = 0
11-10 23:01:35.553 0 0 D msm_mi2s_tx_format_get: idx[1]_tx_format = 2, item = 0
11-10 23:01:35.553 0 0 D msm_mi2s_tx_format_get: idx[2]_tx_format = 6, item = 1
11-10 23:01:35.553 0 0 D msm_mi2s_tx_format_get: idx[3]_tx_format = 2, item = 0
11-10 23:01:35.553 0 0 D msm_mi2s_tx_format_get: idx[4]_tx_format = 2, item = 0
11-10 23:01:35.554 0 0 D msm_mi2s_tx_format_get: idx[5]_tx_format = 2, item = 0
11-10 23:01:35.554 0 0 D usb_audio_rx_ch_get: usb_audio_rx_ch = 2
11-10 23:01:35.555 0 0 D usb_audio_tx_ch_get: usb_audio_tx_ch = 1
11-10 23:01:35.555 0 0 D proxy_rx_ch_get: proxy_rx channels = 2
11-10 23:01:35.555 0 0 D tdm_rx_ch_get: tdm_rx_ch = 0, item = 0
11-10 23:01:35.558 0 0 I chatty : uid=0(root) logd identical 5 lines
11-10 23:01:35.558 0 0 D tdm_rx_ch_get: tdm_rx_ch = 0, item = 0
11-10 23:01:35.559 0 0 D tdm_tx_ch_get: tdm_tx_ch = 0, item = 0
11-10 23:01:35.560 0 0 I chatty : uid=0(root) logd identical 4 lines
11-10 23:01:35.561 0 0 D tdm_tx_ch_get: tdm_tx_ch = 0, item = 0
11-10 23:01:35.561 0 0 D msm_mi2s_rx_ch_get: msm_mi2s_[0]_rx_ch = 2
11-10 23:01:35.562 0 0 D msm_mi2s_rx_ch_get: msm_mi2s_[1]_rx_ch = 2
11-10 23:01:35.562 0 0 D msm_mi2s_rx_ch_get: msm_mi2s_[2]_rx_ch = 2
11-10 23:01:35.563 0 0 D msm_mi2s_rx_ch_get: msm_mi2s_[3]_rx_ch = 2
11-10 23:01:35.563 0 0 D msm_mi2s_rx_ch_get: msm_mi2s_[4]_rx_ch = 2
11-10 23:01:35.563 0 0 D msm_mi2s_rx_ch_get: msm_mi2s_[5]_rx_ch = 2
11-10 23:01:35.564 0 0 D msm_mi2s_tx_ch_get: msm_mi2s_[0]_tx_ch = 1
11-10 23:01:35.564 0 0 D msm_mi2s_tx_ch_get: msm_mi2s_[1]_tx_ch = 1
11-10 23:01:35.565 0 0 D msm_mi2s_tx_ch_get: msm_mi2s_[2]_tx_ch = 2
11-10 23:01:35.565 0 0 D msm_mi2s_tx_ch_get: msm_mi2s_[3]_tx_ch = 1
11-10 23:01:35.566 0 0 D msm_mi2s_tx_ch_get: msm_mi2s_[4]_tx_ch = 1
11-10 23:01:35.566 0 0 D msm_mi2s_tx_ch_get: msm_mi2s_[5]_tx_ch = 1
11-10 23:01:35.567 0 0 D ext_disp_rx_ch_get: ext_disp_rx[0].ch = 2
11-10 23:01:35.567 0 0 D ext_disp_rx_format_get: ext_disp_rx[0].format = 2, ucontrol value = 0
11-10 23:01:35.567 0 0 D ext_disp_rx_sample_rate_get: ext_disp_rx[0].sample_rate = 48000
11-10 23:01:35.568 0 0 D ext_disp_rx_ch_get: ext_disp_rx[1].ch = 2
11-10 23:01:35.568 0 0 D ext_disp_rx_format_get: ext_disp_rx[1].format = 2, ucontrol value = 0
11-10 23:01:35.568 0 0 D ext_disp_rx_sample_rate_get: ext_disp_rx[1].sample_rate = 48000
11-10 23:01:35.569 0 0 D msm_bt_sample_rate_get: sample rate = 8000
11-10 23:01:35.569 0 0 D msm_bt_sample_rate_rx_get: sample rate rx = 8000
11-10 23:01:35.569 0 0 D msm_bt_sample_rate_tx_get: sample rate tx = 8000
11-10 23:01:35.569 0 0 D afe_loopback_tx_ch_get: afe_loopback_tx_ch = 1
11-10 23:01:35.570 0 0 D msm_vi_feed_tx_ch_get: msm_vi_feed_tx_ch = 1
11-10 23:01:35.570 0 0 D cdc_dma_rx_format_get: cdc_dma_rx_format = 2, ucontrol value = 0
11-10 23:01:35.571 0 0 I chatty : uid=0(root) logd identical 4 lines
11-10 23:01:35.571 0 0 D cdc_dma_rx_format_get: cdc_dma_rx_format = 2, ucontrol value = 0
11-10 23:01:35.572 0 0 D cdc_dma_rx_sample_rate_get: cdc_dma_rx_sample_rate = 48000
11-10 23:01:35.574 0 0 I chatty : uid=0(root) logd identical 4 lines
11-10 23:01:35.575 0 0 D cdc_dma_rx_sample_rate_get: cdc_dma_rx_sample_rate = 48000
11-10 23:01:35.579 0 0 I sd 0 : 0:0:0: [sda] Synchronizing SCSI cache
11-10 23:01:35.588 0 0 D voice_itr_get_next_session: cur idx = 0 session idx = 7
11-10 23:01:35.588 0 0 D voice_itr_get_next_session: cur idx = 1 session idx = 7
11-10 23:01:35.588 0 0 D voice_itr_get_next_session: cur idx = 2 session idx = 7
11-10 23:01:35.588 0 0 D voice_itr_get_next_session: cur idx = 3 session idx = 7
11-10 23:01:35.588 0 0 D voice_itr_get_next_session: cur idx = 4 session idx = 7
11-10 23:01:35.588 0 0 D voice_itr_get_next_session: cur idx = 5 session idx = 7
11-10 23:01:35.588 0 0 D voice_itr_get_next_session: cur idx = 6 session idx = 7
11-10 23:01:35.588 0 0 D voice_itr_get_next_session: cur idx = 7 session idx = 7
11-10 23:01:35.588 0 0 D voice_itr_get_next_session: cur idx = 8 session idx = 7
11-10 23:01:35.588 0 0 D voice_itr_get_next_session: cur idx = 0 session idx = 7
11-10 23:01:35.588 0 0 D voice_itr_get_next_session: cur idx = 1 session idx = 7
11-10 23:01:35.588 0 0 D voice_itr_get_next_session: cur idx = 2 session idx = 7
11-10 23:01:35.588 0 0 D voice_itr_get_next_session: cur idx = 3 session idx = 7
11-10 23:01:35.588 0 0 D voice_itr_get_next_session: cur idx = 4 session idx = 7
11-10 23:01:35.588 0 0 D voice_itr_get_next_session: cur idx = 5 session idx = 7
11-10 23:01:35.588 0 0 D voice_itr_get_next_session: cur idx = 6 session idx = 7
11-10 23:01:35.588 0 0 D voice_itr_get_next_session: cur idx = 7 session idx = 7
11-10 23:01:35.588 0 0 D voice_itr_get_next_session: cur idx = 8 session idx = 7
11-10 23:01:35.588 0 0 D : voc_set_rx_vol_step session id = 0xffffffff vol = 0
11-10 23:01:35.588 0 0 D voice_itr_get_next_session: cur idx = 0 session idx = 7
11-10 23:01:35.588 0 0 D voice_itr_get_next_session: cur idx = 1 session idx = 7
11-10 23:01:35.588 0 0 D voice_itr_get_next_session: cur idx = 2 session idx = 7
11-10 23:01:35.588 0 0 D voice_itr_get_next_session: cur idx = 3 session idx = 7
11-10 23:01:35.588 0 0 D voice_itr_get_next_session: cur idx = 4 session idx = 7
11-10 23:01:35.588 0 0 D voice_itr_get_next_session: cur idx = 5 session idx = 7
11-10 23:01:35.588 0 0 D voice_itr_get_next_session: cur idx = 6 session idx = 7
11-10 23:01:35.588 0 0 D voice_itr_get_next_session: cur idx = 7 session idx = 7
11-10 23:01:35.588 0 0 D voice_itr_get_next_session: cur idx = 8 session idx = 7
11-10 23:01:35.588 0 0 D voc_get_session_id: VoIP session has session id 0x10004000
11-10 23:01:35.588 0 0 D voice_itr_get_next_session: cur idx = 1 session idx = 1
11-10 23:01:35.588 0 0 D voice_itr_get_next_session: cur idx = 2 session idx = 1
11-10 23:01:35.588 0 0 D voc_get_session_id: VoIP session has session id 0x10004000
11-10 23:01:35.588 0 0 D : voc_set_rx_vol_step session id = 0x10004000 vol = 0
11-10 23:01:35.588 0 0 D voice_itr_get_next_session: cur idx = 1 session idx = 1
11-10 23:01:35.588 0 0 D voice_itr_get_next_session: cur idx = 2 session idx = 1
11-10 23:01:35.590 18295 18326 I chatty : uid=1000 system_server expire 1 line
11-10 23:01:35.595 0 0 E [ELUS] : process_diagnostics_msg() size:460
11-10 23:01:35.596 0 0 E elliptic_system_configuration_param_put: reg: 0 shift: 4 val: 0
11-10 23:01:35.596 0 0 E [ELUS] : process_diagnostics_msg() size:460
11-10 23:01:35.598 0 0 E [ELUS] : (elliptic_ultrasound_rx_port_set) : ultrasound_rx_port: enable=0 ret=0
11-10 23:01:35.598 0 0 D msm_dai_q6_cal_info_put: setting cal_mode to 0
11-10 23:01:35.599 0 0 D msm_dai_q6_cal_info_put: setting cal_mode to 0
11-10 23:01:35.602 18295 18310 I chatty : uid=1000 system_server expire 1 line
11-10 23:01:35.606 0 0 D [tfa98xx] tfa98xx_set_profile(): selected container profile [0]
11-10 23:01:35.606 0 0 D msm_dai_q6_cal_info_put: setting cal_mode to 1
11-10 23:01:35.606 0 0 D msm_dai_q6_cal_info_put: setting cal_mode to 1
11-10 23:01:35.632 0 0 D voice_get_session: session_id 0x10c01000 session handle 0000000000000000
11-10 23:01:35.632 0 0 D voc_get_cvd_version: Returning the cached value 2.4
11-10 23:01:35.633 0 0 E wcdcal_hwdep_ioctl_shared: codec didn't set this 0!!
11-10 23:01:35.633 0 0 E wcdcal_hwdep_ioctl_shared: codec didn't set this 3!!
11-10 23:01:35.636 0 0 D msm_dai_q6_afe_enc_cfg_put: Received encoder config for 0 format
11-10 23:01:35.636 0 0 D msm_dai_q6_afe_enc_cfg_put: Ignore enc config for unknown format = 0
11-10 23:01:35.637 0 0 D msm_dai_q6_afe_input_bit_format_put: updating afe input bit format : 2
11-10 23:01:35.637 0 0 D msm_dai_q6_afe_feedback_dec_cfg_put: abr_dec_cfg for 0 format
11-10 23:01:35.637 0 0 D msm_dai_q6_afe_feedback_dec_cfg_put: no afe_dec_cfg for format 0
11-10 23:01:35.638 0 0 D cdc_dma_rx_format_get: cdc_dma_rx_format = 2, ucontrol value = 0
11-10 23:01:35.639 0 0 D cdc_dma_rx_sample_rate_get: cdc_dma_rx_sample_rate = 48000
11-10 23:01:35.640 0 0 D cdc_dma_rx_format_get: cdc_dma_rx_format = 2, ucontrol value = 0
11-10 23:01:35.640 0 0 D cdc_dma_rx_sample_rate_get: cdc_dma_rx_sample_rate = 48000
11-10 23:01:35.641 0 0 D msm_mi2s_rx_format_get: idx[2]_rx_format = 6, item = 1
11-10 23:01:35.642 0 0 D mi2s_rx_sample_rate_get: idx[2]_rx_sample_rate = 96000, item = 8
11-10 23:01:35.642 0 0 D msm_mi2s_rx_ch_get: msm_mi2s_[2]_rx_ch = 2
11-10 23:01:35.643 0 0 D ext_disp_rx_format_get: ext_disp_rx[0].format = 2, ucontrol value = 0
11-10 23:01:35.643 0 0 D ext_disp_rx_sample_rate_get: ext_disp_rx[0].sample_rate = 48000
11-10 23:01:35.644 0 0 D ext_disp_rx_ch_get: ext_disp_rx[0].ch = 2
11-10 23:01:35.644 0 0 D ext_disp_rx_format_get: ext_disp_rx[1].format = 2, ucontrol value = 0
11-10 23:01:35.645 0 0 D ext_disp_rx_sample_rate_get: ext_disp_rx[1].sample_rate = 48000
11-10 23:01:35.645 0 0 D ext_disp_rx_ch_get: ext_disp_rx[1].ch = 2
11-10 23:01:35.646 0 0 D usb_audio_rx_format_get: usb_audio_rx_format = 6, ucontrol value = 1
11-10 23:01:35.647 0 0 D usb_audio_rx_sample_rate_get: usb_audio_rx_sample_rate = 48000
11-10 23:01:35.648 0 0 D usb_audio_rx_ch_get: usb_audio_rx_ch = 2
11-10 23:01:35.648 0 0 D cdc_dma_tx_format_get: cdc_dma_tx_format = 2, ucontrol value = 0
11-10 23:01:35.649 0 0 D cdc_dma_tx_sample_rate_get: cdc_dma_tx_sample_rate = 48000
11-10 23:01:35.649 0 0 D usb_audio_tx_format_get: usb_audio_tx_format = 2, ucontrol value = 0
11-10 23:01:35.650 0 0 D usb_audio_tx_sample_rate_get: usb_audio_tx_sample_rate = 48000
11-10 23:01:35.650 0 0 D usb_audio_tx_ch_get: usb_audio_tx_ch = 1
11-10 23:01:35.651 0 0 D msm_mi2s_tx_format_get: idx[3]_tx_format = 2, item = 0
11-10 23:01:35.652 0 0 D mi2s_tx_sample_rate_get: idx[3]_tx_sample_rate = 48000, item = 6
11-10 23:01:35.652 0 0 D msm_mi2s_tx_ch_get: msm_mi2s_[3]_tx_ch = 1
11-10 23:01:35.653 0 0 D cdc_dma_tx_format_get: cdc_dma_tx_format = 2, ucontrol value = 0
11-10 23:01:35.654 0 0 D cdc_dma_tx_sample_rate_get: cdc_dma_tx_sample_rate = 96000
11-10 23:01:35.654 0 0 D cdc_dma_tx_format_get: cdc_dma_tx_format = 2, ucontrol value = 0
11-10 23:01:35.654 0 0 D cdc_dma_tx_sample_rate_get: cdc_dma_tx_sample_rate = 96000
11-10 23:01:35.661 18295 18388 I chatty : uid=1000 system_server expire 6 lines
11-10 23:01:35.663 0 0 W healthd : battery l=39 v=3776 t=33.0 h=2 st=2 c=723 fc=4280000 cc=9 tl=7 chg=u
11-10 23:01:35.670 0 0 W healthd : battery l=39 v=3776 t=33.0 h=2 st=2 c=723 fc=4280000 cc=9 tl=7 chg=u
11-10 23:01:35.670 0 0 I [ELUS] : (elliptic_data_print_debug_counters) : user space reads / isr writes : 3632 / 3633
11-10 23:01:35.670 0 0 I [ELUS] : (elliptic_data_print_debug_counters) : total isr fifo discarded frame count : 0
11-10 23:01:35.670 0 0 I [ELUS] : (device_close) : Closed device elliptic0
11-10 23:01:35.678 0 0 W healthd : battery l=39 v=3776 t=33.0 h=2 st=2 c=723 fc=4280000 cc=9 tl=7 chg=u
11-10 23:01:35.678 0 0 I chatty : uid=0(root) logd identical 1 line
11-10 23:01:35.683 0 0 W healthd : battery l=39 v=3776 t=33.0 h=2 st=2 c=723 fc=4280000 cc=9 tl=7 chg=u
11-10 23:01:35.691 18295 18401 I chatty : uid=1000 system_server expire 3 lines
11-10 23:01:35.692 18295 18402 I chatty : uid=1000 system_server expire 5 lines
11-10 23:01:35.781 18295 18412 I chatty : uid=1000 system_server expire 3 lines
11-10 23:01:35.787 18295 18416 I chatty : uid=1000 system_server expire 2 lines
11-10 23:01:35.837 18295 18423 I chatty : uid=1000 system_server expire 4 lines
11-10 23:01:35.841 18295 18424 I chatty : uid=1000 system_server expire 1 line
11-10 23:01:35.846 18295 18426 I chatty : uid=1000 system_server expire 2 lines
11-10 23:01:36.033 0 0 I AidlLazyServiceRegistrar: Process has 1 (of 1 available) client(s) in use after notification android.apex.IApexService has clients: 1
11-10 23:01:36.033 0 0 I AidlLazyServiceRegistrar: Process has 0 (of 1 available) client(s) in use after notification android.apex.IApexService has clients: 0
11-10 23:01:36.033 0 0 I AidlLazyServiceRegistrar: Shutdown prevented by forcePersist override flag.
11-10 23:01:36.568 18295 18309 I chatty : uid=1000 system_server expire 1 line
11-10 23:01:36.748 0 0 I : read descriptors
11-10 23:01:36.748 0 0 I : read strings
11-10 23:01:36.748 0 0 I : read descriptors
11-10 23:01:36.748 0 0 I : read strings
11-10 23:01:36.753 0 0 I : acc_open
11-10 23:01:36.753 0 0 I : acc_release
11-10 23:01:36.758 18295 18346 I chatty : uid=1000 system_server expire 1 line
11-10 23:01:36.770 18295 18436 I chatty : uid=1000 system_server expire 1 line
11-10 23:01:36.803 0 0 I [ELUS] : (device_open) : Opened device elliptic0
11-10 23:01:36.806 0 0 E elliptic_system_configuration_param_put: reg: 0 shift: 4 val: 402
11-10 23:01:36.809 0 0 E [ELUS] : (elliptic_ultrasound_rx_port_set) : ultrasound_rx_port: enable=0 ret=0
11-10 23:01:36.821 0 0 E elliptic_system_configuration_param_put: reg: 0 shift: 23 val: 1
11-10 23:01:36.823 0 0 E elliptic_system_configuration_param_put: reg: 0 shift: 8 val: 1
11-10 23:01:36.823 0 0 E [ELUS] : (elliptic_system_configuration_param_put) : ELLIPTIC_SYSTEM_CONFIGURATION_CUSTOM_SETTING_XX csi:1
11-10 23:01:36.823 0 0 E [ELUS] : (elliptic_system_configuration_param_put) : ucontrol->value.integer.value[0]:1
11-10 23:01:36.823 0 0 E [ELUS] : (elliptic_system_configuration_param_put) : calling elliptic_data_write(custom_setting) csi:1
11-10 23:01:36.830 0 0 D msm_be_hw_params_fixup: dai_id= 196, format = 2, rate = 96000
11-10 23:01:36.830 0 0 D msm_snd_cdc_dma_hw_params: id 5 tx_ch=1
11-10 23:01:36.830 0 0 D msm-dai-cdc-dma-dev soc: qcom,msm-dai-cdc-dma:qcom,msm-dai-tx-cdc-dma-4-tx: msm_dai_q6_cdc_dma_set_channel_map: id = 45113
11-10 23:01:36.830 0 0 D msm-dai-cdc-dma-dev soc: qcom,msm-dai-cdc-dma:qcom,msm-dai-tx-cdc-dma-4-tx: msm_dai_q6_cdc_dma_set_channel_map: CDC_DMA_45113_ch cnt[1] ch mask[0x10]
11-10 23:01:36.830 0 0 D msm_be_hw_params_fixup: dai_id= 196, format = 2, rate = 96000
11-10 23:01:36.830 0 0 D msm_be_hw_params_fixup: dai_id= 196, format = 2, rate = 96000
11-10 23:01:36.830 0 0 D msm-dai-cdc-dma-dev soc: qcom,msm-dai-cdc-dma:qcom,msm-dai-tx-cdc-dma-4-tx: msm_dai_q6_cdc_dma_hw_params: bit_wd[16] format[0]
11-10 23:01:36.830 0 0 D : num_channel 1 sample_rate 96000
11-10 23:01:36.833 0 0 I [CSPL] crus_afe_port_start: 0xb039
11-10 23:01:36.834 0 0 D wcd938x_codec wcd938x-codec: __wcd938x_codec_enable_micbias: wname: MIC BIAS3, event: 1
11-10 23:01:36.835 0 0 D wcd938x_codec wcd938x-codec: wcd938x_micbias_control: micb_num:3, micb_ref: 1, pullup_ref: 0
11-10 23:01:36.835 0 0 D wcd938x_codec wcd938x-codec: __wcd938x_codec_enable_micbias: wname: MIC BIAS1, event: 1
11-10 23:01:36.835 0 0 D wcd938x_codec wcd938x-codec: wcd938x_micbias_control: micb_num:1, micb_ref: 1, pullup_ref: 0
11-10 23:01:36.835 0 0 D wcd938x_codec wcd938x-codec: __wcd938x_codec_enable_micbias: wname: MIC BIAS3, event: 2
11-10 23:01:36.836 0 0 D wcd938x_codec wcd938x-codec: __wcd938x_codec_enable_micbias: wname: MIC BIAS1, event: 2
11-10 23:01:36.844 0 0 I bolero-codec soc: qcom,msm-audio-apr:qcom,q6core-audio:bolero-cdc: tx_macro_enable_dec: the reg(0x60c) value before enable dec is: 0x0
11-10 23:01:36.844 0 0 I bolero-codec soc: qcom,msm-audio-apr:qcom,q6core-audio:bolero-cdc: tx_macro_enable_dec: the reg(0x60c) value after enable dec is: 0x0
11-10 23:01:36.844 0 0 D wcd938x_codec wcd938x-codec: wcd938x_enable_req wname: ADC1 REQ event: 1
11-10 23:01:36.845 0 0 D wcd938x_codec wcd938x-codec: wcd938x_enable_req wname: ADC3 REQ event: 1
11-10 23:01:36.846 0 0 D wcd938x_codec wcd938x-codec: wcd938x_enable_req wname: ADC4 REQ event: 1
11-10 23:01:36.847 0 0 D wcd938x_codec wcd938x-codec: wcd938x_tx_connect_port slv_ch_idx: 0, mstr_ch_type: 34
11-10 23:01:36.847 0 0 D wcd938x_codec wcd938x-codec: wcd938x_tx_connect_port slv_ch_idx: 2, mstr_ch_type: 42
11-10 23:01:36.847 0 0 D wcd938x_codec wcd938x-codec: wcd938x_tx_connect_port slv_ch_idx: 3, mstr_ch_type: 43
11-10 23:01:36.847 0 0 D wcd938x_codec wcd938x-codec: wcd938x_codec_enable_adc wname: ADC1 event: 1
11-10 23:01:36.852 0 0 D wcd938x_codec wcd938x-codec: wcd938x_codec_enable_adc wname: ADC3 event: 1
11-10 23:01:36.853 0 0 D wcd938x_codec wcd938x-codec: wcd938x_codec_enable_adc wname: ADC4 event: 1
11-10 23:01:36.859 0 0 D lahaina-asoc-snd soc: qcom,msm-audio-apr:qcom,q6core-audio:sound: msm_mi2s_snd_startup: substream = subdevice #0 stream = 1, dai name Tertiary MI2S, dai ID 2
11-10 23:01:36.859 0 0 D lahaina-asoc-snd soc: qcom,msm-audio-apr:qcom,q6core-audio:sound: msm_mi2s_set_sclk: clock rate 6144000l
11-10 23:01:36.860 0 0 D msm_be_hw_params_fixup: dai_id= 46, format = 32, rate = 48000
11-10 23:01:36.860 0 0 D msm_be_hw_params_fixup: dai_id= 46, format = 6, rate = 96000
11-10 23:01:36.860 0 0 D msm_be_hw_params_fixup: dai_id= 46, format = 6, rate = 96000
11-10 23:01:36.860 0 0 D msm-dai-q6-mi2s soc: qcom,msm-dai-mi2s:qcom,msm-dai-q6-mi2s-tert: msm_dai_q6_mi2s_hw_params: dai id 2 dai_data->channels = 2
11-10 23:01:36.860 0 0 D : sample_rate = 96000 i2s_cfg_minor_version = 0x1
11-10 23:01:36.860 0 0 D : bit_width = 24 channel_mode = 0x1 mono_stereo = 0x1
11-10 23:01:36.860 0 0 D : ws_src = 0x1 sample_rate = 96000 data_format = 0x0
11-10 23:01:36.860 0 0 D : reserved = 0
11-10 23:01:36.860 0 0 D msm_mi2s_get_port_id: port_id = 0x1005
11-10 23:01:36.860 0 0 D msm-dai-q6-mi2s soc: qcom,msm-dai-mi2s:qcom,msm-dai-q6-mi2s-tert: msm_dai_q6_mi2s_prepare: dai id 2, afe port id = 0x1005
11-10 23:01:36.860 0 0 D : dai_data->channels = 2 sample_rate = 96000
11-10 23:01:36.860 0 0 I afe_get_cal_topology_id: port_id = 0x1005 acdb_id = 102 topology_id = 0x1000b909 cal_type_index=8 ret=0
11-10 23:01:36.860 18295 18295 I SystemServerTiming: OnBootPhase_480_com.android.server.people.PeopleService
11-10 23:01:36.860 18295 18295 I SystemServerTiming: OnBootPhase_480_com.android.server.media.projection.MediaProjectionManagerService
11-10 23:01:36.860 18295 18295 I SystemServerTiming: OnBootPhase_480_com.android.server.slice.SliceManagerService$Lifecycle
11-10 23:01:36.860 18295 18295 I SystemServerTiming: OnBootPhase_480_com.android.server.camera.CameraServiceProxy
11-10 23:01:36.860 18295 18295 I SystemServerTiming: OnBootPhase_480_com.android.server.stats.StatsCompanion$Lifecycle
11-10 23:01:36.860 0 0 I afe_send_hw_delay: port_id 0x1005 rate 96000 delay_usec 289 status 0
11-10 23:01:36.860 18295 18295 I SystemServerTiming: OnBootPhase_480_com.android.server.stats.pull.StatsPullAtomService
11-10 23:01:36.860 18295 18295 I SystemServerTiming: OnBootPhase_480_com.android.server.incident.IncidentCompanionService
11-10 23:01:36.860 18295 18295 I SystemServerTiming: OnBootPhase_480_com.android.server.MmsServiceBroker
11-10 23:01:36.860 18295 18295 I SystemServerTiming: OnBootPhase_480_com.android.server.autofill.AutofillManagerService
11-10 23:01:36.860 18295 18295 I SystemServerTiming: OnBootPhase_480_com.android.server.clipboard.ClipboardService
11-10 23:01:36.860 18295 18295 I SystemServerTiming: OnBootPhase_480_com.android.server.appbinding.AppBindingService$Lifecycle
11-10 23:01:36.860 18295 18295 I SystemServerTiming: OnBootPhase_480_org.lineageos.platform.internal.ProfileManagerService
11-10 23:01:36.860 18295 18295 I SystemServerTiming: OnBootPhase_480_org.lineageos.platform.internal.LineageHardwareService
11-10 23:01:36.860 18295 18295 I SystemServerTiming: OnBootPhase_480_org.lineageos.platform.internal.PerformanceManagerService
11-10 23:01:36.860 18295 18295 I SystemServerTiming: OnBootPhase_480_org.lineageos.platform.internal.display.LiveDisplayService
11-10 23:01:36.860 18295 18295 I SystemServerTiming: OnBootPhase_480_org.lineageos.platform.internal.LineageAudioService
11-10 23:01:36.860 18295 18295 I SystemServerTiming: OnBootPhase_480_org.lineageos.platform.internal.TrustInterfaceService
11-10 23:01:36.860 18295 18295 I SystemServerTiming: OnBootPhase_480_org.lineageos.platform.internal.LineageSettingsService
11-10 23:01:36.860 18295 18295 I SystemServerTiming: OnBootPhase_480_org.lineageos.platform.internal.LineageGlobalActionsService
11-10 23:01:36.860 18295 18295 I SystemServerTiming: StartBootPhaseSystemServicesReady
11-10 23:01:36.860 18295 18295 I SystemServiceManager: Starting phase 500
11-10 23:01:36.861 18295 18295 I SystemServerTiming: OnBootPhase_500
11-10 23:01:36.861 18295 18295 I SystemServerTiming: OnBootPhase_500_com.android.server.security.FileIntegrityService
11-10 23:01:36.861 18295 18295 I SystemServerTiming: OnBootPhase_500_com.android.server.pm.Installer
11-10 23:01:36.861 18295 18295 I SystemServerTiming: OnBootPhase_500_com.android.server.os.DeviceIdentifiersPolicyService
11-10 23:01:36.861 18295 18295 I SystemServerTiming: OnBootPhase_500_com.android.server.uri.UriGrantsManagerService$Lifecycle
11-10 23:01:36.861 18295 18295 I SystemServerTiming: OnBootPhase_500_com.android.server.wm.ActivityTaskManagerService$Lifecycle
11-10 23:01:36.861 18295 18295 I SystemServerTiming: OnBootPhase_500_com.android.server.am.ActivityManagerService$Lifecycle
11-10 23:01:36.861 18295 18295 I SystemServerTiming: OnBootPhase_500_com.android.server.pm.DataLoaderManagerService
11-10 23:01:36.861 18295 18295 I SystemServerTiming: OnBootPhase_500_com.android.server.power.PowerManagerService
11-10 23:01:36.861 18295 18295 I SystemServerTiming: OnBootPhase_500_com.android.server.power.ThermalManagerService
11-10 23:01:36.861 18295 18295 I SystemServerTiming: OnBootPhase_500_com.android.server.recoverysystem.RecoverySystemService$Lifecycle
11-10 23:01:36.861 18295 18295 I SystemServerTiming: OnBootPhase_500_com.android.server.lights.LightsService
11-10 23:01:36.861 18295 18295 I SystemServerTiming: OnBootPhase_500_com.android.server.display.DisplayManagerService
11-10 23:01:36.861 18295 18295 I SystemServerTiming: OnBootPhase_500_com.android.server.pm.UserManagerService$LifeCycle
11-10 23:01:36.861 18295 18295 I SystemServerTiming: OnBootPhase_500_com.android.server.om.OverlayManagerService
11-10 23:01:36.861 18295 18295 I SystemServerTiming: OnBootPhase_500_com.android.server.SensorPrivacyService
11-10 23:01:36.861 18295 18295 I SystemServerTiming: OnBootPhase_500_com.android.server.SystemConfigService
11-10 23:01:36.861 18295 18295 I SystemServerTiming: OnBootPhase_500_com.android.server.BatteryService
11-10 23:01:36.861 18295 18295 I SystemServerTiming: OnBootPhase_500_com.android.server.usage.UsageStatsService
11-10 23:01:36.862 18295 18295 D AppStandbyController: Setting app idle enabled state
11-10 23:01:36.862 18295 18295 E HistoricalRegistry: Interaction before persistence initialized
11-10 23:01:36.862 18295 18295 I SystemServerTiming: OnBootPhase_500_com.android.server.webkit.WebViewUpdateService
11-10 23:01:36.862 18295 18295 I SystemServerTiming: OnBootPhase_500_com.android.server.CachedDeviceStateService
11-10 23:01:36.862 18295 18295 I SystemServerTiming: OnBootPhase_500_com.android.server.BinderCallsStatsService$LifeCycle
11-10 23:01:36.864 0 0 I [CSPL] crus_afe_port_start: 0x1005
11-10 23:01:36.864 0 0 D msm-dai-q6-mi2s soc: qcom,msm-dai-mi2s:qcom,msm-dai-q6-mi2s-tert: msm_dai_q6_mi2s_prepare: set hwfree_status to started
11-10 23:01:36.865 18295 18295 I SystemServerTiming: OnBootPhase_500_com.android.server.LooperStatsService$Lifecycle
11-10 23:01:36.865 18295 18295 I SystemServerTiming: OnBootPhase_500_com.android.server.rollback.RollbackManagerService
11-10 23:01:36.865 18295 18295 I SystemServerTiming: OnBootPhase_500_com.android.server.os.BugreportManagerService
11-10 23:01:36.865 18295 18295 I SystemServerTiming: OnBootPhase_500_com.android.server.gpu.GpuService
11-10 23:01:36.865 18295 18295 I SystemServerTiming: OnBootPhase_500_com.android.server.security.KeyChainSystemService
11-10 23:01:36.865 18295 18295 I SystemServerTiming: OnBootPhase_500_com.android.server.telecom.TelecomLoaderService
11-10 23:01:36.865 18295 18295 I SystemServerTiming: OnBootPhase_500_com.android.server.accounts.AccountManagerService$Lifecycle
11-10 23:01:36.865 18295 18295 I SystemServerTiming: OnBootPhase_500_com.android.server.content.ContentService$Lifecycle
11-10 23:01:36.865 18295 18295 I SystemServerTiming: OnBootPhase_500_com.android.server.DropBoxManagerService
11-10 23:01:36.865 18295 18295 I SystemServerTiming: OnBootPhase_500_com.android.server.AlarmManagerService
11-10 23:01:36.866 18295 18295 I SystemServerTiming: OnBootPhase_500_com.android.server.BluetoothService
11-10 23:01:36.866 18295 18295 I SystemServerTiming: OnBootPhase_500_com.android.server.connectivity.IpConnectivityMetrics
11-10 23:01:36.867 18295 18295 I SystemServerTiming: OnBootPhase_500_com.android.server.net.watchlist.NetworkWatchlistService$Lifecycle
11-10 23:01:36.867 18295 18295 I SystemServerTiming: OnBootPhase_500_com.android.server.PinnerService
11-10 23:01:36.867 18295 18295 I SystemServerTiming: OnBootPhase_500_com.google.android.startop.iorap.IorapForwardingService
11-10 23:01:36.867 18295 18295 I SystemServerTiming: OnBootPhase_500_com.android.server.wm.AppLockService
11-10 23:01:36.867 18295 18295 V AppLockService_AppLock: onBootPhase PHASE_SYSTEM_SERVICES_READY
11-10 23:01:36.867 18295 18295 I SystemServerTiming: OnBootPhase_500_com.android.server.integrity.AppIntegrityManagerService
11-10 23:01:36.868 18295 18295 I SystemServerTiming: OnBootPhase_500_com.android.server.inputmethod.InputMethodManagerService$Lifecycle
11-10 23:01:36.868 18295 18295 I SystemServerTiming: OnBootPhase_500_com.android.server.accessibility.AccessibilityManagerService$Lifecycle
11-10 23:01:36.868 18295 18295 I SystemServerTiming: OnBootPhase_500_com.android.server.StorageManagerService$Lifecycle
11-10 23:01:36.868 18295 18295 I SystemServerTiming: OnBootPhase_500_com.android.server.usage.StorageStatsService$Lifecycle
11-10 23:01:36.868 18295 18295 I SystemServerTiming: OnBootPhase_500_com.android.server.UiModeManagerService
11-10 23:01:36.869 18295 18295 I ActivityTaskManager: Config changes=200 {1.0 ?mcc?mnc [ja_JP] ldltr sw392dp w392dp h786dp 440dpi nrml long port night finger -keyb/h/h -nav/h winConfig={ mBounds=Rect(0, 0 - 1080, 2400) mAppBounds=Rect(0, 104 - 1080, 2268) mWindowingMode=fullscreen mDisplayWindowingMode=fullscreen mActivityType=undefined mAlwaysOnTop=undefined mRotation=ROTATION_0} s.6}
11-10 23:01:36.869 18295 18322 D PinnerService: pinRangeStream: null
11-10 23:01:36.870 0 0 D [tfa98xx] tfa98xx_set_profile(): selected container profile [1]
