11-10 23:01:50.734 19114 19114 W Zygote : Class not found for preloading: android.app.-$$Lambda$ActivityTransitionState$yioLR6wQWjZ9DcWK5bibElIbsXc
11-10 23:01:50.734 19114 19114 W Zygote : Class not found for preloading: android.app.-$$Lambda$AppOpsManager$4Zbi7CSLEt0nvOmfJBVYtJkauTQ
11-10 23:01:50.734 19114 19114 W Zygote : Class not found for preloading: android.app.-$$Lambda$AppOpsManager$HistoricalOp$DkVcBvqB32SMHlxw0sWQPh3GL1A
11-10 23:01:50.734 19114 19114 W Zygote : Class not found for preloading: android.app.-$$Lambda$AppOpsManager$HistoricalOp$HUOLFYs8TiaQIOXcrq6JzjxA6gs
11-10 23:01:50.734 19114 19114 W Zygote : Class not found for preloading: android.app.-$$Lambda$AppOpsManager$HistoricalOp$Vs6pDL0wjOBTquwNnreWVbPQrn4
11-10 23:01:50.734 19114 19114 W Zygote : Class not found for preloading: android.app.-$$Lambda$AppOpsManager$frSyqmhVUmNbhMckfMS3PSwTMlw
11-10 23:01:50.734 19114 19114 W Zygote : Class not found for preloading: android.app.-$$Lambda$Dialog$zXRzrq3I7H1_zmZ8d_W7t2CQN0I
11-10 23:01:50.734 19191 19191 D CompatibilityChangeReporter: Compat change id reported: 148180766; UID 1000; state: ENABLED
11-10 23:01:50.734 19114 19114 W Zygote : Class not found for preloading: android.app.-$$Lambda$FragmentTransition$jurn0WXuKw3bRQ_2d5zCWdeZWuI
11-10 23:01:50.734 19114 19114 W Zygote : Class not found for preloading: android.app.-$$Lambda$LoadedApk$ReceiverDispatcher$Args$_BumDX2UKsnxLVrE6UJsJZkotuA
11-10 23:01:50.734 19114 19114 W Zygote : Class not found for preloading: android.app.-$$Lambda$Notification$hOCsSZH8tWalFSbIzQ9x9IcPa9M
11-10 23:01:50.734 19114 19114 W Zygote : Class not found for preloading: android.app.-$$Lambda$ResourcesManager$QJ7UiVk_XS90KuXAsIjIEym1DnM
11-10 23:01:50.734 19114 19114 W Zygote : Class not found for preloading: android.app.-$$Lambda$SharedPreferencesImpl$EditorImpl$3CAjkhzA131V3V-sLfP2uy0FWZ0
11-10 23:01:50.734 19114 19114 W Zygote : Class not found for preloading: android.app.-$$Lambda$SystemServiceRegistry$16$s6mZ42tuGUunhKa_5iwjLY5FGdM
11-10 23:01:50.734 19114 19114 W Zygote : Class not found for preloading: android.app.-$$Lambda$WallpaperManager$Globals$1AcnQUORvPlCjJoNqdxfQT4o4Nw
11-10 23:01:50.734 19114 19114 W Zygote : Class not found for preloading: android.app.-$$Lambda$WallpaperManager$Globals$2yG7V1sbMECCnlFTLyjKWKqNoYI
11-10 23:01:50.734 19114 19114 W Zygote : Class not found for preloading: android.app.-$$Lambda$ZsFzoG2loyqNOR2cNbo-thrNK5c
11-10 23:01:50.734 19114 19114 W Zygote : Class not found for preloading: android.app.-$$Lambda$oslF4K8Uk6v-6nTRoaEpCmfAptE
11-10 23:01:50.734 19114 19114 W Zygote : Class not found for preloading: android.app.-$$Lambda$thfU5Zh-cKOR8p7IfITtlg111Go
11-10 23:01:50.735 19191 19191 I SystemServerTiming: StartContentService
11-10 23:01:50.735 19191 19191 I SystemServiceManager: Starting com.android.server.content.ContentService$Lifecycle
11-10 23:01:50.735 19191 19191 I SystemServerTiming: InstallSystemProviders
11-10 23:01:50.736 19112 19121 E EffectsFactoryConfigLoader: Could not find library in effect directories: libozoprocessing.so
11-10 23:01:50.737 19112 19121 E EffectsFactoryConfigLoader: Error querying effect 7d1580bd-297f-4683-9239-e475b6d1d69f on lib offload_bundle
11-10 23:01:50.737 19112 19121 D volume_listener: init_once Called
11-10 23:01:50.737 19112 19121 D volume_listener: init_once: using custome volume table
11-10 23:01:50.737 19112 19121 I EffectMiSound: MiSoundLib_GetDescriptor() start
11-10 23:01:50.737 19112 19121 E EffectsFactoryConfigLoader: Could not find library ozo_processing to load effect ozo
11-10 23:01:50.737 19112 19121 E EffectsFactoryConfigLoader: 3 errors during loading of configuration: /vendor/etc/audio/sku_shima/audio_effects.xml
11-10 23:01:50.737 19112 19121 E EffectsFactory: Effect config is partially invalid, skipped 3 elements
11-10 23:01:50.737 19115 19115 I BufferProvider: found effect "Multichannel Downmix To Stereo" from The Android Open Source Project
11-10 23:01:50.737 19115 19115 E AudioFlinger: Failed to add event callback
11-10 23:01:50.738 19112 19112 D audio_hw_primary: adev_get_parameters:routing=1;supEncapsulationMetadataTypes;supEncapsulationModes
11-10 23:01:50.738 19112 19112 D soundtrigger: audio_extn_sound_trigger_get_parameters input string
11-10 23:01:50.738 19112 19112 D soundtrigger: extract_sm_handle input string param string
11-10 23:01:50.738 19112 19112 D audio_hw_extn: audio_extn_get_parameters: returns
11-10 23:01:50.738 19112 19112 V msm8974_platform: platform_get_parameters: exit: returns -
11-10 23:01:50.738 19112 19112 D audio_hw_primary: adev_get_parameters:routing=2;supEncapsulationMetadataTypes;supEncapsulationModes
11-10 23:01:50.738 19112 19112 D soundtrigger: audio_extn_sound_trigger_get_parameters input string
11-10 23:01:50.738 19112 19112 D soundtrigger: extract_sm_handle input string param string
11-10 23:01:50.738 19112 19112 D audio_hw_extn: audio_extn_get_parameters: returns
11-10 23:01:50.738 19112 19112 V msm8974_platform: platform_get_parameters: exit: returns -
11-10 23:01:50.738 19191 19191 I system_server: The ClassLoaderContext is a special shared library.
11-10 23:01:50.740 19191 19226 W KernelCpuProcStringReader: File not found. It's normal if not implemented: /proc/uid_time_in_state
11-10 23:01:50.740 19191 19226 W KernelCpuProcStringReader: File not found. It's normal if not implemented: /proc/uid_concurrent_active_time
11-10 23:01:50.740 19191 19226 W KernelCpuProcStringReader: File not found. It's normal if not implemented: /proc/uid_concurrent_policy_time
11-10 23:01:50.740 19114 19114 W Zygote : Class not found for preloading: android.app.admin.-$$Lambda$DevicePolicyManager$aBAov4sAc4DWENs1-hCXh31NAg0
11-10 23:01:50.740 19114 19114 W Zygote : Class not found for preloading: android.app.admin.-$$Lambda$DevicePolicyManager$w2TynM9H41ejac4JVpNbnemNVWk
11-10 23:01:50.740 19114 19114 W Zygote : Class not found for preloading: android.app.admin.-$$Lambda$pWaRScwKTZTgGW4Wa_v5R_pKBDU
11-10 23:01:50.741 19115 19295 I AudioFlinger: AudioFlinger's thread 0xb400007bde672040 tid=19295 ready to run
11-10 23:01:50.741 19115 19295 W AudioFlinger: no wake lock to update, system not ready yet
11-10 23:01:50.741 19115 19295 D AudioFlinger: ro.audio.silent is ignored since no output device is set
11-10 23:01:50.741 19112 19121 D audio_hw_primary: out_standby: enter: stream (0xf38821a0) usecase(1: low-latency-playback)
11-10 23:01:50.741 19114 19114 W Zygote : Class not found for preloading: android.app.blob.-$$Lambda$BlobStoreManagerFrameworkInitializer$WjSRSHMmxWPF4Fq-7TpX23MBh2U
11-10 23:01:50.741 19114 19114 W Zygote : Class not found for preloading: android.app.job.-$$Lambda$FpGlzN9oJcl8o5soW-gU-DyTvXM
11-10 23:01:50.741 19114 19114 W Zygote : Class not found for preloading: android.app.job.-$$Lambda$JobSchedulerFrameworkInitializer$PtYe8PQc1PVJQXRnpm3iSxcWTR0
11-10 23:01:50.741 19114 19114 W Zygote : Class not found for preloading: android.app.job.-$$Lambda$JobSchedulerFrameworkInitializer$RHUxgww0pZFMmfQWKgaRAx0YFqA
11-10 23:01:50.741 19114 19114 W Zygote : Class not found for preloading: android.app.prediction.-$$Lambda$1lqxDplfWlUwgBrOynX9L0oK_uA
11-10 23:01:50.742 19114 19114 W Zygote : Class not found for preloading: android.app.role.-$$Lambda$9DeAxmM9lUVr3-FTSefyo-BW8DY
11-10 23:01:50.742 19114 19114 W Zygote : Class not found for preloading: android.app.role.-$$Lambda$RoleControllerManager$Jsb4ev7pHUqel8_lglNSRLiUzpg
11-10 23:01:50.742 19114 19114 W Zygote : Class not found for preloading: android.app.role.-$$Lambda$RoleControllerManager$hbh627Rh8mtJykW3vb1FWR34mIQ
11-10 23:01:50.742 19114 19114 W Zygote : Class not found for preloading: android.app.role.-$$Lambda$RoleControllerManager$mCMKfoPdye0sMu6efs963HCR1Xk
11-10 23:01:50.742 19114 19114 W Zygote : Class not found for preloading: android.app.role.-$$Lambda$Z0BwIRmLFQVA4XrF_I5nxvuecWE
11-10 23:01:50.742 19114 19114 W Zygote : Class not found for preloading: android.app.role.-$$Lambda$o94o2jK_ei-IVw-3oY_QJ49zpAA
11-10 23:01:50.742 19114 19114 W Zygote : Class not found for preloading: android.app.slice.-$$Lambda$SliceProvider$bIgM5f4PsMvz_YYWEeFTjvTqevw
11-10 23:01:50.742 19115 19295 W AudioFlinger: no wake lock to update, system not ready yet
11-10 23:01:50.742 19115 19295 D AudioFlinger: ro.audio.silent is ignored since no output device is set
11-10 23:01:50.742 19114 19114 W Zygote : Class not found for preloading: android.bluetooth.-$$Lambda$BluetoothAdapter$5$eKI2JS6EbiGZOGfQ8La27pm0gy0
11-10 23:01:50.743 19114 19114 W Zygote : Class not found for preloading: android.content.-$$Lambda$AbstractThreadedSyncAdapter$ISyncAdapterImpl$L6ZtOCe8gjKwJj0908ytPlrD8Rc
11-10 23:01:50.743 19114 19114 W Zygote : Class not found for preloading: android.content.-$$Lambda$ClipboardManager$1$hQk8olbGAgUi4WWNG4ZuDZsM39s
11-10 23:01:50.743 19114 19114 W Zygote : Class not found for preloading: android.content.-$$Lambda$IntentFilter$WX75RVXUnG63zh-f133zF3i8Szs
11-10 23:01:50.743 19114 19114 W Zygote : Class not found for preloading: android.content.-$$Lambda$IntentFilter$fvZpjl2C1djVISORSFvcX_-NkJo
11-10 23:01:50.744 19114 19114 W Zygote : Class not found for preloading: android.content.pm.-$$Lambda$ApplicationInfo$1$FDtFc-prTtONpy6YSScuAiML69E
11-10 23:01:50.744 19114 19114 W Zygote : Class not found for preloading: android.content.pm.-$$Lambda$B12dZLpdwpXn89QSesmkaZjD72Q
11-10 23:01:50.744 19114 19114 W Zygote : Class not found for preloading: android.content.pm.-$$Lambda$IPackageManager$Stub$Proxy$X2I1qlX4SiKMZSjDTNzS_nTibbo
11-10 23:01:50.744 19114 19114 W Zygote : Class not found for preloading: android.content.pm.-$$Lambda$IPackageManager$Stub$ZVp6oEh-Gn_bn8lM7TgSgpaGriw
11-10 23:01:50.744 19114 19114 W Zygote : Class not found for preloading: android.content.pm.-$$Lambda$PackageParser$0DZRgzfgaIMpCOhJqjw6PUiU5vw
11-10 23:01:50.744 19114 19114 W Zygote : Class not found for preloading: android.content.pm.-$$Lambda$PackageParser$0aobsT7Zf7WVZCqMZ5z2clAuQf4
11-10 23:01:50.745 19114 19114 W Zygote : Class not found for preloading: android.content.pm.-$$Lambda$PackageParser$M-9fHqS_eEp1oYkuKJhRHOGUxf8
11-10 23:01:50.745 19114 19114 W Zygote : Class not found for preloading: android.content.pm.-$$Lambda$T1UQAuePWRRmVQ1KzTyMAktZUPM
11-10 23:01:50.745 19114 19114 W Zygote : Class not found for preloading: android.content.pm.-$$Lambda$ciir_QAmv6RwJro4I58t77dPnxU
11-10 23:01:50.745 19114 19114 W Zygote : Class not found for preloading: android.content.pm.-$$Lambda$n3uXeb1v-YRmq_BWTfosEqUUr9g
11-10 23:01:50.745 19114 19114 W Zygote : Class not found for preloading: android.content.pm.-$$Lambda$zO9HBUVgPeroyDQPLJE-MNMvSqc
11-10 23:01:50.745 19115 19115 W AudioFlinger: moveEffects() bad srcOutput 0
11-10 23:01:50.745 19115 19115 W APM::AudioPolicyEngine: getDevicesForStrategy() unknown strategy: -1
11-10 23:01:50.751 19191 19291 I SchedulingPolicyService: Moving 1153 back to group default
11-10 23:01:50.754 19114 19114 W Zygote : Class not found for preloading: android.content.res.-$$Lambda$Resources$4msWUw7LKsgLexLZjIfWa4oguq4
11-10 23:01:50.755 19114 19114 W Zygote : Class not found for preloading: android.content.res.-$$Lambda$ResourcesImpl$99dm2ENnzo9b0SIUjUj2Kl3pi90
11-10 23:01:50.755 19114 19114 W Zygote : Class not found for preloading: android.content.res.-$$Lambda$ResourcesImpl$h3PTRX185BeQl8SVC2_w9arp5Og
11-10 23:01:50.755 19114 19114 W Zygote : Class not found for preloading: android.content.type.-$$Lambda$DefaultMimeMapFactory$3biOnZOOEGRoeaFehYke-eZnpCg
11-10 23:01:50.755 19114 19114 W Zygote : Class not found for preloading: android.database.-$$Lambda$ContentObserver$MgqiYb2qvgLhoXTioYXq9MvvpNk
11-10 23:01:50.755 19114 19114 W Zygote : Class not found for preloading: android.database.sqlite.-$$Lambda$RBWjWVyGrOTsQrLCYzJ_G8Uk25Q
11-10 23:01:50.755 19114 19114 W Zygote : Class not found for preloading: android.database.sqlite.-$$Lambda$SQLiteDatabase$1FsSJH2q7x3eeDFXCAu9l4piDsE
11-10 23:01:50.755 19114 19114 W Zygote : Class not found for preloading: android.database.sqlite.-$$Lambda$SQLiteQueryBuilder$W2yQ6UjYGqGIu6HEomKgdgvGNKI
11-10 23:01:50.756 19114 19114 W Zygote : Class not found for preloading: android.graphics.-$$Lambda$ColorSpace$BNp-1CyCzsQzfE-Ads9uc4rJDfw
11-10 23:01:50.756 19114 19114 W Zygote : Class not found for preloading: android.graphics.-$$Lambda$ColorSpace$Rgb$8EkhO2jIf14tuA3BvrmYJMa7YXM
11-10 23:01:50.756 19114 19114 W Zygote : Class not found for preloading: android.graphics.-$$Lambda$ColorSpace$Rgb$CqKld6797g7__JnuY0NeFz5q4_E
11-10 23:01:50.756 19114 19114 W Zygote : Class not found for preloading: android.graphics.-$$Lambda$ColorSpace$Rgb$V_0lmM2WEpxGBDV_1G1wvvidn7Y
11-10 23:01:50.756 19114 19114 W Zygote : Class not found for preloading: android.graphics.-$$Lambda$ColorSpace$Rgb$ZvS77aTfobOSa2o9MTqYMph4Rcg
11-10 23:01:50.756 19114 19114 W Zygote : Class not found for preloading: android.graphics.-$$Lambda$ColorSpace$Rgb$b9VGKuNnse0bbguR9jbOM_wK2Ac
11-10 23:01:50.756 19114 19114 W Zygote : Class not found for preloading: android.graphics.-$$Lambda$ColorSpace$Rgb$bWzafC8vMHNuVmRuTUPEFUMlfuY
11-10 23:01:50.756 19114 19114 W Zygote : Class not found for preloading: android.graphics.-$$Lambda$ColorSpace$Rgb$iMkODTKa3_8kPZUnZZerD2Lv-yo
11-10 23:01:50.756 19114 19114 W Zygote : Class not found for preloading: android.graphics.-$$Lambda$ColorSpace$S2rlqJvkXGTpUF6mZhvkElds8JE
11-10 23:01:50.756 19114 19114 W Zygote : Class not found for preloading: android.graphics.-$$Lambda$HardwareRendererObserver$Z08IFApIdHoCBfw8BsQ-lVjpUlI
11-10 23:01:50.770 19112 19121 D audio_hw_primary: adev_create_audio_patch: enter: num sources 1, num_sinks 1, handle 0
11-10 23:01:50.770 19112 19121 D audio_hw_primary: adev_create_audio_patch: Playback patch from mix handle 13 to device 2
11-10 23:01:50.770 19112 19121 D audio_hw_primary: route_output_stream: enter: usecase(1: low-latency-playback) devices 2
11-10 23:01:50.770 19112 19121 D audio_hw_primary: adev_create_audio_patch: Added a new patch with handle 1
11-10 23:01:50.773 19115 19115 I AudioFlinger: openOutput() this 0xb400007a5b9d4070, module 10 Device type:0x2,@:, SamplingRate 48000, Format 0x000001, Channels 0x20000003, flags 0
11-10 23:01:50.773 19112 19121 D audio_hw_primary: adev_open_output_stream: enter: format(0x1) sample_rate(48000) channel_mask(0x20000003) devices(0x2) flags(0) stream_handle(0xf38864c0) address()
11-10 23:01:50.774 19112 19121 D audio_hw_primary: adev_open_output_stream: Stream (0xf38864c0) picks up usecase (audio-with-haptics-playback)
11-10 23:01:50.774 19115 19115 I AudioFlinger: HAL output buffer size 240 frames, normal sink buffer size 960 frames
11-10 23:01:50.775 19115 19115 E AudioFlinger: Failed to add event callback
11-10 23:01:50.775 19115 19300 I AudioFlinger: AudioFlinger's thread 0xb400007bde556040 tid=19300 ready to run
11-10 23:01:50.775 19115 19300 W AudioFlinger: no wake lock to update, system not ready yet
11-10 23:01:50.775 19115 19300 D AudioFlinger: ro.audio.silent is ignored since no output device is set
11-10 23:01:50.775 19112 19121 D audio_hw_primary: out_standby: enter: stream (0xf38864c0) usecase(14: audio-with-haptics-playback)
11-10 23:01:50.776 19115 19300 W AudioFlinger: no wake lock to update, system not ready yet
11-10 23:01:50.776 19115 19300 D AudioFlinger: ro.audio.silent is ignored since no output device is set
11-10 23:01:50.776 19191 19191 I SystemServerTiming: StartDropBoxManager
11-10 23:01:50.776 19191 19191 I SystemServiceManager: Starting com.android.server.DropBoxManagerService
11-10 23:01:50.777 19191 19191 I SystemServerTiming: StartVibratorService
11-10 23:01:50.778 568 568 I servicemanager: Found android.hardware.vibrator.IVibrator/default in device VINTF manifest.
11-10 23:01:50.778 887 887 D vendor.qti.vibrator: QTI Vibrator reporting capabilities: 15
11-10 23:01:50.779 887 887 D vendor.qti.vibrator: QTI Vibrator off
11-10 23:01:50.779 887 887 D vendor.qti.vibrator: QTI Vibrator reporting capabilities: 15
11-10 23:01:50.780 19191 19191 I SystemServerTiming: StartDynamicSystemService
11-10 23:01:50.780 19191 19191 I SystemServerTiming: StartConsumerIrService
11-10 23:01:50.781 19191 19191 I SystemServerTiming: StartAlarmManagerService
11-10 23:01:50.779 887 887 I chatty : uid=1000(system) vendor.qti.hard identical 1 line
11-10 23:01:50.779 887 887 D vendor.qti.vibrator: QTI Vibrator reporting capabilities: 15
11-10 23:01:50.783 19115 19115 W APM::AudioPolicyEngine: getDevicesForStrategy() unknown strategy: -1
11-10 23:01:50.786 19191 19191 D AlarmManagerService: Kernel timezone updated to -540 minutes west of GMT
11-10 23:01:50.787 19191 19191 E HistoricalRegistry: Interaction before persistence initialized
11-10 23:01:50.787 19191 19191 I SystemServerTiming: StartInputManagerService
11-10 23:01:50.787 19191 19191 I InputManager: Initializing input manager, mUseDevInputEventForAudioJack=true
11-10 23:01:50.790 19191 19191 I SystemServerTiming: StartWindowManagerService
11-10 23:01:50.791 19191 19212 I WindowManager: No existing display settings, starting empty
11-10 23:01:50.792 1070 2590 W cutils : Expected path /data/user_de/0/com.google.android.gms with mode 700 but found 711
11-10 23:01:50.792 19191 19212 I WindowTracing: Setting window tracing log level to 1
11-10 23:01:50.792 19191 19212 I WindowTracing: Setting window tracing buffer capacity to 2097152bytes
11-10 23:01:50.795 19191 19191 I SystemServerTiming: SetWindowManagerService
11-10 23:01:50.804 19191 19191 I ActivityTaskManager: Loaded persisted task ids for user 0
11-10 23:01:50.805 19191 19191 I SystemServerTiming: WindowManagerServiceOnInitReady
11-10 23:01:50.806 19191 19210 I CameraManagerGlobal: Connecting to camera service
11-10 23:01:50.808 19112 19112 D audio_hw_primary: adev_create_audio_patch: enter: num sources 1, num_sinks 1, handle 0
11-10 23:01:50.808 19112 19112 D audio_hw_primary: adev_create_audio_patch: Playback patch from mix handle 21 to device 2
11-10 23:01:50.808 19112 19112 D audio_hw_primary: route_output_stream: enter: usecase(14: audio-with-haptics-playback) devices 2
11-10 23:01:50.808 19112 19112 D audio_hw_primary: adev_create_audio_patch: Added a new patch with handle 2
11-10 23:01:50.809 19191 19210 W CameraManagerGlobal: [soar.cts] ignore the status update of camera: 2
11-10 23:01:50.809 19191 19210 W CameraManagerGlobal: [soar.cts] ignore the status update of camera: 3
11-10 23:01:50.809 19191 19210 W CameraManagerGlobal: [soar.cts] ignore the status update of camera: 4
11-10 23:01:50.809 19191 19210 W CameraManagerGlobal: [soar.cts] ignore the status update of camera: 5
11-10 23:01:50.809 19191 19210 W CameraManagerGlobal: [soar.cts] ignore the status update of camera: 6
11-10 23:01:50.809 19191 19210 W CameraManagerGlobal: [soar.cts] ignore the status update of camera: 7
11-10 23:01:50.812 19191 19210 W system_server: ClassLoaderContext shared library size mismatch. Expected=4, found=0 (PCL[]{PCL[/system/framework/android.test.base.jar*2619567399]#PCL[/system/framework/android.hidl.manager-V1.0-java.jar*912778478]#PCL[/system/framework/android.hidl.base-V1.0-java.jar*2486257045]#PCL[/system/framework/org.apache.http.legacy.jar*410833895]} | PCL[];PCL[/system/framework/org.lineageos.platform.jar*1706835438:/system/framework/com.android.location.provider.jar*2134107475:/system/framework/services.jar*4006354245:/system/framework/services.jar!classes2.dex*2855536920:/system/framework/ethernet-service.jar*1005093721:/apex/com.android.permission/javalib/service-permission.jar*487935083:/apex/com.android.ipsec/javalib/android.net.ipsec.ike.jar*2959071383])
11-10 23:01:50.813 19191 19210 W system_server: Found duplicate classes, falling back to extracting from APK : /system/priv-app/LineageParts/LineageParts.apk
11-10 23:01:50.813 19191 19210 W system_server: NOTE: This wastes RAM and hurts startup performance.
11-10 23:01:50.813 19191 19210 W system_server: Found duplicated class when checking oat files: 'Landroid/hidl/base/V1_0/IBase;' in /system/priv-app/LineageParts/LineageParts.apk and /system/framework/org.lineageos.platform.jar
11-10 23:01:50.813 19115 19115 I AudioFlinger: openOutput() this 0xb400007a5b9d4070, module 10 Device type:0x2,@:, SamplingRate 48000, Format 0x000006, Channels 0x3, flags 0x8
11-10 23:01:50.813 19112 19302 D audio_hw_primary: adev_open_output_stream: enter: format(0x6) sample_rate(48000) channel_mask(0x3) devices(0x2) flags(0x8) stream_handle(0xf388a7e0) address()
11-10 23:01:50.813 19112 19302 D audio_hw_primary: adev_open_output_stream: Stream (0xf388a7e0) picks up usecase (deep-buffer-playback)
11-10 23:01:50.814 19115 19115 I AudioFlinger: HAL output buffer size 1920 frames, normal sink buffer size 1920 frames
11-10 23:01:50.815 19115 19115 E AudioFlinger: Failed to add event callback
11-10 23:01:50.815 19115 19305 I AudioFlinger: AudioFlinger's thread 0xb400007bde191040 tid=19305 ready to run
11-10 23:01:50.815 19115 19305 W AudioFlinger: no wake lock to update, system not ready yet
11-10 23:01:50.815 19115 19305 D AudioFlinger: ro.audio.silent is ignored since no output device is set
11-10 23:01:50.815 19112 19302 D audio_hw_primary: out_standby: enter: stream (0xf388a7e0) usecase(0: deep-buffer-playback)
11-10 23:01:50.815 19115 19305 W AudioFlinger: no wake lock to update, system not ready yet
11-10 23:01:50.815 19115 19305 D AudioFlinger: ro.audio.silent is ignored since no output device is set
11-10 23:01:50.819 19115 19115 W APM::AudioPolicyEngine: getDevicesForStrategy() unknown strategy: -1
11-10 23:01:50.828 19114 19114 W Zygote : Class not found for preloading: android.graphics.animation.-$$Lambda$awqPSgriNRe12PWP0zkpAtPsfV4
11-10 23:01:50.828 19191 19191 I SystemServerTiming: StartInputManager
11-10 23:01:50.828 19191 19191 I InputManager: Starting input manager
11-10 23:01:50.828 19114 19114 W Zygote : Class not found for preloading: android.graphics.drawable.-$$Lambda$AnimatedVectorDrawable$VectorDrawableAnimatorRT$PzjgSeyQweoFjbEZJP80UteZqm8
11-10 23:01:50.828 19114 19114 W Zygote : Class not found for preloading: android.graphics.drawable.-$$Lambda$BitmapDrawable$LMqt8JvxZ4giSOIRAtlCKDg39Jw
11-10 23:01:50.828 19191 19306 I SystemServerTimingAsync: InitThreadPoolExec:StartHidlServices
11-10 23:01:50.828 19114 19114 W Zygote : Class not found for preloading: android.graphics.drawable.-$$Lambda$Drawable$bbJz2VgQAwkXlE27mR8nPMYacEw
11-10 23:01:50.828 19191 19306 I SystemServerTimingAsync: StartHidlServices
11-10 23:01:50.828 19114 19114 W Zygote : Class not found for preloading: android.graphics.drawable.-$$Lambda$NinePatchDrawable$yQvfm7FAkslD5wdGFysjgwt8cLE
11-10 23:01:50.829 19191 19308 D EventHub: No input device configuration file found for device 'uinput-fpc'.
11-10 23:01:50.829 19191 19191 I InputManager: Enabling motion classifier because just booted: feature enabled, long press timeout = 400
11-10 23:01:50.829 19191 19191 I InputClassifier: Enabling motion classifier
11-10 23:01:50.829 19191 19306 I HidlServiceManagement: Registered android.frameworks.sensorservice@1.0::ISensorManager/default
11-10 23:01:50.829 570 570 I hwservicemanager: getTransport: Cannot find entry android.hardware.input.classifier@1.0::IInputClassifier/default in either framework or device manifest.
11-10 23:01:50.829 19191 19191 I SystemServerTiming: DisplayManagerWindowManagerAndInputReady
11-10 23:01:50.829 19191 19191 I SystemServerTiming: StartBluetoothService
11-10 23:01:50.829 19191 19191 I SystemServiceManager: Starting com.android.server.BluetoothService
11-10 23:01:50.830 19191 19309 I InputClassifier: Could not obtain InputClassifier HAL
11-10 23:01:50.831 19191 19306 I HidlServiceManagement: Registered android.frameworks.schedulerservice@1.0::ISchedulingPolicyService/default
11-10 23:01:50.831 19191 19306 I HidlServiceManagement: Registered android.frameworks.stats@1.0::IStats/default
11-10 23:01:50.832 19191 19191 D BluetoothManagerService: Loading stored name and address
11-10 23:01:50.832 19191 19191 D BluetoothManagerService: Stored bluetooth Name=M2101K9R,Address=5C:D0:6E:ED:EE:50
11-10 23:01:50.832 19191 19191 D BluetoothManagerService: Bluetooth persisted state: 1
11-10 23:01:50.832 19191 19191 D BluetoothManagerService: Startup: Bluetooth persisted state is ON.
11-10 23:01:50.832 19191 19191 D BluetoothManagerService: Detected SystemUiUid: 10251
11-10 23:01:50.832 19191 19191 I SystemServerTiming: IpConnectivityMetrics
11-10 23:01:50.832 19191 19191 I SystemServiceManager: Starting com.android.server.connectivity.IpConnectivityMetrics
11-10 23:01:50.832 19191 19191 I SystemServerTiming: NetworkWatchlistService
11-10 23:01:50.832 19191 19191 I SystemServiceManager: Starting com.android.server.net.watchlist.NetworkWatchlistService$Lifecycle
11-10 23:01:50.833 19191 19191 I WatchlistSettings: Reload watchlist settings done
11-10 23:01:50.834 19191 19191 I SystemServerTiming: PinnerService
11-10 23:01:50.834 19191 19191 I SystemServiceManager: Starting com.android.server.PinnerService
11-10 23:01:50.834 19191 19191 E HistoricalRegistry: Interaction before persistence initialized
11-10 23:01:50.835 19191 19310 I WatchlistLoggingHandler: No need to aggregate record yet.
11-10 23:01:50.835 19191 19310 I WatchlistLoggingHandler: Milliseconds spent on tryAggregateRecords(): 0
11-10 23:01:50.835 19191 19218 D PinnerService: pinRangeStream: null
11-10 23:01:50.835 19191 19191 I SystemServerTiming: IorapForwardingService
11-10 23:01:50.835 19191 19191 I SystemServiceManager: Starting com.google.android.startop.iorap.IorapForwardingService
11-10 23:01:50.835 19191 19191 I SystemServerTiming: StartAppLockService
11-10 23:01:50.835 19191 19191 I SystemServiceManager: Starting com.android.server.wm.AppLockService
11-10 23:01:50.835 19191 19308 W EventHub: Unable to disable kernel key repeat for /dev/input/event6: Function not implemented
11-10 23:01:50.835 19191 19308 I EventHub: usingClockIoctl=true
11-10 23:01:50.835 19191 19308 I EventHub: New device: id=1, fd=153, path='/dev/input/event6', name='uinput-fpc', classes=0x141, configuration='', keyLayout='/system/usr/keylayout/Generic.kl', keyCharacterMap='/system/usr/keychars/Generic.kcm', builtinKeyboard=false,
11-10 23:01:50.835 19191 19308 D EventHub: No input device configuration file found for device 'lahaina-shimaidp-snd-card Button Jack'.
11-10 23:01:50.836 19191 19191 I SystemServerTiming: SignedConfigService
11-10 23:01:50.836 19191 19191 I SystemServerTiming: AppIntegrityService
11-10 23:01:50.836 19191 19191 I SystemServiceManager: Starting com.android.server.integrity.AppIntegrityManagerService
11-10 23:01:50.836 19191 19218 D PinnerService: pinRangeStream: null
11-10 23:01:50.838 19114 19114 W Zygote : Class not found for preloading: android.hardware.camera2.-$$Lambda$CameraManager$CameraManagerGlobal$6Ptxoe4wF_VCkE_pml8t66mklao
11-10 23:01:50.838 19114 19114 W Zygote : Class not found for preloading: android.hardware.camera2.-$$Lambda$CameraManager$CameraManagerGlobal$CONvadOBAEkcHSpx8j61v67qRGM
11-10 23:01:50.839 19114 19114 W Zygote : Class not found for preloading: android.hardware.display.-$$Lambda$NightDisplayListener$sOK1HmSbMnFLzc4SdDD1WpVWJiI
11-10 23:01:50.839 19191 19218 I chatty : uid=1000(system) android.bg identical 1 line
11-10 23:01:50.839 19191 19218 D PinnerService: pinRangeStream: null
11-10 23:01:50.840 19191 19191 E IntegrityFileManager: Error creating staging and rules directory
11-10 23:01:50.840 19114 19114 W Zygote : Class not found for preloading: android.hardware.location.-$$Lambda$ContextHubManager$3$5yx25kUuvL9qy3uBcIzI3sQQoL8
11-10 23:01:50.840 19114 19114 W Zygote : Class not found for preloading: android.hardware.location.-$$Lambda$ContextHubManager$3$KgVQePwT_QpjU9EQTp2L3LsHE5Y
11-10 23:01:50.840 19114 19114 W Zygote : Class not found for preloading: android.hardware.location.-$$Lambda$ContextHubManager$3$U9x_HK_GdADIEQ3mS5mDWMNWMu8
11-10 23:01:50.840 19114 19114 W Zygote : Class not found for preloading: android.hardware.location.-$$Lambda$ContextHubManager$4$sylEfC1Rx_cxuQRnKuthZXmV8KI
11-10 23:01:50.840 19114 19114 W Zygote : Class not found for preloading: android.hardware.location.-$$Lambda$ContextHubTransaction$7a5H6DrY_dOy9M3qnYHhlmDHRNQ
11-10 23:01:50.840 19114 19114 W Zygote : Class not found for preloading: android.hardware.location.-$$Lambda$ContextHubTransaction$RNVGnle3xCUm9u68syzn6-2znnU
11-10 23:01:50.840 19114 19114 E ActivityRecognitionHardware: activity_recognition HAL is deprecated. class_init is effectively a no-op
11-10 23:01:50.840 19191 19218 D PinnerService: pinRangeStream: null
11-10 23:01:50.841 19114 19114 W Zygote : Class not found for preloading: android.hardware.soundtrigger.-$$Lambda$SoundTrigger$ZVJnEi-r8cH99VNOx-TiaTkEQgo
11-10 23:01:50.844 19191 19308 W EventHub: Unable to disable kernel key repeat for /dev/input/event5: Function not implemented
11-10 23:01:50.844 19191 19308 I EventHub: usingClockIoctl=true
11-10 23:01:50.845 19191 19308 I EventHub: New device: id=2, fd=157, path='/dev/input/event5', name='lahaina-shimaidp-snd-card Button Jack', classes=0x1, configuration='', keyLayout='/system/usr/keylayout/Generic.kl', keyCharacterMap='/system/usr/keychars/Generic.kcm', builtinKeyboard=false,
11-10 23:01:50.845 19191 19308 D EventHub: No input device configuration file found for device 'lahaina-shimaidp-snd-card Headset Jack'.
11-10 23:01:50.848 19191 19308 I EventHub: usingClockIoctl=true
11-10 23:01:50.848 19191 19308 I EventHub: New device: id=3, fd=158, path='/dev/input/event4', name='lahaina-shimaidp-snd-card Headset Jack', classes=0x80, configuration='', keyLayout='', keyCharacterMap='', builtinKeyboard=false,
11-10 23:01:50.848 19191 19308 D EventHub: No input device configuration file found for device 'fts_ts'.
11-10 23:01:50.858 19191 19308 W EventHub: Unable to disable kernel key repeat for /dev/input/event3: Function not implemented
11-10 23:01:50.858 19191 19308 I EventHub: usingClockIoctl=true
11-10 23:01:50.858 19191 19308 I EventHub: New device: id=4, fd=161, path='/dev/input/event3', name='fts_ts', classes=0x15, configuration='', keyLayout='/system/usr/keylayout/Generic.kl', keyCharacterMap='/system/usr/keychars/Generic.kcm', builtinKeyboard=false,
11-10 23:01:50.858 19191 19308 D EventHub: No input device configuration file found for device 'qpnp_pon'.
11-10 23:01:50.860 19112 19112 D audio_hw_primary: adev_create_audio_patch: enter: num sources 1, num_sinks 1, handle 0
11-10 23:01:50.860 19112 19112 D audio_hw_primary: adev_create_audio_patch: Playback patch from mix handle 29 to device 2
11-10 23:01:50.860 19112 19112 D audio_hw_primary: route_output_stream: enter: usecase(0: deep-buffer-playback) devices 2
11-10 23:01:50.860 19112 19112 D audio_hw_primary: check_and_set_karaok_parameters: is karaok rx device 0, is karaok tx device 0
11-10 23:01:50.860 19112 19112 D audio_hw_primary: adev_create_audio_patch: Added a new patch with handle 3
11-10 23:01:50.862 19191 19308 W EventHub: Unable to disable kernel key repeat for /dev/input/event0: Function not implemented
11-10 23:01:50.862 19191 19308 I EventHub: usingClockIoctl=true
11-10 23:01:50.862 19191 19308 I EventHub: New device: id=5, fd=162, path='/dev/input/event0', name='qpnp_pon', classes=0x1, configuration='', keyLayout='/system/usr/keylayout/Generic.kl', keyCharacterMap='/system/usr/keychars/Generic.kcm', builtinKeyboard=false,
11-10 23:01:50.862 19191 19308 I EventHub: ignoring event id /dev/input/event1 driver qcom-hv-haptics
11-10 23:01:50.866 19115 19115 I AudioFlinger: openOutput() this 0xb400007a5b9d4070, module 10 Device type:0x2,@:, SamplingRate 48000, Format 0x000001, Channels 0x3, flags 0x4001
11-10 23:01:50.866 19191 19308 D EventHub: No input device configuration file found for device 'gpio-keys'.
11-10 23:01:50.866 19112 19112 D audio_hw_primary: adev_open_output_stream: enter: format(0x1) sample_rate(48000) channel_mask(0x3) devices(0x2) flags(0x4001) stream_handle(0xf3888650) address()
11-10 23:01:50.866 19112 19112 D audio_hw_primary: adev_open_output_stream: Stream (0xf3888650) picks up usecase (mmap-playback)
11-10 23:01:50.867 19115 19312 I AudioFlinger: AudioFlinger's thread 0xb400007adb9d3650 tid=19312 ready to run
11-10 23:01:50.867 19112 19112 D audio_hw_primary: out_set_parameters: enter: usecase(13: mmap-playback) kvpairs: closing=true
11-10 23:01:50.867 19112 19112 D audio_hw_primary: out_set_volume: called with left_vol=1.000000, right_vol=1.000000
11-10 23:01:50.868 19191 19308 W EventHub: Unable to disable kernel key repeat for /dev/input/event2: Function not implemented
11-10 23:01:50.868 19191 19308 I EventHub: usingClockIoctl=true
11-10 23:01:50.868 19191 19308 I EventHub: New device: id=6, fd=160, path='/dev/input/event2', name='gpio-keys', classes=0x1, configuration='', keyLayout='/system/usr/keylayout/gpio-keys.kl', keyCharacterMap='/system/usr/keychars/Generic.kcm', builtinKeyboard=false,
11-10 23:01:50.868 19115 19115 D AudioFlinger: closing mmapThread 0xb400007adb9d3650
11-10 23:01:50.868 19115 19115 D AudioFlinger: mmapThread exit()
11-10 23:01:50.869 19112 19112 D audio_hw_primary: adev_close_output_stream: enter:stream_handle(mmap-playback)
11-10 23:01:50.869 19112 19112 D audio_hw_primary: out_standby: enter: stream (0xf3888650) usecase(13: mmap-playback)
11-10 23:01:50.869 19115 19115 I AudioFlinger: openOutput() this 0xb400007a5b9d4070, module 10 Device type:0x2,@:, SamplingRate 8000, Format 0x000003, Channels 0x1, flags 0x1
11-10 23:01:50.869 19112 19112 D audio_hw_primary: adev_open_output_stream: enter: format(0x3) sample_rate(8000) channel_mask(0x1) devices(0x2) flags(0x1) stream_handle(0xf3888650) address()
11-10 23:01:50.869 19112 19112 I audio_hw_utils: PCM offload Fragment size to 2560 bytes
11-10 23:01:50.870 19112 19112 D audio_hw_primary: adev_open_output_stream: Stream (0xf3888650) picks up usecase (compress-offload-playback2)
11-10 23:01:50.870 19115 19115 I AudioFlinger: HAL output buffer size 640 frames, normal sink buffer size 640 frames
11-10 23:01:50.870 19112 19112 D audio_hw_utils: audio_extn_utils_compress_get_dsp_latency:: Using Fix DSP delay
11-10 23:01:50.871 19112 19112 D audio_hw_utils: audio_extn_utils_compress_get_dsp_latency:: delay in ms is 62
11-10 23:01:50.871 19115 19115 E AudioFlinger: Failed to add event callback
11-10 23:01:50.871 19112 19112 D audio_hw_utils: audio_extn_utils_compress_get_dsp_latency:: Using Fix DSP delay
11-10 23:01:50.871 19115 19315 I AudioFlinger: AudioFlinger's thread 0xb400007adb9d3650 tid=19315 ready to run
11-10 23:01:50.871 19112 19112 D audio_hw_utils: audio_extn_utils_compress_get_dsp_latency:: delay in ms is 62
11-10 23:01:50.871 19115 19315 W AudioFlinger: no wake lock to update, system not ready yet
11-10 23:01:50.871 19112 19112 D audio_hw_utils: audio_extn_utils_compress_get_dsp_latency:: Using Fix DSP delay
11-10 23:01:50.871 19115 19315 D AudioFlinger: ro.audio.silent is ignored since no output device is set
11-10 23:01:50.871 19112 19112 D audio_hw_utils: audio_extn_utils_compress_get_dsp_latency:: delay in ms is 62
11-10 23:01:50.871 19191 19308 I InputReader: Device added: id=-1, eventHubId=-1, name='Virtual', descriptor='a718a782d34bc767f4689c232d64d527998ea7fd',sources=0x00000301
11-10 23:01:50.871 19112 19302 D audio_hw_primary: out_standby: enter: stream (0xf3888650) usecase(4: compress-offload-playback2)
11-10 23:01:50.872 19191 19308 I InputReader: Device added: id=2, eventHubId=6, name='gpio-keys', descriptor='485d69228e24f5e46da1598745890b214130dbc4',sources=0x00000101
11-10 23:01:50.872 19191 19308 I InputReader: Device added: id=3, eventHubId=5, name='qpnp_pon', descriptor='fb60d4f4370f5dbe8267b63d38dea852987571ab',sources=0x00000101
11-10 23:01:50.872 19115 19315 W AudioFlinger: no wake lock to update, system not ready yet
11-10 23:01:50.872 19115 19315 D AudioFlinger: ro.audio.silent is ignored since no output device is set
11-10 23:01:50.872 19112 19302 D audio_hw_primary: out_set_parameters: enter: usecase(4: compress-offload-playback2) kvpairs: closing=true
11-10 23:01:50.872 19191 19308 I InputReader: Touch device 'fts_ts' could not query the properties of its associated display. The device will be inoperable until the display size becomes available.
11-10 23:01:50.872 19191 19308 I InputReader: Device added: id=4, eventHubId=4, name='fts_ts', descriptor='a1cc21cba608c55d28d6dd2b1939004df0e0c756',sources=0x00001103
11-10 23:01:50.872 19191 19308 I InputReader: Device added: id=5, eventHubId=3, name='lahaina-shimaidp-snd-card Headset Jack', descriptor='e40cef8f964d4eff4faa17bb1d356ccbc9557343',sources=0x80000000
11-10 23:01:50.872 19191 19308 I InputReader: Device added: id=6, eventHubId=2, name='lahaina-shimaidp-snd-card Button Jack', descriptor='8a381652d50abd455ad5569af82f6762145bbe32',sources=0x00000101
11-10 23:01:50.872 19191 19308 I InputReader: Device added: id=7, eventHubId=1, name='uinput-fpc', descriptor='0a2365ce4f51162539f3bf91469900de3a450172',sources=0x01000511
11-10 23:01:50.862 19191 19218 I chatty : uid=1000(system) android.bg identical 24 lines
11-10 23:01:50.862 19191 19218 D PinnerService: pinRangeStream: null
11-10 23:01:50.873 19191 19191 I WindowManager: SAFE MODE not enabled
11-10 23:01:50.873 19191 19191 I SystemServerTiming: StartInputMethodManagerLifecycle
11-10 23:01:50.873 19191 19191 I SystemServiceManager: Starting com.android.server.inputmethod.InputMethodManagerService$Lifecycle
11-10 23:01:50.876 19191 19191 I SystemServerTiming: StartAccessibilityManagerService
11-10 23:01:50.876 19191 19191 I SystemServiceManager: Starting com.android.server.accessibility.AccessibilityManagerService$Lifecycle
11-10 23:01:50.878 19191 19191 I SystemServerTiming: MakeDisplayReady
11-10 23:01:50.880 19191 19191 W InputReader: Device fts_ts is associated with display ADISPLAY_ID_NONE.
11-10 23:01:50.882 19191 19191 I ActivityTaskManager: Config changes=20005df8 {1.0 ?mcc?mnc [ja_JP] ldltr sw392dp w392dp h786dp 440dpi nrml long port ?uimode ?night -touch -keyb/h/h -nav/h winConfig={ mBounds=Rect(0, 0 - 1080, 2400) mAppBounds=Rect(0, 104 - 1080, 2268) mWindowingMode=fullscreen mDisplayWindowingMode=fullscreen mActivityType=undefined mAlwaysOnTop=undefined mRotation=ROTATION_0} s.2}
11-10 23:01:50.887 19191 19191 I WindowManager: Override config changes=60007dfc {1.0 ?mcc?mnc [ja_JP] ldltr sw392dp w392dp h786dp 440dpi nrml long port ?uimode ?night -touch -keyb/h/h -nav/h winConfig={ mBounds=Rect(0, 0 - 1080, 2400) mAppBounds=Rect(0, 104 - 1080, 2268) mWindowingMode=fullscreen mDisplayWindowingMode=fullscreen mActivityType=undefined mAlwaysOnTop=undefined mRotation=ROTATION_0} s.2} for displayId=0
11-10 23:01:50.890 19191 19191 I ActivityTaskManager: Config changes=8 {1.0 ?mcc?mnc [ja_JP] ldltr sw392dp w392dp h786dp 440dpi nrml long port ?uimode ?night finger -keyb/h/h -nav/h winConfig={ mBounds=Rect(0, 0 - 1080, 2400) mAppBounds=Rect(0, 104 - 1080, 2268) mWindowingMode=fullscreen mDisplayWindowingMode=fullscreen mActivityType=undefined mAlwaysOnTop=undefined mRotation=ROTATION_0} s.4}
11-10 23:01:50.891 19191 19191 I WindowManager: Override config changes=8 {1.0 ?mcc?mnc [ja_JP] ldltr sw392dp w392dp h786dp 440dpi nrml long port ?uimode ?night finger -keyb/h/h -nav/h winConfig={ mBounds=Rect(0, 0 - 1080, 2400) mAppBounds=Rect(0, 104 - 1080, 2268) mWindowingMode=fullscreen mDisplayWindowingMode=fullscreen mActivityType=undefined mAlwaysOnTop=undefined mRotation=ROTATION_0} s.4} for displayId=0
11-10 23:01:50.892 19191 19191 I SystemServerTiming: StartStorageManagerService
11-10 23:01:50.892 19191 19191 I SystemServiceManager: Starting com.android.server.StorageManagerService$Lifecycle
11-10 23:01:50.880 19191 19191 I chatty : uid=1000(system) Binder:19191_3 identical 1 line
11-10 23:01:50.890 19191 19191 W InputReader: Device fts_ts is associated with display ADISPLAY_ID_NONE.
11-10 23:01:50.892 19191 19212 I InputManager-JNI: Viewport [0] to add: local:19260527152667266, isActive: true
11-10 23:01:50.893 19191 19308 I InputReader: Reconfiguring input devices, changes=DISPLAY_INFO |
11-10 23:01:50.893 19191 19308 I InputReader: Device reconfigured: id=4, name='fts_ts', size 1080x2400, orientation 0, mode 1, display id 0
11-10 23:01:50.894 1070 1985 D installd: Found quota mount /dev/block/dm-5 at /data
11-10 23:01:50.894 1070 1985 D installd: Found quota mount /dev/block/dm-5 at /data/user/0
11-10 23:01:50.896 19191 19317 D StorageManagerService: Thinking about init, mBootCompleted=false, mDaemonConnected=true
11-10 23:01:50.896 19191 19317 D StorageManagerService: Thinking about reset, mBootCompleted=false, mDaemonConnected=true
11-10 23:01:50.896 19191 19317 D StorageManagerService: Thinking about init, mBootCompleted=false, mDaemonConnected=true
11-10 23:01:50.896 19191 19317 D StorageManagerService: Thinking about reset, mBootCompleted=false, mDaemonConnected=true
11-10 23:01:50.896 19191 19191 I SystemServerTiming: StartStorageStatsService
11-10 23:01:50.896 19191 19191 I SystemServiceManager: Starting com.android.server.usage.StorageStatsService$Lifecycle
11-10 23:01:50.897 1070 1988 D installd: Found quota mount /dev/block/dm-5 at /data
11-10 23:01:50.897 1070 1988 D installd: Found quota mount /dev/block/dm-5 at /data/user/0
11-10 23:01:50.897 1070 1988 D installd: Found quota mount /dev/block/dm-5 at /data
11-10 23:01:50.897 1070 1988 D installd: Found quota mount /dev/block/dm-5 at /data/user/0
11-10 23:01:50.898 19191 19191 I SystemServerTiming: StartUiModeManager
11-10 23:01:50.898 19191 19191 I SystemServiceManager: Starting com.android.server.UiModeManagerService
11-10 23:01:50.899 19191 19318 I SystemServerTimingAsync: InitThreadPoolExec:UiModeManager.onStart
11-10 23:01:50.899 19191 19191 I SystemServerTiming: UpdatePackagesIfNeeded
11-10 23:01:50.899 19191 19191 I Watchdog: Pausing HandlerChecker: main thread for reason: dexopt. Pause count: 1
11-10 23:01:50.899 19191 19191 I Watchdog: Resuming HandlerChecker: main thread for reason: dexopt. Pause count: 0
11-10 23:01:50.899 19191 19191 I SystemServerTiming: PerformFstrimIfNeeded
11-10 23:01:50.899 19191 19191 I SystemServerTiming: StartLockSettingsService
11-10 23:01:50.899 19191 19191 I SystemServiceManager: Starting com.android.server.locksettings.LockSettingsService$Lifecycle
11-10 23:01:50.904 19191 19191 I SystemServerTiming: StartPersistentDataBlock
11-10 23:01:50.904 19191 19191 I SystemServiceManager: Starting com.android.server.PersistentDataBlockService
11-10 23:01:50.904 19191 19191 I SystemServerTiming: StartTestHarnessMode
11-10 23:01:50.904 19191 19191 I SystemServiceManager: Starting com.android.server.testharness.TestHarnessModeService
11-10 23:01:50.904 19191 19191 I SystemServerTiming: StartOemLockService
11-10 23:01:50.904 19191 19191 I SystemServiceManager: Starting com.android.server.oemlock.OemLockService
11-10 23:01:50.905 19191 19320 I SystemServerTimingAsync: InitThreadPoolExec:PersistentDataBlockService.onStart
11-10 23:01:50.905 570 570 I hwservicemanager: getTransport: Cannot find entry android.hardware.oemlock@1.0::IOemLock/default in either framework or device manifest.
11-10 23:01:50.905 19191 19320 E PersistentDataBlockService: not able to find package com.google.android.gms
11-10 23:01:50.905 19191 19320 E PersistentDataBlockService: android.content.pm.PackageManager$NameNotFoundException: com.google.android.gms
11-10 23:01:50.905 19191 19320 E PersistentDataBlockService: at android.app.ApplicationPackageManager.getPackageUidAsUser(ApplicationPackageManager.java:329)
11-10 23:01:50.905 19191 19320 E PersistentDataBlockService: at com.android.server.PersistentDataBlockService.getAllowedUid(PersistentDataBlockService.java:153)
11-10 23:01:50.905 19191 19320 E PersistentDataBlockService: at com.android.server.PersistentDataBlockService.lambda$onStart$0$PersistentDataBlockService(PersistentDataBlockService.java:166)
11-10 23:01:50.905 19191 19320 E PersistentDataBlockService: at com.android.server.PersistentDataBlockService$$ExternalSyntheticLambda0.run(Unknown Source:2)
11-10 23:01:50.905 19191 19320 E PersistentDataBlockService: at com.android.server.SystemServerInitThreadPool.lambda$submitTask$0$SystemServerInitThreadPool(SystemServerInitThreadPool.java:103)
11-10 23:01:50.905 19191 19320 E PersistentDataBlockService: at com.android.server.SystemServerInitThreadPool$$ExternalSyntheticLambda0.run(Unknown Source:6)
11-10 23:01:50.905 19191 19320 E PersistentDataBlockService: at java.util.concurrent.Executors$RunnableAdapter.call(Executors.java:462)
11-10 23:01:50.905 19191 19320 E PersistentDataBlockService: at java.util.concurrent.FutureTask.run(FutureTask.java:266)
11-10 23:01:50.905 19191 19320 E PersistentDataBlockService: at java.util.concurrent.ThreadPoolExecutor.runWorker(ThreadPoolExecutor.java:1167)
11-10 23:01:50.905 19191 19320 E PersistentDataBlockService: at java.util.concurrent.ThreadPoolExecutor$Worker.run(ThreadPoolExecutor.java:641)
11-10 23:01:50.905 19191 19320 E PersistentDataBlockService: at com.android.internal.util.ConcurrentUtils$1$1.run(ConcurrentUtils.java:65)
11-10 23:01:50.905 19191 19191 I OemLock : OemLock HAL not present on device
11-10 23:01:50.905 19191 19191 I OemLock : Using persistent data block based lock
11-10 23:01:50.906 19191 19191 I SystemServerTiming: StartDeviceIdleController
11-10 23:01:50.907 19191 19191 I SystemServiceManager: Starting com.android.server.DeviceIdleController
11-10 23:01:50.909 19191 19191 I SystemServerTiming: StartDevicePolicyManager
11-10 23:01:50.909 19191 19191 I SystemServiceManager: Starting com.android.server.devicepolicy.DevicePolicyManagerService$Lifecycle
11-10 23:01:50.909 19191 19275 I PackageManager: Deferred reconcileAppsData finished 367 packages
11-10 23:01:50.929 19191 19191 I SystemServerTiming: StartStatusBarManagerService
11-10 23:01:50.929 19191 19191 D SystemServer: ContentCaptureService disabled because resource is not overlaid
11-10 23:01:50.929 19191 19191 D SystemServer: AttentionService is not configured on this device
11-10 23:01:50.929 19191 19191 D SystemServer: SystemCaptionsManagerService disabled because resource is not overlaid
11-10 23:01:50.930 19191 19191 D SystemServer: AppPredictionService not defined by OEM
11-10 23:01:50.930 19191 19191 D SystemServer: ContentSuggestionsService not defined by OEM
11-10 23:01:50.930 19191 19191 I SystemServerTiming: InitConnectivityModuleConnector
11-10 23:01:50.930 19191 19191 D ConnectivityModuleConnector: Network stack init
11-10 23:01:50.930 19191 19191 I SystemServerTiming: InitNetworkStackClient
11-10 23:01:50.931 19191 19191 I SystemServerTiming: StartNetworkManagementService
11-10 23:01:50.934 19114 19114 W Zygote : Class not found for preloading: android.inputmethodservice.-$$Lambda$InputMethodService$8T9TmAUIN7vW9eU6kTg8309_d4E
11-10 23:01:50.934 19114 19114 W Zygote : Class not found for preloading: android.inputmethodservice.-$$Lambda$InputMethodService$TvVfWDKZ3ljQdrU87qYykg6uD-I
11-10 23:01:50.934 19114 19114 W Zygote : Class not found for preloading: android.inputmethodservice.-$$Lambda$InputMethodService$wp8DeVGx_WDOPw4F6an7QbwVxf0
11-10 23:01:50.935 19114 19114 W Zygote : Class not found for preloading: android.location.-$$Lambda$-z-Hjl12STdAybauR3BT-ftvWd0
11-10 23:01:50.935 19114 19114 W Zygote : Class not found for preloading: android.location.-$$Lambda$AbstractListenerManager$Registration$XpiThbVaDDpOnFWIkrt38Bf4yx0
11-10 23:01:50.935 19114 19114 W Zygote : Class not found for preloading: android.location.-$$Lambda$GpsStatus$RTSonBp9m0T0NWA3SCfYgWf1mTo
11-10 23:01:50.935 19114 19114 W Zygote : Class not found for preloading: android.location.-$$Lambda$LocationManager$GnssStatusListenerManager$GnssStatusListener$4EPi22o4xuVnpNhFHnDvebH4TG8
11-10 23:01:50.935 19114 19114 W Zygote : Class not found for preloading: android.location.-$$Lambda$LocationManager$GnssStatusListenerManager$GnssStatusListener$7Fi5XkeF81eL_OKPS2GJMvyc3-8
11-10 23:01:50.935 19114 19114 W Zygote : Class not found for preloading: android.location.-$$Lambda$LocationManager$GnssStatusListenerManager$GnssStatusListener$gYcH61KCtV_OcJJszI1TfvnrJHY
11-10 23:01:50.935 19114 19114 W Zygote : Class not found for preloading: android.location.-$$Lambda$LocationManager$LocationListenerTransport$C3xaM63A8GAwfJNN4R634OLsvDc
11-10 23:01:50.935 19114 19114 W Zygote : Class not found for preloading: android.location.-$$Lambda$LocationManager$LocationListenerTransport$enkW18B0WwpQkSIMmVChmQ2YwC8
11-10 23:01:50.935 19114 19114 W Zygote : Class not found for preloading: android.location.-$$Lambda$LocationManager$LocationListenerTransport$fHjQXipQePznoEyxLuCfUO-YP1Y
11-10 23:01:50.935 19114 19114 W Zygote : Class not found for preloading: android.location.-$$Lambda$UmbtQF279SH5h72Ftfcj_s96jsY
11-10 23:01:50.935 19114 19114 W Zygote : Class not found for preloading: android.location.-$$Lambda$_14QHG018Z6p13d3hzJuGTWnNeo
11-10 23:01:50.935 19114 19114 W Zygote : Class not found for preloading: android.media.-$$Lambda$MediaCodecInfo$VideoCapabilities$DpgwEn-gVFZT9EtP3qcxpiA2G0M
11-10 23:01:50.935 19114 19114 W Zygote : Class not found for preloading: android.media.-$$Lambda$MediaDrm$8rRollK1F3eENvuaBGoS8u_-heQ
11-10 23:01:50.935 19114 19114 W Zygote : Class not found for preloading: android.media.-$$Lambda$MediaDrm$IvEWhXQgSYABwC6_1bdnhTJ4V2I
11-10 23:01:50.935 19114 19114 W Zygote : Class not found for preloading: android.media.-$$Lambda$MediaDrm$UPVWCanGo24eu9-1S_t6PvJ1Zno
11-10 23:01:50.935 19114 19114 W Zygote : Class not found for preloading: android.media.-$$Lambda$RouteDiscoveryPreference$Builder$RAMVaK9RAZ5Ai0qMO3YINliBf1o
11-10 23:01:50.935 19114 19114 W Zygote : Class not found for preloading: android.media.-$$Lambda$ThumbnailUtils$HhGKNQZck57eO__Paj6KyQm6lCk
11-10 23:01:50.935 19114 19114 W Zygote : Class not found for preloading: android.media.-$$Lambda$ThumbnailUtils$P13h9YbyD69p6ss1gYpoef43_MU
11-10 23:01:50.935 19114 19114 W Zygote : Class not found for preloading: android.media.-$$Lambda$ThumbnailUtils$qOH5vebuTwPi2G92PTa6rgwKGoc
