11-10 23:01:47.077 18891 18891 E AndroidRuntime: android.gms (/data/app/~~HYWXSbwMou0XMBnINbkfxQ==/com.google.android.gms-9BPfNfcXeZtDULbEUBdVIg==): android.permission.MODIFY_PHONE_STATE, com.google.android.gms (/data/app/~~HYWXSbwMou0XMBnINbkfxQ==/com.google.android.gms-9BPfNfcXeZtDULbEUBdVIg==): android.permission.MANAGE_SUBSCRIPTION_PLANS, com.google.android.gms (/data/app/~~HYWXSbwMou0XMBnINbkfxQ==/com.google.android.gms-9BPfNfcXeZtDULbEUBdVIg==): android.permission.SCORE_NETWORKS, com.google.android.gms (/data/app/~~HYWXSbwMou0XMBnINbkfxQ==/com.google.android.gms-9BPfNfcXeZtDULbEUBdVIg==): android.permission.COMPANION_APPROVE_WIFI_CONNECTIONS, com.google.android.gms (/data/app/~~HYWXSbwMou0XMBnINbkfxQ==/com.google.android.gms-9BPfNfcXeZtDULbEUBdVIg==): android.permission.UPDATE_APP_OPS_STATS, com.google.android.gms (/data/app/~~HYWXSbwMou0XMBnINbkfxQ==/com.google.android.gms-9BPfNfcXeZtDULbEUBdVIg==): android.permission.DISPATCH_PROVISIONING_MESSAGE, com.google.android.gms (/data/app/~~HYWXSbwMou0XMBnINbkfxQ==/com.google.android.gms-9BPfNfcXeZtDULbEUBdVIg==): android.permission.USER_ACTIVITY, com.google.android.gms (/data/app/~~HYWXSbwMou0XMBnINbkfxQ==/com.google.android.gms-9BPfNfcXeZtDULbEUBdVIg==): android.permission.TETHER_PRIVILEGED, com.google.android.gms (/data/app/~~HYWXSbwMou0XMBnINbkfxQ==/com.google.android.gms-9BPfNfcXeZtDULbEUBdVIg==): android.permission.READ_LOGS, com.google.android.gms (/data/app/~~HYWXSbwMou0XMBnINbkfxQ==/com.google.android.gms-9BPfNfcXeZtDULbEUBdVIg==): android.permission.ACTIVITY_EMBEDDING, com.google.android.gms (/data/app/~~HYWXSbwMou0XMBnINbkfxQ==/com.google.android.gms-9BPfNfcXeZtDULbEUBdVIg==): android.permission.MODIFY_AUDIO_ROUTING, com.google.android.gms (/data/app/~~HYWXSbwMou0XMBnINbkfxQ==/com.google.android.gms-9BPfNfcXeZtDULbEUBdVIg==): android.permission.SUBSTITUTE_SHARE_TARGET_APP_NAME_AND_ICON, com.google.android.gms (/data/app/~~HYWXSbwMou0XMBnINbkfxQ==/com.google.android.gms-9BPfNfcXeZtDULbEUBdVIg==): android.permission.READ_WIFI_CREDENTIAL, com.google.android.gms (/data/app/~~HYWXSbwMou0XMBnINbkfxQ==/com.google.android.gms-9BPfNfcXeZtDULbEUBdVIg==): android.permission.PROVIDE_TRUST_AGENT, com.google.android.gms (/data/app/~~HYWXSbwMou0XMBnINbkfxQ==/com.google.android.gms-9BPfNfcXeZtDULbEUBdVIg==): android.permission.MANAGE_SOUND_TRIGGER, com.google.android.gms (/data/app/~~HYWXSbwMou0XMBnINbkfxQ==/com.google.android.gms-9BPfNfcXeZtDULbEUBdVIg==): android.permission.READ_OEM_UNLOCK_STATE, com.google.android.gms (/data/app/~~HYWXSbwMou0XMBnINbkfxQ==/com.google.android.gms-9BPfNfcXeZtDULbEUBdVIg==): android.permission.RECOVER_KEYSTORE, com.google.android.gms (/data/app/~~HYWXSbwMou0XMBnINbkfxQ==/com.google.android.gms-9BPfNfcXeZtDULbEUBdVIg==): android.permission.LOCAL_MAC_ADDRESS, com.google.android.gms (/data/app/~~HYWXSbwMou0XMBnINbkfxQ==/com.google.android.gms-9BPfNfcXeZtDULbEUBdVIg==): android.permission.SUBSTITUTE_NOTIFICATION_APP_NAME, com.google.android.gms (/data/app/~~HYWXSbwMou0XMBnINbkfxQ==/com.google.android.gms-9BPfNfcXeZtDULbEUBdVIg==): android.permission.BACKUP, com.google.android.gms (/data/app/~~HYWXSbwMou0XMBnINbkfxQ==/com.google.android.gms-9BPfNfcXeZtDULbEUBdVIg==): android.permission.REMOTE_DISPLAY_PROVIDER, com.google.android.gms (/data/app/~~HYWXSbwMou0XMBnINbkfxQ==/com.google.android.gms-9BPfNfcXeZtDULbEUBdVIg==): android.permission.ACCESS_NETWORK_CONDITIONS, com.google.android.gms (/data/app/~~HYWXSbwMou0XMBnINbkfxQ==/com.google.android.gms-9BPfNfcXeZtDULbEUBdVIg==): android.permission.CONTROL_DISPLAY_SATURATION, com.google.android.gms (/data/app/~~HYWXSbwMou0XMBnINbkfxQ==/com.google.android.gms-9BPfNfcXeZtDULbEUBdVIg==): android.permission.RECOVERY, com.google.android.gms (/data/app/~~HYWXSbwMou0XMBnINbkfxQ==/com.google.android.gms-9BPfNfcXeZtDULbEUBdVIg==): android.permission.MANAGE_USB, com.google.android.gms (/data/app/~~HYWXSbwMou0XMBnINbkfxQ==/com.google.android.gms-9BPfNfcXeZtDULbEUBdVIg==): android.permission.CALL_PRIVILEGED, com.google.android.gms (/data/app/~~HYWXSbwMou0XMBnINbkfxQ==/com.google.android.gms
11-10 23:01:47.077 18891 18891 E AndroidRuntime: -9BPfNfcXeZtDULbEUBdVIg==): android.permission.READ_PRIVILEGED_PHONE_STATE, com.google.android.gms (/data/app/~~HYWXSbwMou0XMBnINbkfxQ==/com.google.android.gms-9BPfNfcXeZtDULbEUBdVIg==): android.permission.REAL_GET_TASKS, com.google.android.gms (/data/app/~~HYWXSbwMou0XMBnINbkfxQ==/com.google.android.gms-9BPfNfcXeZtDULbEUBdVIg==): android.permission.START_ACTIVITIES_FROM_BACKGROUND, com.google.android.gms (/data/app/~~HYWXSbwMou0XMBnINbkfxQ==/com.google.android.gms-9BPfNfcXeZtDULbEUBdVIg==): android.permission.READ_DREAM_STATE, com.google.android.gms (/data/app/~~HYWXSbwMou0XMBnINbkfxQ==/com.google.android.gms-9BPfNfcXeZtDULbEUBdVIg==): android.permission.ACCESS_CONTEXT_HUB, com.google.android.gms (/data/app/~~HYWXSbwMou0XMBnINbkfxQ==/com.google.android.gms-9BPfNfcXeZtDULbEUBdVIg==): android.permission.MANAGE_ROLLBACKS, com.google.android.gms (/data/app/~~HYWXSbwMou0XMBnINbkfxQ==/com.google.android.gms-9BPfNfcXeZtDULbEUBdVIg==): android.permission.ALLOCATE_AGGRESSIVE, com.google.android.gms (/data/app/~~HYWXSbwMou0XMBnINbkfxQ==/com.google.android.gms-9BPfNfcXeZtDULbEUBdVIg==): android.permission.PACKAGE_USAGE_STATS}
11-10 23:01:47.077 18891 18891 E AndroidRuntime: at com.android.server.pm.permission.PermissionManagerService.systemReady(PermissionManagerService.java:4717)
11-10 23:01:47.077 18891 18891 E AndroidRuntime: at com.android.server.pm.permission.PermissionManagerService.access$500(PermissionManagerService.java:178)
11-10 23:01:47.077 18891 18891 E AndroidRuntime: at com.android.server.pm.permission.PermissionManagerService$PermissionManagerServiceInternalImpl.systemReady(PermissionManagerService.java:4800)
11-10 23:01:47.077 18891 18891 E AndroidRuntime: at com.android.server.pm.PackageManagerService.systemReady(PackageManagerService.java:21702)
11-10 23:01:47.077 18891 18891 E AndroidRuntime: at com.android.server.SystemServer.startOtherServices(SystemServer.java:2236)
11-10 23:01:47.077 18891 18891 E AndroidRuntime: at com.android.server.SystemServer.run(SystemServer.java:608)
11-10 23:01:47.077 18891 18891 E AndroidRuntime: at com.android.server.SystemServer.main(SystemServer.java:424)
11-10 23:01:47.077 18891 18891 E AndroidRuntime: at java.lang.reflect.Method.invoke(Native Method)
11-10 23:01:47.077 18891 18891 E AndroidRuntime: at com.android.internal.os.RuntimeInit$MethodAndArgsCaller.run(RuntimeInit.java:592)
11-10 23:01:47.077 18891 18891 E AndroidRuntime: at com.android.internal.os.ZygoteInit.main(ZygoteInit.java:925)
11-10 23:01:47.078 18891 18891 I DropBoxManagerService: add tag=system_server_crash isTagEnabled=true flags=0x2
11-10 23:01:47.079 18891 19026 E SupplicantStaIfaceHal: Can't call setupIface, ISupplicantStaIface is null
11-10 23:01:47.081 18891 19026 I android_os_HwBinder: HwBinder: Starting thread pool for getting: android.hardware.wifi.supplicant@1.0::ISupplicant/default
11-10 23:01:47.085 18891 18891 I Process : Sending signal. PID: 18891 SIG: 9
11-10 23:01:47.099 864 19103 I WifiHAL : send oem msg of len : 108 to apps
11-10 23:01:47.099 1194 19105 D LOWI-9.0.0.71: [LOWI-ROME-RTT] RomeWaitOnActivityOnSocketOrPipe: timed select over: TO: 5 retVal: 1
11-10 23:01:47.099 1194 19105 D LOWI-9.0.0.71: [LOWI-ROME-RTT] event_handler: Valid data with length 76
11-10 23:01:47.099 1194 19105 D LOWI-9.0.0.71: [LOWI-HELIUM-RTT] storeNLFragment: new fragment group, tokenid(2), adding 68 chars @position 0
11-10 23:01:47.099 1194 19105 D LOWI-9.0.0.71: [LOWI-HELIUM-RTT] RomeNLRecvMessage: The Received OEMSubType: RTT_MSG_SUBTYPE_CAPABILITY_RSP
11-10 23:01:47.099 1194 19105 D LOWI-9.0.0.71: [LOWI-HELIUM-RTT] RomeNLRecvMessage: The Received RomeMsgType: ROME_RANGING_CAP_MSG
11-10 23:01:47.099 1194 19105 D LOWI-9.0.0.71: [LOWIRangingFSM] FSM: Received Event EVENT_RANGING_CAP_INFO, Current state: STATE_WAITING_FOR_RANGING_CAP
11-10 23:01:47.099 1194 19105 D LOWI-9.0.0.71: [LOWIWifiTlvHandler] processRspHeadTlv: reqId(1) measDone(1) rttStatus(RTT_STATUS_SUCCESS) subtype(RTT_MSG_SUBTYPE_CAPABILITY_RSP) isFrag(0) fragIdx(0) fragLen(0) tknId(0)
11-10 23:01:47.099 1194 19105 D LOWI-9.0.0.71: [LOWIWifiTlvHandler] checkTlvTag: Processing idx(0) received TLV: wmi_rtt_oem_rsp_head
11-10 23:01:47.099 1194 19105 D LOWI-9.0.0.71: [LOWIWifiTlvHandler] processIfPeerEvtHdrTag: Invalid Tag(33), not added to vector mPeerIdx(0)
11-10 23:01:47.099 1194 19105 D LOWI-9.0.0.71: [LOWIWifiTlvHandler] processIfPerFrmInfoTag: Invalid Tag(33) measurement not added for peer(0)
11-10 23:01:47.099 1194 19105 D LOWI-9.0.0.71: [LOWIWifiTlvHandler] checkTlvTag: Processing idx(1) received TLV: wmi_rtt_oem_cap_rsp_head
11-10 23:01:47.099 1194 19105 D LOWI-9.0.0.71: [LOWIWifiTlvHandler] processIfPeerEvtHdrTag: Invalid Tag(35), not added to vector mPeerIdx(0)
11-10 23:01:47.099 1194 19105 D LOWI-9.0.0.71: [LOWIWifiTlvHandler] processIfPerFrmInfoTag: Invalid Tag(35) measurement not added for peer(0)
11-10 23:01:47.099 1194 19105 D LOWI-9.0.0.71: [LOWIWifiTlvHandler] checkTlvTag: Processing idx(2) received TLV: wmi_rtt_oem_cap_rsp_event
11-10 23:01:47.099 1194 19105 D LOWI-9.0.0.71: [LOWIWifiTlvHandler] processIfPeerEvtHdrTag: Invalid Tag(36), not added to vector mPeerIdx(0)
11-10 23:01:47.099 1194 19105 D LOWI-9.0.0.71: [LOWIWifiTlvHandler] processIfPerFrmInfoTag: Invalid Tag(36) measurement not added for peer(0)
11-10 23:01:47.099 1194 19105 D LOWI-9.0.0.71: [LOWIWifiTlvHandler] printBssidInfo: No peer info from processing TLVs
11-10 23:01:47.099 1194 19105 D LOWI-9.0.0.71: [LOWI-HELIUM-RTT] parseRttCapabilitiesMsg: Skipping wmi_rtt_oem_rsp_head
11-10 23:01:47.099 1194 19105 D LOWI-9.0.0.71: [LOWI-HELIUM-RTT] parseRttCapabilitiesMsg: parsing wmi_rtt_oem_cap_rsp_head TLVversion(0x3) major(0x0) minor(0x10001) serviceBitMask[0](0x0) serviceBitMask[1](0x0) serviceBitMask[2](0x0) serviceBitMask[3](0x0)
11-10 23:01:47.099 1194 19105 D LOWI-9.0.0.71: [LOWI-HELIUM-RTT] parseRttCapabilitiesMsg: parsing wmi_rtt_oem_cap_rsp_event TLVrangingTypeMask(5) supportedFramesMask(11) maxDestPerReq(10) maxMeasPerDest(31) maxChannelsAllowed(1) maxBwAllowed(2) preambleSupportedMask(15) reportTypeSupportedMask(15) maxRfChains(3) facTypeMask(2) numPhys(1) fwMultiBurstSupport(1)
11-10 23:01:47.099 1194 19105 D LOWI-9.0.0.71: [LOWIRangingFSM] FSM: New FSM state: STATE_READY_AND_IDLE
11-10 23:01:47.099 1194 19105 D LOWI-9.0.0.71: [LOWI-ROME-RTT] RomeWaitOnActivityOnSocketOrPipe: issue blocking select
11-10 23:01:47.176 18818 18818 I main : type=1400 audit(0.0:24921): avc: denied { kill } for capability=5 scontext=u:r:zygote:s0 tcontext=u:r:zygote:s0 tclass=capability permissive=1
11-10 23:01:47.179 567 567 I lowmemorykiller: lmkd data connection dropped
11-10 23:01:47.179 567 567 I lowmemorykiller: closing lmkd data connection
11-10 23:01:47.180 18820 18837 I CaptureStateNotifier: Listener binder died
11-10 23:01:47.180 18818 18818 E Zygote : Zygote failed to write to system_server FD: Connection refused
11-10 23:01:47.181 18818 18818 I Zygote : Process 18891 exited due to signal 9 (Killed)
11-10 23:01:47.181 18818 18818 E Zygote : Exit zygote because system server (pid 18891) has terminated
11-10 23:01:47.218 18817 18826 D audio_hw_primary: adev_close_output_stream: enter:stream_handle(afe-proxy-playback)
11-10 23:01:47.218 18817 18826 D audio_hw_primary: out_standby: enter: stream (0xeaec8650) usecase(54: afe-proxy-playback)
11-10 23:01:47.219 18817 18817 D audio_hw_primary: adev_close_output_stream: enter:stream_handle(low-latency-playback)
11-10 23:01:47.219 18817 18826 I r_submix: adev_close()
11-10 23:01:47.219 18817 18817 D audio_hw_primary: out_standby: enter: stream (0xeaec64c0) usecase(1: low-latency-playback)
11-10 23:01:47.219 18817 18817 D audio_hw_primary: adev_close_output_stream: enter:stream_handle(deep-buffer-playback)
11-10 23:01:47.219 18817 18817 D audio_hw_primary: out_standby: enter: stream (0xeaeca7e0) usecase(0: deep-buffer-playback)
11-10 23:01:47.219 18817 18817 D audio_hw_primary: adev_close_output_stream: enter:stream_handle(audio-with-haptics-playback)
11-10 23:01:47.219 18817 18817 D audio_hw_primary: out_standby: enter: stream (0xeaec4330) usecase(14: audio-with-haptics-playback)
11-10 23:01:47.219 18817 18817 D audio_hw_primary: adev_close_output_stream: enter:stream_handle(afe-proxy-playback)
11-10 23:01:47.219 18817 18817 D audio_hw_primary: out_standby: enter: stream (0xeaeceb00) usecase(54: afe-proxy-playback)
11-10 23:01:47.219 856 856 I hw-BpHwBinder: onLastStrongRef automatically unlinking death recipients
11-10 23:01:47.219 18817 18817 D audio_hw_con: audio_hal_con_thread_exit enter
11-10 23:01:47.219 18817 18983 D audio_hw_con: thread exit
11-10 23:01:47.220 18817 18817 D audio_hw_con: audio_hal_con_thread_exit exit
11-10 23:01:47.220 18817 18817 D ultrasound_extn: ultrasound_extn_stop: enter
11-10 23:01:47.220 18817 18817 D ultrasound_extn: ultrasound_extn_stop: start_refcount 1
11-10 23:01:47.220 18817 18817 D ultrasound_extn: ultrasound_extn_stop: rampdown
11-10 23:01:47.220 18817 18817 D ultrasound_extn: ultrasound_apply_ramp_down_path: ultrasound ::ramp_down_path
11-10 23:01:47.220 18817 18817 D audio_route: Apply path: ultrasound-rampdown
11-10 23:01:47.232 18817 18817 D ultrasound_extn: ultrasound_extn_stop: stopping
11-10 23:01:47.232 18817 18817 D ultrasound_extn: ultrasound_stop: enter:
11-10 23:01:47.232 18817 18817 D ultrasound_extn: ultrasound_stop_tx: enter:
11-10 23:01:47.232 0 0 D msm-dai-cdc-dma-dev soc: qcom,msm-dai-cdc-dma:qcom,msm-dai-tx-cdc-dma-4-tx: msm_dai_q6_cdc_dma_shutdown: stop AFE port:45113
11-10 23:01:47.234 0 0 I [CSPL] crus_afe_port_close: 0xb039
11-10 23:01:47.234 0 0 D msm-dai-cdc-dma-dev soc: qcom,msm-dai-cdc-dma:qcom,msm-dai-tx-cdc-dma-4-tx: msm_dai_q6_cdc_dma_shutdown: dai_data->status_mask = 1
11-10 23:01:47.234 0 0 D wcd938x_codec wcd938x-codec: wcd938x_codec_enable_adc wname: ADC1 event: 8
11-10 23:01:47.235 0 0 D wcd938x_codec wcd938x-codec: wcd938x_tx_connect_port slv_ch_idx: 0, mstr_ch_type: 34
11-10 23:01:47.235 0 0 D wcd938x_codec wcd938x-codec: wcd938x_codec_enable_adc wname: ADC3 event: 8
11-10 23:01:47.235 0 0 D wcd938x_codec wcd938x-codec: wcd938x_tx_connect_port slv_ch_idx: 2, mstr_ch_type: 42
11-10 23:01:47.235 0 0 D wcd938x_codec wcd938x-codec: wcd938x_codec_enable_adc wname: ADC4 event: 8
11-10 23:01:47.236 0 0 D wcd938x_codec wcd938x-codec: wcd938x_tx_connect_port slv_ch_idx: 3, mstr_ch_type: 43
11-10 23:01:47.236 0 0 D wcd938x_codec wcd938x-codec: wcd938x_enable_req wname: ADC1 REQ event: 8
11-10 23:01:47.237 0 0 D wcd938x_codec wcd938x-codec: wcd938x_enable_req wname: ADC3 REQ event: 8
11-10 23:01:47.238 0 0 D wcd938x_codec wcd938x-codec: wcd938x_enable_req wname: ADC4 REQ event: 8
11-10 23:01:47.239 1135 1770 E QC-NETMGR-LIB: serviceDied(): Netd service died
11-10 23:01:47.241 0 0 D wcd938x_codec wcd938x-codec: __wcd938x_codec_enable_micbias: wname: MIC BIAS3, event: 8
11-10 23:01:47.242 0 0 D wcd938x_codec wcd938x-codec: wcd938x_micbias_control: micb_num:3, micb_ref: 0, pullup_ref: 0
11-10 23:01:47.242 0 0 D wcd938x_codec wcd938x-codec: __wcd938x_codec_enable_micbias: wname: MIC BIAS1, event: 8
11-10 23:01:47.242 0 0 D wcd938x_codec wcd938x-codec: wcd938x_micbias_control: micb_num:1, micb_ref: 0, pullup_ref: 0
11-10 23:01:47.243 18817 18817 D ultrasound_extn: ultrasound_stop_tx: pcm_close mic
11-10 23:01:47.243 18817 18817 D ultrasound_extn: ultrasound_stop_tx: usecase stopped/removed TX
11-10 23:01:47.243 18817 18817 D audio_hw_primary: disable_audio_route: reset and update mixer path: ultrasound-proximity-input ultrasund-tx
11-10 23:01:47.243 18817 18817 D soundtrigger: audio_extn_sound_trigger_update_stream_status: uc_info->id 72 of type 1 for Event 2, with Raise=0
11-10 23:01:47.243 18817 18817 D hardware_info: hw_info_append_hw_type : device_name = ultrasound-input
11-10 23:01:47.243 18817 18817 D audio_hw_primary: disable_snd_device: snd_device(288: ultrasound-input)
11-10 23:01:47.245 0 0 E elliptic_system_configuration_param_put: reg: 0 shift: 8 val: 0
11-10 23:01:47.245 0 0 E [ELUS] : (elliptic_system_configuration_param_put) : ELLIPTIC_SYSTEM_CONFIGURATION_CUSTOM_SETTING_XX csi:1
11-10 23:01:47.245 0 0 E [ELUS] : (elliptic_system_configuration_param_put) : ucontrol->value.integer.value[0]:0
11-10 23:01:47.245 0 0 E [ELUS] : (elliptic_system_configuration_param_put) : calling elliptic_data_write(custom_setting) csi:1
11-10 23:01:47.246 18817 18817 I soundtrigger: audio_extn_sound_trigger_update_device_status: device 0x120 of type 1 for Event 0, with Raise=0
11-10 23:01:47.246 18817 18817 D ultrasound_extn: ultrasound_stop_tx: exit, err:0
11-10 23:01:47.246 18817 18817 D ultrasound_extn: ultrasound_disable_pseudo_port
11-10 23:01:47.246 18817 18817 D ultrasound_extn: ultrasound_set_pseudo_port_state: on is 0 adev->mode is 0
11-10 23:01:47.246 18817 18817 D ultrasound_extn: ultrasound_set_pseudo_port_state: enter, switch = Off
11-10 23:01:47.246 18817 18817 D ultrasound_extn: ultrasound_apply_ramp_down_path: ultrasound ::ramp_down_path
11-10 23:01:47.246 18817 18817 D audio_route: Apply path: ultrasound-rampdown
11-10 23:01:47.256 0 0 I tfa98xx 1-0034: tfa98xx_mute: state: 1
11-10 23:01:47.256 0 0 E tfa98xx_mute-1 mute:
11-10 23:01:47.257 0 0 I tfa98xx 1-0035: tfa98xx_mute: state: 1
11-10 23:01:47.257 0 0 E tfa98xx_mute-1 mute:
11-10 23:01:47.258 0 0 D msm-dai-q6-mi2s soc: qcom,msm-dai-mi2s:qcom,msm-dai-q6-mi2s-tert: msm_dai_q6_mi2s_hw_free: clear hwfree_status
11-10 23:01:47.259 0 0 D msm_mi2s_get_port_id: port_id = 0x1004
11-10 23:01:47.259 0 0 D msm-dai-q6-mi2s soc: qcom,msm-dai-mi2s:qcom,msm-dai-q6-mi2s-tert: msm_dai_q6_mi2s_shutdown: closing afe port id = 0x1004
11-10 23:01:47.261 0 0 I [CSPL] crus_afe_port_close: 0x1004
11-10 23:01:47.261 0 0 D msm_mi2s_snd_shutdown(): substream = subdevice #0 stream = 0
11-10 23:01:47.261 0 0 D msm-dai-q6-mi2s soc: qcom,msm-dai-mi2s:qcom,msm-dai-q6-mi2s-tert: msm_dai_q6_mi2s_hw_free: clear hwfree_status
11-10 23:01:47.261 0 0 D msm_mi2s_get_port_id: port_id = 0x1005
11-10 23:01:47.261 0 0 D msm-dai-q6-mi2s soc: qcom,msm-dai-mi2s:qcom,msm-dai-q6-mi2s-tert: msm_dai_q6_mi2s_shutdown: closing afe port id = 0x1005
11-10 23:01:47.264 0 0 I [CSPL] crus_afe_port_close: 0x1005
11-10 23:01:47.264 0 0 D msm_mi2s_snd_shutdown(): substream = subdevice #0 stream = 1
11-10 23:01:47.264 0 0 D : voice_dealloc_cal
11-10 23:01:47.264 0 0 I chatty : uid=0(root) logd identical 2 lines
11-10 23:01:47.264 0 0 D : voice_dealloc_cal
11-10 23:01:47.267 1001 1001 E Diag-Router: diag: calling close logging for fd 66
11-10 23:01:47.267 1001 1001 E Diag-Router: diag: dci deinit client
11-10 23:01:47.269 0 0 I binder : undelivered death notification, 00000000edf48580
11-10 23:01:47.300 19111 19111 I chatty : uid=1000(system) /system/bin/flags_health_check expire 317 lines
11-10 23:01:47.312 19111 19111 I flags_health_ch: type=1400 audit(0.0:25237): avc: denied { getattr } for path="/dev/__properties__/u:object_r:vendor_ctl_vendor_imsrcsservice_prop:s0" dev="tmpfs" ino=27431 scontext=u:r:flags_health_check:s0 tcontext=u:object_r:vendor_ctl_vendor_imsrcsservice_prop:s0 tclass=file permissive=1
11-10 23:01:47.312 19111 19111 I flags_health_ch: type=1400 audit(0.0:25238): avc: denied { map } for path="/dev/__properties__/u:object_r:vendor_ctl_vendor_imsrcsservice_prop:s0" dev="tmpfs" ino=27431 scontext=u:r:flags_health_check:s0 tcontext=u:object_r:vendor_ctl_vendor_imsrcsservice_prop:s0 tclass=file permissive=1
11-10 23:01:47.312 19111 19111 I flags_health_ch: type=1400 audit(0.0:25239): avc: denied { open } for path="/dev/__properties__/u:object_r:vendor_ctl_vendor_mmid_prop:s0" dev="tmpfs" ino=27432 scontext=u:r:flags_health_check:s0 tcontext=u:object_r:vendor_ctl_vendor_mmid_prop:s0 tclass=file permissive=1
11-10 23:01:47.312 19111 19111 I flags_health_ch: type=1400 audit(0.0:25240): avc: denied { getattr } for path="/dev/__properties__/u:object_r:vendor_ctl_vendor_mmid_prop:s0" dev="tmpfs" ino=27432 scontext=u:r:flags_health_check:s0 tcontext=u:object_r:vendor_ctl_vendor_mmid_prop:s0 tclass=file permissive=1
11-10 23:01:47.312 19111 19111 I flags_health_ch: type=1400 audit(0.0:25241): avc: denied { map } for path="/dev/__properties__/u:object_r:vendor_ctl_vendor_mmid_prop:s0" dev="tmpfs" ino=27432 scontext=u:r:flags_health_check:s0 tcontext=u:object_r:vendor_ctl_vendor_mmid_prop:s0 tclass=file permissive=1
11-10 23:01:47.312 19111 19111 I flags_health_ch: type=1400 audit(0.0:25242): avc: denied { open } for path="/dev/__properties__/u:object_r:vendor_ctl_vendor_rmt_storage_prop:s0" dev="tmpfs" ino=27433 scontext=u:r:flags_health_check:s0 tcontext=u:object_r:vendor_ctl_vendor_rmt_storage_prop:s0 tclass=file permissive=1
11-10 23:01:47.312 19111 19111 I flags_health_ch: type=1400 audit(0.0:25243): avc: denied { getattr } for path="/dev/__properties__/u:object_r:vendor_ctl_vendor_rmt_storage_prop:s0" dev="tmpfs" ino=27433 scontext=u:r:flags_health_check:s0 tcontext=u:object_r:vendor_ctl_vendor_rmt_storage_prop:s0 tclass=file permissive=1
11-10 23:01:47.312 19111 19111 I flags_health_ch: type=1400 audit(0.0:25244): avc: denied { map } for path="/dev/__properties__/u:object_r:vendor_ctl_vendor_rmt_storage_prop:s0" dev="tmpfs" ino=27433 scontext=u:r:flags_health_check:s0 tcontext=u:object_r:vendor_ctl_vendor_rmt_storage_prop:s0 tclass=file permissive=1
11-10 23:01:47.312 19111 19111 I flags_health_ch: type=1400 audit(0.0:25245): avc: denied { open } for path="/dev/__properties__/u:object_r:vendor_ctl_vendor_wigigsvc_prop:s0" dev="tmpfs" ino=27434 scontext=u:r:flags_health_check:s0 tcontext=u:object_r:vendor_ctl_vendor_wigigsvc_prop:s0 tclass=file permissive=1
11-10 23:01:47.317 0 0 W audit_log_start: 1760 callbacks suppressed
11-10 23:01:47.317 0 0 W audit : audit_backlog=65 > audit_backlog_limit=64
11-10 23:01:47.317 0 0 W audit : audit_lost=7467 audit_rate_limit=0 audit_backlog_limit=64
11-10 23:01:47.317 0 0 E audit : backlog limit exceeded
11-10 23:01:47.317 0 0 W audit : audit_backlog=65 > audit_backlog_limit=64
11-10 23:01:47.317 0 0 W audit : audit_lost=7468 audit_rate_limit=0 audit_backlog_limit=64
11-10 23:01:47.317 0 0 E audit : backlog limit exceeded
11-10 23:01:47.317 0 0 W audit : audit_backlog=65 > audit_backlog_limit=64
11-10 23:01:47.317 0 0 W audit : audit_lost=7469 audit_rate_limit=0 audit_backlog_limit=64
11-10 23:01:47.317 0 0 E audit : backlog limit exceeded
11-10 23:01:47.317 0 0 W audit : audit_backlog=65 > audit_backlog_limit=64
11-10 23:01:48.375 0 0 D cnss : Runtime suspend start
11-10 23:01:48.375 0 0 I [kworke][0x161d3c3b0][23:01:48.375463] wlan: [31:I:PMO] pmo_core_is_wow_applicable: lpass enabled, enabling wow
11-10 23:01:48.375 0 0 I [kworke][0x161d3c83b][23:01:48.375524] wlan: [31:I:PMO] pmo_core_enable_wow_in_fw: drv wow is enabled
11-10 23:01:48.375 0 0 I [kworke][0x161d3c8dc][23:01:48.375532] wlan: [31:I:PMO] pmo_core_enable_wow_in_fw: RTPM wow
11-10 23:01:48.387 0 0 D cnss : Setting MHI state: SUSPEND(6)
11-10 23:01:48.387 0 0 D cnss : Suspending PCI link
11-10 23:01:48.387 0 0 D cnss : Use PCIe DRV suspend
11-10 23:01:48.389 0 0 D cnss : Runtime suspend status: 0
11-10 23:01:48.891 0 0 I init : starting service 'vendor.audio-hal'...
11-10 23:01:48.891 0 0 I init : Created socket '/dev/socket/audio_hw_socket', mode 666, user 1000, group 1000
11-10 23:01:48.894 0 0 I init : starting service 'zygote'...
11-10 23:01:48.895 0 0 I init : Created socket '/dev/socket/zygote', mode 660, user 0, group 1000
11-10 23:01:48.895 0 0 I init : Created socket '/dev/socket/usap_pool_primary', mode 660, user 0, group 1000
11-10 23:01:48.897 0 0 I init : starting service 'zygote_secondary'...
11-10 23:01:48.898 0 0 I init : Created socket '/dev/socket/zygote_secondary', mode 660, user 0, group 1000
11-10 23:01:48.898 0 0 I init : Created socket '/dev/socket/usap_pool_secondary', mode 660, user 0, group 1000
11-10 23:01:48.901 0 0 I init : starting service 'audioserver'...
11-10 23:01:48.903 0 0 I init : starting service 'cameraserver'...
11-10 23:01:48.911 19112 19112 D audiohalservice: Init hw binder with mem size = 1024
11-10 23:01:48.920 19112 19112 I HidlServiceManagement: Registered android.hardware.audio@6.0::IDevicesFactory/default
11-10 23:01:48.920 19112 19112 I HidlServiceManagement: Removing namespace from process name android.hardware.audio.service to audio.service.
11-10 23:01:48.920 19112 19112 I LegacySupport: Registration complete for android.hardware.audio@6.0::IDevicesFactory/default.
11-10 23:01:48.926 19112 19112 I HidlServiceManagement: Registered android.hardware.audio.effect@6.0::IEffectsFactory/default
11-10 23:01:48.926 19112 19112 I LegacySupport: Registration complete for android.hardware.audio.effect@6.0::IEffectsFactory/default.
11-10 23:01:48.933 19112 19112 D sound_trigger_hw: stdev_open: Enter
11-10 23:01:48.937 19112 19112 D sound_trigger_hw: load_audio_hal: ahal is using proprietary API version 0x0200
11-10 23:01:48.937 19112 19112 I sound_trigger_platform: platform_stdev_init: Enter
11-10 23:01:48.943 19116 19116 I cameraserver: ServiceManager: 0xef6c0910
11-10 23:01:48.943 19116 19116 I CameraService: CameraService started (pid=19116)
11-10 23:01:48.943 19116 19116 I CameraService: CameraService process starting
11-10 23:01:48.943 19117 19117 I mediaserver: ServiceManager: 0xea2409b0
11-10 23:01:48.943 19116 19116 W BatteryNotifier: batterystats service unavailable!
11-10 23:01:48.943 19117 19117 D mediaserver: Time zone APEX ICU file found: /apex/com.android.tzdata/etc/icu/icu_tzdata.dat
11-10 23:01:48.944 19116 19116 W BatteryNotifier: batterystats service unavailable!
11-10 23:01:48.944 19117 19117 D mediaserver: I18n APEX ICU file found: /apex/com.android.i18n/etc/icu/icudt66l.dat
11-10 23:01:48.944 19117 19117 W BatteryNotifier: batterystats service unavailable!
11-10 23:01:48.945 19117 19117 W BatteryNotifier: batterystats service unavailable!
11-10 23:01:48.945 19112 19112 D audio_hw_utils: audio_extn_utils_open_snd_mixer: snd_card_name: lahaina-shimaidp-snd-card
11-10 23:01:48.945 19112 19112 D audio_hw_utils: audio_extn_utils_open_snd_mixer: Opened sound card:0
11-10 23:01:48.946 19116 19116 I CameraProviderManager: Connecting to new camera provider: legacy/0, isRemote? 1
11-10 23:01:48.946 0 0 D voc_get_session_id: Voice session has session id 0x10c01000
11-10 23:01:48.946 0 0 D voice_get_session: session_id 0x10c01000 session handle 0000000000000000
11-10 23:01:48.946 0 0 D voice_get_session: session_id 0x10c01000 session handle 0000000000000000
11-10 23:01:48.946 0 0 D voc_get_cvd_version: Returning the cached value 2.4
11-10 23:01:48.947 19114 19114 D AndroidRuntime: >>>>>> START com.android.internal.os.ZygoteInit uid 0 <<<<<<
11-10 23:01:48.949 19114 19114 I AndroidRuntime: Using default boot image
11-10 23:01:48.949 19114 19114 I AndroidRuntime: Leaving lock profiling enabled
11-10 23:01:48.950 19114 19114 I zygote : option[0]=-Xzygote
11-10 23:01:48.950 19114 19114 I zygote : option[1]=exit
11-10 23:01:48.950 19114 19114 I zygote : option[2]=vfprintf
11-10 23:01:48.950 19114 19114 I zygote : option[3]=sensitiveThread
11-10 23:01:48.950 19114 19114 I zygote : option[4]=-verbose:gc
11-10 23:01:48.950 19114 19114 I zygote : option[5]=-XX:PerfettoHprof=true
11-10 23:01:48.950 19114 19114 I zygote : option[6]=-Xms16m
11-10 23:01:48.950 19114 19114 I zygote : option[7]=-Xmx512m
11-10 23:01:48.950 19114 19114 I zygote : option[8]=-XX:HeapGrowthLimit=256m
11-10 23:01:48.950 19114 19114 I zygote : option[9]=-XX:HeapMinFree=8m
11-10 23:01:48.950 19114 19114 I zygote : option[10]=-XX:HeapMaxFree=32m
11-10 23:01:48.950 19114 19114 I zygote : option[11]=-XX:HeapTargetUtilization=0.5
11-10 23:01:48.950 19114 19114 I zygote : option[12]=-Xusejit:true
11-10 23:01:48.950 19114 19114 I zygote : option[13]=-Xjitsaveprofilinginfo
11-10 23:01:48.950 19114 19114 I zygote : option[14]=-XjdwpOptions:suspend=n,server=y
11-10 23:01:48.950 19114 19114 I zygote : option[15]=-XjdwpProvider:default
11-10 23:01:48.950 19114 19114 I zygote : option[16]=-Xopaque-jni-ids:swapable
11-10 23:01:48.950 19114 19114 I zygote : option[17]=-Xlockprofthreshold:500
11-10 23:01:48.950 19114 19114 I zygote : option[18]=-Xcompiler-option
11-10 23:01:48.950 19114 19114 I zygote : option[19]=--instruction-set-variant=kryo385
11-10 23:01:48.950 19114 19114 I zygote : option[20]=-Xcompiler-option
11-10 23:01:48.950 19114 19114 I zygote : option[21]=--instruction-set-features=default
11-10 23:01:48.950 19114 19114 I zygote : option[22]=-Xcompiler-option
11-10 23:01:48.950 19114 19114 I zygote : option[23]=--generate-mini-debug-info
11-10 23:01:48.950 19114 19114 I zygote : option[24]=-Ximage-compiler-option
11-10 23:01:48.950 19114 19114 I zygote : option[25]=--runtime-arg
11-10 23:01:48.950 19114 19114 I zygote : option[26]=-Ximage-compiler-option
11-10 23:01:48.950 19114 19114 I zygote : option[27]=-Xms64m
11-10 23:01:48.950 19114 19114 I zygote : option[28]=-Ximage-compiler-option
11-10 23:01:48.950 19114 19114 I zygote : option[29]=--runtime-arg
11-10 23:01:48.950 19114 19114 I zygote : option[30]=-Ximage-compiler-option
11-10 23:01:48.950 19114 19114 I zygote : option[31]=-Xmx64m
11-10 23:01:48.950 19114 19114 I zygote : option[32]=-Ximage-compiler-option
11-10 23:01:48.950 19114 19114 I zygote : option[33]=--dirty-image-objects=/system/etc/dirty-image-objects
11-10 23:01:48.950 19114 19114 I zygote : option[34]=-Ximage-compiler-option
11-10 23:01:48.950 19114 19114 I zygote : option[35]=--instruction-set-variant=kryo385
11-10 23:01:48.950 19114 19114 I zygote : option[36]=-Ximage-compiler-option
11-10 23:01:48.950 19114 19114 I zygote : option[37]=--instruction-set-features=default
11-10 23:01:48.950 19114 19114 I zygote : option[38]=-Ximage-compiler-option
11-10 23:01:48.950 19114 19114 I zygote : option[39]=--generate-mini-debug-info
11-10 23:01:48.950 19114 19114 I zygote : option[40]=-Duser.locale=ja-JP
11-10 23:01:48.950 19114 19114 I zygote : option[41]=--cpu-abilist=armeabi-v7a,armeabi
11-10 23:01:48.950 19114 19114 I zygote : option[42]=-Xcore-platform-api-policy:just-warn
11-10 23:01:48.950 19114 19114 I zygote : option[43]=-Xfingerprint:Xiaomi/dipper/dipper:8.1.0/OPM1.171019.011/V9.5.5.0.OEAMIFA:user/release-keys
11-10 23:01:48.951 19114 19114 I zygote : Core platform API reporting enabled, enforcing=false
11-10 23:01:48.953 19115 19115 I FastMixerState: sMaxFastTracks = 8
11-10 23:01:48.955 19115 19115 V MediaUtils: physMem: 5588307968
11-10 23:01:48.955 19115 19115 V MediaUtils: requested limit: 536870912
11-10 23:01:48.955 19115 19115 I libc : malloc_limit: Allocation limit enabled, max size 536870912 bytes
11-10 23:01:48.956 19115 19115 I audioserver: ServiceManager: 0xb40000796b9ce150
11-10 23:01:48.956 19115 19115 W BatteryNotifier: batterystats service unavailable!
11-10 23:01:48.956 19116 19116 I CameraProviderManager: Enumerating new camera device: device@3.5/legacy/0
11-10 23:01:48.957 19117 19125 D MediaCodecList: Allowing all OMX codecs
11-10 23:01:48.962 19113 19113 D AndroidRuntime: >>>>>> START com.android.internal.os.ZygoteInit uid 0 <<<<<<
11-10 23:01:48.962 19117 19125 I Codec2Client: Available Codec2 services: "default" "software"
11-10 23:01:48.964 19115 19115 I AudioFlinger: Using default 3000 mSec as standby time.
11-10 23:01:48.964 1095 1955 W AudioAnalytics: (key=audio.flinger) Audioflinger constructor event detected
11-10 23:01:48.964 19113 19113 I AndroidRuntime: Using default boot image
11-10 23:01:48.964 19113 19113 I AndroidRuntime: Leaving lock profiling enabled
11-10 23:01:48.964 19115 19115 E APM::Serializer: deserialize: Could not parse /odm/etc/audio_policy_configuration.xml document.
11-10 23:01:48.964 19113 19113 I zygote64: option[0]=-Xzygote
11-10 23:01:48.964 19113 19113 I zygote64: option[1]=exit
11-10 23:01:48.964 19113 19113 I zygote64: option[2]=vfprintf
11-10 23:01:48.964 19113 19113 I zygote64: option[3]=sensitiveThread
11-10 23:01:48.964 19113 19113 I zygote64: option[4]=-verbose:gc
11-10 23:01:48.964 19113 19113 I zygote64: option[5]=-XX:PerfettoHprof=true
11-10 23:01:48.964 19113 19113 I zygote64: option[6]=-Xprimaryzygote
11-10 23:01:48.964 19113 19113 I zygote64: option[7]=-Xms16m
11-10 23:01:48.964 19113 19113 I zygote64: option[8]=-Xmx512m
11-10 23:01:48.964 19113 19113 I zygote64: option[9]=-XX:HeapGrowthLimit=256m
11-10 23:01:48.964 19113 19113 I zygote64: option[10]=-XX:HeapMinFree=8m
11-10 23:01:48.964 19113 19113 I zygote64: option[11]=-XX:HeapMaxFree=32m
11-10 23:01:48.964 19113 19113 I zygote64: option[12]=-XX:HeapTargetUtilization=0.5
11-10 23:01:48.964 19113 19113 I zygote64: option[13]=-Xusejit:true
11-10 23:01:48.964 19113 19113 I zygote64: option[14]=-Xjitsaveprofilinginfo
11-10 23:01:48.964 19113 19113 I zygote64: option[15]=-XjdwpOptions:suspend=n,server=y
11-10 23:01:48.964 19113 19113 I zygote64: option[16]=-XjdwpProvider:default
11-10 23:01:48.964 19113 19113 I zygote64: option[17]=-Xopaque-jni-ids:swapable
11-10 23:01:48.964 19113 19113 I zygote64: option[18]=-Xlockprofthreshold:500
11-10 23:01:48.964 19113 19113 I zygote64: option[19]=-Xcompiler-option
11-10 23:01:48.964 19113 19113 I zygote64: option[20]=--instruction-set-variant=kryo385
11-10 23:01:48.964 19113 19113 I zygote64: option[21]=-Xcompiler-option
11-10 23:01:48.964 19113 19113 I zygote64: option[22]=--instruction-set-features=default
11-10 23:01:48.964 19113 19113 I zygote64: option[23]=-Xcompiler-option
11-10 23:01:48.964 19113 19113 I zygote64: option[24]=--generate-mini-debug-info
11-10 23:01:48.964 19113 19113 I zygote64: option[25]=-Ximage-compiler-option
11-10 23:01:48.964 19113 19113 I zygote64: option[26]=--runtime-arg
11-10 23:01:48.964 19113 19113 I zygote64: option[27]=-Ximage-compiler-option
11-10 23:01:48.964 19113 19113 I zygote64: option[28]=-Xms64m
11-10 23:01:48.964 19113 19113 I zygote64: option[29]=-Ximage-compiler-option
11-10 23:01:48.964 19113 19113 I zygote64: option[30]=--runtime-arg
11-10 23:01:48.964 19113 19113 I zygote64: option[31]=-Ximage-compiler-option
11-10 23:01:48.964 19113 19113 I zygote64: option[32]=-Xmx64m
11-10 23:01:48.964 19113 19113 I zygote64: option[33]=-Ximage-compiler-option
11-10 23:01:48.964 19113 19113 I zygote64: option[34]=--dirty-image-objects=/system/etc/dirty-image-objects
11-10 23:01:48.965 19113 19113 I zygote64: option[35]=-Ximage-compiler-option
11-10 23:01:48.965 19113 19113 I zygote64: option[36]=--instruction-set-variant=kryo385
11-10 23:01:48.965 19113 19113 I zygote64: option[37]=-Ximage-compiler-option
11-10 23:01:48.965 19113 19113 I zygote64: option[38]=--instruction-set-features=default
11-10 23:01:48.965 19113 19113 I zygote64: option[39]=-Ximage-compiler-option
11-10 23:01:48.965 19113 19113 I zygote64: option[40]=--generate-mini-debug-info
11-10 23:01:48.965 19113 19113 I zygote64: option[41]=-Duser.locale=ja-JP
11-10 23:01:48.965 19113 19113 I zygote64: option[42]=--cpu-abilist=arm64-v8a
11-10 23:01:48.965 19113 19113 I zygote64: option[43]=-Xcore-platform-api-policy:just-warn
11-10 23:01:48.965 19113 19113 I zygote64: option[44]=-Xfingerprint:Xiaomi/dipper/dipper:8.1.0/OPM1.171019.011/V9.5.5.0.OEAMIFA:user/release-keys
11-10 23:01:48.966 19113 19113 I zygote64: Core platform API reporting enabled, enforcing=false
11-10 23:01:48.968 19115 19115 D AudioPolicyManagerCustom: USE_XML_AUDIO_POLICY_CONF is TRUE
11-10 23:01:48.968 19115 19115 D APM_EngineLoader: Loaded engine from libaudiopolicyenginedefault.so
11-10 23:01:48.968 19115 19115 W APM::AudioPolicyEngine/Base: loadAudioPolicyEngineConfig: No configuration found, using default matching phone experience.
11-10 23:01:48.968 19115 19115 E APM::AudioPolicyEngine/Config: parseLegacyVolumeFile: Could not parse document /odm/etc/audio_policy_configuration.xml
11-10 23:01:48.968 19115 19115 E libxml2 : I/O warning : failed to load external entity "/odm/etc/audio_policy_configuration.xml"
11-10 23:01:48.968 19117 19125 I MediaCodecsXmlParser: doesn't exist, using /apex/com.android.media.swcodec/etc/media_codecs.xml
11-10 23:01:48.968 19117 19125 D MediaCodecsXmlParser: parsing /apex/com.android.media.swcodec/etc/media_codecs.xml...
11-10 23:01:48.969 19117 19125 D MediaCodecsXmlParser: disabling c2.android.gsm.decoder
11-10 23:01:48.971 19117 19125 D MediaCodecsXmlParser: disabling c2.android.mpeg2.decoder
11-10 23:01:48.971 19115 19115 W APM::AudioPolicyEngine/Base: loadAudioPolicyEngineConfig: No configuration of AUDIO_STREAM_CALL_ASSISTANT found, using default volume configuration
11-10 23:01:48.972 19117 19125 D MediaCodecsXmlParser: Cannot find
11-10 23:01:48.972 19117 19125 I chatty : uid=1013(media) Binder:19117_1 identical 1 line
11-10 23:01:48.972 19117 19125 D MediaCodecsXmlParser: Cannot find
11-10 23:01:48.972 19112 19121 D audio_hw_primary: adev_open: enter
11-10 23:01:48.972 19112 19121 D audio_log_utils: registered, module hal
11-10 23:01:48.972 19117 19125 I MediaCodecsXmlParser: getVendorXmlPath (/vendor/etc/media_codecs_lahaina_vendor.xml)
11-10 23:01:48.972 19117 19125 D MediaCodecsXmlParser: parsing /vendor/etc/media_codecs_lahaina_vendor.xml...
11-10 23:01:48.972 19117 19125 D MediaCodecsXmlParser: parsing /vendor/etc/media_codecs_system_default_lahaina.xml...
11-10 23:01:48.972 19117 19125 D MediaCodecsXmlParser: unable to open media codecs configuration xml file: /vendor/etc/media_codecs_system_default_lahaina.xml
11-10 23:01:48.972 19117 19125 D MediaCodecsXmlParser: parsing /vendor/etc/media_codecs_with_dolby_lahaina.xml...
11-10 23:01:48.973 19117 19125 D MediaCodecsXmlParser: unable to open media codecs configuration xml file: /vendor/etc/media_codecs_with_dolby_lahaina.xml
11-10 23:01:48.973 19117 19125 I MediaCodecsXmlParser: getVendorXmlPath (/vendor/etc/media_codecs_performance_lahaina_vendor.xml)
11-10 23:01:48.973 19117 19125 D MediaCodecsXmlParser: parsing /vendor/etc/media_codecs_performance_lahaina_vendor.xml...
11-10 23:01:48.973 19112 19121 D audio_hw_primary: adev_open: audio hal pid is 19112.
11-10 23:01:48.973 19117 19125 D MediaCodecsXmlParser: MediaCodec: cannot update non-existing codec at line 28 of /vendor/etc/media_codecs_performance_lahaina_vendor.xml
11-10 23:01:48.973 19117 19125 D MediaCodecsXmlParser: MediaCodec: cannot update non-existing codec at line 34 of /vendor/etc/media_codecs_performance_lahaina_vendor.xml
11-10 23:01:48.973 19117 19125 D MediaCodecsXmlParser: MediaCodec: cannot update non-existing codec at line 40 of /vendor/etc/media_codecs_performance_lahaina_vendor.xml
11-10 23:01:48.973 19117 19125 D MediaCodecsXmlParser: MediaCodec: cannot update non-existing codec at line 47 of /vendor/etc/media_codecs_performance_lahaina_vendor.xml
11-10 23:01:48.973 19117 19125 D MediaCodecsXmlParser: MediaCodec: cannot update non-existing codec at line 54 of /vendor/etc/media_codecs_performance_lahaina_vendor.xml
11-10 23:01:48.974 19117 19125 D MediaCodecsXmlParser: MediaCodec: cannot update non-existing codec at line 108 of /vendor/etc/media_codecs_performance_lahaina_vendor.xml
11-10 23:01:48.974 19112 19121 W audio_hw_utils: audio_extn_utils_get_vendor_enhanced_info: vendor_enhanced_info 0x3
11-10 23:01:48.974 19117 19125 D MediaCodecsXmlParser: MediaCodec: cannot update non-existing codec at line 114 of /vendor/etc/media_codecs_performance_lahaina_vendor.xml
11-10 23:01:48.974 19112 19121 D audio_hw_extn: snd_mon_feature_init: Called with feature Enabled
11-10 23:01:48.974 19117 19125 D MediaCodecsXmlParser: MediaCodec: cannot update non-existing codec at line 121 of /vendor/etc/media_codecs_performance_lahaina_vendor.xml
11-10 23:01:48.974 19112 19121 D audio_hw_extn: snd_mon_feature_init:: ---- Feature SND_MONITOR is Enabled ----
11-10 23:01:48.974 19112 19121 W audio_hw_extn: :: compr_cap_feature_init: ---- Feature COMPRESS_CAPTURE is disabled ----
11-10 23:01:48.974 19112 19121 D audio_hw_extn: dsm_feedback_feature_init: Called with feature NOT Enabled
11-10 23:01:48.975 19112 19121 W audio_hw_extn: :: dsm_feedback_feature_init: ---- Feature DSM_FEEDBACK is disabled ----
11-10 23:01:48.975 19112 19121 D audio_hw_extn: ssrec_feature_init:: ---- Feature SSREC is Enabled ----
11-10 23:01:48.975 19112 19121 D audio_hw_extn: src_trkn_feature_init:: ---- Feature SOURCE_TRACKING is Enabled ----
11-10 23:01:48.975 19112 19121 D audio_hw_extn: hdmi_edid_feature_init: HDMI_EDID feature Enabled
11-10 23:01:48.976 19112 19121 D audio_hw_extn: hdmi_edid_feature_init:: ---- Feature HDMI_EDID is Enabled ----
11-10 23:01:48.976 19112 19121 D audio_hw_extn: :: keep_alive_feature_init: ---- Feature KEEP_ALIVE is ENABLED ----
11-10 23:01:48.976 19112 19121 D audio_hw_extn: :: hifi_audio_feature_init: ---- Feature HIFI_AUDIO is NOT ENABLED ----
11-10 23:01:48.976 19112 19121 D audio_hw_extn: :: ras_feature_init: ---- Feature RAS_FEATURE is ENABLED ----
11-10 23:01:48.976 19112 19121 D audio_hw_extn: :: kpi_optimize_feature_init: ---- Feature KPI_OPTIMIZE is ENABLED ----
11-10 23:01:48.976 19112 19121 D audio_hw_extn: usb_offload_feature_init: Called with feature Enabled
11-10 23:01:48.976 19112 19121 D audio_hw_extn: usb_offload_burst_mode_feature_init: Called with feature Enabled
11-10 23:01:48.976 19112 19121 D audio_hw_extn: usb_offload_sidetone_volume_feature_init: Called with feature NOT Enabled
11-10 23:01:48.976 19112 19121 D audio_hw_extn: a2dp_offload_feature_init: Called with feature Enabled
11-10 23:01:48.976 865 865 E QConfig : failed to find module QModKey_Static_VppFilter
11-10 23:01:48.976 888 2149 E QC2VppFilterDeviceQuery: failed to getUserConfigValue
11-10 23:01:48.977 888 2149 E QC2VppFilterCaps: failed to get user config, try default config
11-10 23:01:48.977 19112 19121 D audio_hw_extn: a2dp_offload_feature_init:: ---- Feature A2DP_OFFLOAD is Enabled ----
11-10 23:01:48.977 19112 19121 D audio_hw_extn: :: vbat_feature_init: ---- Feature VBAT is ENABLED ----
11-10 23:01:48.977 19112 19121 D audio_hw_extn: :: display_port_feature_init: ---- Feature DISPLAY_PORT is ENABLED ----
11-10 23:01:48.977 19112 19121 D audio_hw_extn: :: fluence_feature_init: ---- Feature FLUENCE is ENABLED ----
11-10 23:01:48.977 19112 19121 D audio_hw_extn: :: custom_stereo_feature_init: ---- Feature CUSTOM_STEREO is ENABLED ----
11-10 23:01:48.977 19112 19121 D audio_hw_extn: :: anc_headset_feature_init: ---- Feature ANC_HEADSET is NOT ENABLED----
11-10 23:01:48.977 865 865 E QConfig : failed to find module QModKey_Static_VppFilter
11-10 23:01:48.977 19112 19121 D audio_hw_extn: spkr_prot_feature_init: Called with feature NOT Enabled, vendor_enhanced_info 0x3
11-10 23:01:48.977 19112 19121 W audio_hw_extn: :: spkr_prot_feature_init: ---- Feature SPKR_PROT is disabled ----
11-10 23:01:48.977 19112 19121 D audio_hw_extn: fm_feature_init: ---- Feature FM_POWER_OPT is ENABLED----
11-10 23:01:48.977 19112 19121 D audio_hw_extn: external_qdsp_feature_init: Called with feature NOT Enabled
11-10 23:01:48.977 19112 19121 W audio_hw_extn: :: external_qdsp_feature_init: ---- Feature EXTERNAL_QDSP is disabled ----
11-10 23:01:48.977 19112 19121 D audio_hw_extn: external_speaker_feature_init: Called with feature NOT Enabled
11-10 23:01:48.977 19112 19121 W audio_hw_extn: :: external_speaker_feature_init: ---- Feature EXTERNAL_SPKR is disabled ----
11-10 23:01:48.977 19112 19121 D audio_hw_extn: external_speaker_tfa_feature_init: Called with feature NOT Enabled
11-10 23:01:48.977 888 2149 E QC2VppFilterDeviceQuery: failed to getUserConfigValue
11-10 23:01:48.977 19112 19121 W audio_hw_extn: :: external_speaker_tfa_feature_init: ---- Feature EXTERNAL_SPKR_TFA is disabled ----
11-10 23:01:48.977 888 2149 E QC2VppFilterCaps: failed to get preset
11-10 23:01:48.977 19112 19121 D audio_hw_extn: hwdep_cal_feature_init: Called with feature NOT Enabled
11-10 23:01:48.977 19112 19121 W audio_hw_extn: :: hwdep_cal_feature_init: ---- Feature HWDEP_CAL is disabled ----
11-10 23:01:48.977 19112 19121 D audio_hw_extn: hfp_feature_init: Called with feature Enabled
11-10 23:01:48.977 865 865 E QConfig : failed to find module QModKey_Dynamic_VppFilter
11-10 23:01:48.977 888 2149 E QC2VppFilterDeviceQuery: failed to getUserConfigValue
11-10 23:01:48.977 888 2149 E QC2VppFilterCaps: failed to get user config, try default config
11-10 23:01:48.977 865 865 E QConfig : failed to find module QModKey_Dynamic_VppFilter
11-10 23:01:48.977 888 2149 E QC2VppFilterDeviceQuery: failed to getUserConfigValue
11-10 23:01:48.977 888 2149 E QC2VppFilterCaps: failed to get preset
11-10 23:01:48.977 888 2149 E QC2VppFilterCaps: preset size is zero
11-10 23:01:48.977 19112 19121 D audio_hw_extn: hfp_feature_init:: ---- Feature HFP is Enabled ----
11-10 23:01:48.978 19112 19121 D audio_hw_extn: icc_feature_init: Called with feature NOT Enabled
11-10 23:01:48.978 19112 19121 W audio_hw_extn: :: icc_feature_init: ---- Feature ICC is disabled ----
11-10 23:01:48.978 19112 19121 D audio_hw_extn: ext_hw_plugin_feature_init: Called with feature NOT Enabled
11-10 23:01:48.978 19112 19121 W audio_hw_extn: :: ext_hw_plugin_feature_init: ---- Feature EXT_HW_PLUGIN is disabled ----
11-10 23:01:48.978 19112 19121 D audio_hw_extn: record_play_concurency_feature_init: ---- Feature RECORD_PLAY_CONCURRENCY is NOT ENABLED----
11-10 23:01:48.978 19112 19121 D audio_hw_extn: hdmi_passthrough_feature_init: Called with feature Enabled
11-10 23:01:48.978 888 2149 I vendor.qti.media.c2@1.0-service: missing struct descriptor #Param::CoreIndex(--002) for field mastering of struct #Param::CoreIndex(--180a)
11-10 23:01:48.978 19112 19121 E audio_hw_extn: hdmi_passthrough_feature_init: dlsym failed
11-10 23:01:48.979 19112 19121 W audio_hw_extn: :: hdmi_passthrough_feature_init: ---- Feature HDMI_PASSTHROUGH is disabled ----
11-10 23:01:48.979 888 2149 I vendor.qti.media.c2@1.0-service: missing struct descriptor #Param::CoreIndex(-Vc010) for field window of struct #Param::CoreIndex(FV1c00d)
11-10 23:01:48.979 19112 19121 D audio_hw_extn: concurrent_capture_feature_init: ---- Feature CONCURRENT_CAPTURE is ENABLED----
11-10 23:01:48.979 19112 19121 D audio_hw_extn: compress_in_feature_init: ---- Feature COMPRESS_IN is ENABLED----
11-10 23:01:48.979 888 2149 I vendor.qti.media.c2@1.0-service: missing struct descriptor #Param::CoreIndex(-Vc01a) for field misr_info_top_field of struct #Param::CoreIndex(-Vc01b)
11-10 23:01:48.979 888 2149 I vendor.qti.media.c2@1.0-service: missing struct descriptor #Param::CoreIndex(-Vc01a) for field misr_info_bottom_field of struct #Param::CoreIndex(-Vc01b)
11-10 23:01:48.979 888 2149 E QC2VppFilterCaps: VppPictureSizeOutputSetter: Setting resolution 640x480
11-10 23:01:48.979 888 2149 E StandardCaps: Failed to read platform hdr value
11-10 23:01:48.979 888 2149 I vendor.qti.media.c2@1.0-service: get enum 0 from HQV_MODE_OFF
11-10 23:01:48.979 888 2149 I QC2VppFilterCaps: Seeting CNR is only allowed when mode is manual: mode=HQV_MODE_OFF
11-10 23:01:48.979 888 2149 I QC2VppFilterCaps: Setting FRC is only allowed when mode is manual: mode=HQV_MODE_OFF
11-10 23:01:48.979 888 2149 E QC2VppFilterExt: Setting AIS is not allowed when vpp mode is Not manual
11-10 23:01:48.979 888 2149 I vendor.qti.media.c2@1.0-service: get enum 0 from PROCESS_LEFT
11-10 23:01:48.979 888 2149 I QC2VppFilterCaps: Setting EAR is only allowed when mode is manual: mode=HQV_MODE_OFF
11-10 23:01:48.979 888 2149 I QC2VppFilterCaps: Setting AIE is only allowed when mode is manual: mode=HQV_MODE_OFF
11-10 23:01:48.979 888 2149 I QC2CompStore: Created interface(c2.qti.avc.decoder) id(812)
11-10 23:01:48.980 19117 19125 D Codec2InfoBuilder: component 'c2.qti.avc.decoder' not found in xml
11-10 23:01:48.981 19112 19121 D audio_hw_extn: battery_listener_feature_init: ---- Feature BATTERY_LISTENER is enabled ----
11-10 23:01:48.981 19112 19121 D audio_hw_extn: maxx_audio_feature_init: Called with feature NOT Enabled
11-10 23:01:48.981 19112 19121 W audio_hw_extn: :: maxx_audio_feature_init: ---- Feature MAXX_AUDIO is disabled ----
11-10 23:01:48.981 19112 19121 D audio_hw_extn: audiozoom_feature_init: Called with feature NOT Enabled
11-10 23:01:48.981 19112 19121 W audio_hw_extn: :: audiozoom_feature_init: ---- Feature AUDIOZOOM is disabled ----
11-10 23:01:48.981 19112 19121 D audio_hw_extn: auto_hal_feature_init: Called with feature NOT Enabled
11-10 23:01:48.981 19112 19121 W audio_hw_extn: :: auto_hal_feature_init: ---- Feature AUTO_HAL is disabled ----
11-10 23:01:48.981 19112 19121 D audio_hw_extn: synth_feature_init: Called with feature NOT Enabled
11-10 23:01:48.981 19112 19121 W audio_hw_extn: :: synth_feature_init: ---- Feature Synth is disabled ----
11-10 23:01:48.981 19112 19121 D voice_extn: :: dynamic_ecns_feature_init: ---- Feature DYNAMIC_ECNS is NOT ENABLED ----
11-10 23:01:48.982 888 2478 I vendor.qti.media.c2@1.0-service: missing struct descriptor #Param::CoreIndex(-Vc010) for field window of struct #Param::CoreIndex(FV1c00d)
11-10 23:01:48.982 888 2478 I vendor.qti.media.c2@1.0-service: missing struct descriptor #Param::CoreIndex(-Vc01a) for field misr_info_top_field of struct #Param::CoreIndex(-Vc01b)
11-10 23:01:48.982 888 2478 I vendor.qti.media.c2@1.0-service: missing struct descriptor #Param::CoreIndex(-Vc01a) for field misr_info_bottom_field of struct #Param::CoreIndex(-Vc01b)
11-10 23:01:48.983 888 2478 I vendor.qti.media.c2@1.0-service: missing struct descriptor #Param::CoreIndex(--002) for field mastering of struct #Param::CoreIndex(--180a)
11-10 23:01:48.983 888 2478 E StandardCaps: Failed to read platform hdr value
11-10 23:01:48.983 888 2478 I QC2CompStore: Created interface(c2.qti.avc.decoder.low_latency) id(813)
11-10 23:01:48.984 19117 19125 D Codec2InfoBuilder: component 'c2.qti.avc.decoder.low_latency' not found in xml
11-10 23:01:48.985 19112 19121 E audio_hw_extn: audio_extn_perf_lock_init: Perf lock handles Success
11-10 23:01:48.985 19112 19121 D msm8974_platform: platform_init: enter
11-10 23:01:48.986 865 865 E QConfig : failed to find module QModKey_Static_VppFilter
11-10 23:01:48.986 888 1639 E QC2VppFilterDeviceQuery: failed to getUserConfigValue
