11-10 23:01:50.284 19191 19191 W android.permission.PermissionManager: Missing ActivityManager; assuming 1000 holds android.permission.READ_COMPAT_CHANGE_CONFIG
11-10 23:01:50.284 19191 19191 W android.permission.PermissionManager: Missing ActivityManager; assuming 1000 holds android.permission.LOG_COMPAT_CHANGE
11-10 23:01:50.285 19191 19191 D CompatibilityChangeReporter: Compat change id reported: 135549675; UID 10298; state: DISABLED
11-10 23:01:50.286 19191 19191 W android.permission.PermissionManager: Missing ActivityManager; assuming 1000 holds android.permission.READ_COMPAT_CHANGE_CONFIG
11-10 23:01:50.286 19191 19191 W android.permission.PermissionManager: Missing ActivityManager; assuming 1000 holds android.permission.LOG_COMPAT_CHANGE
11-10 23:01:50.293 19191 19191 D CompatibilityChangeReporter: Compat change id reported: 135549675; UID 10276; state: ENABLED
11-10 23:01:50.293 19191 19191 W android.permission.PermissionManager: Missing ActivityManager; assuming 1000 holds android.permission.READ_COMPAT_CHANGE_CONFIG
11-10 23:01:50.293 19191 19191 W android.permission.PermissionManager: Missing ActivityManager; assuming 1000 holds android.permission.LOG_COMPAT_CHANGE
11-10 23:01:50.295 19191 19191 D CompatibilityChangeReporter: Compat change id reported: 135549675; UID 10299; state: ENABLED
11-10 23:01:50.295 19191 19191 W android.permission.PermissionManager: Missing ActivityManager; assuming 1000 holds android.permission.READ_COMPAT_CHANGE_CONFIG
11-10 23:01:50.295 19191 19191 W android.permission.PermissionManager: Missing ActivityManager; assuming 1000 holds android.permission.LOG_COMPAT_CHANGE
11-10 23:01:50.298 19191 19191 D CompatibilityChangeReporter: Compat change id reported: 135549675; UID 10292; state: ENABLED
11-10 23:01:50.299 19191 19191 W android.permission.PermissionManager: Missing ActivityManager; assuming 1000 holds android.permission.READ_COMPAT_CHANGE_CONFIG
11-10 23:01:50.299 19191 19191 W android.permission.PermissionManager: Missing ActivityManager; assuming 1000 holds android.permission.LOG_COMPAT_CHANGE
11-10 23:01:50.301 19191 19191 D CompatibilityChangeReporter: Compat change id reported: 135549675; UID 10301; state: ENABLED
11-10 23:01:50.298 0 0 E adm_get_pp_params: Get params timed out port = 0x9020
11-10 23:01:50.298 0 0 E crus_adm_get_params: get parameters failed ret:-110
11-10 23:01:50.298 0 0 I [CSPL] msm_routing_crus_chan_swap_dur_get: 30
11-10 23:01:50.298 0 0 I : [CSPL] Starting Cirrus SP Volume Attenuation Get function call
11-10 23:01:50.298 0 0 E elliptic_system_configuration_param_get: reg: 0 shift: 0
11-10 23:01:50.299 0 0 E elliptic_system_configuration_param_get: reg: 0 shift: 1
11-10 23:01:50.299 0 0 E elliptic_system_configuration_param_get: reg: 0 shift: 2
11-10 23:01:50.299 0 0 E elliptic_system_configuration_param_get: reg: 0 shift: 3
11-10 23:01:50.299 0 0 E elliptic_system_configuration_param_get: reg: 0 shift: 4
11-10 23:01:50.299 0 0 E elliptic_system_configuration_param_get: reg: 0 shift: 5
11-10 23:01:50.300 0 0 E elliptic_system_configuration_param_get: reg: 0 shift: 6
11-10 23:01:50.300 0 0 E elliptic_system_configuration_param_get: reg: 0 shift: 7
11-10 23:01:50.300 0 0 E [ELUS] : (elliptic_system_configuration_param_get) : get ELLIPTIC_SYSTEM_CONFIGURATION_CUSTOM_SETTING_00
11-10 23:01:50.300 0 0 E elliptic_system_configuration_param_get: reg: 0 shift: 8
11-10 23:01:50.300 0 0 E [ELUS] : (elliptic_system_configuration_param_get) : get ELLIPTIC_SYSTEM_CONFIGURATION_CUSTOM_SETTING_01
11-10 23:01:50.300 0 0 E elliptic_system_configuration_param_get: reg: 0 shift: 9
11-10 23:01:50.300 0 0 E [ELUS] : (elliptic_system_configuration_param_get) : get ELLIPTIC_SYSTEM_CONFIGURATION_CUSTOM_SETTING_02
11-10 23:01:50.300 0 0 E elliptic_system_configuration_param_get: reg: 0 shift: 10
11-10 23:01:50.302 19191 19191 W android.permission.PermissionManager: Missing ActivityManager; assuming 1000 holds android.permission.READ_COMPAT_CHANGE_CONFIG
11-10 23:01:50.300 0 0 E [ELUS] : (elliptic_system_configuration_param_get) : get ELLIPTIC_SYSTEM_CONFIGURATION_CUSTOM_SETTING_03
11-10 23:01:50.300 0 0 E elliptic_system_configuration_param_get: reg: 0 shift: 11
11-10 23:01:50.300 0 0 E [ELUS] : (elliptic_system_configuration_param_get) : get ELLIPTIC_SYSTEM_CONFIGURATION_CUSTOM_SETTING_04
11-10 23:01:50.300 0 0 E elliptic_system_configuration_param_get: reg: 0 shift: 12
11-10 23:01:50.300 0 0 E [ELUS] : (elliptic_system_configuration_param_get) : get ELLIPTIC_SYSTEM_CONFIGURATION_CUSTOM_SETTING_05
11-10 23:01:50.301 0 0 E elliptic_system_configuration_param_get: reg: 0 shift: 13
11-10 23:01:50.301 0 0 E [ELUS] : (elliptic_system_configuration_param_get) : get ELLIPTIC_SYSTEM_CONFIGURATION_CUSTOM_SETTING_06
11-10 23:01:50.301 0 0 E elliptic_system_configuration_param_get: reg: 0 shift: 14
11-10 23:01:50.301 0 0 E [ELUS] : (elliptic_system_configuration_param_get) : get ELLIPTIC_SYSTEM_CONFIGURATION_CUSTOM_SETTING_07
11-10 23:01:50.301 0 0 E elliptic_system_configuration_param_get: reg: 0 shift: 15
11-10 23:01:50.301 0 0 E [ELUS] : (elliptic_system_configuration_param_get) : get ELLIPTIC_SYSTEM_CONFIGURATION_CUSTOM_SETTING_08
11-10 23:01:50.301 0 0 E elliptic_system_configuration_param_get: reg: 0 shift: 16
11-10 23:01:50.301 0 0 E [ELUS] : (elliptic_system_configuration_param_get) : get ELLIPTIC_SYSTEM_CONFIGURATION_CUSTOM_SETTING_09
11-10 23:01:50.301 0 0 E elliptic_system_configuration_param_get: reg: 0 shift: 17
11-10 23:01:50.301 0 0 E [ELUS] : (elliptic_system_configuration_param_get) : get ELLIPTIC_SYSTEM_CONFIGURATION_CUSTOM_SETTING_10
11-10 23:01:50.301 0 0 E elliptic_system_configuration_param_get: reg: 0 shift: 18
11-10 23:01:50.301 0 0 E [ELUS] : (elliptic_system_configuration_param_get) : get ELLIPTIC_SYSTEM_CONFIGURATION_CUSTOM_SETTING_11
11-10 23:01:50.301 0 0 E elliptic_system_configuration_param_get: reg: 0 shift: 19
11-10 23:01:50.301 0 0 E [ELUS] : (elliptic_system_configuration_param_get) : get ELLIPTIC_SYSTEM_CONFIGURATION_CUSTOM_SETTING_12
11-10 23:01:50.301 0 0 E elliptic_system_configuration_param_get: reg: 0 shift: 20
11-10 23:01:50.301 0 0 E [ELUS] : (elliptic_system_configuration_param_get) : get ELLIPTIC_SYSTEM_CONFIGURATION_CUSTOM_SETTING_13
11-10 23:01:50.301 0 0 E elliptic_system_configuration_param_get: reg: 0 shift: 21
11-10 23:01:50.301 0 0 E [ELUS] : (elliptic_system_configuration_param_get) : get ELLIPTIC_SYSTEM_CONFIGURATION_CUSTOM_SETTING_14
11-10 23:01:50.301 0 0 E elliptic_system_configuration_param_get: reg: 0 shift: 22
11-10 23:01:50.301 0 0 E [ELUS] : (elliptic_system_configuration_param_get) : get ELLIPTIC_SYSTEM_CONFIGURATION_CUSTOM_SETTING_15
11-10 23:01:50.302 0 0 E elliptic_system_configuration_param_get: reg: 0 shift: 23
11-10 23:01:50.302 0 0 E elliptic_system_configuration_param_get: reg: 0 shift: 24
11-10 23:01:50.302 0 0 E elliptic_system_configuration_param_get: reg: 0 shift: 25
11-10 23:01:50.302 0 0 E elliptic_system_configuration_param_get: reg: 0 shift: 26
11-10 23:01:50.302 0 0 E elliptic_system_configuration_param_get: reg: 0 shift: 27
11-10 23:01:50.302 0 0 E elliptic_system_configuration_param_get: reg: 0 shift: 28
11-10 23:01:50.302 0 0 E elliptic_system_configuration_param_get: reg: 0 shift: 30
11-10 23:01:50.303 0 0 E elliptic_system_configuration_param_get: reg: 0 shift: 31
11-10 23:01:50.303 0 0 E elliptic_system_configuration_param_get: reg: 0 shift: 32
11-10 23:01:50.302 19191 19191 W android.permission.PermissionManager: Missing ActivityManager; assuming 1000 holds android.permission.LOG_COMPAT_CHANGE
11-10 23:01:50.304 19191 19191 D CompatibilityChangeReporter: Compat change id reported: 135549675; UID 10303; state: ENABLED
11-10 23:01:50.304 19191 19191 W PackageManager: Unable to update from com.android.calculator2 to com.google.android.calculator: old package still exists
11-10 23:01:50.304 19191 19191 W PackageManager: Unable to update from com.android.calculator2 to com.google.android.calculator: old package still exists
11-10 23:01:50.304 19191 19191 W android.permission.PermissionManager: Missing ActivityManager; assuming 1000 holds android.permission.READ_COMPAT_CHANGE_CONFIG
11-10 23:01:50.305 19191 19191 W android.permission.PermissionManager: Missing ActivityManager; assuming 1000 holds android.permission.LOG_COMPAT_CHANGE
11-10 23:01:50.306 19191 19191 D CompatibilityChangeReporter: Compat change id reported: 135549675; UID 10304; state: ENABLED
11-10 23:01:50.306 19191 19191 W android.permission.PermissionManager: Missing ActivityManager; assuming 1000 holds android.permission.READ_COMPAT_CHANGE_CONFIG
11-10 23:01:50.306 19191 19191 W android.permission.PermissionManager: Missing ActivityManager; assuming 1000 holds android.permission.LOG_COMPAT_CHANGE
11-10 23:01:50.308 19191 19191 D CompatibilityChangeReporter: Compat change id reported: 135549675; UID 10305; state: DISABLED
11-10 23:01:50.308 19191 19191 W android.permission.PermissionManager: Missing ActivityManager; assuming 1000 holds android.permission.READ_COMPAT_CHANGE_CONFIG
11-10 23:01:50.308 19191 19191 W android.permission.PermissionManager: Missing ActivityManager; assuming 1000 holds android.permission.LOG_COMPAT_CHANGE
11-10 23:01:50.306 0 0 D msm_dai_q6_usb_audio_cfg_get: dev_token = 0x0
11-10 23:01:50.306 0 0 D msm_dai_q6_usb_audio_endian_cfg_get: endian = 0x0
11-10 23:01:50.306 0 0 D msm_dai_q6_usb_audio_svc_interval_get: service interval = 0
11-10 23:01:50.306 0 0 D msm_dai_q6_usb_audio_cfg_get: dev_token = 0x0
11-10 23:01:50.306 0 0 D msm_dai_q6_usb_audio_endian_cfg_get: endian = 0x0
11-10 23:01:50.306 0 0 D msm_dai_q6_tdm_data_format_get: data_format = 0
11-10 23:01:50.307 0 0 D msm_dai_q6_tdm_header_type_get: header_type = 0
11-10 23:01:50.307 0 0 D msm_dai_q6_tdm_header_get: header #0 = 0x0
11-10 23:01:50.307 0 0 D msm_dai_q6_tdm_header_get: header #1 = 0x0
11-10 23:01:50.307 0 0 D msm_dai_q6_tdm_header_get: header #2 = 0x0
11-10 23:01:50.307 0 0 D msm_dai_q6_tdm_header_get: header #3 = 0x0
11-10 23:01:50.307 0 0 D msm_dai_q6_tdm_header_get: header #4 = 0x0
11-10 23:01:50.307 0 0 D msm_dai_q6_tdm_header_get: header #5 = 0x0
11-10 23:01:50.307 0 0 D msm_dai_q6_tdm_header_get: header #6 = 0x0
11-10 23:01:50.307 0 0 D msm_dai_q6_tdm_header_get: header #7 = 0x0
11-10 23:01:50.307 0 0 D msm_dai_q6_tdm_data_format_get: data_format = 0
11-10 23:01:50.307 0 0 D msm_dai_q6_tdm_header_type_get: header_type = 0
11-10 23:01:50.307 0 0 D msm_dai_q6_tdm_header_get: header #0 = 0x0
11-10 23:01:50.311 19191 19191 D CompatibilityChangeReporter: Compat change id reported: 135549675; UID 10296; state: ENABLED
11-10 23:01:50.312 19191 19191 W android.permission.PermissionManager: Missing ActivityManager; assuming 1000 holds android.permission.READ_COMPAT_CHANGE_CONFIG
11-10 23:01:50.307 0 0 D msm_dai_q6_tdm_header_get: header #1 = 0x0
11-10 23:01:50.307 0 0 D msm_dai_q6_tdm_header_get: header #2 = 0x0
11-10 23:01:50.307 0 0 D msm_dai_q6_tdm_header_get: header #3 = 0x0
11-10 23:01:50.307 0 0 D msm_dai_q6_tdm_header_get: header #4 = 0x0
11-10 23:01:50.307 0 0 D msm_dai_q6_tdm_header_get: header #5 = 0x0
11-10 23:01:50.307 0 0 D msm_dai_q6_tdm_header_get: header #6 = 0x0
11-10 23:01:50.307 0 0 D msm_dai_q6_tdm_header_get: header #7 = 0x0
11-10 23:01:50.307 0 0 D msm_dai_q6_tdm_data_format_get: data_format = 0
11-10 23:01:50.307 0 0 D msm_dai_q6_tdm_header_type_get: header_type = 0
11-10 23:01:50.308 0 0 D msm_dai_q6_tdm_header_get: header #0 = 0x0
11-10 23:01:50.308 0 0 D msm_dai_q6_tdm_header_get: header #1 = 0x0
11-10 23:01:50.308 0 0 D msm_dai_q6_tdm_header_get: header #2 = 0x0
11-10 23:01:50.308 0 0 D msm_dai_q6_tdm_header_get: header #3 = 0x0
11-10 23:01:50.308 0 0 D msm_dai_q6_tdm_header_get: header #4 = 0x0
11-10 23:01:50.308 0 0 D msm_dai_q6_tdm_header_get: header #5 = 0x0
11-10 23:01:50.308 0 0 D msm_dai_q6_tdm_header_get: header #6 = 0x0
11-10 23:01:50.308 0 0 D msm_dai_q6_tdm_header_get: header #7 = 0x0
11-10 23:01:50.308 0 0 D msm_dai_q6_tdm_data_format_get: data_format = 0
11-10 23:01:50.308 0 0 D msm_dai_q6_tdm_header_type_get: header_type = 0
11-10 23:01:50.308 0 0 D msm_dai_q6_tdm_header_get: header #0 = 0x0
11-10 23:01:50.308 0 0 D msm_dai_q6_tdm_header_get: header #1 = 0x0
11-10 23:01:50.308 0 0 D msm_dai_q6_tdm_header_get: header #2 = 0x0
11-10 23:01:50.308 0 0 D msm_dai_q6_tdm_header_get: header #3 = 0x0
11-10 23:01:50.308 0 0 D msm_dai_q6_tdm_header_get: header #4 = 0x0
11-10 23:01:50.308 0 0 D msm_dai_q6_tdm_header_get: header #5 = 0x0
11-10 23:01:50.308 0 0 D msm_dai_q6_tdm_header_get: header #6 = 0x0
11-10 23:01:50.308 0 0 D msm_dai_q6_tdm_header_get: header #7 = 0x0
11-10 23:01:50.308 0 0 D msm_dai_q6_tdm_data_format_get: data_format = 0
11-10 23:01:50.308 0 0 D msm_dai_q6_tdm_header_type_get: header_type = 0
11-10 23:01:50.308 0 0 D msm_dai_q6_tdm_header_get: header #0 = 0x0
11-10 23:01:50.308 0 0 D msm_dai_q6_tdm_header_get: header #1 = 0x0
11-10 23:01:50.308 0 0 D msm_dai_q6_tdm_header_get: header #2 = 0x0
11-10 23:01:50.308 0 0 D msm_dai_q6_tdm_header_get: header #3 = 0x0
11-10 23:01:50.308 0 0 D msm_dai_q6_tdm_header_get: header #4 = 0x0
11-10 23:01:50.308 0 0 D msm_dai_q6_tdm_header_get: header #5 = 0x0
11-10 23:01:50.308 0 0 D msm_dai_q6_tdm_header_get: header #6 = 0x0
11-10 23:01:50.308 0 0 D msm_dai_q6_tdm_header_get: header #7 = 0x0
11-10 23:01:50.309 0 0 D msm_dai_q6_tdm_data_format_get: data_format = 0
11-10 23:01:50.309 0 0 D msm_dai_q6_tdm_header_type_get: header_type = 0
11-10 23:01:50.309 0 0 D msm_dai_q6_tdm_header_get: header #0 = 0x0
11-10 23:01:50.309 0 0 D msm_dai_q6_tdm_header_get: header #1 = 0x0
11-10 23:01:50.309 0 0 D msm_dai_q6_tdm_header_get: header #2 = 0x0
11-10 23:01:50.309 0 0 D msm_dai_q6_tdm_header_get: header #3 = 0x0
11-10 23:01:50.309 0 0 D msm_dai_q6_tdm_header_get: header #4 = 0x0
11-10 23:01:50.309 0 0 D msm_dai_q6_tdm_header_get: header #5 = 0x0
11-10 23:01:50.312 19191 19191 W android.permission.PermissionManager: Missing ActivityManager; assuming 1000 holds android.permission.LOG_COMPAT_CHANGE
11-10 23:01:50.309 0 0 D msm_dai_q6_tdm_header_get: header #6 = 0x0
11-10 23:01:50.313 19191 19191 D CompatibilityChangeReporter: Compat change id reported: 135549675; UID 10306; state: ENABLED
11-10 23:01:50.313 19191 19191 W PackageManager: Unable to update from com.android.deskclock to com.google.android.deskclock: old package still exists
11-10 23:01:50.309 0 0 D msm_dai_q6_tdm_header_get: header #7 = 0x0
11-10 23:01:50.309 0 0 D msm_dai_q6_tdm_data_format_get: data_format = 0
11-10 23:01:50.309 0 0 D msm_dai_q6_tdm_header_type_get: header_type = 0
11-10 23:01:50.309 0 0 D msm_dai_q6_tdm_header_get: header #0 = 0x0
11-10 23:01:50.309 0 0 D msm_dai_q6_tdm_header_get: header #1 = 0x0
11-10 23:01:50.309 0 0 D msm_dai_q6_tdm_header_get: header #2 = 0x0
11-10 23:01:50.309 0 0 D msm_dai_q6_tdm_header_get: header #3 = 0x0
11-10 23:01:50.309 0 0 D msm_dai_q6_tdm_header_get: header #4 = 0x0
11-10 23:01:50.309 0 0 D msm_dai_q6_tdm_header_get: header #5 = 0x0
11-10 23:01:50.309 0 0 D msm_dai_q6_tdm_header_get: header #6 = 0x0
11-10 23:01:50.309 0 0 D msm_dai_q6_tdm_header_get: header #7 = 0x0
11-10 23:01:50.309 0 0 D msm_dai_q6_tdm_data_format_get: data_format = 0
11-10 23:01:50.310 0 0 D msm_dai_q6_tdm_header_type_get: header_type = 0
11-10 23:01:50.314 19191 19191 I chatty : uid=1000(system) Binder:19191_3 identical 2 lines
11-10 23:01:50.314 19191 19191 W PackageManager: Unable to update from com.android.deskclock to com.google.android.deskclock: old package still exists
11-10 23:01:50.314 19191 19191 W android.permission.PermissionManager: Missing ActivityManager; assuming 1000 holds android.permission.READ_COMPAT_CHANGE_CONFIG
11-10 23:01:50.314 19191 19191 W android.permission.PermissionManager: Missing ActivityManager; assuming 1000 holds android.permission.LOG_COMPAT_CHANGE
11-10 23:01:50.310 0 0 D msm_dai_q6_tdm_header_get: header #0 = 0x0
11-10 23:01:50.310 0 0 D msm_dai_q6_tdm_header_get: header #1 = 0x0
11-10 23:01:50.310 0 0 D msm_dai_q6_tdm_header_get: header #2 = 0x0
11-10 23:01:50.310 0 0 D msm_dai_q6_tdm_header_get: header #3 = 0x0
11-10 23:01:50.310 0 0 D msm_dai_q6_tdm_header_get: header #4 = 0x0
11-10 23:01:50.310 0 0 D msm_dai_q6_tdm_header_get: header #5 = 0x0
11-10 23:01:50.310 0 0 D msm_dai_q6_tdm_header_get: header #6 = 0x0
11-10 23:01:50.310 0 0 D msm_dai_q6_tdm_header_get: header #7 = 0x0
11-10 23:01:50.310 0 0 D msm_dai_q6_tdm_data_format_get: data_format = 0
11-10 23:01:50.310 0 0 D msm_dai_q6_tdm_header_type_get: header_type = 0
11-10 23:01:50.310 0 0 D msm_dai_q6_tdm_header_get: header #0 = 0x0
11-10 23:01:50.310 0 0 D msm_dai_q6_tdm_header_get: header #1 = 0x0
11-10 23:01:50.310 0 0 D msm_dai_q6_tdm_header_get: header #2 = 0x0
11-10 23:01:50.310 0 0 D msm_dai_q6_tdm_header_get: header #3 = 0x0
11-10 23:01:50.310 0 0 D msm_dai_q6_tdm_header_get: header #4 = 0x0
11-10 23:01:50.310 0 0 D msm_dai_q6_tdm_header_get: header #5 = 0x0
11-10 23:01:50.310 0 0 D msm_dai_q6_tdm_header_get: header #6 = 0x0
11-10 23:01:50.310 0 0 D msm_dai_q6_tdm_header_get: header #7 = 0x0
11-10 23:01:50.310 0 0 D msm_dai_q6_tdm_data_format_get: data_format = 0
11-10 23:01:50.311 0 0 D msm_dai_q6_tdm_header_type_get: header_type = 0
11-10 23:01:50.311 0 0 D msm_dai_q6_tdm_header_get: header #0 = 0x0
11-10 23:01:50.311 0 0 D msm_dai_q6_tdm_header_get: header #1 = 0x0
11-10 23:01:50.311 0 0 D msm_dai_q6_tdm_header_get: header #2 = 0x0
11-10 23:01:50.311 0 0 D msm_dai_q6_tdm_header_get: header #3 = 0x0
11-10 23:01:50.311 0 0 D msm_dai_q6_tdm_header_get: header #4 = 0x0
11-10 23:01:50.311 0 0 D msm_dai_q6_tdm_header_get: header #5 = 0x0
11-10 23:01:50.311 0 0 D msm_dai_q6_tdm_header_get: header #6 = 0x0
11-10 23:01:50.311 0 0 D msm_dai_q6_tdm_header_get: header #7 = 0x0
11-10 23:01:50.311 0 0 D msm_dai_q6_tdm_data_format_get: data_format = 0
11-10 23:01:50.311 0 0 D msm_dai_q6_tdm_header_type_get: header_type = 0
11-10 23:01:50.311 0 0 D msm_dai_q6_tdm_header_get: header #0 = 0x0
11-10 23:01:50.311 0 0 D msm_dai_q6_tdm_header_get: header #1 = 0x0
11-10 23:01:50.311 0 0 D msm_dai_q6_tdm_header_get: header #2 = 0x0
11-10 23:01:50.311 0 0 D msm_dai_q6_tdm_header_get: header #3 = 0x0
11-10 23:01:50.311 0 0 D msm_dai_q6_tdm_header_get: header #4 = 0x0
11-10 23:01:50.311 0 0 D msm_dai_q6_tdm_header_get: header #5 = 0x0
11-10 23:01:50.311 0 0 D msm_dai_q6_tdm_header_get: header #6 = 0x0
11-10 23:01:50.311 0 0 D msm_dai_q6_tdm_header_get: header #7 = 0x0
11-10 23:01:50.311 0 0 D msm_dai_q6_tdm_data_format_get: data_format = 0
11-10 23:01:50.311 0 0 D msm_dai_q6_tdm_header_type_get: header_type = 0
11-10 23:01:50.312 0 0 D msm_dai_q6_tdm_header_get: header #0 = 0x0
11-10 23:01:50.312 0 0 D msm_dai_q6_tdm_header_get: header #1 = 0x0
11-10 23:01:50.312 0 0 D msm_dai_q6_tdm_header_get: header #2 = 0x0
11-10 23:01:50.312 0 0 D msm_dai_q6_tdm_header_get: header #3 = 0x0
11-10 23:01:50.312 0 0 D msm_dai_q6_tdm_header_get: header #4 = 0x0
11-10 23:01:50.312 0 0 D msm_dai_q6_tdm_header_get: header #5 = 0x0
11-10 23:01:50.312 0 0 D msm_dai_q6_tdm_header_get: header #6 = 0x0
11-10 23:01:50.312 0 0 D msm_dai_q6_tdm_header_get: header #7 = 0x0
11-10 23:01:50.316 19191 19191 D CompatibilityChangeReporter: Compat change id reported: 135549675; UID 10307; state: ENABLED
11-10 23:01:50.316 19191 19191 W android.permission.PermissionManager: Missing ActivityManager; assuming 1000 holds android.permission.READ_COMPAT_CHANGE_CONFIG
11-10 23:01:50.317 19191 19191 W android.permission.PermissionManager: Missing ActivityManager; assuming 1000 holds android.permission.LOG_COMPAT_CHANGE
11-10 23:01:50.319 19191 19191 D CompatibilityChangeReporter: Compat change id reported: 135549675; UID 10308; state: DISABLED
11-10 23:01:50.319 19191 19191 W android.permission.PermissionManager: Missing ActivityManager; assuming 1000 holds android.permission.READ_COMPAT_CHANGE_CONFIG
11-10 23:01:50.319 19191 19191 W android.permission.PermissionManager: Missing ActivityManager; assuming 1000 holds android.permission.LOG_COMPAT_CHANGE
11-10 23:01:50.321 19191 19191 D CompatibilityChangeReporter: Compat change id reported: 135549675; UID 10280; state: DISABLED
11-10 23:01:50.318 0 0 D msm_dai_q6_afe_enc_cfg_get: encoder config for 0 format
11-10 23:01:50.318 0 0 D msm_dai_q6_afe_enc_cfg_get: unknown format = 0
11-10 23:01:50.319 0 0 D msm_dai_q6_afe_input_channel_get: afe input channel = 0
11-10 23:01:50.319 0 0 D msm_dai_q6_afe_input_bit_format_get: afe input bit format : 0
11-10 23:01:50.319 0 0 D msm_dai_q6_tws_channel_mode_get: tws channel mode = 0
11-10 23:01:50.319 0 0 D msm_dai_q6_afe_enc_cfg_get: encoder config for 0 format
11-10 23:01:50.319 0 0 D msm_dai_q6_afe_enc_cfg_get: unknown format = 0
11-10 23:01:50.322 19191 19191 W android.permission.PermissionManager: Missing ActivityManager; assuming 1000 holds android.permission.READ_COMPAT_CHANGE_CONFIG
11-10 23:01:50.319 0 0 D msm_dai_q6_lc3_channel_mode_get: lc3 channel mode = 0
11-10 23:01:50.320 0 0 D msm_dai_q6_slim_rx_drift_get: afe port not started. dai_data->status_mask = 0
11-10 23:01:50.320 0 0 D msm_dai_q6_afe_feedback_dec_cfg_get: abr_dec_cfg for 0 format
11-10 23:01:50.320 0 0 D msm_dai_q6_afe_feedback_dec_cfg_get: no afe_dec_cfg for format 0
11-10 23:01:50.322 19191 19191 W android.permission.PermissionManager: Missing ActivityManager; assuming 1000 holds android.permission.LOG_COMPAT_CHANGE
11-10 23:01:50.326 1135 1209 I QC-NETMGR-LIB: NetmgrNetdClientSetIpForwardEnable(): Looking for Netd service
11-10 23:01:50.326 1135 1209 I QC-NETMGR-LIB: NetmgrNetdClientSetIpForwardEnable(): starting command
11-10 23:01:50.326 1135 1209 I QC-NETMGR-LIB: setIpForwardEnable(): Attempting setIpForwardEnable
11-10 23:01:50.327 19191 19191 D CompatibilityChangeReporter: Compat change id reported: 135549675; UID 10300; state: ENABLED
11-10 23:01:50.327 2418 2418 D wpa_supplicant: RTM_NEWLINK: ifi_index=25 ifname=wlan0 operstate=2 linkmode=1 ifi_family=0 ifi_flags=0x1003 ([UP])
11-10 23:01:50.328 1194 1211 D LOWI-9.0.0.71: [LOWINetlinkSocketReceiver] unpackRTMLinkMessage: RTM_NEWLINK - ifname wlan0, flags 0x1003 ([UP])
11-10 23:01:50.328 1194 1211 D LOWI-9.0.0.71: [LOWINetlinkSocketReceiver] processNetlinkPacket: ifname(wlan0) status(1)
11-10 23:01:50.328 1194 1211 D LOWI-9.0.0.71: [LOWIController] intfStateReceived: ifname(wlan0) state(1)
11-10 23:01:50.328 19191 19191 W android.permission.PermissionManager: Missing ActivityManager; assuming 1000 holds android.permission.READ_COMPAT_CHANGE_CONFIG
11-10 23:01:50.328 1194 1214 D LOWI-9.0.0.71: [LOWIEventReceiver] handleEvent:FROM:NA, TO:NA, REQ:NA, IREQ:NA, REQ_ID:0, RESP:NA, INFO:INTF-STATUS-UPDATE
11-10 23:01:50.328 1194 1214 D LOWI-9.0.0.71: [LOWIEventReceiver] Info to [INTF-STATUS-UPDATE]
11-10 23:01:50.328 1194 1214 D LOWI-9.0.0.71: [LOWIController] updateIntfState: WIFI enabled 1 mNlWifiStatus 1 mWifiStateEnabled 1
11-10 23:01:50.328 1194 1214 D LOWI-9.0.0.71: [LOWIController] isWifiEnabled: mNlWifiStatus 1 mWifiStateEnabled 1
11-10 23:01:50.328 19191 19191 W android.permission.PermissionManager: Missing ActivityManager; assuming 1000 holds android.permission.LOG_COMPAT_CHANGE
11-10 23:01:50.329 1135 1209 I QC-NETMGR-LIB: NetmgrNetdClientSetIpForwardEnable(): completed command
11-10 23:01:50.329 1135 1209 I QC-NETMGR-LIB: NetmgrNetdClientAddInterfaceToOemNetwork(): Looking for Netd service
11-10 23:01:50.329 1135 1209 I QC-NETMGR-LIB: NetmgrNetdClientAddInterfaceToOemNetwork(): starting command
11-10 23:01:50.329 1135 1209 I QC-NETMGR-LIB: addInterfaceToOemNetwork(): Attempting addInterfaceToOemNetwork
11-10 23:01:50.330 19191 19191 D CompatibilityChangeReporter: Compat change id reported: 135549675; UID 10302; state: DISABLED
11-10 23:01:50.331 19191 19191 W android.permission.PermissionManager: Missing ActivityManager; assuming 1000 holds android.permission.READ_COMPAT_CHANGE_CONFIG
11-10 23:01:50.331 19191 19191 W android.permission.PermissionManager: Missing ActivityManager; assuming 1000 holds android.permission.LOG_COMPAT_CHANGE
11-10 23:01:50.332 19191 19191 D CompatibilityChangeReporter: Compat change id reported: 135549675; UID 10310; state: ENABLED
11-10 23:01:50.333 1135 1209 I QC-NETMGR-LIB: NetmgrNetdClientAddInterfaceToOemNetwork(): completed command
11-10 23:01:50.333 19191 19191 W android.permission.PermissionManager: Missing ActivityManager; assuming 1000 holds android.permission.READ_COMPAT_CHANGE_CONFIG
11-10 23:01:50.333 19191 19191 W android.permission.PermissionManager: Missing ActivityManager; assuming 1000 holds android.permission.LOG_COMPAT_CHANGE
11-10 23:01:50.335 19191 19191 D CompatibilityChangeReporter: Compat change id reported: 135549675; UID 10311; state: DISABLED
11-10 23:01:50.335 19191 19191 W android.permission.PermissionManager: Missing ActivityManager; assuming 1000 holds android.permission.READ_COMPAT_CHANGE_CONFIG
11-10 23:01:50.335 19191 19191 W android.permission.PermissionManager: Missing ActivityManager; assuming 1000 holds android.permission.LOG_COMPAT_CHANGE
11-10 23:01:50.337 19191 19191 D CompatibilityChangeReporter: Compat change id reported: 135549675; UID 10313; state: DISABLED
11-10 23:01:50.338 19191 19191 W android.permission.PermissionManager: Missing ActivityManager; assuming 1000 holds android.permission.READ_COMPAT_CHANGE_CONFIG
11-10 23:01:50.338 19191 19191 W android.permission.PermissionManager: Missing ActivityManager; assuming 1000 holds android.permission.LOG_COMPAT_CHANGE
11-10 23:01:50.340 19191 19191 D CompatibilityChangeReporter: Compat change id reported: 135549675; UID 10314; state: ENABLED
11-10 23:01:50.340 19191 19191 W android.permission.PermissionManager: Missing ActivityManager; assuming 1000 holds android.permission.READ_COMPAT_CHANGE_CONFIG
11-10 23:01:50.340 19191 19191 W android.permission.PermissionManager: Missing ActivityManager; assuming 1000 holds android.permission.LOG_COMPAT_CHANGE
11-10 23:01:50.338 0 0 E : msm_pcm_volume_ctl_get substream not found
11-10 23:01:50.344 19191 19191 D CompatibilityChangeReporter: Compat change id reported: 135549675; UID 10309; state: ENABLED
11-10 23:01:50.344 19191 19191 W android.permission.PermissionManager: Missing ActivityManager; assuming 1000 holds android.permission.READ_COMPAT_CHANGE_CONFIG
11-10 23:01:50.344 19191 19191 W android.permission.PermissionManager: Missing ActivityManager; assuming 1000 holds android.permission.LOG_COMPAT_CHANGE
11-10 23:01:50.347 19191 19191 D CompatibilityChangeReporter: Compat change id reported: 135549675; UID 10315; state: ENABLED
11-10 23:01:50.347 19191 19191 W android.permission.PermissionManager: Missing ActivityManager; assuming 1000 holds android.permission.READ_COMPAT_CHANGE_CONFIG
11-10 23:01:50.348 19191 19191 W android.permission.PermissionManager: Missing ActivityManager; assuming 1000 holds android.permission.LOG_COMPAT_CHANGE
11-10 23:01:50.349 19191 19191 D CompatibilityChangeReporter: Compat change id reported: 135549675; UID 10317; state: DISABLED
11-10 23:01:50.350 19191 19191 W android.permission.PermissionManager: Missing ActivityManager; assuming 1000 holds android.permission.READ_COMPAT_CHANGE_CONFIG
11-10 23:01:50.350 19191 19191 W android.permission.PermissionManager: Missing ActivityManager; assuming 1000 holds android.permission.LOG_COMPAT_CHANGE
11-10 23:01:50.352 19191 19191 D CompatibilityChangeReporter: Compat change id reported: 135549675; UID 10316; state: ENABLED
11-10 23:01:50.352 19191 19191 W android.permission.PermissionManager: Missing ActivityManager; assuming 1000 holds android.permission.READ_COMPAT_CHANGE_CONFIG
11-10 23:01:50.352 19191 19191 W android.permission.PermissionManager: Missing ActivityManager; assuming 1000 holds android.permission.LOG_COMPAT_CHANGE
11-10 23:01:50.354 19191 19191 D CompatibilityChangeReporter: Compat change id reported: 135549675; UID 10318; state: DISABLED
11-10 23:01:50.354 19191 19191 W android.permission.PermissionManager: Missing ActivityManager; assuming 1000 holds android.permission.READ_COMPAT_CHANGE_CONFIG
11-10 23:01:50.354 19191 19191 W android.permission.PermissionManager: Missing ActivityManager; assuming 1000 holds android.permission.LOG_COMPAT_CHANGE
11-10 23:01:50.355 19191 19191 D CompatibilityChangeReporter: Compat change id reported: 135549675; UID 10320; state: ENABLED
11-10 23:01:50.356 19191 19191 W android.permission.PermissionManager: Missing ActivityManager; assuming 1000 holds android.permission.READ_COMPAT_CHANGE_CONFIG
11-10 23:01:50.356 19191 19191 W android.permission.PermissionManager: Missing ActivityManager; assuming 1000 holds android.permission.LOG_COMPAT_CHANGE
11-10 23:01:50.358 19191 19191 D CompatibilityChangeReporter: Compat change id reported: 135549675; UID 10319; state: ENABLED
11-10 23:01:50.358 19191 19191 W android.permission.PermissionManager: Missing ActivityManager; assuming 1000 holds android.permission.READ_COMPAT_CHANGE_CONFIG
11-10 23:01:50.359 19191 19191 W android.permission.PermissionManager: Missing ActivityManager; assuming 1000 holds android.permission.LOG_COMPAT_CHANGE
11-10 23:01:50.361 19191 19191 D CompatibilityChangeReporter: Compat change id reported: 135549675; UID 10321; state: ENABLED
11-10 23:01:50.362 19191 19191 W android.permission.PermissionManager: Missing ActivityManager; assuming 1000 holds android.permission.READ_COMPAT_CHANGE_CONFIG
11-10 23:01:50.362 19191 19191 W android.permission.PermissionManager: Missing ActivityManager; assuming 1000 holds android.permission.LOG_COMPAT_CHANGE
11-10 23:01:50.363 19191 19191 D CompatibilityChangeReporter: Compat change id reported: 135549675; UID 10323; state: DISABLED
11-10 23:01:50.363 19191 19191 W android.permission.PermissionManager: Missing ActivityManager; assuming 1000 holds android.permission.READ_COMPAT_CHANGE_CONFIG
11-10 23:01:50.364 19191 19191 W android.permission.PermissionManager: Missing ActivityManager; assuming 1000 holds android.permission.LOG_COMPAT_CHANGE
11-10 23:01:50.366 19191 19191 D CompatibilityChangeReporter: Compat change id reported: 135549675; UID 10312; state: ENABLED
11-10 23:01:50.366 19191 19191 W android.permission.PermissionManager: Missing ActivityManager; assuming 1000 holds android.permission.READ_COMPAT_CHANGE_CONFIG
11-10 23:01:50.366 19191 19191 W android.permission.PermissionManager: Missing ActivityManager; assuming 1000 holds android.permission.LOG_COMPAT_CHANGE
11-10 23:01:50.368 19191 19191 D CompatibilityChangeReporter: Compat change id reported: 135549675; UID 10322; state: DISABLED
11-10 23:01:50.368 19191 19191 W android.permission.PermissionManager: Missing ActivityManager; assuming 1000 holds android.permission.READ_COMPAT_CHANGE_CONFIG
11-10 23:01:50.369 19191 19191 W android.permission.PermissionManager: Missing ActivityManager; assuming 1000 holds android.permission.LOG_COMPAT_CHANGE
11-10 23:01:50.370 19191 19191 D CompatibilityChangeReporter: Compat change id reported: 135549675; UID 10324; state: DISABLED
11-10 23:01:50.370 19191 19191 W android.permission.PermissionManager: Missing ActivityManager; assuming 1000 holds android.permission.READ_COMPAT_CHANGE_CONFIG
11-10 23:01:50.371 19191 19191 W android.permission.PermissionManager: Missing ActivityManager; assuming 1000 holds android.permission.LOG_COMPAT_CHANGE
11-10 23:01:50.373 19191 19191 D CompatibilityChangeReporter: Compat change id reported: 135549675; UID 10325; state: ENABLED
11-10 23:01:50.373 19191 19191 W android.permission.PermissionManager: Missing ActivityManager; assuming 1000 holds android.permission.READ_COMPAT_CHANGE_CONFIG
11-10 23:01:50.373 19191 19191 W android.permission.PermissionManager: Missing ActivityManager; assuming 1000 holds android.permission.LOG_COMPAT_CHANGE
11-10 23:01:50.374 19191 19191 D CompatibilityChangeReporter: Compat change id reported: 135549675; UID 10326; state: ENABLED
11-10 23:01:50.375 19191 19191 W android.permission.PermissionManager: Missing ActivityManager; assuming 1000 holds android.permission.READ_COMPAT_CHANGE_CONFIG
11-10 23:01:50.375 19191 19191 W android.permission.PermissionManager: Missing ActivityManager; assuming 1000 holds android.permission.LOG_COMPAT_CHANGE
11-10 23:01:50.379 19191 19191 D CompatibilityChangeReporter: Compat change id reported: 135549675; UID 10327; state: ENABLED
11-10 23:01:50.380 19191 19191 W android.permission.PermissionManager: Missing ActivityManager; assuming 1000 holds android.permission.READ_COMPAT_CHANGE_CONFIG
11-10 23:01:50.380 19191 19191 W android.permission.PermissionManager: Missing ActivityManager; assuming 1000 holds android.permission.LOG_COMPAT_CHANGE
11-10 23:01:50.383 19191 19191 D CompatibilityChangeReporter: Compat change id reported: 135549675; UID 10328; state: ENABLED
11-10 23:01:50.384 19191 19191 W android.permission.PermissionManager: Missing ActivityManager; assuming 1000 holds android.permission.READ_COMPAT_CHANGE_CONFIG
11-10 23:01:50.384 19191 19191 W android.permission.PermissionManager: Missing ActivityManager; assuming 1000 holds android.permission.LOG_COMPAT_CHANGE
11-10 23:01:50.385 19191 19191 D CompatibilityChangeReporter: Compat change id reported: 135549675; UID 10329; state: ENABLED
11-10 23:01:50.385 19191 19191 W android.permission.PermissionManager: Missing ActivityManager; assuming 1000 holds android.permission.READ_COMPAT_CHANGE_CONFIG
11-10 23:01:50.386 19191 19191 W android.permission.PermissionManager: Missing ActivityManager; assuming 1000 holds android.permission.LOG_COMPAT_CHANGE
11-10 23:01:50.387 19191 19191 D CompatibilityChangeReporter: Compat change id reported: 135549675; UID 10330; state: DISABLED
11-10 23:01:50.388 19191 19191 W android.permission.PermissionManager: Missing ActivityManager; assuming 1000 holds android.permission.READ_COMPAT_CHANGE_CONFIG
11-10 23:01:50.388 19191 19191 W android.permission.PermissionManager: Missing ActivityManager; assuming 1000 holds android.permission.LOG_COMPAT_CHANGE
11-10 23:01:50.390 19191 19191 D CompatibilityChangeReporter: Compat change id reported: 135549675; UID 10331; state: ENABLED
11-10 23:01:50.390 19191 19191 W android.permission.PermissionManager: Missing ActivityManager; assuming 1000 holds android.permission.READ_COMPAT_CHANGE_CONFIG
11-10 23:01:50.390 19191 19191 W android.permission.PermissionManager: Missing ActivityManager; assuming 1000 holds android.permission.LOG_COMPAT_CHANGE
11-10 23:01:50.394 19191 19191 D CompatibilityChangeReporter: Compat change id reported: 135549675; UID 10333; state: ENABLED
11-10 23:01:50.394 19191 19191 W android.permission.PermissionManager: Missing ActivityManager; assuming 1000 holds android.permission.READ_COMPAT_CHANGE_CONFIG
11-10 23:01:50.394 19191 19191 W android.permission.PermissionManager: Missing ActivityManager; assuming 1000 holds android.permission.LOG_COMPAT_CHANGE
11-10 23:01:50.403 19191 19191 D CompatibilityChangeReporter: Compat change id reported: 135549675; UID 10332; state: ENABLED
11-10 23:01:50.404 19191 19191 W android.permission.PermissionManager: Missing ActivityManager; assuming 1000 holds android.permission.READ_COMPAT_CHANGE_CONFIG
11-10 23:01:50.404 19191 19191 W android.permission.PermissionManager: Missing ActivityManager; assuming 1000 holds android.permission.LOG_COMPAT_CHANGE
11-10 23:01:50.406 19191 19191 D CompatibilityChangeReporter: Compat change id reported: 135549675; UID 10335; state: ENABLED
11-10 23:01:50.406 19191 19191 W android.permission.PermissionManager: Missing ActivityManager; assuming 1000 holds android.permission.READ_COMPAT_CHANGE_CONFIG
11-10 23:01:50.406 19191 19191 W android.permission.PermissionManager: Missing ActivityManager; assuming 1000 holds android.permission.LOG_COMPAT_CHANGE
11-10 23:01:50.409 19191 19191 D CompatibilityChangeReporter: Compat change id reported: 135549675; UID 10336; state: ENABLED
11-10 23:01:50.409 19191 19191 W android.permission.PermissionManager: Missing ActivityManager; assuming 1000 holds android.permission.READ_COMPAT_CHANGE_CONFIG
11-10 23:01:50.409 19191 19191 W android.permission.PermissionManager: Missing ActivityManager; assuming 1000 holds android.permission.LOG_COMPAT_CHANGE
11-10 23:01:50.413 19191 19191 D CompatibilityChangeReporter: Compat change id reported: 135549675; UID 10334; state: ENABLED
11-10 23:01:50.414 19191 19191 W android.permission.PermissionManager: Missing ActivityManager; assuming 1000 holds android.permission.READ_COMPAT_CHANGE_CONFIG
11-10 23:01:50.414 19191 19191 W android.permission.PermissionManager: Missing ActivityManager; assuming 1000 holds android.permission.LOG_COMPAT_CHANGE
11-10 23:01:50.416 19191 19191 D CompatibilityChangeReporter: Compat change id reported: 135549675; UID 10337; state: ENABLED
11-10 23:01:50.417 19191 19191 W android.permission.PermissionManager: Missing ActivityManager; assuming 1000 holds android.permission.READ_COMPAT_CHANGE_CONFIG
11-10 23:01:50.417 19191 19191 W android.permission.PermissionManager: Missing ActivityManager; assuming 1000 holds android.permission.LOG_COMPAT_CHANGE
11-10 23:01:50.421 19191 19191 W PackageManager: Skipping provider name com.alibaba.aliexpresshd.fileprovider (in package com.alibaba.aliexpresshd): name already used by com.alibaba.aliexpresshd
11-10 23:01:50.416 0 0 I chatty : uid=0(root) logd identical 2 lines
11-10 23:01:50.420 0 0 E : msm_pcm_volume_ctl_get substream not found
11-10 23:01:50.421 0 0 D cdc_dma_rx_ch_get: cdc_dma_rx_ch = 0
11-10 23:01:50.421 0 0 D cdc_dma_rx_ch_get: cdc_dma_rx_ch = 1
11-10 23:01:50.421 0 0 D cdc_dma_rx_ch_get: cdc_dma_rx_ch = 0
11-10 23:01:50.421 0 0 D cdc_dma_rx_ch_get: cdc_dma_rx_ch = 1
11-10 23:01:50.423 19191 19191 D CompatibilityChangeReporter: Compat change id reported: 135549675; UID 10338; state: DISABLED
11-10 23:01:50.423 19191 19191 W android.permission.PermissionManager: Missing ActivityManager; assuming 1000 holds android.permission.READ_COMPAT_CHANGE_CONFIG
11-10 23:01:50.422 0 0 I chatty : uid=0(root) logd identical 2 lines
11-10 23:01:50.422 0 0 D cdc_dma_rx_ch_get: cdc_dma_rx_ch = 1
11-10 23:01:50.422 0 0 D cdc_dma_rx_ch_get: cdc_dma_rx_ch = 0
11-10 23:01:50.423 0 0 D cdc_dma_tx_ch_get: cdc_dma_tx_ch = 2
11-10 23:01:50.423 0 0 I chatty : uid=0(root) logd identical 2 lines
11-10 23:01:50.424 0 0 D cdc_dma_tx_ch_get: cdc_dma_tx_ch = 2
11-10 23:01:50.424 0 0 D cdc_dma_tx_ch_get: cdc_dma_tx_ch = 1
11-10 23:01:50.425 0 0 I chatty : uid=0(root) logd identical 1 line
11-10 23:01:50.425 0 0 D cdc_dma_tx_ch_get: cdc_dma_tx_ch = 1
11-10 23:01:50.425 0 0 D cdc_dma_tx_ch_get: cdc_dma_tx_ch = 8
11-10 23:01:50.426 0 0 E adm_get_pp_params: Get params timed out port = 0x9020
11-10 23:01:50.426 0 0 E crus_adm_get_params: get parameters failed ret:-110
11-10 23:01:50.426 0 0 I [CSPL] msm_routing_crus_chan_swap_dur_get: 30
11-10 23:01:50.426 0 0 D cdc_dma_tx_ch_get: cdc_dma_tx_ch = 8
11-10 23:01:50.426 0 0 I : [CSPL] Starting Cirrus SP Volume Attenuation Get function call
11-10 23:01:50.423 19191 19191 W android.permission.PermissionManager: Missing ActivityManager; assuming 1000 holds android.permission.LOG_COMPAT_CHANGE
11-10 23:01:50.426 19191 19191 D CompatibilityChangeReporter: Compat change id reported: 135549675; UID 10339; state: ENABLED
11-10 23:01:50.427 19191 19191 W android.permission.PermissionManager: Missing ActivityManager; assuming 1000 holds android.permission.READ_COMPAT_CHANGE_CONFIG
11-10 23:01:50.427 19191 19191 W android.permission.PermissionManager: Missing ActivityManager; assuming 1000 holds android.permission.LOG_COMPAT_CHANGE
11-10 23:01:50.428 19191 19191 D CompatibilityChangeReporter: Compat change id reported: 135549675; UID 10340; state: DISABLED
11-10 23:01:50.429 19191 19191 W android.permission.PermissionManager: Missing ActivityManager; assuming 1000 holds android.permission.READ_COMPAT_CHANGE_CONFIG
11-10 23:01:50.426 0 0 D cdc_dma_rx_format_get: cdc_dma_rx_format = 2, ucontrol value = 0
11-10 23:01:50.427 0 0 E elliptic_system_configuration_param_get: reg: 0 shift: 0
11-10 23:01:50.427 0 0 D cdc_dma_rx_format_get: cdc_dma_rx_format = 2, ucontrol value = 0
11-10 23:01:50.427 0 0 E elliptic_system_configuration_param_get: reg: 0 shift: 1
11-10 23:01:50.427 0 0 E elliptic_system_configuration_param_get: reg: 0 shift: 2
11-10 23:01:50.427 0 0 E elliptic_system_configuration_param_get: reg: 0 shift: 3
11-10 23:01:50.427 0 0 D cdc_dma_tx_format_get: cdc_dma_tx_format = 2, ucontrol value = 0
11-10 23:01:50.427 0 0 E elliptic_system_configuration_param_get: reg: 0 shift: 4
11-10 23:01:50.427 0 0 E elliptic_system_configuration_param_get: reg: 0 shift: 5
11-10 23:01:50.427 0 0 D cdc_dma_tx_format_get: cdc_dma_tx_format = 2, ucontrol value = 0
11-10 23:01:50.428 0 0 I chatty : uid=0(root) logd identical 2 lines
11-10 23:01:50.428 0 0 D cdc_dma_tx_format_get: cdc_dma_tx_format = 2, ucontrol value = 0
11-10 23:01:50.428 0 0 E elliptic_system_configuration_param_get: reg: 0 shift: 6
11-10 23:01:50.428 0 0 D cdc_dma_tx_format_get: cdc_dma_tx_format = 2, ucontrol value = 0
11-10 23:01:50.429 0 0 D cdc_dma_tx_format_get: cdc_dma_tx_format = 2, ucontrol value = 0
11-10 23:01:50.429 0 0 E elliptic_system_configuration_param_get: reg: 0 shift: 7
11-10 23:01:50.429 0 0 E [ELUS] : (elliptic_system_configuration_param_get) : get ELLIPTIC_SYSTEM_CONFIGURATION_CUSTOM_SETTING_00
11-10 23:01:50.429 0 0 E elliptic_system_configuration_param_get: reg: 0 shift: 8
11-10 23:01:50.429 0 0 E [ELUS] : (elliptic_system_configuration_param_get) : get ELLIPTIC_SYSTEM_CONFIGURATION_CUSTOM_SETTING_01
11-10 23:01:50.429 0 0 E elliptic_system_configuration_param_get: reg: 0 shift: 9
11-10 23:01:50.429 0 0 E [ELUS] : (elliptic_system_configuration_param_get) : get ELLIPTIC_SYSTEM_CONFIGURATION_CUSTOM_SETTING_02
11-10 23:01:50.429 0 0 D cdc_dma_tx_format_get: cdc_dma_tx_format = 2, ucontrol value = 0
11-10 23:01:50.429 0 0 E elliptic_system_configuration_param_get: reg: 0 shift: 10
11-10 23:01:50.429 0 0 E [ELUS] : (elliptic_system_configuration_param_get) : get ELLIPTIC_SYSTEM_CONFIGURATION_CUSTOM_SETTING_03
11-10 23:01:50.429 0 0 E elliptic_system_configuration_param_get: reg: 0 shift: 11
11-10 23:01:50.429 0 0 E [ELUS] : (elliptic_system_configuration_param_get) : get ELLIPTIC_SYSTEM_CONFIGURATION_CUSTOM_SETTING_04
11-10 23:01:50.429 0 0 E elliptic_system_configuration_param_get: reg: 0 shift: 12
11-10 23:01:50.429 0 0 E [ELUS] : (elliptic_system_configuration_param_get) : get ELLIPTIC_SYSTEM_CONFIGURATION_CUSTOM_SETTING_05
11-10 23:01:50.430 0 0 E elliptic_system_configuration_param_get: reg: 0 shift: 13
11-10 23:01:50.430 0 0 E [ELUS] : (elliptic_system_configuration_param_get) : get ELLIPTIC_SYSTEM_CONFIGURATION_CUSTOM_SETTING_06
11-10 23:01:50.430 0 0 E elliptic_system_configuration_param_get: reg: 0 shift: 14
11-10 23:01:50.430 0 0 E [ELUS] : (elliptic_system_configuration_param_get) : get ELLIPTIC_SYSTEM_CONFIGURATION_CUSTOM_SETTING_07
11-10 23:01:50.430 0 0 E elliptic_system_configuration_param_get: reg: 0 shift: 15
11-10 23:01:50.430 0 0 E [ELUS] : (elliptic_system_configuration_param_get) : get ELLIPTIC_SYSTEM_CONFIGURATION_CUSTOM_SETTING_08
11-10 23:01:50.430 0 0 D cdc_dma_rx_sample_rate_get: cdc_dma_rx_sample_rate = 48000
11-10 23:01:50.430 0 0 E elliptic_system_configuration_param_get: reg: 0 shift: 16
11-10 23:01:50.430 0 0 E [ELUS] : (elliptic_system_configuration_param_get) : get ELLIPTIC_SYSTEM_CONFIGURATION_CUSTOM_SETTING_09
11-10 23:01:50.430 0 0 E elliptic_system_configuration_param_get: reg: 0 shift: 17
11-10 23:01:50.430 0 0 E [ELUS] : (elliptic_system_configuration_param_get) : get ELLIPTIC_SYSTEM_CONFIGURATION_CUSTOM_SETTING_10
11-10 23:01:50.430 0 0 E elliptic_system_configuration_param_get: reg: 0 shift: 18
11-10 23:01:50.430 0 0 E [ELUS] : (elliptic_system_configuration_param_get) : get ELLIPTIC_SYSTEM_CONFIGURATION_CUSTOM_SETTING_11
11-10 23:01:50.430 0 0 E elliptic_system_configuration_param_get: reg: 0 shift: 19
11-10 23:01:50.430 0 0 E [ELUS] : (elliptic_system_configuration_param_get) : get ELLIPTIC_SYSTEM_CONFIGURATION_CUSTOM_SETTING_12
11-10 23:01:50.430 0 0 E elliptic_system_configuration_param_get: reg: 0 shift: 20
11-10 23:01:50.430 0 0 E [ELUS] : (elliptic_system_configuration_param_get) : get ELLIPTIC_SYSTEM_CONFIGURATION_CUSTOM_SETTING_13
11-10 23:01:50.431 0 0 E elliptic_system_configuration_param_get: reg: 0 shift: 21
11-10 23:01:50.431 0 0 E [ELUS] : (elliptic_system_configuration_param_get) : get ELLIPTIC_SYSTEM_CONFIGURATION_CUSTOM_SETTING_14
11-10 23:01:50.431 0 0 D cdc_dma_rx_sample_rate_get: cdc_dma_rx_sample_rate = 48000
11-10 23:01:50.431 0 0 E elliptic_system_configuration_param_get: reg: 0 shift: 22
11-10 23:01:50.431 0 0 E [ELUS] : (elliptic_system_configuration_param_get) : get ELLIPTIC_SYSTEM_CONFIGURATION_CUSTOM_SETTING_15
11-10 23:01:50.429 19191 19191 W android.permission.PermissionManager: Missing ActivityManager; assuming 1000 holds android.permission.LOG_COMPAT_CHANGE
11-10 23:01:50.431 19191 19191 D CompatibilityChangeReporter: Compat change id reported: 135549675; UID 10341; state: ENABLED
11-10 23:01:50.432 19191 19191 W android.permission.PermissionManager: Missing ActivityManager; assuming 1000 holds android.permission.READ_COMPAT_CHANGE_CONFIG
11-10 23:01:50.432 19191 19191 W android.permission.PermissionManager: Missing ActivityManager; assuming 1000 holds android.permission.LOG_COMPAT_CHANGE
11-10 23:01:50.433 19191 19191 D CompatibilityChangeReporter: Compat change id reported: 135549675; UID 10343; state: DISABLED
11-10 23:01:50.431 0 0 E elliptic_system_configuration_param_get: reg: 0 shift: 23
11-10 23:01:50.431 0 0 D cdc_dma_tx_sample_rate_get: cdc_dma_tx_sample_rate = 48000
11-10 23:01:50.431 0 0 E elliptic_system_configuration_param_get: reg: 0 shift: 24
11-10 23:01:50.432 0 0 E elliptic_system_configuration_param_get: reg: 0 shift: 25
11-10 23:01:50.432 0 0 E elliptic_system_configuration_param_get: reg: 0 shift: 26
11-10 23:01:50.434 19191 19191 W android.permission.PermissionManager: Missing ActivityManager; assuming 1000 holds android.permission.READ_COMPAT_CHANGE_CONFIG
11-10 23:01:50.432 0 0 E elliptic_system_configuration_param_get: reg: 0 shift: 27
11-10 23:01:50.432 0 0 E elliptic_system_configuration_param_get: reg: 0 shift: 28
11-10 23:01:50.432 0 0 D cdc_dma_tx_sample_rate_get: cdc_dma_tx_sample_rate = 48000
11-10 23:01:50.432 0 0 E elliptic_system_configuration_param_get: reg: 0 shift: 30
11-10 23:01:50.432 0 0 E elliptic_system_configuration_param_get: reg: 0 shift: 31
11-10 23:01:50.433 0 0 E elliptic_system_configuration_param_get: reg: 0 shift: 32
11-10 23:01:50.434 19191 19191 W android.permission.PermissionManager: Missing ActivityManager; assuming 1000 holds android.permission.LOG_COMPAT_CHANGE
11-10 23:01:50.433 0 0 D cdc_dma_tx_sample_rate_get: cdc_dma_tx_sample_rate = 48000
11-10 23:01:50.437 19191 19191 D CompatibilityChangeReporter: Compat change id reported: 135549675; UID 10342; state: ENABLED
11-10 23:01:50.437 19191 19191 W android.permission.PermissionManager: Missing ActivityManager; assuming 1000 holds android.permission.READ_COMPAT_CHANGE_CONFIG
11-10 23:01:50.434 0 0 I chatty : uid=0(root) logd identical 1 line
11-10 23:01:50.434 0 0 D cdc_dma_tx_sample_rate_get: cdc_dma_tx_sample_rate = 48000
11-10 23:01:50.435 0 0 D cdc_dma_tx_sample_rate_get: cdc_dma_tx_sample_rate = 96000
11-10 23:01:50.436 0 0 D cdc_dma_tx_sample_rate_get: cdc_dma_tx_sample_rate = 16000
11-10 23:01:50.436 0 0 D msm_dai_q6_usb_audio_cfg_get: dev_token = 0x0
11-10 23:01:50.436 0 0 D cdc_dma_tx_sample_rate_get: cdc_dma_tx_sample_rate = 48000
11-10 23:01:50.437 0 0 D msm_dai_q6_usb_audio_endian_cfg_get: endian = 0x0
11-10 23:01:50.437 0 0 D msm_dai_q6_usb_audio_svc_interval_get: service interval = 0
11-10 23:01:50.437 0 0 D msm_dai_q6_usb_audio_cfg_get: dev_token = 0x0
11-10 23:01:50.437 0 0 D msm_dai_q6_usb_audio_endian_cfg_get: endian = 0x0
11-10 23:01:50.437 0 0 D cdc_dma_tx_sample_rate_get: cdc_dma_tx_sample_rate = 48000
11-10 23:01:50.437 0 0 D msm_dai_q6_tdm_data_format_get: data_format = 0
11-10 23:01:50.438 0 0 D msm_dai_q6_tdm_header_type_get: header_type = 0
11-10 23:01:50.438 0 0 D msm_dai_q6_tdm_header_get: header #0 = 0x0
11-10 23:01:50.438 0 0 D msm_dai_q6_tdm_header_get: header #1 = 0x0
11-10 23:01:50.438 0 0 D msm_dai_q6_tdm_header_get: header #2 = 0x0
11-10 23:01:50.438 0 0 D msm_dai_q6_tdm_header_get: header #3 = 0x0
11-10 23:01:50.438 0 0 D msm_dai_q6_tdm_header_get: header #4 = 0x0
11-10 23:01:50.438 0 0 D msm_dai_q6_tdm_header_get: header #5 = 0x0
11-10 23:01:50.438 0 0 D msm_dai_q6_tdm_header_get: header #6 = 0x0
11-10 23:01:50.438 0 0 D msm_dai_q6_tdm_header_get: header #7 = 0x0
11-10 23:01:50.438 0 0 D msm_dai_q6_tdm_data_format_get: data_format = 0
11-10 23:01:50.438 0 0 D usb_audio_rx_sample_rate_get: usb_audio_rx_sample_rate = 48000
11-10 23:01:50.438 19191 19191 W android.permission.PermissionManager: Missing ActivityManager; assuming 1000 holds android.permission.LOG_COMPAT_CHANGE
11-10 23:01:50.440 19191 19191 D CompatibilityChangeReporter: Compat change id reported: 135549675; UID 10344; state: ENABLED
11-10 23:01:50.441 19191 19191 W android.permission.PermissionManager: Missing ActivityManager; assuming 1000 holds android.permission.READ_COMPAT_CHANGE_CONFIG
11-10 23:01:50.441 19191 19191 W android.permission.PermissionManager: Missing ActivityManager; assuming 1000 holds android.permission.LOG_COMPAT_CHANGE
11-10 23:01:50.438 0 0 D msm_dai_q6_tdm_header_type_get: header_type = 0
11-10 23:01:50.438 0 0 D msm_dai_q6_tdm_header_get: header #0 = 0x0
11-10 23:01:50.438 0 0 D msm_dai_q6_tdm_header_get: header #1 = 0x0
11-10 23:01:50.438 0 0 D msm_dai_q6_tdm_header_get: header #2 = 0x0
11-10 23:01:50.438 0 0 D msm_dai_q6_tdm_header_get: header #3 = 0x0
11-10 23:01:50.438 0 0 D msm_dai_q6_tdm_header_get: header #4 = 0x0
11-10 23:01:50.438 0 0 D msm_dai_q6_tdm_header_get: header #5 = 0x0
11-10 23:01:50.438 0 0 D msm_dai_q6_tdm_header_get: header #6 = 0x0
11-10 23:01:50.438 0 0 D msm_dai_q6_tdm_header_get: header #7 = 0x0
11-10 23:01:50.439 0 0 D msm_dai_q6_tdm_data_format_get: data_format = 0
