11-10 23:01:49.490 19113 19113 W Zygote : Class not found for preloading: java.util.stream.-$$Lambda$MatchOps$emK14UX33I4-nqH2o5l7hLEVAy8
11-10 23:01:49.490 19113 19113 W Zygote : Class not found for preloading: java.util.stream.-$$Lambda$ReferencePipeline$mk6xSsLZAKvG89IyN8pzBoM6otw
11-10 23:01:49.490 19113 19113 W Zygote : Class not found for preloading: java.util.stream.-$$Lambda$bjSXRjZ5UYwAzkW-XPKwqbJ9BRQ
11-10 23:01:49.490 19113 19113 W Zygote : Class not found for preloading: java.util.stream.-$$Lambda$dplkPhACWDPIy18ogwdupEQaN40
11-10 23:01:49.490 19113 19113 W Zygote : Class not found for preloading: java.util.stream.-$$Lambda$i0Jl5dMkfWphZviqg6QdkkWPWRI
11-10 23:01:49.490 19113 19113 W Zygote : Class not found for preloading: java.util.stream.-$$Lambda$ihOtgw0eLCrsEBOphyN7SwoAlDg
11-10 23:01:49.490 19113 19113 W Zygote : Class not found for preloading: java.util.stream.-$$Lambda$okJigbB9kSn__oCZ5Do9uFNyF6A
11-10 23:01:49.490 19113 19113 W Zygote : Class not found for preloading: java.util.stream.-$$Lambda$ono9Bp0lMrKbIRfAAYdycY0_qag
11-10 23:01:49.490 19113 19113 W Zygote : Class not found for preloading: java.util.stream.-$$Lambda$opQ7JxjVCJzqzgTxGU3LVtqC7is
11-10 23:01:49.490 19113 19113 W Zygote : Class not found for preloading: java.util.stream.-$$Lambda$r-8H_R_mZJjp9wd0XTLoEAHMNQ0
11-10 23:01:49.490 19113 19113 W Zygote : Class not found for preloading: java.util.stream.-$$Lambda$ry7iWszBr7beYy31SdRxibDyciQ
11-10 23:01:49.490 19113 19113 W Zygote : Class not found for preloading: java.util.stream.-$$Lambda$sKPaOkcQePGTRevrwmKVVhCTmTo
11-10 23:01:49.490 19113 19113 W Zygote : Class not found for preloading: java.util.stream.-$$Lambda$uJ6CkL42Bk73jN5EzP0Fx7o1eVA
11-10 23:01:49.490 19113 19113 W Zygote : Class not found for preloading: java.util.stream.-$$Lambda$wFoiz-RiPqYBPe0X4aSzbj2iL3g
11-10 23:01:49.490 19113 19113 W Zygote : Class not found for preloading: java.util.stream.-$$Lambda$yTqQxkqu88ZhKI6fWaTTLwOLF60
11-10 23:01:49.491 19113 19113 W Zygote : Class not found for preloading: libcore.content.type.-$$Lambda$MimeMap$xJ95jeANwfbnj45hvSUmlPtZWWg
11-10 23:01:49.497 19113 19113 I Zygote : ...preloaded 11629 classes in 420ms.
11-10 23:01:49.498 19113 19113 I zygote64: The ClassLoaderContext is a special shared library.
11-10 23:01:49.499 19113 19113 D ApplicationLoaders: Created zygote-cached class loader: /system/framework/android.hidl.base-V1.0-java.jar
11-10 23:01:49.500 19113 19113 I zygote64: The ClassLoaderContext is a special shared library.
11-10 23:01:49.500 19113 19113 D ApplicationLoaders: Created zygote-cached class loader: /system/framework/android.hidl.manager-V1.0-java.jar
11-10 23:01:49.501 19113 19113 I zygote64: The ClassLoaderContext is a special shared library.
11-10 23:01:49.501 19113 19113 D ApplicationLoaders: Created zygote-cached class loader: /system/framework/android.test.base.jar
11-10 23:01:49.501 19113 19113 I Zygote : Preloading resources...
11-10 23:01:49.504 19113 19113 W Resources: Preloaded drawable resource #0x108028d (android:drawable/dialog_background_material) that varies with configuration!!
11-10 23:01:49.505 19113 19113 W Resources: Preloaded color resource #0x10601bc (android:color/material_grey_800) that varies with configuration!!
11-10 23:01:49.505 19113 19113 W Resources: Preloaded drawable resource #0x10802fa (android:drawable/floating_popup_background_dark) that varies with configuration!!
11-10 23:01:49.509 19113 19113 I Zygote : ...preloaded 64 resources in 8ms.
11-10 23:01:49.510 19113 19113 W Resources: Preloaded color resource #0x1060039 (android:color/background_cache_hint_selector_material_dark) that varies with configuration!!
11-10 23:01:49.510 19113 19113 W Resources: Preloaded color resource #0x106003a (android:color/background_cache_hint_selector_material_light) that varies with configuration!!
11-10 23:01:49.511 19113 19113 I Zygote : ...preloaded 41 resources in 2ms.
11-10 23:01:49.516 19113 19113 D libEGL : loaded /vendor/lib64/egl/libEGL_adreno.so
11-10 23:01:49.518 19113 19113 D libEGL : loaded /vendor/lib64/egl/libGLESv1_CM_adreno.so
11-10 23:01:49.521 19113 19113 D libEGL : loaded /vendor/lib64/egl/libGLESv2_adreno.so
11-10 23:01:49.537 19113 19113 I Zygote : Preloading shared libraries...
11-10 23:01:49.539 19113 19113 I Zygote : Called ZygoteHooks.endPreload()
11-10 23:01:49.539 19113 19113 I Zygote : Installed AndroidKeyStoreProvider in 0ms.
11-10 23:01:49.542 19113 19113 I Zygote : Warmed up JCA providers in 3ms.
11-10 23:01:49.542 19113 19113 D Zygote : end preload
11-10 23:01:49.560 19113 19113 I zygote64: Explicit concurrent copying GC freed 194479(10012KB) AllocSpace objects, 28(852KB) LOS objects, 82% free, 5350KB/29MB, paused 33us total 18.297ms
11-10 23:01:49.572 19113 19113 I zygote64: Explicit concurrent copying GC freed 14606(499KB) AllocSpace objects, 0(0B) LOS objects, 83% free, 4883KB/28MB, paused 13us total 10.366ms
11-10 23:01:49.600 19113 19113 D Zygote : Forked child process 19191
11-10 23:01:49.600 19113 19113 I Zygote : System server process 19191 has been created
11-10 23:01:49.600 19191 19191 I Zygote : seccomp disabled by setenforce 0
11-10 23:01:49.600 19113 19113 I Zygote : Accepting command socket connections
11-10 23:01:49.573 0 0 I do_mount: dev: rootfs, mount point: / , retval=0
11-10 23:01:49.608 19191 19191 E system_server: Not starting debugger since process cannot load the jdwp agent.
11-10 23:01:49.626 1135 1209 I QC-NETMGR-LIB: NetmgrNetdClientRegisterNetwork(): Looking for Netd service
11-10 23:01:49.626 1135 1209 I QC-NETMGR-LIB: NetmgrNetdClientRegisterNetwork(): register to create new OEM network
11-10 23:01:49.626 1135 1209 I QC-NETMGR-LIB: registerNetwork(): Attempting createOemNetwork
11-10 23:01:49.627 1135 1209 I QC-NETMGR-LIB: registerNetwork(): command completed!
11-10 23:01:49.627 1135 1209 I QC-NETMGR-LIB: registerNetwork(): createOemNetwork succeeded [packet mark : 0xf0002] [net id : 2] [network handle : 0x2cafed00d]
11-10 23:01:49.627 1135 1209 I QC-NETMGR-LIB: NetmgrNetdClientRegisterNetwork(): [packet mark : 0xf0002] [network handle : 0x2cafed00d]
11-10 23:01:49.632 19191 19191 I SystemServerTiming: InitBeforeStartServices
11-10 23:01:49.634 19191 19191 I SystemServer: Entered the Android system server!
11-10 23:01:49.652 19191 19191 E UsbAlsaJackDetectorJNI: Can't register UsbAlsaJackDetector native methods
11-10 23:01:49.655 19191 19191 I SystemServerInitThreadPool: Creating instance with 8 threads
11-10 23:01:49.655 19191 19191 I SystemServerTiming: StartServices
11-10 23:01:49.655 19191 19191 I SystemServerTiming: startBootstrapServices
11-10 23:01:49.655 19191 19191 I SystemServerTiming: StartWatchdog
11-10 23:01:49.658 19191 19191 I SystemServer: Reading configuration...
11-10 23:01:49.658 19191 19191 I SystemServerTiming: ReadingSystemConfig
11-10 23:01:49.658 19191 19191 I SystemServerTiming: PlatformCompat
11-10 23:01:49.658 19191 19216 I SystemServerTimingAsync: InitThreadPoolExec:ReadingSystemConfig
11-10 23:01:49.658 19191 19191 D CompatConfig: Found a config file: /system/etc/compatconfig/services-platform-compat-config.xml
11-10 23:01:49.658 19191 19191 D CompatConfig: Adding: com.android.server.compat.config.Change@e96b1fd
11-10 23:01:49.658 19191 19216 I SystemConfig: Reading permissions from /system/etc/sysconfig/hiddenapi-package-whitelist.xml
11-10 23:01:49.659 19191 19191 D CompatConfig: Adding: com.android.server.compat.config.Change@7130ef2
11-10 23:01:49.659 19191 19191 D CompatConfig: Adding: com.android.server.compat.config.Change@2d74943
11-10 23:01:49.659 19191 19191 D CompatConfig: Adding: com.android.server.compat.config.Change@2a170f9
11-10 23:01:49.659 19191 19216 I SystemConfig: Reading permissions from /system/etc/sysconfig/whitelist_com.stevesoltys.seedvault.xml
11-10 23:01:49.660 19191 19191 D CompatConfig: Adding: com.android.server.compat.config.Change@8bf283e
11-10 23:01:49.660 19191 19216 I SystemConfig: Reading permissions from /system/etc/sysconfig/preinstalled-packages-platform.xml
11-10 23:01:49.660 19191 19191 D CompatConfig: Adding: com.android.server.compat.config.Change@bb4e3ec
11-10 23:01:49.660 19191 19191 D CompatConfig: Adding: com.android.server.compat.config.Change@dff23b5
11-10 23:01:49.660 19191 19191 D CompatConfig: Adding: com.android.server.compat.config.Change@f869dbb
11-10 23:01:49.660 19191 19216 I SystemConfig: Reading permissions from /system/etc/sysconfig/lineage-sysconfig.xml
11-10 23:01:49.660 19191 19191 D CompatConfig: Adding: com.android.server.compat.config.Change@a0252d8
11-10 23:01:49.661 19191 19216 I SystemConfig: Reading permissions from /system/etc/sysconfig/preinstalled-packages-platform-full-base.xml
11-10 23:01:49.661 19191 19191 D CompatConfig: Adding: com.android.server.compat.config.Change@1560116
11-10 23:01:49.661 19191 19191 D CompatConfig: Adding: com.android.server.compat.config.Change@2f75a97
11-10 23:01:49.661 19191 19216 I SystemConfig: Reading permissions from /system/etc/sysconfig/backup.xml
11-10 23:01:49.661 19191 19191 D CompatConfig: Adding: com.android.server.compat.config.Change@95d146d
11-10 23:01:49.661 19191 19191 D CompatConfig: Adding: com.android.server.compat.config.Change@22918a2
11-10 23:01:49.661 19191 19216 I SystemConfig: Reading permissions from /system/etc/sysconfig/component-overrides.xml
11-10 23:01:49.661 19191 19191 D CompatConfig: Found a config file: /system/etc/compatconfig/libcore-platform-compat-config.xml
11-10 23:01:49.662 19191 19191 D CompatConfig: Adding: com.android.server.compat.config.Change@3438a69
11-10 23:01:49.662 19191 19216 I SystemConfig: Reading permissions from /system/etc/sysconfig/framework-sysconfig.xml
11-10 23:01:49.662 19191 19191 D CompatConfig: Adding: com.android.server.compat.config.Change@445058f
11-10 23:01:49.662 19191 19191 D CompatConfig: Adding: com.android.server.compat.config.Change@4af201c
11-10 23:01:49.662 19191 19191 D CompatConfig: Adding: com.android.server.compat.config.Change@c016425
11-10 23:01:49.662 19191 19216 I SystemConfig: Reading permissions from /system/etc/sysconfig/qti_whitelist.xml
11-10 23:01:49.662 19191 19191 D CompatConfig: Found a config file: /system/etc/compatconfig/documents-ui-compat-config.xml
11-10 23:01:49.662 19191 19191 D CompatConfig: Adding: com.android.server.compat.config.Change@f9c2208
11-10 23:01:49.663 19191 19191 D CompatConfig: Found a config file: /system/etc/compatconfig/framework-platform-compat-config.xml
11-10 23:01:49.663 19191 19191 D CompatConfig: Adding: com.android.server.compat.config.Change@6edbc6
11-10 23:01:49.663 19191 19191 D CompatConfig: Adding: com.android.server.compat.config.Change@74e1787
11-10 23:01:49.663 19191 19191 D CompatConfig: Adding: com.android.server.compat.config.Change@d556b4
11-10 23:01:49.663 19191 19216 I SystemConfig: Reading permissions from /system/etc/permissions/permissions_com.stevesoltys.seedvault.xml
11-10 23:01:49.663 19191 19191 D CompatConfig: Adding: com.android.server.compat.config.Change@76cee52
11-10 23:01:49.664 19191 19191 D CompatConfig: Adding: com.android.server.compat.config.Change@f6aa523
11-10 23:01:49.664 19191 19191 D CompatConfig: Adding: com.android.server.compat.config.Change@416dfd9
11-10 23:01:49.664 19191 19216 I SystemConfig: Reading permissions from /system/etc/permissions/org.lineageos.profiles.xml
11-10 23:01:49.664 19191 19191 D CompatConfig: Adding: com.android.server.compat.config.Change@c79d9e
11-10 23:01:49.664 19191 19216 I SystemConfig: Reading permissions from /system/etc/permissions/com.android.mediadrm.signer.xml
11-10 23:01:49.664 19191 19191 D CompatConfig: Adding: com.android.server.compat.config.Change@488c84c
11-10 23:01:49.664 19191 19191 D CompatConfig: Adding: com.android.server.compat.config.Change@20ca095
11-10 23:01:49.664 19191 19216 I SystemConfig: Reading permissions from /system/etc/permissions/privapp_whitelist_org.lineageos.lineagesettings.xml
11-10 23:01:49.665 19191 19191 D CompatConfig: Adding: com.android.server.compat.config.Change@bed959b
11-10 23:01:49.665 19191 19191 D CompatConfig: Adding: com.android.server.compat.config.Change@8a01d38
11-10 23:01:49.665 19191 19216 I SystemConfig: Reading permissions from /system/etc/permissions/com.android.documentsui.xml
11-10 23:01:49.665 19191 19191 D CompatConfig: Adding: com.android.server.compat.config.Change@c8bc276
11-10 23:01:49.665 19191 19191 D CompatConfig: Adding: com.android.server.compat.config.Change@a05f077
11-10 23:01:49.665 19191 19216 I SystemConfig: Reading permissions from /system/etc/permissions/privapp_whitelist_org.omnirom.omniswitch.xml
11-10 23:01:49.665 19191 19191 D CompatConfig: Adding: com.android.server.compat.config.Change@c414d4d
11-10 23:01:49.665 19191 19191 D CompatConfig: Adding: com.android.server.compat.config.Change@3e99002
11-10 23:01:49.666 19191 19191 D CompatConfig: Adding: com.android.server.compat.config.Change@7df1d13
11-10 23:01:49.666 19191 19191 D CompatConfig: Adding: com.android.server.compat.config.Change@1e27149
11-10 23:01:49.666 19191 19216 I SystemConfig: Reading permissions from /system/etc/permissions/com.android.media.remotedisplay.xml
11-10 23:01:49.666 19191 19191 D CompatConfig: Adding: com.android.server.compat.config.Change@364aa4e
11-10 23:01:49.666 19191 19216 I SystemConfig: Reading permissions from /system/etc/permissions/javax.obex.xml
11-10 23:01:49.666 19191 19191 D CompatConfig: Adding: com.android.server.compat.config.Change@7f4dc7c
11-10 23:01:49.667 19191 19216 I SystemConfig: Reading permissions from /system/etc/permissions/org.lineageos.hardware.xml
11-10 23:01:49.667 19191 19191 D CompatConfig: Adding: com.android.server.compat.config.Change@2651d5a
11-10 23:01:49.667 19191 19216 I SystemConfig: Reading permissions from /system/etc/permissions/android.software.sip.voip.xml
11-10 23:01:49.667 19191 19191 D CompatConfig: Adding: com.android.server.compat.config.Change@9f14468
11-10 23:01:49.667 19191 19216 I SystemConfig: Reading permissions from /system/etc/permissions/android.software.nfc.beam.xml
11-10 23:01:49.667 19191 19191 D CompatConfig: Adding: com.android.server.compat.config.Change@4c7b526
11-10 23:01:49.668 19191 19216 I SystemConfig: Reading permissions from /system/etc/permissions/org.lineageos.audio.xml
11-10 23:01:49.668 19191 19191 D CompatConfig: Adding: com.android.server.compat.config.Change@aca3f14
11-10 23:01:49.668 19191 19191 D CompatConfig: Adding: com.android.server.compat.config.Change@4cd23bd
11-10 23:01:49.668 19191 19216 I SystemConfig: Reading permissions from /system/etc/permissions/org.lineageos.globalactions.xml
11-10 23:01:49.668 19191 19191 D CompatConfig: Adding: com.android.server.compat.config.Change@b197103
11-10 23:01:49.668 19191 19216 I SystemConfig: Reading permissions from /system/etc/permissions/com.android.nfc_extras.xml
11-10 23:01:49.669 19191 19191 D CompatConfig: Found a config file: /system/system_ext/etc/compatconfig/settings-platform-compat-config.xml
11-10 23:01:49.669 19191 19191 D CompatConfig: Adding: com.android.server.compat.config.Change@2381a5f
11-10 23:01:49.669 19191 19216 I SystemConfig: Reading permissions from /system/etc/permissions/android.software.webview.xml
11-10 23:01:49.669 19191 19191 I ApexManagerTiming: getActiveApexInfos_noCache
11-10 23:01:49.669 19191 19216 I SystemConfig: Reading permissions from /system/etc/permissions/android.test.mock.xml
11-10 23:01:49.669 19191 19216 I SystemConfig: Reading permissions from /system/etc/permissions/org.apache.http.legacy.xml
11-10 23:01:49.670 19191 19216 I SystemConfig: Reading permissions from /system/etc/permissions/privapp_whitelist_org.lineageos.lineageparts.xml
11-10 23:01:49.670 19191 19216 I SystemConfig: Reading permissions from /system/etc/permissions/android.test.runner.xml
11-10 23:01:49.670 19191 19191 D CompatConfig: No directory /apex/com.android.vndk.v30/etc/compatconfig, skipping
11-10 23:01:49.670 19191 19191 D CompatConfig: No directory /apex/com.android.apex.cts.shim/etc/compatconfig, skipping
11-10 23:01:49.671 19191 19216 I SystemConfig: Reading permissions from /system/etc/permissions/android.software.live_wallpaper.xml
11-10 23:01:49.671 19191 19191 D CompatConfig: No directory /apex/com.android.i18n/etc/compatconfig, skipping
11-10 23:01:49.671 19191 19191 D CompatConfig: No directory /apex/com.android.wifi/etc/compatconfig, skipping
11-10 23:01:49.671 19191 19191 D CompatConfig: No directory /apex/com.android.sdkext/etc/compatconfig, skipping
11-10 23:01:49.671 19191 19191 D CompatConfig: No directory /apex/com.android.media/etc/compatconfig, skipping
11-10 23:01:49.671 19191 19191 D CompatConfig: No directory /apex/com.android.resolv/etc/compatconfig, skipping
11-10 23:01:49.671 19191 19191 D CompatConfig: No directory /apex/com.android.ipsec/etc/compatconfig, skipping
11-10 23:01:49.671 19191 19191 D CompatConfig: No directory /apex/com.android.art/etc/compatconfig, skipping
11-10 23:01:49.671 19191 19191 D CompatConfig: No directory /apex/com.android.permission/etc/compatconfig, skipping
11-10 23:01:49.671 19191 19191 D CompatConfig: No directory /apex/com.android.tzdata/etc/compatconfig, skipping
11-10 23:01:49.671 19191 19191 D CompatConfig: No directory /apex/com.android.media.swcodec/etc/compatconfig, skipping
11-10 23:01:49.671 19191 19191 D CompatConfig: No directory /apex/com.android.neuralnetworks/etc/compatconfig, skipping
11-10 23:01:49.671 19191 19191 D CompatConfig: No directory /apex/com.android.adbd/etc/compatconfig, skipping
11-10 23:01:49.671 19191 19191 D CompatConfig: No directory /apex/com.android.conscrypt/etc/compatconfig, skipping
11-10 23:01:49.671 19191 19216 I SystemConfig: Reading permissions from /system/etc/permissions/org.lineageos.settings.xml
11-10 23:01:49.671 19191 19191 D CompatConfig: No directory /apex/com.android.os.statsd/etc/compatconfig, skipping
11-10 23:01:49.671 19191 19191 D CompatConfig: No directory /apex/com.android.cellbroadcast/etc/compatconfig, skipping
11-10 23:01:49.671 19191 19191 D CompatConfig: Found a config file: /apex/com.android.mediaprovider/etc/compatconfig/media-provider-platform-compat-config.xml
11-10 23:01:49.671 19191 19191 D CompatConfig: No directory /apex/com.android.runtime/etc/compatconfig, skipping
11-10 23:01:49.671 19191 19191 D CompatConfig: No directory /apex/com.android.extservices/etc/compatconfig, skipping
11-10 23:01:49.671 19191 19216 I SystemConfig: Reading permissions from /system/etc/permissions/privapp_whitelist_org.lineageos.audiofx.xml
11-10 23:01:49.671 19191 19191 D CompatConfig: No directory /apex/com.android.tethering/etc/compatconfig, skipping
11-10 23:01:49.672 19191 19216 I SystemConfig: Reading permissions from /system/etc/permissions/org.lineageos.performance.xml
11-10 23:01:49.672 19191 19216 I SystemConfig: Reading permissions from /system/etc/permissions/com.android.future.usb.accessory.xml
11-10 23:01:49.672 19191 19216 I SystemConfig: Reading permissions from /system/etc/permissions/org.lineageos.trust.xml
11-10 23:01:49.673 19191 19191 I SystemServerTiming: StartFileIntegrityService
11-10 23:01:49.673 19191 19191 I SystemServiceManager: Starting com.android.server.security.FileIntegrityService
11-10 23:01:49.673 19191 19216 I SystemConfig: Reading permissions from /system/etc/permissions/com.android.location.provider.xml
11-10 23:01:49.673 19191 19216 I SystemConfig: Reading permissions from /system/etc/permissions/org.lineageos.livedisplay.xml
11-10 23:01:49.673 19191 19216 I SystemConfig: Reading permissions from /system/etc/permissions/privapp-permissions-platform.xml
11-10 23:01:49.675 19191 19216 I SystemConfig: Reading permissions from /system/etc/permissions/org.lineageos.android.xml
11-10 23:01:49.675 19191 19216 I SystemConfig: Reading permissions from /system/etc/permissions/android.test.base.xml
11-10 23:01:49.675 19191 19216 I SystemConfig: Reading permissions from /system/etc/permissions/platform.xml
11-10 23:01:49.675 19191 19191 I SystemServerTiming: StartInstaller
11-10 23:01:49.675 19191 19191 I SystemServiceManager: Starting com.android.server.pm.Installer
11-10 23:01:49.676 19191 19216 I SystemConfig: Reading permissions from /vendor/etc/sysconfig/component-overrides.xml
11-10 23:01:49.676 1070 1983 D installd: Found quota mount /dev/block/dm-5 at /data
11-10 23:01:49.676 1070 1983 D installd: Found quota mount /dev/block/dm-5 at /data/user/0
11-10 23:01:49.676 19191 19216 I SystemConfig: Reading permissions from /vendor/etc/permissions/android.hardware.nfc.uicc.xml
11-10 23:01:49.676 19191 19216 I SystemConfig: Reading permissions from /vendor/etc/permissions/android.hardware.vulkan.compute.xml
11-10 23:01:49.676 19191 19216 I SystemConfig: Reading permissions from /vendor/etc/permissions/android.hardware.wifi.passpoint.xml
11-10 23:01:49.676 19191 19191 I SystemServerTiming: DeviceIdentifiersPolicyService
11-10 23:01:49.676 19191 19191 I SystemServiceManager: Starting com.android.server.os.DeviceIdentifiersPolicyService
11-10 23:01:49.677 19191 19216 I SystemConfig: Reading permissions from /vendor/etc/permissions/android.hardware.sensor.stepcounter.xml
11-10 23:01:49.677 19191 19216 I SystemConfig: Reading permissions from /vendor/etc/permissions/android.software.verified_boot.xml
11-10 23:01:49.677 19191 19191 I SystemServerTiming: UriGrantsManagerService
11-10 23:01:49.677 19191 19191 I SystemServiceManager: Starting com.android.server.uri.UriGrantsManagerService$Lifecycle
11-10 23:01:49.677 19191 19216 I SystemConfig: Reading permissions from /vendor/etc/permissions/android.hardware.wifi.rtt.xml
11-10 23:01:49.677 19191 19216 I SystemConfig: Reading permissions from /vendor/etc/permissions/android.hardware.sensor.proximity.xml
11-10 23:01:49.677 19191 19191 I SystemServerTiming: StartActivityManager
11-10 23:01:49.677 19191 19191 I SystemServiceManager: Starting com.android.server.wm.ActivityTaskManagerService$Lifecycle
11-10 23:01:49.677 19191 19216 I SystemConfig: Reading permissions from /vendor/etc/permissions/android.hardware.audio.pro.xml
11-10 23:01:49.677 19191 19216 I SystemConfig: Reading permissions from /vendor/etc/permissions/android.hardware.telephony.gsm.xml
11-10 23:01:49.677 19191 19216 I SystemConfig: Reading permissions from /vendor/etc/permissions/android.hardware.audio.low_latency.xml
11-10 23:01:49.678 19191 19216 I SystemConfig: Reading permissions from /vendor/etc/permissions/android.hardware.sensor.gyroscope.xml
11-10 23:01:49.678 19191 19216 I SystemConfig: Reading permissions from /vendor/etc/permissions/android.hardware.opengles.aep.xml
11-10 23:01:49.678 19191 19216 I SystemConfig: Reading permissions from /vendor/etc/permissions/android.software.vulkan.deqp.level.xml
11-10 23:01:49.678 19191 19216 I SystemConfig: Reading permissions from /vendor/etc/permissions/android.software.midi.xml
11-10 23:01:49.678 19191 19216 I SystemConfig: Reading permissions from /vendor/etc/permissions/android.hardware.sensor.hifi_sensors.xml
11-10 23:01:49.678 19191 19191 I SystemServiceManager: Starting com.android.server.am.ActivityManagerService$Lifecycle
11-10 23:01:49.678 19191 19216 I SystemConfig: Reading permissions from /vendor/etc/permissions/android.hardware.se.omapi.uicc.xml
11-10 23:01:49.678 19191 19216 I SystemConfig: Reading permissions from /vendor/etc/permissions/android.hardware.wifi.xml
11-10 23:01:49.678 19191 19216 I SystemConfig: Reading permissions from /vendor/etc/permissions/android.hardware.nfc.hce.xml
11-10 23:01:49.679 19191 19216 I SystemConfig: Reading permissions from /vendor/etc/permissions/android.hardware.fingerprint.xml
11-10 23:01:49.679 19191 19216 I SystemConfig: Reading permissions from /vendor/etc/permissions/android.hardware.wifi.aware.xml
11-10 23:01:49.679 19191 19216 I SystemConfig: Reading permissions from /vendor/etc/permissions/android.hardware.bluetooth.xml
11-10 23:01:49.679 19191 19216 I SystemConfig: Reading permissions from /vendor/etc/permissions/android.hardware.telephony.ims.xml
11-10 23:01:49.679 19191 19216 I SystemConfig: Reading permissions from /vendor/etc/permissions/android.hardware.se.omapi.ese.xml
11-10 23:01:49.679 19191 19191 I ActivityManager: Memory class: 256
11-10 23:01:49.679 19191 19216 I SystemConfig: Reading permissions from /vendor/etc/permissions/android.hardware.telephony.cdma.xml
11-10 23:01:49.679 19191 19216 I SystemConfig: Reading permissions from /vendor/etc/permissions/com.android.nfc_extras.xml
11-10 23:01:49.679 19191 19216 I SystemConfig: Reading permissions from /vendor/etc/permissions/android.hardware.camera.raw.xml
11-10 23:01:49.680 19191 19216 I SystemConfig: Reading permissions from /vendor/etc/permissions/android.hardware.sensor.compass.xml
11-10 23:01:49.680 19191 19216 I SystemConfig: Reading permissions from /vendor/etc/permissions/android.hardware.vulkan.level.xml
11-10 23:01:49.680 19191 19216 I SystemConfig: Reading permissions from /vendor/etc/permissions/android.hardware.camera.flash-autofocus.xml
11-10 23:01:49.680 19191 19216 I SystemConfig: Reading permissions from /vendor/etc/permissions/android.hardware.usb.accessory.xml
11-10 23:01:49.680 19191 19216 I SystemConfig: Reading permissions from /vendor/etc/permissions/android.hardware.consumerir.xml
11-10 23:01:49.680 19191 19216 I SystemConfig: Reading permissions from /vendor/etc/permissions/android.hardware.camera.front.xml
11-10 23:01:49.680 19191 19216 I SystemConfig: Reading permissions from /vendor/etc/permissions/android.hardware.sensor.light.xml
11-10 23:01:49.680 19191 19216 I SystemConfig: Reading permissions from /vendor/etc/permissions/android.software.ipsec_tunnels.xml
11-10 23:01:49.681 19191 19216 I SystemConfig: Reading permissions from /vendor/etc/permissions/android.hardware.nfc.ese.xml
11-10 23:01:49.681 19191 19216 I SystemConfig: Reading permissions from /vendor/etc/permissions/android.hardware.vulkan.version.xml
11-10 23:01:49.681 19191 19216 I SystemConfig: Reading permissions from /vendor/etc/permissions/android.hardware.nfc.hcef.xml
11-10 23:01:49.681 19191 19216 I SystemConfig: Reading permissions from /vendor/etc/permissions/android.hardware.nfc.xml
11-10 23:01:49.681 19191 19216 I SystemConfig: Reading permissions from /vendor/etc/permissions/android.hardware.bluetooth_le.xml
11-10 23:01:49.681 19191 19216 I SystemConfig: Reading permissions from /vendor/etc/permissions/android.software.sip.voip.xml
11-10 23:01:49.681 19191 19216 I SystemConfig: Reading permissions from /vendor/etc/permissions/android.hardware.sensor.stepdetector.xml
11-10 23:01:49.681 19191 19216 I SystemConfig: Reading permissions from /vendor/etc/permissions/android.hardware.usb.host.xml
11-10 23:01:49.682 19191 19216 I SystemConfig: Reading permissions from /vendor/etc/permissions/android.hardware.sensor.barometer.xml
11-10 23:01:49.682 19191 19216 I SystemConfig: Reading permissions from /vendor/etc/permissions/android.hardware.sensor.accelerometer.xml
11-10 23:01:49.682 19191 19216 I SystemConfig: Reading permissions from /vendor/etc/permissions/android.hardware.camera.full.xml
11-10 23:01:49.682 19191 19216 I SystemConfig: Reading permissions from /vendor/etc/permissions/android.hardware.wifi.direct.xml
11-10 23:01:49.682 19191 19216 I SystemConfig: Reading permissions from /vendor/etc/permissions/handheld_core_hardware.xml
11-10 23:01:49.682 19191 19216 I SystemConfig: Reading permissions from /vendor/etc/permissions/com.nxp.mifare.xml
11-10 23:01:49.682 19191 19216 I SystemConfig: Reading permissions from /vendor/etc/permissions/android.hardware.touchscreen.multitouch.jazzhand.xml
11-10 23:01:49.683 19191 19216 I SystemConfig: Reading permissions from /vendor/etc/permissions/android.hardware.location.gps.xml
11-10 23:01:49.683 19191 19216 I SystemConfig: Reading permissions from /product/etc/sysconfig/preinstalled-packages-platform-handheld-product.xml
11-10 23:01:49.683 19191 19216 I SystemConfig: Reading permissions from /product/etc/sysconfig/com.android.messaging_whitelist.xml
11-10 23:01:49.683 19191 19216 I SystemConfig: Reading permissions from /product/etc/sysconfig/preinstalled-packages-platform-overlays.xml
11-10 23:01:49.683 19191 19216 I SystemConfig: Reading permissions from /product/etc/sysconfig/com.android.deskclock_whitelist.xml
11-10 23:01:49.683 19191 19216 I SystemConfig: Reading permissions from /product/etc/permissions/vendor.qti.hardware.data.connection-V1.0-java.xml
11-10 23:01:49.684 19191 19216 I SystemConfig: Reading permissions from /product/etc/permissions/privapp_whitelist_com.android.dialer-ext.xml
11-10 23:01:49.684 19191 19216 I SystemConfig: Reading permissions from /product/etc/permissions/ims_ext_common.xml
11-10 23:01:49.684 19191 19216 I SystemConfig: Reading permissions from /product/etc/permissions/com.android.contacts.xml
11-10 23:01:49.684 19191 19216 I SystemConfig: Reading permissions from /product/etc/permissions/vendor.qti.hardware.data.connection-V1.1-java.xml
11-10 23:01:49.684 19191 19216 I SystemConfig: Reading permissions from /product/etc/permissions/privapp_whitelist_org.omnirom.logcat.xml
11-10 23:01:49.684 19191 19216 I SystemConfig: Reading permissions from /product/etc/permissions/android.software.verified_boot.xml
11-10 23:01:49.684 19191 19216 I SystemConfig: Reading permissions from /product/etc/permissions/telephony_product_privapp-permissions-qti.xml
11-10 23:01:49.685 19191 19216 I SystemConfig: Reading permissions from /product/etc/permissions/com.android.settings.intelligence.xml
11-10 23:01:49.685 19191 19216 I SystemConfig: Reading permissions from /product/etc/permissions/com.android.dialer.xml
11-10 23:01:49.685 19191 19216 I SystemConfig: Reading permissions from /system_ext/etc/sysconfig/qti_whitelist_system_ext.xml
11-10 23:01:49.685 19191 19216 I SystemConfig: Reading permissions from /system_ext/etc/permissions/telephonyservice.xml
11-10 23:01:49.685 19191 19216 I SystemConfig: Reading permissions from /system_ext/etc/permissions/com.android.systemui.xml
11-10 23:01:49.685 19191 19216 I SystemConfig: Reading permissions from /system_ext/etc/permissions/com.qualcomm.location.xml
11-10 23:01:49.686 19191 19216 I SystemConfig: Reading permissions from /system_ext/etc/permissions/RemoteSimlockManager.xml
11-10 23:01:49.686 19191 19216 I SystemConfig: Reading permissions from /system_ext/etc/permissions/com.qti.media.secureprocessor.xml
11-10 23:01:49.686 19191 19216 I SystemConfig: Reading permissions from /system_ext/etc/permissions/qti_libpermissions.xml
11-10 23:01:49.686 19191 19216 I SystemConfig: Reading permissions from /system_ext/etc/permissions/com.qualcomm.qmapbridge.xml
11-10 23:01:49.686 19191 19216 I SystemConfig: Reading permissions from /system_ext/etc/permissions/android.software.verified_boot.xml
11-10 23:01:49.686 19191 19216 I SystemConfig: Reading permissions from /system_ext/etc/permissions/com.android.settings.xml
11-10 23:01:49.686 19191 19216 I SystemConfig: Reading permissions from /system_ext/etc/permissions/com.android.launcher3.xml
11-10 23:01:49.687 19191 19216 I SystemConfig: Reading permissions from /system_ext/etc/permissions/telephony_system-ext_privapp-permissions-qti.xml
11-10 23:01:49.687 19191 19216 I SystemConfig: Reading permissions from /system_ext/etc/permissions/qti_telephony_utils.xml
11-10 23:01:49.687 19191 19216 I SystemConfig: Reading permissions from /system_ext/etc/permissions/UimService.xml
11-10 23:01:49.687 19191 19216 I SystemConfig: Reading permissions from /system_ext/etc/permissions/uimremoteclient.xml
11-10 23:01:49.687 19191 19216 I SystemConfig: Reading permissions from /system_ext/etc/permissions/dpmapi.xml
11-10 23:01:49.687 19191 19216 I SystemConfig: Reading permissions from /system_ext/etc/permissions/privapp_whitelist_com.android.wallpaper.xml
11-10 23:01:49.687 19191 19216 I SystemConfig: Reading permissions from /system_ext/etc/permissions/privapp-permissions-com.qualcomm.location.xml
11-10 23:01:49.688 19191 19216 I SystemConfig: Reading permissions from /system_ext/etc/permissions/com.android.carrierconfig.xml
11-10 23:01:49.688 19191 19216 I SystemConfig: Reading permissions from /system_ext/etc/permissions/com.qualcomm.qti.imscmservice-V2.2-java.xml
11-10 23:01:49.688 19191 19216 I SystemConfig: Reading permissions from /system_ext/etc/permissions/com.qualcomm.qti.izattools.xml
11-10 23:01:49.688 19191 19216 I SystemConfig: Reading permissions from /system_ext/etc/permissions/privapp_whitelist_org.lineageos.snap.xml
11-10 23:01:49.688 19191 19216 I SystemConfig: Reading permissions from /system_ext/etc/permissions/qcrilhook.xml
11-10 23:01:49.689 19191 19216 I SystemConfig: Reading permissions from /system_ext/etc/permissions/com.android.emergency.xml
11-10 23:01:49.689 19191 19216 I SystemConfig: Reading permissions from /system_ext/etc/permissions/RemoteSimlock.xml
11-10 23:01:49.689 19191 19216 I SystemConfig: Reading permissions from /system_ext/etc/permissions/qti_permissions.xml
11-10 23:01:49.689 19191 19216 I SystemConfig: Reading permissions from /system_ext/etc/permissions/UimGba.xml
11-10 23:01:49.689 19191 19216 I SystemConfig: Reading permissions from /system_ext/etc/permissions/com.nxp.nfc.nq.xml
11-10 23:01:49.689 19191 19216 I SystemConfig: Reading permissions from /system_ext/etc/permissions/com.qti.location.sdk.xml
11-10 23:01:49.689 19191 19216 I SystemConfig: Reading permissions from /system_ext/etc/permissions/privapp-permissions-qti-system-ext.xml
11-10 23:01:49.689 19191 19216 I SystemConfig: Reading permissions from /system_ext/etc/permissions/com.qti.dpmframework.xml
11-10 23:01:49.690 19191 19216 I SystemConfig: Reading permissions from /system_ext/etc/permissions/audiosphere.xml
11-10 23:01:49.690 19191 19216 I SystemConfig: Reading permissions from /system_ext/etc/permissions/privapp_whitelist_org.lineageos.setupwizard.xml
11-10 23:01:49.690 19191 19216 I SystemConfig: Reading permissions from /system_ext/etc/permissions/izat.xt.srv.xml
11-10 23:01:49.690 19191 19216 I SystemConfig: Reading permissions from /system_ext/etc/permissions/UimGbaManager.xml
11-10 23:01:49.690 19191 19216 I SystemConfig: Reading permissions from /system_ext/etc/permissions/com.qualcomm.qti.imscmservice-V2.0-java.xml
11-10 23:01:49.690 19191 19216 I SystemConfig: Reading permissions from /system_ext/etc/permissions/com.qualcomm.qti.imscmservice.xml
11-10 23:01:49.690 19191 19216 I SystemConfig: Reading permissions from /system_ext/etc/permissions/com.android.storagemanager.xml
11-10 23:01:49.691 19191 19216 I SystemConfig: Reading permissions from /system_ext/etc/permissions/wfd-system-ext-privapp-permissions-qti.xml
11-10 23:01:49.691 19191 19216 I SystemConfig: Reading permissions from /system_ext/etc/permissions/lpa.xml
11-10 23:01:49.691 19191 19216 I SystemConfig: Reading permissions from /system_ext/etc/permissions/qti_telephony_hidl_wrapper.xml
11-10 23:01:49.691 19191 19216 I SystemConfig: Reading permissions from /system_ext/etc/permissions/uimremoteserver.xml
11-10 23:01:49.691 19191 19216 I SystemConfig: Reading permissions from /system_ext/etc/permissions/com.qualcomm.qti.imscmservice-V2.1-java.xml
11-10 23:01:49.691 19191 19216 I SystemConfig: Reading permissions from /apex/com.android.ipsec/etc/permissions/android.net.ipsec.ike.xml
11-10 23:01:49.698 19191 19191 D BatteryStatsImpl: Reading daily items from /data/system/batterystats-daily.xml
11-10 23:01:49.704 570 570 I hwservicemanager: getTransport: Cannot find entry android.hardware.power.stats@1.0::IPowerStats/default in either framework or device manifest.
11-10 23:01:49.704 570 570 I hwservicemanager: getTransport: Cannot find entry android.hardware.power@1.0::IPower/default in either framework or device manifest.
11-10 23:01:49.704 19191 19226 E BatteryStatsService: Unable to load Power.Stats.HAL. Setting rail availability to false
11-10 23:01:49.706 19191 19226 E BluetoothAdapter: Bluetooth binder is null
11-10 23:01:49.707 19191 19226 I KernelCpuUidFreqTimeReader: mPerClusterTimesAvailable=false
11-10 23:01:49.710 19191 19226 W KernelCpuUidFreqTimeBpfMapReader: Failed to start tracking
11-10 23:01:49.711 19191 19226 W KernelCpuProcStringReader: File not found. It's normal if not implemented: /proc/uid_time_in_state
11-10 23:01:49.711 19191 19226 W KernelCpuUidActiveTimeBpfMapReader: Failed to start tracking
11-10 23:01:49.711 19191 19226 W KernelCpuProcStringReader: File not found. It's normal if not implemented: /proc/uid_concurrent_active_time
11-10 23:01:49.712 19191 19226 W KernelCpuUidClusterTimeBpfMapReader: Failed to start tracking
11-10 23:01:49.712 19191 19226 W KernelCpuProcStringReader: File not found. It's normal if not implemented: /proc/uid_concurrent_policy_time
11-10 23:01:49.712 604 604 I Binder:604_2: type=1400 audit(0.0:25246): avc: denied { read } for name="wakeup58" dev="sysfs" ino=100252 scontext=u:r:system_suspend:s0 tcontext=u:object_r:sysfs:s0 tclass=dir permissive=1
11-10 23:01:49.712 604 604 I Binder:604_2: type=1400 audit(0.0:25247): avc: denied { open } for path="/sys/devices/platform/soc/1c00000.qcom,pcie/pci0000:00/0000:00:00.0/0000:01:00.0/1103_00.01.00/wakeup/wakeup58" dev="sysfs" ino=100252 scontext=u:r:system_suspend:s0 tcontext=u:object_r:sysfs:s0 tclass=dir permissive=1
11-10 23:01:49.712 604 604 I Binder:604_2: type=1400 audit(0.0:25248): avc: denied { read } for name="event_count" dev="sysfs" ino=100259 scontext=u:r:system_suspend:s0 tcontext=u:object_r:sysfs:s0 tclass=file permissive=1
11-10 23:01:49.712 604 604 I Binder:604_2: type=1400 audit(0.0:25249): avc: denied { open } for path="/sys/devices/platform/soc/1c00000.qcom,pcie/pci0000:00/0000:00:00.0/0000:01:00.0/1103_00.01.00/wakeup/wakeup58/event_count" dev="sysfs" ino=100259 scontext=u:r:system_suspend:s0 tcontext=u:object_r:sysfs:s0 tclass=file permissive=1
11-10 23:01:49.712 604 604 I Binder:604_2: type=1400 audit(0.0:25250): avc: denied { getattr } for path="/sys/devices/platform/soc/1c00000.qcom,pcie/pci0000:00/0000:00:00.0/0000:01:00.0/1103_00.01.00/wakeup/wakeup58/event_count" dev="sysfs" ino=100259 scontext=u:r:system_suspend:s0 tcontext=u:object_r:sysfs:s0 tclass=file permissive=1
11-10 23:01:49.739 19191 19226 W KernelMemoryBandwidthStats: No kernel memory bandwidth stats available
11-10 23:01:49.740 570 570 I hwservicemanager: getTransport: Cannot find entry android.hardware.power.stats@1.0::IPowerStats/default in either framework or device manifest.
11-10 23:01:49.740 570 570 I hwservicemanager: getTransport: Cannot find entry android.hardware.power@1.0::IPower/default in either framework or device manifest.
11-10 23:01:49.740 19191 19226 E BatteryStatsService: Unable to load Power Hal or power.stats HAL
11-10 23:01:49.844 19191 19191 I IntentFirewall: Read new rules (A:0 B:0 S:0)
11-10 23:01:49.847 19191 19191 D AppOps : AppOpsService published
11-10 23:01:49.847 19191 19191 I SystemServerTiming: StartDataLoaderManagerService
11-10 23:01:49.847 19191 19191 I SystemServiceManager: Starting com.android.server.pm.DataLoaderManagerService
11-10 23:01:49.848 19191 19191 I SystemServerTiming: StartIncrementalService
11-10 23:01:49.848 19191 19191 I incfs-mounts: [incfs] Loaded incremental-fs mount info: 0 instances, 0 mount points
11-10 23:01:49.849 19191 19191 I SystemServerTiming: StartPowerManager
11-10 23:01:49.849 19191 19191 I SystemServiceManager: Starting com.android.server.power.PowerManagerService
11-10 23:01:49.851 568 568 I servicemanager: Found android.hardware.power.IPower/default in device VINTF manifest.
11-10 23:01:49.852 570 570 I hw-BpHwBinder: onLastStrongRef automatically unlinking death recipients
11-10 23:01:49.853 860 860 I android.hardware.power-service-qti: Power isModeSupported: 7
11-10 23:01:49.852 860 860 I android.hardwar: type=1400 audit(0.0:25251): avc: denied { read write } for name="xiaomi-touch" dev="tmpfs" ino=32836 scontext=u:r:hal_power_default:s0 tcontext=u:object_r:device:s0 tclass=chr_file permissive=1
11-10 23:01:49.853 860 860 I android.hardware.power-service-qti: Power setMode: 7 to: 1
11-10 23:01:49.853 860 860 E QTI PowerHAL: Failed to acquire lock for hint_id: 1041.
11-10 23:01:49.853 860 860 I QTI PowerHAL: Hint not handled in set_interactive_override
11-10 23:01:49.853 860 860 I android.hardware.power-service-qti: Power isModeSupported: 0
11-10 23:01:49.852 860 860 I android.hardwar: type=1400 audit(0.0:25252): avc: denied { open } for path="/dev/xiaomi-touch" dev="tmpfs" ino=32836 scontext=u:r:hal_power_default:s0 tcontext=u:object_r:device:s0 tclass=chr_file permissive=1
11-10 23:01:49.854 19191 19191 I SystemServerTiming: StartThermalManager
11-10 23:01:49.854 19191 19191 I SystemServiceManager: Starting com.android.server.power.ThermalManagerService
11-10 23:01:49.854 860 860 I android.hardware.power-service-qti: Power setMode: 0 to: 0
11-10 23:01:49.854 19191 19191 I SystemServerTiming: InitPowerManagement
11-10 23:01:49.852 860 860 I android.hardwar: type=1400 audit(0.0:25253): avc: denied { ioctl } for path="/dev/xiaomi-touch" dev="tmpfs" ino=32836 ioctlcmd=0x5400 scontext=u:r:hal_power_default:s0 tcontext=u:object_r:device:s0 tclass=chr_file permissive=1
11-10 23:01:49.855 19191 19191 I SystemServerTiming: StartRecoverySystemService
11-10 23:01:49.855 19191 19191 I SystemServiceManager: Starting com.android.server.recoverysystem.RecoverySystemService$Lifecycle
11-10 23:01:49.855 19191 19191 I PackageWatchdog: Syncing state, reason: added new observer
11-10 23:01:49.855 19191 19191 I PackageWatchdog: Not pruning observers, elapsed time: 0ms
11-10 23:01:49.855 19191 19191 I PackageWatchdog: Cancelling state sync, nothing to sync
11-10 23:01:49.855 19191 19218 I PackageWatchdog: Saving observer state to file
11-10 23:01:49.855 19191 19191 I SystemServerTiming: StartLightsService
11-10 23:01:49.856 19191 19191 I SystemServiceManager: Starting com.android.server.lights.LightsService
11-10 23:01:49.856 568 568 E servicemanager: Could not find android.hardware.light.ILights/default in the VINTF manifest.
11-10 23:01:49.600 0 0 I do_mount: dev: /mnt/user/0, mount point: /storage , retval=0
11-10 23:01:49.854 0 0 I : xiaomi_touch_dev_open
11-10 23:01:49.854 0 0 I xiaomi_touch_dev_ioctl cmd: 0, touchId:0, mode:14, value:0
11-10 23:01:49.854 0 0 I [FTS_TS/I]fts_set_cur_value: mode:14, value:0
11-10 23:01:49.854 0 0 I [FTS_TS/I]fts_update_gesture_state: gesture state:0x00
11-10 23:01:49.858 19191 19191 I SystemServerTiming: StartSidekickService
11-10 23:01:49.858 19191 19191 I SystemServerTiming: StartDisplayManager
11-10 23:01:49.858 19191 19191 I SystemServiceManager: Starting com.android.server.display.DisplayManagerService
11-10 23:01:49.859 19191 19191 I SystemServerTiming: WaitForDisplay
11-10 23:01:49.859 19191 19191 I SystemServiceManager: Starting phase 100
11-10 23:01:49.859 19191 19191 I SystemServerTiming: OnBootPhase_100
11-10 23:01:49.859 19191 19191 I SystemServerTiming: OnBootPhase_100_com.android.server.security.FileIntegrityService
11-10 23:01:49.859 19191 19191 I SystemServerTiming: OnBootPhase_100_com.android.server.pm.Installer
11-10 23:01:49.859 19191 19191 I SystemServerTiming: OnBootPhase_100_com.android.server.os.DeviceIdentifiersPolicyService
11-10 23:01:49.859 19191 19191 I SystemServerTiming: OnBootPhase_100_com.android.server.uri.UriGrantsManagerService$Lifecycle
11-10 23:01:49.859 19191 19191 I SystemServerTiming: OnBootPhase_100_com.android.server.wm.ActivityTaskManagerService$Lifecycle
11-10 23:01:49.859 19191 19191 I SystemServerTiming: OnBootPhase_100_com.android.server.am.ActivityManagerService$Lifecycle
11-10 23:01:49.859 19191 19191 I SystemServerTiming: OnBootPhase_100_com.android.server.pm.DataLoaderManagerService
11-10 23:01:49.859 19191 19191 I SystemServerTiming: OnBootPhase_100_com.android.server.power.PowerManagerService
11-10 23:01:49.859 19191 19191 I SystemServerTiming: OnBootPhase_100_com.android.server.power.ThermalManagerService
11-10 23:01:49.859 19191 19191 I SystemServerTiming: OnBootPhase_100_com.android.server.recoverysystem.RecoverySystemService$Lifecycle
11-10 23:01:49.859 19191 19191 I SystemServerTiming: OnBootPhase_100_com.android.server.lights.LightsService
11-10 23:01:49.859 19191 19191 I SystemServerTiming: OnBootPhase_100_com.android.server.display.DisplayManagerService
11-10 23:01:49.860 930 978 W DisplayIdentification: Invalid EDID: falling back to serial number due to missing display name.
11-10 23:01:49.860 930 978 W DisplayIdentification: Invalid EDID: falling back to ASCII text due to missing serial number.
11-10 23:01:49.861 872 1125 I SDM : HWCColorModeStc::GetColorModeCount: Supported color mode count = 3
11-10 23:01:49.861 872 1125 I SDM : HWCColorModeStc::GetColorModes: Color mode = 0 is supported
11-10 23:01:49.861 872 1125 I SDM : HWCColorModeStc::GetColorModes: Color mode = 7 is supported
11-10 23:01:49.861 872 1125 I SDM : HWCColorModeStc::GetColorModes: Color mode = 9 is supported
11-10 23:01:49.863 19191 19212 I DisplayManagerService: Display device added: DisplayDeviceInfo{"蜀・鳩繧ケ繧ッ繝ェ繝シ繝ウ": uniqueId="local:19260527152667266", 1080 x 2400, modeId 2, defaultModeId 2, supportedModes [{id=1, width=1080, height=2400, fps=90.0}, {id=2, width=1080, height=2400, fps=60.000004}], colorMode 0, supportedColorModes [0, 7, 9], HdrCapabilities HdrCapabilities{mSupportedHdrTypes=[2, 3, 4], mMaxLuminance=420.0, mMaxAverageLuminance=210.1615, mMinLuminance=0.323}, allmSupported false, gameContentTypeSupported false, density 440, 40.163 x 40.184 dpi, appVsyncOff 1000000, presDeadline 16666666, cutout DisplayCutout{insets=Rect(0, 104 - 0, 0) waterfall=Insets{left=0, top=0, right=0, bottom=0} boundingRect={Bounds=[Rect(0, 0 - 0, 0), Rect(0, 0 - 144, 104), Rect(0, 0 - 0, 0), Rect(0, 0 - 0, 0)]}}, touch INTERNAL, rotation 0, type INTERNAL, address {port=130, model=0x446d58ef1f1a}, deviceProductInfo DeviceProductInfo{name=, manufacturerPnpId=QCM, productId=1, modelYear=null, manufactureDate=ManufactureDate{week=27, year=2006}, relativeAddress=null}, state UNKNOWN, FLAG_DEFAULT_DISPLAY, FLAG_ROTATES_WITH_CONTENT, FLAG_SECURE, FLAG_SUPPORTS_PROTECTED_BUFFERS}
11-10 23:01:49.865 930 930 D SurfaceFlinger: Setting power mode 2 on display 19260527152667266
11-10 23:01:49.874 19191 19191 I SystemServerTiming: StartPackageManagerService
11-10 23:01:49.874 19191 19212 I DisplayManagerService: Display device changed state: "蜀・鳩繧ケ繧ッ繝ェ繝シ繝ウ", ON
11-10 23:01:49.874 19191 19191 I Watchdog: Pausing HandlerChecker: main thread for reason: packagemanagermain. Pause count: 1
11-10 23:01:49.875 19191 19191 I PackageManagerTiming: create package manager
11-10 23:01:49.877 19191 19191 I PackageManagerTiming: createSubComponents
11-10 23:01:49.887 19191 19191 I PackageManagerTiming: addSharedUsers
11-10 23:01:49.888 19191 19191 I PackageManagerTiming: get system config
11-10 23:01:49.889 19191 19191 D PackageManager: Directories scanned as system partitions: [/system:0, /vendor:524288, /odm:4194304, /oem:262144, /product:1048576, /system_ext:2097152, /apex/com.android.vndk.v30:8388608, /apex/com.android.apex.cts.shim:8388608, /apex/com.android.i18n:8388608, /apex/com.android.wifi:8388608, /apex/com.android.sdkext:8388608, /apex/com.android.media:8388608, /apex/com.android.resolv:8388608, /apex/com.android.ipsec:8388608, /apex/com.android.art:8388608, /apex/com.android.permission:8388608, /apex/com.android.tzdata:8388608, /apex/com.android.media.swcodec:8388608, /apex/com.android.neuralnetworks:8388608, /apex/com.android.adbd:8388608, /apex/com.android.conscrypt:8388608, /apex/com.android.os.statsd:8388608, /apex/com.android.cellbroadcast:8388608, /apex/com.android.mediaprovider:8388608, /apex/com.android.runtime:8388608, /apex/com.android.extservices:8388608, /apex/com.android.tethering:8388608]
11-10 23:01:49.890 19191 19191 D SELinuxMMAC: Using policy file /system/etc/selinux/plat_mac_permissions.xml
11-10 23:01:49.891 19191 19191 D SELinuxMMAC: Using policy file /system_ext/etc/selinux/system_ext_mac_permissions.xml
11-10 23:01:49.891 19191 19191 D SELinuxMMAC: Using policy file /product/etc/selinux/product_mac_permissions.xml
11-10 23:01:49.891 19191 19191 D SELinuxMMAC: Using policy file /vendor/etc/selinux/vendor_mac_permissions.xml
11-10 23:01:49.891 19191 19191 I PackageManagerTiming: loadFallbacks
11-10 23:01:49.892 19191 19191 D FallbackCategoryProvider: Found 1 fallback categories
11-10 23:01:49.892 19191 19191 I PackageManagerTiming: read user settings
11-10 23:01:49.937 19191 19191 W PackageManager: Unknown element under : uses-static-lib
11-10 23:01:50.001 19191 19191 W PackageSettings: Missing permission state for shared user: android.uid.log
11-10 23:01:50.003 19191 19191 D PackageManager: Keeping known cache d32693a8ec20381d70c0f2ec46b76759500ee1d4
11-10 23:01:50.006 0 0 E apexd : Can't open /system_ext/apex for reading : No such file or directory
11-10 23:01:50.006 0 0 E apexd : Can't open /product/apex for reading : No such file or directory
11-10 23:01:50.006 0 0 E apexd : Can't open /vendor/apex for reading : No such file or directory
11-10 23:01:50.031 19191 19191 D PackageManager: No files in app dir /system_ext/overlay
11-10 23:01:50.032 19191 19191 I PackageBackwardCompatibility: Loaded android.content.pm.AndroidTestBaseUpdater
11-10 23:01:50.032 19191 19191 D CompatibilityChangeReporter: Compat change id reported: 143539591; UID -1; state: ENABLED
11-10 23:01:50.033 19191 19191 D CompatibilityChangeReporter: Compat change id reported: 135549675; UID 10000; state: ENABLED
11-10 23:01:50.034 19191 19191 D CompatibilityChangeReporter: Compat change id reported: 135549675; UID 10001; state: ENABLED
11-10 23:01:50.034 19191 19191 D CompatibilityChangeReporter: Compat change id reported: 135549675; UID 10002; state: ENABLED
11-10 23:01:50.034 19191 19191 D CompatibilityChangeReporter: Compat change id reported: 135549675; UID 10003; state: ENABLED
11-10 23:01:50.035 19191 19191 D CompatibilityChangeReporter: Compat change id reported: 135549675; UID 10005; state: ENABLED
11-10 23:01:50.035 19191 19191 D CompatibilityChangeReporter: Compat change id reported: 135549675; UID 10004; state: ENABLED
