11-10 23:01:40.326 0 0 D msm_dai_q6_tdm_header_get: header #0 = 0x0
11-10 23:01:40.326 0 0 D msm_dai_q6_tdm_header_get: header #1 = 0x0
11-10 23:01:40.326 0 0 D msm_dai_q6_tdm_header_get: header #2 = 0x0
11-10 23:01:40.326 0 0 D msm_dai_q6_tdm_header_get: header #3 = 0x0
11-10 23:01:40.326 0 0 D msm_dai_q6_tdm_header_get: header #4 = 0x0
11-10 23:01:40.326 0 0 D msm_dai_q6_tdm_header_get: header #5 = 0x0
11-10 23:01:40.326 0 0 D msm_dai_q6_tdm_header_get: header #6 = 0x0
11-10 23:01:40.326 0 0 D msm_dai_q6_tdm_header_get: header #7 = 0x0
11-10 23:01:40.326 0 0 D msm_dai_q6_tdm_data_format_get: data_format = 0
11-10 23:01:40.327 0 0 D msm_dai_q6_tdm_data_format_get: data_format = 0
11-10 23:01:40.327 0 0 D msm_dai_q6_tdm_header_type_get: header_type = 0
11-10 23:01:40.327 0 0 D msm_dai_q6_tdm_header_get: header #0 = 0x0
11-10 23:01:40.327 0 0 D msm_dai_q6_tdm_header_get: header #1 = 0x0
11-10 23:01:40.327 0 0 D msm_dai_q6_tdm_header_get: header #2 = 0x0
11-10 23:01:40.327 0 0 D msm_dai_q6_tdm_header_get: header #3 = 0x0
11-10 23:01:40.327 0 0 D msm_dai_q6_tdm_header_get: header #4 = 0x0
11-10 23:01:40.327 0 0 D msm_dai_q6_tdm_header_get: header #5 = 0x0
11-10 23:01:40.327 0 0 D msm_dai_q6_tdm_header_get: header #6 = 0x0
11-10 23:01:40.327 0 0 D msm_dai_q6_tdm_header_get: header #7 = 0x0
11-10 23:01:40.327 0 0 D msm_dai_q6_tdm_header_type_get: header_type = 0
11-10 23:01:40.327 0 0 D msm_dai_q6_tdm_header_get: header #0 = 0x0
11-10 23:01:40.327 0 0 D msm_dai_q6_tdm_header_get: header #1 = 0x0
11-10 23:01:40.327 0 0 D msm_dai_q6_tdm_header_get: header #2 = 0x0
11-10 23:01:40.327 0 0 D msm_dai_q6_tdm_header_get: header #3 = 0x0
11-10 23:01:40.327 0 0 D msm_dai_q6_tdm_header_get: header #4 = 0x0
11-10 23:01:40.327 0 0 D msm_dai_q6_tdm_header_get: header #5 = 0x0
11-10 23:01:40.327 0 0 D msm_dai_q6_tdm_header_get: header #6 = 0x0
11-10 23:01:40.327 0 0 D msm_dai_q6_tdm_header_get: header #7 = 0x0
11-10 23:01:40.327 0 0 D msm_dai_q6_tdm_data_format_get: data_format = 0
11-10 23:01:40.327 0 0 D msm_dai_q6_tdm_data_format_get: data_format = 0
11-10 23:01:40.327 0 0 D msm_dai_q6_tdm_header_type_get: header_type = 0
11-10 23:01:40.327 0 0 D msm_dai_q6_tdm_header_get: header #0 = 0x0
11-10 23:01:40.327 0 0 D msm_dai_q6_tdm_header_get: header #1 = 0x0
11-10 23:01:40.327 0 0 D msm_dai_q6_tdm_header_get: header #2 = 0x0
11-10 23:01:40.327 0 0 D msm_dai_q6_tdm_header_get: header #3 = 0x0
11-10 23:01:40.327 0 0 D msm_dai_q6_tdm_header_get: header #4 = 0x0
11-10 23:01:40.327 0 0 D msm_dai_q6_tdm_header_get: header #5 = 0x0
11-10 23:01:40.327 0 0 D msm_dai_q6_tdm_header_get: header #6 = 0x0
11-10 23:01:40.327 0 0 D msm_dai_q6_tdm_header_get: header #7 = 0x0
11-10 23:01:40.327 0 0 D msm_dai_q6_tdm_header_type_get: header_type = 0
11-10 23:01:40.327 0 0 D msm_dai_q6_tdm_data_format_get: data_format = 0
11-10 23:01:40.327 0 0 D msm_dai_q6_tdm_header_get: header #0 = 0x0
11-10 23:01:40.327 0 0 D msm_dai_q6_tdm_header_get: header #1 = 0x0
11-10 23:01:40.327 0 0 D msm_dai_q6_tdm_header_get: header #2 = 0x0
11-10 23:01:40.327 0 0 D msm_dai_q6_tdm_header_get: header #3 = 0x0
11-10 23:01:40.327 0 0 D msm_dai_q6_tdm_header_get: header #4 = 0x0
11-10 23:01:40.327 0 0 D msm_dai_q6_tdm_header_get: header #5 = 0x0
11-10 23:01:40.327 0 0 D msm_dai_q6_tdm_header_get: header #6 = 0x0
11-10 23:01:40.327 0 0 D msm_dai_q6_tdm_header_get: header #7 = 0x0
11-10 23:01:40.328 0 0 D msm_dai_q6_tdm_header_type_get: header_type = 0
11-10 23:01:40.328 0 0 D msm_dai_q6_tdm_header_get: header #0 = 0x0
11-10 23:01:40.328 0 0 D msm_dai_q6_tdm_header_get: header #1 = 0x0
11-10 23:01:40.328 0 0 D msm_dai_q6_tdm_header_get: header #2 = 0x0
11-10 23:01:40.328 0 0 D msm_dai_q6_tdm_header_get: header #3 = 0x0
11-10 23:01:40.328 0 0 D msm_dai_q6_tdm_header_get: header #4 = 0x0
11-10 23:01:40.328 0 0 D msm_dai_q6_tdm_header_get: header #5 = 0x0
11-10 23:01:40.328 0 0 D msm_dai_q6_tdm_header_get: header #6 = 0x0
11-10 23:01:40.328 0 0 D msm_dai_q6_tdm_header_get: header #7 = 0x0
11-10 23:01:40.328 0 0 D msm_dai_q6_tdm_data_format_get: data_format = 0
11-10 23:01:40.328 0 0 D msm_dai_q6_tdm_data_format_get: data_format = 0
11-10 23:01:40.328 0 0 D msm_dai_q6_tdm_header_type_get: header_type = 0
11-10 23:01:40.328 0 0 D msm_dai_q6_tdm_header_get: header #0 = 0x0
11-10 23:01:40.328 0 0 D msm_dai_q6_tdm_header_get: header #1 = 0x0
11-10 23:01:40.328 0 0 D msm_dai_q6_tdm_header_get: header #2 = 0x0
11-10 23:01:40.328 0 0 D msm_dai_q6_tdm_header_get: header #3 = 0x0
11-10 23:01:40.328 0 0 D msm_dai_q6_tdm_header_get: header #4 = 0x0
11-10 23:01:40.328 0 0 D msm_dai_q6_tdm_header_get: header #5 = 0x0
11-10 23:01:40.328 0 0 D msm_dai_q6_tdm_header_get: header #6 = 0x0
11-10 23:01:40.328 0 0 D msm_dai_q6_tdm_header_get: header #7 = 0x0
11-10 23:01:40.328 0 0 D msm_dai_q6_tdm_header_type_get: header_type = 0
11-10 23:01:40.328 0 0 D msm_dai_q6_tdm_header_get: header #0 = 0x0
11-10 23:01:40.328 0 0 D msm_dai_q6_tdm_header_get: header #1 = 0x0
11-10 23:01:40.328 0 0 D msm_dai_q6_tdm_header_get: header #2 = 0x0
11-10 23:01:40.328 0 0 D msm_dai_q6_tdm_header_get: header #3 = 0x0
11-10 23:01:40.328 0 0 D msm_dai_q6_tdm_header_get: header #4 = 0x0
11-10 23:01:40.328 0 0 D msm_dai_q6_tdm_header_get: header #5 = 0x0
11-10 23:01:40.328 0 0 D msm_dai_q6_tdm_header_get: header #6 = 0x0
11-10 23:01:40.328 0 0 D msm_dai_q6_tdm_header_get: header #7 = 0x0
11-10 23:01:40.328 0 0 D msm_dai_q6_tdm_data_format_get: data_format = 0
11-10 23:01:40.328 0 0 D msm_dai_q6_tdm_data_format_get: data_format = 0
11-10 23:01:40.328 0 0 D msm_dai_q6_tdm_header_type_get: header_type = 0
11-10 23:01:40.328 0 0 D msm_dai_q6_tdm_header_type_get: header_type = 0
11-10 23:01:40.329 0 0 D msm_dai_q6_tdm_header_get: header #0 = 0x0
11-10 23:01:40.329 0 0 D msm_dai_q6_tdm_header_get: header #1 = 0x0
11-10 23:01:40.329 0 0 D msm_dai_q6_tdm_header_get: header #2 = 0x0
11-10 23:01:40.329 0 0 D msm_dai_q6_tdm_header_get: header #3 = 0x0
11-10 23:01:40.329 0 0 D msm_dai_q6_tdm_header_get: header #4 = 0x0
11-10 23:01:40.329 0 0 D msm_dai_q6_tdm_header_get: header #5 = 0x0
11-10 23:01:40.329 0 0 D msm_dai_q6_tdm_header_get: header #6 = 0x0
11-10 23:01:40.329 0 0 D msm_dai_q6_tdm_header_get: header #7 = 0x0
11-10 23:01:40.329 0 0 D msm_dai_q6_tdm_header_get: header #0 = 0x0
11-10 23:01:40.329 0 0 D msm_dai_q6_tdm_header_get: header #1 = 0x0
11-10 23:01:40.329 0 0 D msm_dai_q6_tdm_header_get: header #2 = 0x0
11-10 23:01:40.329 0 0 D msm_dai_q6_tdm_header_get: header #3 = 0x0
11-10 23:01:40.329 0 0 D msm_dai_q6_tdm_header_get: header #4 = 0x0
11-10 23:01:40.329 0 0 D msm_dai_q6_tdm_header_get: header #5 = 0x0
11-10 23:01:40.329 0 0 D msm_dai_q6_tdm_header_get: header #6 = 0x0
11-10 23:01:40.329 0 0 D msm_dai_q6_tdm_header_get: header #7 = 0x0
11-10 23:01:40.329 0 0 D msm_dai_q6_tdm_data_format_get: data_format = 0
11-10 23:01:40.329 0 0 D msm_dai_q6_tdm_data_format_get: data_format = 0
11-10 23:01:40.329 0 0 D msm_dai_q6_tdm_header_type_get: header_type = 0
11-10 23:01:40.329 0 0 D msm_dai_q6_tdm_header_type_get: header_type = 0
11-10 23:01:40.329 0 0 D msm_dai_q6_tdm_header_get: header #0 = 0x0
11-10 23:01:40.329 0 0 D msm_dai_q6_tdm_header_get: header #1 = 0x0
11-10 23:01:40.329 0 0 D msm_dai_q6_tdm_header_get: header #2 = 0x0
11-10 23:01:40.329 0 0 D msm_dai_q6_tdm_header_get: header #3 = 0x0
11-10 23:01:40.329 0 0 D msm_dai_q6_tdm_header_get: header #4 = 0x0
11-10 23:01:40.329 0 0 D msm_dai_q6_tdm_header_get: header #5 = 0x0
11-10 23:01:40.329 0 0 D msm_dai_q6_tdm_header_get: header #6 = 0x0
11-10 23:01:40.329 0 0 D msm_dai_q6_tdm_header_get: header #7 = 0x0
11-10 23:01:40.329 0 0 D msm_dai_q6_tdm_header_get: header #0 = 0x0
11-10 23:01:40.329 0 0 D msm_dai_q6_tdm_header_get: header #1 = 0x0
11-10 23:01:40.329 0 0 D msm_dai_q6_tdm_header_get: header #2 = 0x0
11-10 23:01:40.329 0 0 D msm_dai_q6_tdm_header_get: header #3 = 0x0
11-10 23:01:40.329 0 0 D msm_dai_q6_tdm_header_get: header #4 = 0x0
11-10 23:01:40.329 0 0 D msm_dai_q6_tdm_header_get: header #5 = 0x0
11-10 23:01:40.329 0 0 D msm_dai_q6_tdm_header_get: header #6 = 0x0
11-10 23:01:40.329 0 0 D msm_dai_q6_tdm_header_get: header #7 = 0x0
11-10 23:01:40.329 0 0 D msm_dai_q6_tdm_data_format_get: data_format = 0
11-10 23:01:40.329 0 0 D msm_dai_q6_tdm_data_format_get: data_format = 0
11-10 23:01:40.329 0 0 D msm_dai_q6_tdm_header_type_get: header_type = 0
11-10 23:01:40.330 0 0 D msm_dai_q6_tdm_header_get: header #0 = 0x0
11-10 23:01:40.330 0 0 D msm_dai_q6_tdm_header_get: header #1 = 0x0
11-10 23:01:40.330 0 0 D msm_dai_q6_tdm_header_get: header #2 = 0x0
11-10 23:01:40.330 0 0 D msm_dai_q6_tdm_header_get: header #3 = 0x0
11-10 23:01:40.330 0 0 D msm_dai_q6_tdm_header_get: header #4 = 0x0
11-10 23:01:40.330 0 0 D msm_dai_q6_tdm_header_get: header #5 = 0x0
11-10 23:01:40.330 0 0 D msm_dai_q6_tdm_header_get: header #6 = 0x0
11-10 23:01:40.330 0 0 D msm_dai_q6_tdm_header_get: header #7 = 0x0
11-10 23:01:40.330 0 0 D msm_dai_q6_tdm_header_type_get: header_type = 0
11-10 23:01:40.330 0 0 D msm_dai_q6_tdm_header_get: header #0 = 0x0
11-10 23:01:40.330 0 0 D msm_dai_q6_tdm_header_get: header #1 = 0x0
11-10 23:01:40.330 0 0 D msm_dai_q6_tdm_header_get: header #2 = 0x0
11-10 23:01:40.330 0 0 D msm_dai_q6_tdm_header_get: header #3 = 0x0
11-10 23:01:40.330 0 0 D msm_dai_q6_tdm_header_get: header #4 = 0x0
11-10 23:01:40.330 0 0 D msm_dai_q6_tdm_header_get: header #5 = 0x0
11-10 23:01:40.330 0 0 D msm_dai_q6_tdm_header_get: header #6 = 0x0
11-10 23:01:40.330 0 0 D msm_dai_q6_tdm_header_get: header #7 = 0x0
11-10 23:01:40.330 0 0 D msm_dai_q6_tdm_data_format_get: data_format = 0
11-10 23:01:40.330 0 0 D msm_dai_q6_tdm_header_type_get: header_type = 0
11-10 23:01:40.330 0 0 D msm_dai_q6_tdm_header_get: header #0 = 0x0
11-10 23:01:40.330 0 0 D msm_dai_q6_tdm_header_get: header #1 = 0x0
11-10 23:01:40.330 0 0 D msm_dai_q6_tdm_header_get: header #2 = 0x0
11-10 23:01:40.330 0 0 D msm_dai_q6_tdm_header_get: header #3 = 0x0
11-10 23:01:40.330 0 0 D msm_dai_q6_tdm_header_get: header #4 = 0x0
11-10 23:01:40.330 0 0 D msm_dai_q6_tdm_header_get: header #5 = 0x0
11-10 23:01:40.330 0 0 D msm_dai_q6_tdm_header_get: header #6 = 0x0
11-10 23:01:40.330 0 0 D msm_dai_q6_tdm_header_get: header #7 = 0x0
11-10 23:01:40.331 0 0 D msm_dai_q6_tdm_data_format_get: data_format = 0
11-10 23:01:40.331 0 0 D msm_dai_q6_tdm_header_type_get: header_type = 0
11-10 23:01:40.331 0 0 D msm_dai_q6_tdm_header_get: header #0 = 0x0
11-10 23:01:40.331 0 0 D msm_dai_q6_tdm_header_get: header #1 = 0x0
11-10 23:01:40.331 0 0 D msm_dai_q6_tdm_header_get: header #2 = 0x0
11-10 23:01:40.331 0 0 D msm_dai_q6_tdm_header_get: header #3 = 0x0
11-10 23:01:40.331 0 0 D msm_dai_q6_tdm_header_get: header #4 = 0x0
11-10 23:01:40.331 0 0 D msm_dai_q6_tdm_header_get: header #5 = 0x0
11-10 23:01:40.331 0 0 D msm_dai_q6_tdm_header_get: header #6 = 0x0
11-10 23:01:40.331 0 0 D msm_dai_q6_tdm_header_get: header #7 = 0x0
11-10 23:01:40.331 0 0 D msm_dai_q6_tdm_data_format_get: data_format = 0
11-10 23:01:40.331 0 0 D msm_dai_q6_tdm_header_type_get: header_type = 0
11-10 23:01:40.331 0 0 D msm_dai_q6_tdm_header_get: header #0 = 0x0
11-10 23:01:40.331 0 0 D msm_dai_q6_tdm_header_get: header #1 = 0x0
11-10 23:01:40.331 0 0 D msm_dai_q6_tdm_header_get: header #2 = 0x0
11-10 23:01:40.331 0 0 D msm_dai_q6_tdm_header_get: header #3 = 0x0
11-10 23:01:40.331 0 0 D msm_dai_q6_tdm_header_get: header #4 = 0x0
11-10 23:01:40.331 0 0 D msm_dai_q6_tdm_header_get: header #5 = 0x0
11-10 23:01:40.331 0 0 D msm_dai_q6_tdm_header_get: header #6 = 0x0
11-10 23:01:40.331 0 0 D msm_dai_q6_tdm_header_get: header #7 = 0x0
11-10 23:01:40.332 0 0 D msm_dai_q6_tdm_data_format_get: data_format = 0
11-10 23:01:40.332 0 0 D msm_dai_q6_tdm_header_type_get: header_type = 0
11-10 23:01:40.332 0 0 D msm_dai_q6_tdm_header_get: header #0 = 0x0
11-10 23:01:40.332 0 0 D msm_dai_q6_tdm_header_get: header #1 = 0x0
11-10 23:01:40.332 0 0 D msm_dai_q6_tdm_header_get: header #2 = 0x0
11-10 23:01:40.332 0 0 D msm_dai_q6_tdm_header_get: header #3 = 0x0
11-10 23:01:40.332 0 0 D msm_dai_q6_tdm_header_get: header #4 = 0x0
11-10 23:01:40.332 0 0 D msm_dai_q6_tdm_header_get: header #5 = 0x0
11-10 23:01:40.332 0 0 D msm_dai_q6_tdm_header_get: header #6 = 0x0
11-10 23:01:40.332 0 0 D msm_dai_q6_tdm_header_get: header #7 = 0x0
11-10 23:01:40.332 0 0 D msm_dai_q6_tdm_data_format_get: data_format = 0
11-10 23:01:40.332 0 0 D msm_dai_q6_tdm_header_type_get: header_type = 0
11-10 23:01:40.332 0 0 D msm_dai_q6_tdm_header_get: header #0 = 0x0
11-10 23:01:40.332 0 0 D msm_dai_q6_tdm_header_get: header #1 = 0x0
11-10 23:01:40.332 0 0 D msm_dai_q6_tdm_header_get: header #2 = 0x0
11-10 23:01:40.332 0 0 D msm_dai_q6_tdm_header_get: header #3 = 0x0
11-10 23:01:40.332 0 0 D msm_dai_q6_tdm_header_get: header #4 = 0x0
11-10 23:01:40.332 0 0 D msm_dai_q6_tdm_header_get: header #5 = 0x0
11-10 23:01:40.332 0 0 D msm_dai_q6_tdm_header_get: header #6 = 0x0
11-10 23:01:40.332 0 0 D msm_dai_q6_tdm_header_get: header #7 = 0x0
11-10 23:01:40.336 0 0 D msm_dai_q6_afe_enc_cfg_get: encoder config for 0 format
11-10 23:01:40.336 0 0 D msm_dai_q6_afe_enc_cfg_get: unknown format = 0
11-10 23:01:40.336 0 0 D msm_dai_q6_afe_input_channel_get: afe input channel = 0
11-10 23:01:40.336 0 0 D msm_dai_q6_afe_input_bit_format_get: afe input bit format : 0
11-10 23:01:40.336 0 0 D msm_dai_q6_tws_channel_mode_get: tws channel mode = 0
11-10 23:01:40.337 0 0 D msm_dai_q6_afe_enc_cfg_get: encoder config for 0 format
11-10 23:01:40.337 0 0 D msm_dai_q6_afe_enc_cfg_get: unknown format = 0
11-10 23:01:40.337 0 0 D msm_dai_q6_lc3_channel_mode_get: lc3 channel mode = 0
11-10 23:01:40.337 0 0 D msm_dai_q6_slim_rx_drift_get: afe port not started. dai_data->status_mask = 0
11-10 23:01:40.337 0 0 D msm_dai_q6_afe_feedback_dec_cfg_get: abr_dec_cfg for 0 format
11-10 23:01:40.337 0 0 D msm_dai_q6_afe_feedback_dec_cfg_get: no afe_dec_cfg for format 0
11-10 23:01:40.340 0 0 D msm_dai_q6_afe_enc_cfg_get: encoder config for 0 format
11-10 23:01:40.340 0 0 D msm_dai_q6_afe_enc_cfg_get: unknown format = 0
11-10 23:01:40.340 0 0 D msm_dai_q6_afe_input_channel_get: afe input channel = 0
11-10 23:01:40.341 0 0 D msm_dai_q6_afe_input_bit_format_get: afe input bit format : 0
11-10 23:01:40.341 0 0 D msm_dai_q6_tws_channel_mode_get: tws channel mode = 0
11-10 23:01:40.341 0 0 D msm_dai_q6_afe_enc_cfg_get: encoder config for 0 format
11-10 23:01:40.341 0 0 D msm_dai_q6_afe_enc_cfg_get: unknown format = 0
11-10 23:01:40.341 0 0 D msm_dai_q6_lc3_channel_mode_get: lc3 channel mode = 0
11-10 23:01:40.341 0 0 D msm_dai_q6_slim_rx_drift_get: afe port not started. dai_data->status_mask = 0
11-10 23:01:40.341 0 0 D msm_dai_q6_afe_feedback_dec_cfg_get: abr_dec_cfg for 0 format
11-10 23:01:40.341 0 0 D msm_dai_q6_afe_feedback_dec_cfg_get: no afe_dec_cfg for format 0
11-10 23:01:40.355 0 0 E : msm_pcm_volume_ctl_get substream not found
11-10 23:01:40.441 0 0 I chatty : uid=0(root) logd identical 3 lines
11-10 23:01:40.446 0 0 E : msm_pcm_volume_ctl_get substream not found
11-10 23:01:40.446 0 0 D cdc_dma_rx_ch_get: cdc_dma_rx_ch = 0
11-10 23:01:40.446 0 0 D cdc_dma_rx_ch_get: cdc_dma_rx_ch = 1
11-10 23:01:40.447 0 0 D cdc_dma_rx_ch_get: cdc_dma_rx_ch = 0
11-10 23:01:40.447 0 0 D cdc_dma_rx_ch_get: cdc_dma_rx_ch = 1
11-10 23:01:40.447 0 0 I chatty : uid=0(root) logd identical 2 lines
11-10 23:01:40.447 0 0 D cdc_dma_rx_ch_get: cdc_dma_rx_ch = 1
11-10 23:01:40.448 0 0 D cdc_dma_rx_ch_get: cdc_dma_rx_ch = 0
11-10 23:01:40.448 0 0 D cdc_dma_tx_ch_get: cdc_dma_tx_ch = 2
11-10 23:01:40.449 0 0 I chatty : uid=0(root) logd identical 2 lines
11-10 23:01:40.450 0 0 D cdc_dma_tx_ch_get: cdc_dma_tx_ch = 2
11-10 23:01:40.450 0 0 D cdc_dma_tx_ch_get: cdc_dma_tx_ch = 1
11-10 23:01:40.450 0 0 I chatty : uid=0(root) logd identical 1 line
11-10 23:01:40.451 0 0 D cdc_dma_tx_ch_get: cdc_dma_tx_ch = 1
11-10 23:01:40.451 0 0 D cdc_dma_tx_ch_get: cdc_dma_tx_ch = 8
11-10 23:01:40.452 0 0 D cdc_dma_tx_ch_get: cdc_dma_tx_ch = 8
11-10 23:01:40.452 0 0 D cdc_dma_rx_format_get: cdc_dma_rx_format = 2, ucontrol value = 0
11-10 23:01:40.452 0 0 D cdc_dma_rx_format_get: cdc_dma_rx_format = 2, ucontrol value = 0
11-10 23:01:40.453 0 0 D cdc_dma_tx_format_get: cdc_dma_tx_format = 2, ucontrol value = 0
11-10 23:01:40.455 0 0 I chatty : uid=0(root) logd identical 6 lines
11-10 23:01:40.455 0 0 D cdc_dma_tx_format_get: cdc_dma_tx_format = 2, ucontrol value = 0
11-10 23:01:40.455 0 0 D cdc_dma_rx_sample_rate_get: cdc_dma_rx_sample_rate = 48000
11-10 23:01:40.456 0 0 D cdc_dma_rx_sample_rate_get: cdc_dma_rx_sample_rate = 48000
11-10 23:01:40.457 0 0 D cdc_dma_tx_sample_rate_get: cdc_dma_tx_sample_rate = 48000
11-10 23:01:40.459 0 0 I chatty : uid=0(root) logd identical 3 lines
11-10 23:01:40.459 0 0 D cdc_dma_tx_sample_rate_get: cdc_dma_tx_sample_rate = 48000
11-10 23:01:40.460 0 0 D cdc_dma_tx_sample_rate_get: cdc_dma_tx_sample_rate = 96000
11-10 23:01:40.461 0 0 D cdc_dma_tx_sample_rate_get: cdc_dma_tx_sample_rate = 16000
11-10 23:01:40.461 0 0 D cdc_dma_tx_sample_rate_get: cdc_dma_tx_sample_rate = 48000
11-10 23:01:40.462 0 0 E : msm_pcm_volume_ctl_get substream not found
11-10 23:01:40.462 0 0 D cdc_dma_tx_sample_rate_get: cdc_dma_tx_sample_rate = 48000
11-10 23:01:40.463 0 0 D usb_audio_rx_sample_rate_get: usb_audio_rx_sample_rate = 48000
11-10 23:01:40.464 0 0 D usb_audio_tx_sample_rate_get: usb_audio_tx_sample_rate = 48000
11-10 23:01:40.464 0 0 D tdm_rx_sample_rate_get: tdm_rx_sample_rate = 48000, item = 3
11-10 23:01:40.466 0 0 I chatty : uid=0(root) logd identical 5 lines
11-10 23:01:40.467 0 0 D tdm_rx_sample_rate_get: tdm_rx_sample_rate = 48000, item = 3
11-10 23:01:40.467 0 0 D tdm_tx_sample_rate_get: tdm_tx_sample_rate = 48000, item = 3
11-10 23:01:40.468 0 0 I chatty : uid=0(root) logd identical 2 lines
11-10 23:01:40.468 0 0 D tdm_tx_sample_rate_get: tdm_tx_sample_rate = 48000, item = 3
11-10 23:01:40.469 0 0 E : msm_pcm_volume_ctl_get substream not found
11-10 23:01:40.469 0 0 D tdm_tx_sample_rate_get: tdm_tx_sample_rate = 48000, item = 3
11-10 23:01:40.469 0 0 D tdm_tx_sample_rate_get: tdm_tx_sample_rate = 48000, item = 3
11-10 23:01:40.470 0 0 D aux_pcm_rx_sample_rate_get: idx[0]_rx_sample_rate = 8000, item = 0
11-10 23:01:40.470 0 0 D aux_pcm_rx_sample_rate_get: idx[1]_rx_sample_rate = 8000, item = 0
11-10 23:01:40.470 0 0 D aux_pcm_rx_sample_rate_get: idx[2]_rx_sample_rate = 8000, item = 0
11-10 23:01:40.470 0 0 D aux_pcm_rx_sample_rate_get: idx[3]_rx_sample_rate = 8000, item = 0
11-10 23:01:40.470 0 0 D aux_pcm_rx_sample_rate_get: idx[4]_rx_sample_rate = 8000, item = 0
11-10 23:01:40.471 0 0 D aux_pcm_rx_sample_rate_get: idx[5]_rx_sample_rate = 8000, item = 0
11-10 23:01:40.471 0 0 D aux_pcm_tx_sample_rate_get: idx[0]_tx_sample_rate = 8000, item = 0
11-10 23:01:40.471 0 0 D aux_pcm_tx_sample_rate_get: idx[1]_tx_sample_rate = 8000, item = 0
11-10 23:01:40.471 0 0 D aux_pcm_tx_sample_rate_get: idx[2]_tx_sample_rate = 8000, item = 0
11-10 23:01:40.472 0 0 D aux_pcm_tx_sample_rate_get: idx[3]_tx_sample_rate = 8000, item = 0
11-10 23:01:40.472 0 0 D aux_pcm_tx_sample_rate_get: idx[4]_tx_sample_rate = 8000, item = 0
11-10 23:01:40.472 0 0 D aux_pcm_tx_sample_rate_get: idx[5]_tx_sample_rate = 8000, item = 0
11-10 23:01:40.473 0 0 D mi2s_rx_sample_rate_get: idx[0]_rx_sample_rate = 48000, item = 6
11-10 23:01:40.473 0 0 D mi2s_rx_sample_rate_get: idx[1]_rx_sample_rate = 48000, item = 6
11-10 23:01:40.474 0 0 D mi2s_rx_sample_rate_get: idx[2]_rx_sample_rate = 96000, item = 8
11-10 23:01:40.475 0 0 D mi2s_rx_sample_rate_get: idx[3]_rx_sample_rate = 48000, item = 6
11-10 23:01:40.475 0 0 E : msm_pcm_volume_ctl_get substream not found
11-10 23:01:40.476 0 0 D mi2s_rx_sample_rate_get: idx[4]_rx_sample_rate = 48000, item = 6
11-10 23:01:40.476 0 0 D cdc_dma_rx_ch_get: cdc_dma_rx_ch = 0
11-10 23:01:40.476 0 0 D cdc_dma_rx_ch_get: cdc_dma_rx_ch = 1
11-10 23:01:40.476 0 0 D mi2s_rx_sample_rate_get: idx[5]_rx_sample_rate = 48000, item = 6
11-10 23:01:40.476 0 0 D cdc_dma_rx_ch_get: cdc_dma_rx_ch = 0
11-10 23:01:40.477 0 0 D cdc_dma_rx_ch_get: cdc_dma_rx_ch = 1
11-10 23:01:40.477 0 0 D cdc_dma_rx_ch_get: cdc_dma_rx_ch = 1
11-10 23:01:40.477 0 0 D mi2s_tx_sample_rate_get: idx[0]_tx_sample_rate = 48000, item = 6
11-10 23:01:40.477 0 0 D cdc_dma_rx_ch_get: cdc_dma_rx_ch = 1
11-10 23:01:40.478 0 0 D cdc_dma_rx_ch_get: cdc_dma_rx_ch = 1
11-10 23:01:40.478 0 0 D mi2s_tx_sample_rate_get: idx[1]_tx_sample_rate = 48000, item = 6
11-10 23:01:40.478 0 0 D cdc_dma_rx_ch_get: cdc_dma_rx_ch = 0
11-10 23:01:40.479 0 0 D cdc_dma_tx_ch_get: cdc_dma_tx_ch = 2
11-10 23:01:40.479 0 0 D mi2s_tx_sample_rate_get: idx[2]_tx_sample_rate = 96000, item = 8
11-10 23:01:40.479 0 0 D cdc_dma_tx_ch_get: cdc_dma_tx_ch = 2
11-10 23:01:40.479 0 0 D mi2s_tx_sample_rate_get: idx[3]_tx_sample_rate = 48000, item = 6
11-10 23:01:40.480 0 0 D cdc_dma_tx_ch_get: cdc_dma_tx_ch = 2
11-10 23:01:40.480 0 0 D mi2s_tx_sample_rate_get: idx[4]_tx_sample_rate = 48000, item = 6
11-10 23:01:40.480 0 0 D cdc_dma_tx_ch_get: cdc_dma_tx_ch = 2
11-10 23:01:40.481 0 0 D mi2s_tx_sample_rate_get: idx[5]_tx_sample_rate = 48000, item = 6
11-10 23:01:40.481 0 0 D cdc_dma_tx_ch_get: cdc_dma_tx_ch = 1
11-10 23:01:40.481 0 0 D usb_audio_rx_format_get: usb_audio_rx_format = 6, ucontrol value = 1
11-10 23:01:40.481 0 0 D usb_audio_tx_format_get: usb_audio_tx_format = 2, ucontrol value = 0
11-10 23:01:40.481 0 0 D cdc_dma_tx_ch_get: cdc_dma_tx_ch = 1
11-10 23:01:40.482 0 0 D tdm_rx_format_get: tdm_rx_bit_format = 2, item = 0
11-10 23:01:40.482 0 0 D tdm_rx_format_get: tdm_rx_bit_format = 2, item = 0
11-10 23:01:40.482 0 0 D cdc_dma_tx_ch_get: cdc_dma_tx_ch = 1
11-10 23:01:40.482 0 0 D tdm_rx_format_get: tdm_rx_bit_format = 2, item = 0
11-10 23:01:40.482 0 0 I chatty : uid=0(root) logd identical 1 line
11-10 23:01:40.483 0 0 D tdm_rx_format_get: tdm_rx_bit_format = 2, item = 0
11-10 23:01:40.483 0 0 D cdc_dma_tx_ch_get: cdc_dma_tx_ch = 8
11-10 23:01:40.483 0 0 D tdm_rx_format_get: tdm_rx_bit_format = 2, item = 0
11-10 23:01:40.483 0 0 D tdm_rx_format_get: tdm_rx_bit_format = 2, item = 0
11-10 23:01:40.483 0 0 D cdc_dma_tx_ch_get: cdc_dma_tx_ch = 8
11-10 23:01:40.483 0 0 D tdm_tx_format_get: tdm_tx_bit_format = 2, item = 0
11-10 23:01:40.484 0 0 D cdc_dma_rx_format_get: cdc_dma_rx_format = 2, ucontrol value = 0
11-10 23:01:40.484 0 0 D tdm_tx_format_get: tdm_tx_bit_format = 2, item = 0
11-10 23:01:40.484 0 0 D tdm_tx_format_get: tdm_tx_bit_format = 2, item = 0
11-10 23:01:40.484 0 0 D cdc_dma_rx_format_get: cdc_dma_rx_format = 2, ucontrol value = 0
11-10 23:01:40.484 0 0 D tdm_tx_format_get: tdm_tx_bit_format = 2, item = 0
11-10 23:01:40.484 0 0 D cdc_dma_tx_format_get: cdc_dma_tx_format = 2, ucontrol value = 0
11-10 23:01:40.485 0 0 D tdm_tx_format_get: tdm_tx_bit_format = 2, item = 0
11-10 23:01:40.485 0 0 D tdm_tx_format_get: tdm_tx_bit_format = 2, item = 0
11-10 23:01:40.485 0 0 D cdc_dma_tx_format_get: cdc_dma_tx_format = 2, ucontrol value = 0
11-10 23:01:40.485 0 0 D msm_aux_pcm_rx_format_get: idx[0]_rx_format = 2, item = 0
11-10 23:01:40.485 0 0 D cdc_dma_tx_format_get: cdc_dma_tx_format = 2, ucontrol value = 0
11-10 23:01:40.485 0 0 D msm_aux_pcm_rx_format_get: idx[1]_rx_format = 2, item = 0
11-10 23:01:40.486 0 0 D cdc_dma_tx_format_get: cdc_dma_tx_format = 2, ucontrol value = 0
11-10 23:01:40.486 0 0 D msm_aux_pcm_rx_format_get: idx[2]_rx_format = 2, item = 0
11-10 23:01:40.486 0 0 D cdc_dma_tx_format_get: cdc_dma_tx_format = 2, ucontrol value = 0
11-10 23:01:40.486 0 0 D msm_aux_pcm_rx_format_get: idx[3]_rx_format = 2, item = 0
11-10 23:01:40.486 0 0 D cdc_dma_tx_format_get: cdc_dma_tx_format = 2, ucontrol value = 0
11-10 23:01:40.486 0 0 D msm_aux_pcm_rx_format_get: idx[4]_rx_format = 2, item = 0
11-10 23:01:40.487 0 0 D msm_aux_pcm_rx_format_get: idx[5]_rx_format = 2, item = 0
11-10 23:01:40.487 0 0 D cdc_dma_tx_format_get: cdc_dma_tx_format = 2, ucontrol value = 0
11-10 23:01:40.487 0 0 D msm_aux_pcm_tx_format_get: idx[0]_tx_format = 2, item = 0
11-10 23:01:40.487 18595 18681 I chatty : uid=1000 system_server expire 2 lines
11-10 23:01:40.487 0 0 D cdc_dma_tx_format_get: cdc_dma_tx_format = 2, ucontrol value = 0
11-10 23:01:40.487 0 0 D msm_aux_pcm_tx_format_get: idx[1]_tx_format = 2, item = 0
11-10 23:01:40.488 0 0 D msm_aux_pcm_tx_format_get: idx[2]_tx_format = 2, item = 0
11-10 23:01:40.488 0 0 D msm_aux_pcm_tx_format_get: idx[3]_tx_format = 2, item = 0
11-10 23:01:40.488 0 0 D cdc_dma_rx_sample_rate_get: cdc_dma_rx_sample_rate = 48000
11-10 23:01:40.488 0 0 D msm_aux_pcm_tx_format_get: idx[4]_tx_format = 2, item = 0
11-10 23:01:40.489 0 0 D msm_aux_pcm_tx_format_get: idx[5]_tx_format = 2, item = 0
11-10 23:01:40.489 0 0 D cdc_dma_rx_sample_rate_get: cdc_dma_rx_sample_rate = 48000
11-10 23:01:40.489 0 0 D msm_mi2s_rx_format_get: idx[0]_rx_format = 2, item = 0
11-10 23:01:40.489 0 0 D msm_mi2s_rx_format_get: idx[1]_rx_format = 2, item = 0
11-10 23:01:40.489 0 0 D msm_mi2s_rx_format_get: idx[2]_rx_format = 6, item = 1
11-10 23:01:40.490 0 0 D cdc_dma_tx_sample_rate_get: cdc_dma_tx_sample_rate = 48000
11-10 23:01:40.490 0 0 D msm_mi2s_rx_format_get: idx[3]_rx_format = 2, item = 0
11-10 23:01:40.490 0 0 D msm_mi2s_rx_format_get: idx[4]_rx_format = 2, item = 0
11-10 23:01:40.490 0 0 D msm_mi2s_rx_format_get: idx[5]_rx_format = 2, item = 0
11-10 23:01:40.491 0 0 D cdc_dma_tx_sample_rate_get: cdc_dma_tx_sample_rate = 48000
11-10 23:01:40.491 0 0 D msm_mi2s_tx_format_get: idx[0]_tx_format = 2, item = 0
11-10 23:01:40.491 0 0 D msm_mi2s_tx_format_get: idx[1]_tx_format = 2, item = 0
11-10 23:01:40.491 0 0 D msm_mi2s_tx_format_get: idx[2]_tx_format = 6, item = 1
11-10 23:01:40.491 0 0 D cdc_dma_tx_sample_rate_get: cdc_dma_tx_sample_rate = 48000
11-10 23:01:40.492 0 0 D msm_mi2s_tx_format_get: idx[3]_tx_format = 2, item = 0
11-10 23:01:40.492 0 0 D msm_mi2s_tx_format_get: idx[4]_tx_format = 2, item = 0
11-10 23:01:40.492 0 0 D cdc_dma_tx_sample_rate_get: cdc_dma_tx_sample_rate = 48000
11-10 23:01:40.492 0 0 D msm_mi2s_tx_format_get: idx[5]_tx_format = 2, item = 0
11-10 23:01:40.493 0 0 D usb_audio_rx_ch_get: usb_audio_rx_ch = 2
11-10 23:01:40.493 0 0 D cdc_dma_tx_sample_rate_get: cdc_dma_tx_sample_rate = 48000
11-10 23:01:40.493 0 0 D usb_audio_tx_ch_get: usb_audio_tx_ch = 1
11-10 23:01:40.494 0 0 D proxy_rx_ch_get: proxy_rx channels = 2
11-10 23:01:40.494 0 0 D cdc_dma_tx_sample_rate_get: cdc_dma_tx_sample_rate = 96000
11-10 23:01:40.495 0 0 D tdm_rx_ch_get: tdm_rx_ch = 0, item = 0
11-10 23:01:40.495 0 0 D cdc_dma_tx_sample_rate_get: cdc_dma_tx_sample_rate = 16000
11-10 23:01:40.495 0 0 D tdm_rx_ch_get: tdm_rx_ch = 0, item = 0
11-10 23:01:40.496 0 0 D tdm_rx_ch_get: tdm_rx_ch = 0, item = 0
11-10 23:01:40.496 0 0 D cdc_dma_tx_sample_rate_get: cdc_dma_tx_sample_rate = 48000
11-10 23:01:40.496 0 0 D tdm_rx_ch_get: tdm_rx_ch = 0, item = 0
11-10 23:01:40.496 0 0 D tdm_rx_ch_get: tdm_rx_ch = 0, item = 0
11-10 23:01:40.497 0 0 D cdc_dma_tx_sample_rate_get: cdc_dma_tx_sample_rate = 48000
11-10 23:01:40.497 0 0 D tdm_rx_ch_get: tdm_rx_ch = 0, item = 0
11-10 23:01:40.497 0 0 D usb_audio_rx_sample_rate_get: usb_audio_rx_sample_rate = 48000
11-10 23:01:40.497 0 0 D tdm_rx_ch_get: tdm_rx_ch = 0, item = 0
11-10 23:01:40.498 0 0 D tdm_tx_ch_get: tdm_tx_ch = 0, item = 0
11-10 23:01:40.498 0 0 D usb_audio_tx_sample_rate_get: usb_audio_tx_sample_rate = 48000
11-10 23:01:40.498 0 0 D tdm_tx_ch_get: tdm_tx_ch = 0, item = 0
11-10 23:01:40.499 0 0 D tdm_rx_sample_rate_get: tdm_rx_sample_rate = 48000, item = 3
11-10 23:01:40.499 0 0 D tdm_tx_ch_get: tdm_tx_ch = 0, item = 0
11-10 23:01:40.499 0 0 D tdm_rx_sample_rate_get: tdm_rx_sample_rate = 48000, item = 3
11-10 23:01:40.499 0 0 D tdm_tx_ch_get: tdm_tx_ch = 0, item = 0
11-10 23:01:40.500 0 0 D tdm_rx_sample_rate_get: tdm_rx_sample_rate = 48000, item = 3
11-10 23:01:40.500 0 0 D tdm_tx_ch_get: tdm_tx_ch = 0, item = 0
11-10 23:01:40.500 0 0 D tdm_rx_sample_rate_get: tdm_rx_sample_rate = 48000, item = 3
11-10 23:01:40.500 0 0 D tdm_tx_ch_get: tdm_tx_ch = 0, item = 0
11-10 23:01:40.501 0 0 D msm_mi2s_rx_ch_get: msm_mi2s_[0]_rx_ch = 2
11-10 23:01:40.501 0 0 D tdm_rx_sample_rate_get: tdm_rx_sample_rate = 48000, item = 3
11-10 23:01:40.501 0 0 D msm_mi2s_rx_ch_get: msm_mi2s_[1]_rx_ch = 2
11-10 23:01:40.501 0 0 D tdm_rx_sample_rate_get: tdm_rx_sample_rate = 48000, item = 3
11-10 23:01:40.502 0 0 D msm_mi2s_rx_ch_get: msm_mi2s_[2]_rx_ch = 2
11-10 23:01:40.502 0 0 D tdm_rx_sample_rate_get: tdm_rx_sample_rate = 48000, item = 3
11-10 23:01:40.502 0 0 D msm_mi2s_rx_ch_get: msm_mi2s_[3]_rx_ch = 2
11-10 23:01:40.503 0 0 D tdm_tx_sample_rate_get: tdm_tx_sample_rate = 48000, item = 3
11-10 23:01:40.503 0 0 D msm_mi2s_rx_ch_get: msm_mi2s_[4]_rx_ch = 2
11-10 23:01:40.503 0 0 D tdm_tx_sample_rate_get: tdm_tx_sample_rate = 48000, item = 3
11-10 23:01:40.503 0 0 D msm_mi2s_rx_ch_get: msm_mi2s_[5]_rx_ch = 2
11-10 23:01:40.504 0 0 D tdm_tx_sample_rate_get: tdm_tx_sample_rate = 48000, item = 3
11-10 23:01:40.504 0 0 D msm_mi2s_tx_ch_get: msm_mi2s_[0]_tx_ch = 1
11-10 23:01:40.504 0 0 D tdm_tx_sample_rate_get: tdm_tx_sample_rate = 48000, item = 3
11-10 23:01:40.504 0 0 D msm_mi2s_tx_ch_get: msm_mi2s_[1]_tx_ch = 1
11-10 23:01:40.505 0 0 D tdm_tx_sample_rate_get: tdm_tx_sample_rate = 48000, item = 3
11-10 23:01:40.505 0 0 D msm_mi2s_tx_ch_get: msm_mi2s_[2]_tx_ch = 2
11-10 23:01:40.505 0 0 D tdm_tx_sample_rate_get: tdm_tx_sample_rate = 48000, item = 3
11-10 23:01:40.505 0 0 D msm_mi2s_tx_ch_get: msm_mi2s_[3]_tx_ch = 1
11-10 23:01:40.506 0 0 D aux_pcm_rx_sample_rate_get: idx[0]_rx_sample_rate = 8000, item = 0
11-10 23:01:40.506 0 0 D aux_pcm_rx_sample_rate_get: idx[1]_rx_sample_rate = 8000, item = 0
11-10 23:01:40.506 0 0 D msm_mi2s_tx_ch_get: msm_mi2s_[4]_tx_ch = 1
11-10 23:01:40.506 0 0 D aux_pcm_rx_sample_rate_get: idx[2]_rx_sample_rate = 8000, item = 0
11-10 23:01:40.506 0 0 D msm_mi2s_tx_ch_get: msm_mi2s_[5]_tx_ch = 1
11-10 23:01:40.506 0 0 D aux_pcm_rx_sample_rate_get: idx[3]_rx_sample_rate = 8000, item = 0
11-10 23:01:40.507 0 0 D aux_pcm_rx_sample_rate_get: idx[4]_rx_sample_rate = 8000, item = 0
11-10 23:01:40.507 0 0 D ext_disp_rx_ch_get: ext_disp_rx[0].ch = 2
11-10 23:01:40.507 0 0 D aux_pcm_rx_sample_rate_get: idx[5]_rx_sample_rate = 8000, item = 0
11-10 23:01:40.507 0 0 D ext_disp_rx_format_get: ext_disp_rx[0].format = 2, ucontrol value = 0
11-10 23:01:40.507 0 0 D aux_pcm_tx_sample_rate_get: idx[0]_tx_sample_rate = 8000, item = 0
11-10 23:01:40.508 0 0 D aux_pcm_tx_sample_rate_get: idx[1]_tx_sample_rate = 8000, item = 0
11-10 23:01:40.508 0 0 D ext_disp_rx_sample_rate_get: ext_disp_rx[0].sample_rate = 48000
11-10 23:01:40.508 0 0 D aux_pcm_tx_sample_rate_get: idx[2]_tx_sample_rate = 8000, item = 0
11-10 23:01:40.508 1070 1070 I chatty : uid=0(root) Binder:1070_2 expire 12 lines
11-10 23:01:40.508 0 0 D aux_pcm_tx_sample_rate_get: idx[3]_tx_sample_rate = 8000, item = 0
11-10 23:01:40.508 0 0 D ext_disp_rx_ch_get: ext_disp_rx[1].ch = 2
11-10 23:01:40.508 0 0 D aux_pcm_tx_sample_rate_get: idx[4]_tx_sample_rate = 8000, item = 0
11-10 23:01:40.508 0 0 D ext_disp_rx_format_get: ext_disp_rx[1].format = 2, ucontrol value = 0
11-10 23:01:40.509 0 0 D aux_pcm_tx_sample_rate_get: idx[5]_tx_sample_rate = 8000, item = 0
11-10 23:01:40.509 0 0 D ext_disp_rx_sample_rate_get: ext_disp_rx[1].sample_rate = 48000
11-10 23:01:40.509 0 0 D msm_bt_sample_rate_get: sample rate = 8000
11-10 23:01:40.510 0 0 D mi2s_rx_sample_rate_get: idx[0]_rx_sample_rate = 48000, item = 6
11-10 23:01:40.510 0 0 D msm_bt_sample_rate_rx_get: sample rate rx = 8000
11-10 23:01:40.510 0 0 D msm_bt_sample_rate_tx_get: sample rate tx = 8000
11-10 23:01:40.510 0 0 D afe_loopback_tx_ch_get: afe_loopback_tx_ch = 1
11-10 23:01:40.510 0 0 D mi2s_rx_sample_rate_get: idx[1]_rx_sample_rate = 48000, item = 6
11-10 23:01:40.511 0 0 D msm_vi_feed_tx_ch_get: msm_vi_feed_tx_ch = 1
11-10 23:01:40.511 0 0 D cdc_dma_rx_format_get: cdc_dma_rx_format = 2, ucontrol value = 0
11-10 23:01:40.511 0 0 D mi2s_rx_sample_rate_get: idx[2]_rx_sample_rate = 96000, item = 8
11-10 23:01:40.511 0 0 D cdc_dma_rx_format_get: cdc_dma_rx_format = 2, ucontrol value = 0
11-10 23:01:40.512 0 0 I chatty : uid=0(root) logd identical 1 line
11-10 23:01:40.512 0 0 D cdc_dma_rx_format_get: cdc_dma_rx_format = 2, ucontrol value = 0
11-10 23:01:40.512 0 0 D mi2s_rx_sample_rate_get: idx[3]_rx_sample_rate = 48000, item = 6
11-10 23:01:40.512 0 0 D cdc_dma_rx_format_get: cdc_dma_rx_format = 2, ucontrol value = 0
11-10 23:01:40.513 0 0 D cdc_dma_rx_format_get: cdc_dma_rx_format = 2, ucontrol value = 0
11-10 23:01:40.513 0 0 D mi2s_rx_sample_rate_get: idx[4]_rx_sample_rate = 48000, item = 6
11-10 23:01:40.513 0 0 D cdc_dma_rx_sample_rate_get: cdc_dma_rx_sample_rate = 48000
11-10 23:01:40.514 0 0 D cdc_dma_rx_sample_rate_get: cdc_dma_rx_sample_rate = 48000
11-10 23:01:40.514 0 0 D mi2s_rx_sample_rate_get: idx[5]_rx_sample_rate = 48000, item = 6
11-10 23:01:40.515 0 0 D cdc_dma_rx_sample_rate_get: cdc_dma_rx_sample_rate = 48000
11-10 23:01:40.515 0 0 D mi2s_tx_sample_rate_get: idx[0]_tx_sample_rate = 48000, item = 6
11-10 23:01:40.515 0 0 D cdc_dma_rx_sample_rate_get: cdc_dma_rx_sample_rate = 48000
11-10 23:01:40.516 0 0 D mi2s_tx_sample_rate_get: idx[1]_tx_sample_rate = 48000, item = 6
11-10 23:01:40.516 0 0 D cdc_dma_rx_sample_rate_get: cdc_dma_rx_sample_rate = 48000
11-10 23:01:40.516 0 0 D cdc_dma_rx_sample_rate_get: cdc_dma_rx_sample_rate = 48000
11-10 23:01:40.517 0 0 D mi2s_tx_sample_rate_get: idx[2]_tx_sample_rate = 96000, item = 8
11-10 23:01:40.517 0 0 D mi2s_tx_sample_rate_get: idx[3]_tx_sample_rate = 48000, item = 6
11-10 23:01:40.518 0 0 D mi2s_tx_sample_rate_get: idx[4]_tx_sample_rate = 48000, item = 6
11-10 23:01:40.519 0 0 D mi2s_tx_sample_rate_get: idx[5]_tx_sample_rate = 48000, item = 6
11-10 23:01:40.519 0 0 D usb_audio_rx_format_get: usb_audio_rx_format = 6, ucontrol value = 1
11-10 23:01:40.520 0 0 D usb_audio_tx_format_get: usb_audio_tx_format = 2, ucontrol value = 0
11-10 23:01:40.520 0 0 D tdm_rx_format_get: tdm_rx_bit_format = 2, item = 0
11-10 23:01:40.521 0 0 I chatty : uid=0(root) logd identical 5 lines
11-10 23:01:40.521 0 0 D tdm_rx_format_get: tdm_rx_bit_format = 2, item = 0
11-10 23:01:40.522 0 0 D tdm_tx_format_get: tdm_tx_bit_format = 2, item = 0
11-10 23:01:40.523 0 0 I chatty : uid=0(root) logd identical 4 lines
11-10 23:01:40.523 0 0 D tdm_tx_format_get: tdm_tx_bit_format = 2, item = 0
11-10 23:01:40.523 0 0 D msm_aux_pcm_rx_format_get: idx[0]_rx_format = 2, item = 0
11-10 23:01:40.524 0 0 D msm_aux_pcm_rx_format_get: idx[1]_rx_format = 2, item = 0
11-10 23:01:40.524 0 0 D msm_aux_pcm_rx_format_get: idx[2]_rx_format = 2, item = 0
11-10 23:01:40.524 0 0 D msm_aux_pcm_rx_format_get: idx[3]_rx_format = 2, item = 0
11-10 23:01:40.525 0 0 D msm_aux_pcm_rx_format_get: idx[4]_rx_format = 2, item = 0
11-10 23:01:40.525 0 0 D msm_aux_pcm_rx_format_get: idx[5]_rx_format = 2, item = 0
11-10 23:01:40.525 0 0 D msm_aux_pcm_tx_format_get: idx[0]_tx_format = 2, item = 0
11-10 23:01:40.526 0 0 D msm_aux_pcm_tx_format_get: idx[1]_tx_format = 2, item = 0
11-10 23:01:40.526 0 0 D msm_aux_pcm_tx_format_get: idx[2]_tx_format = 2, item = 0
11-10 23:01:40.527 0 0 D msm_aux_pcm_tx_format_get: idx[3]_tx_format = 2, item = 0
11-10 23:01:40.527 0 0 D msm_aux_pcm_tx_format_get: idx[4]_tx_format = 2, item = 0
11-10 23:01:40.527 0 0 D msm_aux_pcm_tx_format_get: idx[5]_tx_format = 2, item = 0
11-10 23:01:40.528 0 0 D msm_mi2s_rx_format_get: idx[0]_rx_format = 2, item = 0
11-10 23:01:40.528 0 0 D msm_mi2s_rx_format_get: idx[1]_rx_format = 2, item = 0
11-10 23:01:40.528 0 0 D voice_itr_get_next_session: cur idx = 0 session idx = 7
11-10 23:01:40.528 0 0 D voice_itr_get_next_session: cur idx = 1 session idx = 7
11-10 23:01:40.528 0 0 D voice_itr_get_next_session: cur idx = 2 session idx = 7
11-10 23:01:40.528 0 0 D voice_itr_get_next_session: cur idx = 3 session idx = 7
11-10 23:01:40.528 0 0 D voice_itr_get_next_session: cur idx = 4 session idx = 7
11-10 23:01:40.528 0 0 D voice_itr_get_next_session: cur idx = 5 session idx = 7
11-10 23:01:40.528 0 0 D voice_itr_get_next_session: cur idx = 6 session idx = 7
11-10 23:01:40.528 0 0 D voice_itr_get_next_session: cur idx = 7 session idx = 7
11-10 23:01:40.528 0 0 D voice_itr_get_next_session: cur idx = 8 session idx = 7
11-10 23:01:40.528 0 0 D voice_itr_get_next_session: cur idx = 0 session idx = 7
11-10 23:01:40.528 0 0 D voice_itr_get_next_session: cur idx = 1 session idx = 7
11-10 23:01:40.528 0 0 D voice_itr_get_next_session: cur idx = 2 session idx = 7
11-10 23:01:40.528 0 0 D voice_itr_get_next_session: cur idx = 3 session idx = 7
11-10 23:01:40.528 0 0 D voice_itr_get_next_session: cur idx = 4 session idx = 7
11-10 23:01:40.528 0 0 D voice_itr_get_next_session: cur idx = 5 session idx = 7
11-10 23:01:40.528 0 0 D voice_itr_get_next_session: cur idx = 6 session idx = 7
11-10 23:01:40.528 0 0 D voice_itr_get_next_session: cur idx = 7 session idx = 7
11-10 23:01:40.528 0 0 D voice_itr_get_next_session: cur idx = 8 session idx = 7
11-10 23:01:40.528 0 0 D : voc_set_rx_vol_step session id = 0xffffffff vol = 0
11-10 23:01:40.528 0 0 D voice_itr_get_next_session: cur idx = 0 session idx = 7
11-10 23:01:40.528 0 0 D voice_itr_get_next_session: cur idx = 1 session idx = 7
11-10 23:01:40.528 0 0 D voice_itr_get_next_session: cur idx = 2 session idx = 7
11-10 23:01:40.528 0 0 D voice_itr_get_next_session: cur idx = 3 session idx = 7
11-10 23:01:40.528 0 0 D voice_itr_get_next_session: cur idx = 4 session idx = 7
11-10 23:01:40.528 0 0 D voice_itr_get_next_session: cur idx = 5 session idx = 7
11-10 23:01:40.528 0 0 D voice_itr_get_next_session: cur idx = 6 session idx = 7
11-10 23:01:40.528 0 0 D voice_itr_get_next_session: cur idx = 7 session idx = 7
11-10 23:01:40.528 0 0 D voice_itr_get_next_session: cur idx = 8 session idx = 7
11-10 23:01:40.528 0 0 D voc_get_session_id: VoIP session has session id 0x10004000
11-10 23:01:40.528 0 0 D voice_itr_get_next_session: cur idx = 1 session idx = 1
11-10 23:01:40.528 0 0 D voice_itr_get_next_session: cur idx = 2 session idx = 1
11-10 23:01:40.528 0 0 D voc_get_session_id: VoIP session has session id 0x10004000
11-10 23:01:40.528 0 0 D : voc_set_rx_vol_step session id = 0x10004000 vol = 0
11-10 23:01:40.528 0 0 D voice_itr_get_next_session: cur idx = 1 session idx = 1
11-10 23:01:40.528 0 0 D voice_itr_get_next_session: cur idx = 2 session idx = 1
11-10 23:01:40.528 0 0 D msm_mi2s_rx_format_get: idx[2]_rx_format = 6, item = 1
11-10 23:01:40.529 0 0 D msm_mi2s_rx_format_get: idx[3]_rx_format = 2, item = 0
11-10 23:01:40.529 0 0 D msm_mi2s_rx_format_get: idx[4]_rx_format = 2, item = 0
11-10 23:01:40.529 0 0 D msm_mi2s_rx_format_get: idx[5]_rx_format = 2, item = 0
11-10 23:01:40.530 0 0 D msm_mi2s_tx_format_get: idx[0]_tx_format = 2, item = 0
11-10 23:01:40.530 0 0 D msm_mi2s_tx_format_get: idx[1]_tx_format = 2, item = 0
11-10 23:01:40.530 0 0 D msm_mi2s_tx_format_get: idx[2]_tx_format = 6, item = 1
11-10 23:01:40.531 0 0 D msm_mi2s_tx_format_get: idx[3]_tx_format = 2, item = 0
11-10 23:01:40.531 0 0 D msm_mi2s_tx_format_get: idx[4]_tx_format = 2, item = 0
11-10 23:01:40.531 0 0 D msm_mi2s_tx_format_get: idx[5]_tx_format = 2, item = 0
11-10 23:01:40.532 0 0 D usb_audio_rx_ch_get: usb_audio_rx_ch = 2
11-10 23:01:40.533 0 0 D usb_audio_tx_ch_get: usb_audio_tx_ch = 1
11-10 23:01:40.533 0 0 D proxy_rx_ch_get: proxy_rx channels = 2
11-10 23:01:40.534 0 0 D tdm_rx_ch_get: tdm_rx_ch = 0, item = 0
11-10 23:01:40.535 0 0 I chatty : uid=0(root) logd identical 3 lines
11-10 23:01:40.536 0 0 D tdm_rx_ch_get: tdm_rx_ch = 0, item = 0
11-10 23:01:40.536 0 0 E [ELUS] : process_diagnostics_msg() size:460
11-10 23:01:40.536 0 0 D tdm_rx_ch_get: tdm_rx_ch = 0, item = 0
11-10 23:01:40.536 0 0 E elliptic_system_configuration_param_put: reg: 0 shift: 4 val: 0
11-10 23:01:40.537 0 0 D tdm_rx_ch_get: tdm_rx_ch = 0, item = 0
11-10 23:01:40.537 0 0 E [ELUS] : process_diagnostics_msg() size:460
11-10 23:01:40.537 0 0 D tdm_tx_ch_get: tdm_tx_ch = 0, item = 0
11-10 23:01:40.538 0 0 I chatty : uid=0(root) logd identical 1 line
11-10 23:01:40.538 0 0 D tdm_tx_ch_get: tdm_tx_ch = 0, item = 0
11-10 23:01:40.538 0 0 E [ELUS] : (elliptic_ultrasound_rx_port_set) : ultrasound_rx_port: enable=0 ret=0
11-10 23:01:40.539 0 0 D msm_dai_q6_cal_info_put: setting cal_mode to 0
11-10 23:01:40.539 0 0 D msm_dai_q6_cal_info_put: setting cal_mode to 0
11-10 23:01:40.539 0 0 D tdm_tx_ch_get: tdm_tx_ch = 0, item = 0
11-10 23:01:40.540 0 0 I chatty : uid=0(root) logd identical 1 line
11-10 23:01:40.540 0 0 D tdm_tx_ch_get: tdm_tx_ch = 0, item = 0
11-10 23:01:40.541 0 0 D msm_mi2s_rx_ch_get: msm_mi2s_[0]_rx_ch = 2
11-10 23:01:40.541 0 0 D msm_mi2s_rx_ch_get: msm_mi2s_[1]_rx_ch = 2
11-10 23:01:40.542 0 0 D msm_mi2s_rx_ch_get: msm_mi2s_[2]_rx_ch = 2
11-10 23:01:40.543 0 0 D msm_mi2s_rx_ch_get: msm_mi2s_[3]_rx_ch = 2
11-10 23:01:40.543 0 0 D msm_mi2s_rx_ch_get: msm_mi2s_[4]_rx_ch = 2
11-10 23:01:40.544 0 0 D msm_mi2s_rx_ch_get: msm_mi2s_[5]_rx_ch = 2
11-10 23:01:40.545 0 0 D msm_mi2s_tx_ch_get: msm_mi2s_[0]_tx_ch = 1
11-10 23:01:40.545 0 0 D msm_mi2s_tx_ch_get: msm_mi2s_[1]_tx_ch = 1
11-10 23:01:40.546 0 0 D msm_mi2s_tx_ch_get: msm_mi2s_[2]_tx_ch = 2
11-10 23:01:40.546 0 0 D msm_mi2s_tx_ch_get: msm_mi2s_[3]_tx_ch = 1
11-10 23:01:40.547 0 0 D [tfa98xx] tfa98xx_set_profile(): selected container profile [0]
11-10 23:01:40.547 0 0 D msm_mi2s_tx_ch_get: msm_mi2s_[4]_tx_ch = 1
11-10 23:01:40.547 0 0 D msm_dai_q6_cal_info_put: setting cal_mode to 1
11-10 23:01:40.547 0 0 D msm_dai_q6_cal_info_put: setting cal_mode to 1
11-10 23:01:40.548 0 0 D msm_mi2s_tx_ch_get: msm_mi2s_[5]_tx_ch = 1
11-10 23:01:40.548 0 0 D ext_disp_rx_ch_get: ext_disp_rx[0].ch = 2
11-10 23:01:40.548 0 0 D ext_disp_rx_format_get: ext_disp_rx[0].format = 2, ucontrol value = 0
11-10 23:01:40.549 0 0 D ext_disp_rx_sample_rate_get: ext_disp_rx[0].sample_rate = 48000
11-10 23:01:40.550 0 0 D ext_disp_rx_ch_get: ext_disp_rx[1].ch = 2
11-10 23:01:40.550 0 0 D ext_disp_rx_format_get: ext_disp_rx[1].format = 2, ucontrol value = 0
11-10 23:01:40.551 0 0 D ext_disp_rx_sample_rate_get: ext_disp_rx[1].sample_rate = 48000
11-10 23:01:40.551 0 0 D msm_bt_sample_rate_get: sample rate = 8000
11-10 23:01:40.552 0 0 D msm_bt_sample_rate_rx_get: sample rate rx = 8000
11-10 23:01:40.552 0 0 D msm_bt_sample_rate_tx_get: sample rate tx = 8000
11-10 23:01:40.552 0 0 D afe_loopback_tx_ch_get: afe_loopback_tx_ch = 1
11-10 23:01:40.553 0 0 D msm_vi_feed_tx_ch_get: msm_vi_feed_tx_ch = 1
11-10 23:01:40.553 0 0 D cdc_dma_rx_format_get: cdc_dma_rx_format = 2, ucontrol value = 0
11-10 23:01:40.555 0 0 I chatty : uid=0(root) logd identical 4 lines
11-10 23:01:40.555 0 0 D cdc_dma_rx_format_get: cdc_dma_rx_format = 2, ucontrol value = 0
11-10 23:01:40.556 0 0 D cdc_dma_rx_sample_rate_get: cdc_dma_rx_sample_rate = 48000
11-10 23:01:40.559 0 0 I chatty : uid=0(root) logd identical 4 lines
11-10 23:01:40.560 0 0 D cdc_dma_rx_sample_rate_get: cdc_dma_rx_sample_rate = 48000
11-10 23:01:40.567 0 0 D voice_get_session: session_id 0x10c01000 session handle 0000000000000000
11-10 23:01:40.567 0 0 D voc_get_cvd_version: Returning the cached value 2.4
11-10 23:01:40.576 18595 18627 I chatty : uid=1000 system_server expire 1 line
11-10 23:01:40.576 567 567 I lowmemorykiller: lmkd data connection established
11-10 23:01:40.577 0 0 D voice_get_session: session_id 0x10c01000 session handle 0000000000000000
11-10 23:01:40.577 0 0 D voc_get_cvd_version: Returning the cached value 2.4
11-10 23:01:40.577 18595 18611 I chatty : uid=1000 system_server expire 1 line
11-10 23:01:40.578 18526 18526 I cameraserver: Waiting for sensor privacy service
11-10 23:01:40.588 0 0 D : voice_alloc_cal
11-10 23:01:40.588 0 0 I chatty : uid=0(root) logd identical 2 lines
11-10 23:01:40.588 0 0 D : voice_alloc_cal
11-10 23:01:40.596 0 0 D msm_dai_q6_island_mode_put: island mode = 0
11-10 23:01:40.596 0 0 E wcdcal_hwdep_ioctl_shared: codec didn't set this 0!!
11-10 23:01:40.597 0 0 E wcdcal_hwdep_ioctl_shared: codec didn't set this 3!!
11-10 23:01:40.597 18522 18685 I chatty : uid=1041(audioserver) /vendor/bin/hw/android.hardware.audio.service expire 1 line
11-10 23:01:40.601 0 0 D msm_dai_q6_afe_enc_cfg_put: Received encoder config for 0 format
11-10 23:01:40.601 0 0 D msm_dai_q6_afe_enc_cfg_put: Ignore enc config for unknown format = 0
11-10 23:01:40.601 0 0 D msm_dai_q6_afe_input_bit_format_put: updating afe input bit format : 2
11-10 23:01:40.602 0 0 D msm_dai_q6_afe_feedback_dec_cfg_put: abr_dec_cfg for 0 format
11-10 23:01:40.602 0 0 D msm_dai_q6_afe_feedback_dec_cfg_put: no afe_dec_cfg for format 0
11-10 23:01:40.603 0 0 D cdc_dma_rx_format_get: cdc_dma_rx_format = 2, ucontrol value = 0
11-10 23:01:40.604 0 0 D cdc_dma_rx_sample_rate_get: cdc_dma_rx_sample_rate = 48000
11-10 23:01:40.604 0 0 D cdc_dma_rx_format_get: cdc_dma_rx_format = 2, ucontrol value = 0
11-10 23:01:40.605 0 0 D cdc_dma_rx_sample_rate_get: cdc_dma_rx_sample_rate = 48000
11-10 23:01:40.605 0 0 D msm_mi2s_rx_format_get: idx[2]_rx_format = 6, item = 1
11-10 23:01:40.606 0 0 D mi2s_rx_sample_rate_get: idx[2]_rx_sample_rate = 96000, item = 8
11-10 23:01:40.607 0 0 D msm_mi2s_rx_ch_get: msm_mi2s_[2]_rx_ch = 2
11-10 23:01:40.607 1070 7689 I chatty : uid=0(root) Binder:1070_11 expire 1 line
11-10 23:01:40.607 0 0 D ext_disp_rx_format_get: ext_disp_rx[0].format = 2, ucontrol value = 0
11-10 23:01:40.608 0 0 D ext_disp_rx_sample_rate_get: ext_disp_rx[0].sample_rate = 48000
11-10 23:01:40.608 0 0 D ext_disp_rx_ch_get: ext_disp_rx[0].ch = 2
11-10 23:01:40.609 0 0 D ext_disp_rx_format_get: ext_disp_rx[1].format = 2, ucontrol value = 0
11-10 23:01:40.609 0 0 D ext_disp_rx_sample_rate_get: ext_disp_rx[1].sample_rate = 48000
11-10 23:01:40.610 0 0 D ext_disp_rx_ch_get: ext_disp_rx[1].ch = 2
11-10 23:01:40.610 0 0 D usb_audio_rx_format_get: usb_audio_rx_format = 6, ucontrol value = 1
11-10 23:01:40.611 0 0 D usb_audio_rx_sample_rate_get: usb_audio_rx_sample_rate = 48000
11-10 23:01:40.611 0 0 D usb_audio_rx_ch_get: usb_audio_rx_ch = 2
11-10 23:01:40.612 0 0 D cdc_dma_tx_format_get: cdc_dma_tx_format = 2, ucontrol value = 0
11-10 23:01:40.612 0 0 D cdc_dma_tx_sample_rate_get: cdc_dma_tx_sample_rate = 48000
11-10 23:01:40.613 0 0 D usb_audio_tx_format_get: usb_audio_tx_format = 2, ucontrol value = 0
11-10 23:01:40.614 0 0 D usb_audio_tx_sample_rate_get: usb_audio_tx_sample_rate = 48000
11-10 23:01:40.614 0 0 D usb_audio_tx_ch_get: usb_audio_tx_ch = 1
11-10 23:01:40.615 0 0 D msm_mi2s_tx_format_get: idx[3]_tx_format = 2, item = 0
11-10 23:01:40.616 0 0 D mi2s_tx_sample_rate_get: idx[3]_tx_sample_rate = 48000, item = 6
11-10 23:01:40.616 0 0 D msm_mi2s_tx_ch_get: msm_mi2s_[3]_tx_ch = 1
11-10 23:01:40.617 0 0 D cdc_dma_tx_format_get: cdc_dma_tx_format = 2, ucontrol value = 0
11-10 23:01:40.618 0 0 D cdc_dma_tx_sample_rate_get: cdc_dma_tx_sample_rate = 96000
11-10 23:01:40.618 0 0 D cdc_dma_tx_format_get: cdc_dma_tx_format = 2, ucontrol value = 0
11-10 23:01:40.618 0 0 D cdc_dma_tx_sample_rate_get: cdc_dma_tx_sample_rate = 96000
11-10 23:01:40.627 0 0 W healthd : battery l=39 v=3764 t=33.0 h=2 st=2 c=890 fc=4280000 cc=9 tl=7 chg=u
11-10 23:01:40.634 18525 18690 I chatty : uid=1041(audioserver) /system/bin/audioserver expire 5 lines
11-10 23:01:40.652 18595 18691 I chatty : uid=1000 system_server expire 6 lines
11-10 23:01:40.652 18595 18691 I chatty : uid=1000 system_server expire 24 lines
11-10 23:01:40.656 18526 18526 I HidlServiceManagement: Registered android.frameworks.cameraservice.service@2.1::ICameraService/default
11-10 23:01:40.657 18526 18526 I CameraService: CameraService pinged cameraservice proxy
11-10 23:01:40.658 18526 18526 I cameraserver: ServiceManager: 0xec600930 done instantiate
11-10 23:01:40.660 18522 18688 I chatty : uid=1041(audioserver) /vendor/bin/hw/android.hardware.audio.service expire 240 lines
11-10 23:01:40.661 0 0 I [ELUS] : (elliptic_data_print_debug_counters) : user space reads / isr writes : 3709 / 3710
11-10 23:01:40.661 0 0 I [ELUS] : (elliptic_data_print_debug_counters) : total isr fifo discarded frame count : 0
11-10 23:01:40.661 0 0 I [ELUS] : (device_close) : Closed device elliptic0
11-10 23:01:40.662 0 0 W healthd : battery l=39 v=3764 t=33.0 h=2 st=2 c=890 fc=4280000 cc=9 tl=7 chg=u
11-10 23:01:40.663 18595 18696 I chatty : uid=1000 system_server expire 1 line
11-10 23:01:40.664 18595 18695 I chatty : uid=1000 system_server expire 1 line
11-10 23:01:40.668 0 0 I chatty : uid=0(root) logd identical 2 lines
11-10 23:01:40.669 18525 18699 I chatty : uid=1041(audioserver) /system/bin/audioserver expire 5 lines
11-10 23:01:40.674 0 0 W healthd : battery l=39 v=3764 t=33.0 h=2 st=2 c=890 fc=4280000 cc=9 tl=7 chg=u
11-10 23:01:40.677 18595 18700 I chatty : uid=1000 system_server expire 1 line
11-10 23:01:40.680 1070 7688 I chatty : uid=0(root) Binder:1070_10 expire 2 lines
11-10 23:01:40.683 18595 18703 I chatty : uid=1000 system_server expire 3 lines
11-10 23:01:40.683 18595 18704 I chatty : uid=1000 system_server expire 5 lines
11-10 23:01:40.699 18522 18697 I chatty : uid=1041(audioserver) /vendor/bin/hw/android.hardware.audio.service expire 73 lines
11-10 23:01:40.706 18525 18707 I chatty : uid=1041(audioserver) /system/bin/audioserver expire 5 lines
11-10 23:01:40.708 18595 18704 I chatty : uid=1000 system_server expire 2 lines
11-10 23:01:40.723 568 568 I servicemanager: Found android.hardware.vibrator.IVibrator/default in device VINTF manifest.
11-10 23:01:40.724 887 887 D vendor.qti.vibrator: QTI Vibrator reporting capabilities: 15
11-10 23:01:40.724 887 887 D vendor.qti.vibrator: QTI Vibrator off
11-10 23:01:40.724 887 887 D vendor.qti.vibrator: QTI Vibrator reporting capabilities: 15
11-10 23:01:40.724 887 887 D vendor.qti.vibrator: QTI Vibrator reporting capabilities: 15
11-10 23:01:40.735 1070 1986 I chatty : uid=0(root) Binder:1070_6 expire 1 line
11-10 23:01:40.740 18595 18616 I chatty : uid=1000 system_server expire 3 lines
11-10 23:01:40.755 18595 18614 I chatty : uid=1000 system_server expire 11 lines
