11-10 23:01:37.047 18295 18295 E AndroidRuntime: android.gms (/data/app/~~HYWXSbwMou0XMBnINbkfxQ==/com.google.android.gms-9BPfNfcXeZtDULbEUBdVIg==): android.permission.MODIFY_PHONE_STATE, com.google.android.gms (/data/app/~~HYWXSbwMou0XMBnINbkfxQ==/com.google.android.gms-9BPfNfcXeZtDULbEUBdVIg==): android.permission.MANAGE_SUBSCRIPTION_PLANS, com.google.android.gms (/data/app/~~HYWXSbwMou0XMBnINbkfxQ==/com.google.android.gms-9BPfNfcXeZtDULbEUBdVIg==): android.permission.SCORE_NETWORKS, com.google.android.gms (/data/app/~~HYWXSbwMou0XMBnINbkfxQ==/com.google.android.gms-9BPfNfcXeZtDULbEUBdVIg==): android.permission.COMPANION_APPROVE_WIFI_CONNECTIONS, com.google.android.gms (/data/app/~~HYWXSbwMou0XMBnINbkfxQ==/com.google.android.gms-9BPfNfcXeZtDULbEUBdVIg==): android.permission.UPDATE_APP_OPS_STATS, com.google.android.gms (/data/app/~~HYWXSbwMou0XMBnINbkfxQ==/com.google.android.gms-9BPfNfcXeZtDULbEUBdVIg==): android.permission.DISPATCH_PROVISIONING_MESSAGE, com.google.android.gms (/data/app/~~HYWXSbwMou0XMBnINbkfxQ==/com.google.android.gms-9BPfNfcXeZtDULbEUBdVIg==): android.permission.USER_ACTIVITY, com.google.android.gms (/data/app/~~HYWXSbwMou0XMBnINbkfxQ==/com.google.android.gms-9BPfNfcXeZtDULbEUBdVIg==): android.permission.TETHER_PRIVILEGED, com.google.android.gms (/data/app/~~HYWXSbwMou0XMBnINbkfxQ==/com.google.android.gms-9BPfNfcXeZtDULbEUBdVIg==): android.permission.READ_LOGS, com.google.android.gms (/data/app/~~HYWXSbwMou0XMBnINbkfxQ==/com.google.android.gms-9BPfNfcXeZtDULbEUBdVIg==): android.permission.ACTIVITY_EMBEDDING, com.google.android.gms (/data/app/~~HYWXSbwMou0XMBnINbkfxQ==/com.google.android.gms-9BPfNfcXeZtDULbEUBdVIg==): android.permission.MODIFY_AUDIO_ROUTING, com.google.android.gms (/data/app/~~HYWXSbwMou0XMBnINbkfxQ==/com.google.android.gms-9BPfNfcXeZtDULbEUBdVIg==): android.permission.SUBSTITUTE_SHARE_TARGET_APP_NAME_AND_ICON, com.google.android.gms (/data/app/~~HYWXSbwMou0XMBnINbkfxQ==/com.google.android.gms-9BPfNfcXeZtDULbEUBdVIg==): android.permission.READ_WIFI_CREDENTIAL, com.google.android.gms (/data/app/~~HYWXSbwMou0XMBnINbkfxQ==/com.google.android.gms-9BPfNfcXeZtDULbEUBdVIg==): android.permission.PROVIDE_TRUST_AGENT, com.google.android.gms (/data/app/~~HYWXSbwMou0XMBnINbkfxQ==/com.google.android.gms-9BPfNfcXeZtDULbEUBdVIg==): android.permission.MANAGE_SOUND_TRIGGER, com.google.android.gms (/data/app/~~HYWXSbwMou0XMBnINbkfxQ==/com.google.android.gms-9BPfNfcXeZtDULbEUBdVIg==): android.permission.READ_OEM_UNLOCK_STATE, com.google.android.gms (/data/app/~~HYWXSbwMou0XMBnINbkfxQ==/com.google.android.gms-9BPfNfcXeZtDULbEUBdVIg==): android.permission.RECOVER_KEYSTORE, com.google.android.gms (/data/app/~~HYWXSbwMou0XMBnINbkfxQ==/com.google.android.gms-9BPfNfcXeZtDULbEUBdVIg==): android.permission.LOCAL_MAC_ADDRESS, com.google.android.gms (/data/app/~~HYWXSbwMou0XMBnINbkfxQ==/com.google.android.gms-9BPfNfcXeZtDULbEUBdVIg==): android.permission.SUBSTITUTE_NOTIFICATION_APP_NAME, com.google.android.gms (/data/app/~~HYWXSbwMou0XMBnINbkfxQ==/com.google.android.gms-9BPfNfcXeZtDULbEUBdVIg==): android.permission.BACKUP, com.google.android.gms (/data/app/~~HYWXSbwMou0XMBnINbkfxQ==/com.google.android.gms-9BPfNfcXeZtDULbEUBdVIg==): android.permission.REMOTE_DISPLAY_PROVIDER, com.google.android.gms (/data/app/~~HYWXSbwMou0XMBnINbkfxQ==/com.google.android.gms-9BPfNfcXeZtDULbEUBdVIg==): android.permission.ACCESS_NETWORK_CONDITIONS, com.google.android.gms (/data/app/~~HYWXSbwMou0XMBnINbkfxQ==/com.google.android.gms-9BPfNfcXeZtDULbEUBdVIg==): android.permission.CONTROL_DISPLAY_SATURATION, com.google.android.gms (/data/app/~~HYWXSbwMou0XMBnINbkfxQ==/com.google.android.gms-9BPfNfcXeZtDULbEUBdVIg==): android.permission.RECOVERY, com.google.android.gms (/data/app/~~HYWXSbwMou0XMBnINbkfxQ==/com.google.android.gms-9BPfNfcXeZtDULbEUBdVIg==): android.permission.MANAGE_USB, com.google.android.gms (/data/app/~~HYWXSbwMou0XMBnINbkfxQ==/com.google.android.gms-9BPfNfcXeZtDULbEUBdVIg==): android.permission.CALL_PRIVILEGED, com.google.android.gms (/data/app/~~HYWXSbwMou0XMBnINbkfxQ==/com.google.android.gms
11-10 23:01:37.047 18295 18344 V DisplayPowerController: Brightness [0.39763778] reason changing to: 'override', previous reason: '0'.
11-10 23:01:37.047 18295 18295 E AndroidRuntime: -9BPfNfcXeZtDULbEUBdVIg==): android.permission.READ_PRIVILEGED_PHONE_STATE, com.google.android.gms (/data/app/~~HYWXSbwMou0XMBnINbkfxQ==/com.google.android.gms-9BPfNfcXeZtDULbEUBdVIg==): android.permission.REAL_GET_TASKS, com.google.android.gms (/data/app/~~HYWXSbwMou0XMBnINbkfxQ==/com.google.android.gms-9BPfNfcXeZtDULbEUBdVIg==): android.permission.START_ACTIVITIES_FROM_BACKGROUND, com.google.android.gms (/data/app/~~HYWXSbwMou0XMBnINbkfxQ==/com.google.android.gms-9BPfNfcXeZtDULbEUBdVIg==): android.permission.READ_DREAM_STATE, com.google.android.gms (/data/app/~~HYWXSbwMou0XMBnINbkfxQ==/com.google.android.gms-9BPfNfcXeZtDULbEUBdVIg==): android.permission.ACCESS_CONTEXT_HUB, com.google.android.gms (/data/app/~~HYWXSbwMou0XMBnINbkfxQ==/com.google.android.gms-9BPfNfcXeZtDULbEUBdVIg==): android.permission.MANAGE_ROLLBACKS, com.google.android.gms (/data/app/~~HYWXSbwMou0XMBnINbkfxQ==/com.google.android.gms-9BPfNfcXeZtDULbEUBdVIg==): android.permission.ALLOCATE_AGGRESSIVE, com.google.android.gms (/data/app/~~HYWXSbwMou0XMBnINbkfxQ==/com.google.android.gms-9BPfNfcXeZtDULbEUBdVIg==): android.permission.PACKAGE_USAGE_STATS}
11-10 23:01:37.047 18295 18295 E AndroidRuntime: at com.android.server.pm.permission.PermissionManagerService.systemReady(PermissionManagerService.java:4717)
11-10 23:01:37.047 18295 18295 E AndroidRuntime: at com.android.server.pm.permission.PermissionManagerService.access$500(PermissionManagerService.java:178)
11-10 23:01:37.047 18295 18295 E AndroidRuntime: at com.android.server.pm.permission.PermissionManagerService$PermissionManagerServiceInternalImpl.systemReady(PermissionManagerService.java:4800)
11-10 23:01:37.047 18295 18295 E AndroidRuntime: at com.android.server.pm.PackageManagerService.systemReady(PackageManagerService.java:21702)
11-10 23:01:37.047 18295 18295 E AndroidRuntime: at com.android.server.SystemServer.startOtherServices(SystemServer.java:2236)
11-10 23:01:37.047 18295 18295 E AndroidRuntime: at com.android.server.SystemServer.run(SystemServer.java:608)
11-10 23:01:37.047 18295 18295 E AndroidRuntime: at com.android.server.SystemServer.main(SystemServer.java:424)
11-10 23:01:37.047 18295 18295 E AndroidRuntime: at java.lang.reflect.Method.invoke(Native Method)
11-10 23:01:37.047 18295 18295 E AndroidRuntime: at com.android.internal.os.RuntimeInit$MethodAndArgsCaller.run(RuntimeInit.java:592)
11-10 23:01:37.047 18295 18295 E AndroidRuntime: at com.android.internal.os.ZygoteInit.main(ZygoteInit.java:925)
11-10 23:01:37.048 18295 18295 I DropBoxManagerService: add tag=system_server_crash isTagEnabled=true flags=0x2
11-10 23:01:37.205 0 0 D msm-dai-cdc-dma-dev soc: qcom,msm-dai-cdc-dma:qcom,msm-dai-tx-cdc-dma-4-tx: msm_dai_q6_cdc_dma_shutdown: stop AFE port:45113
11-10 23:01:37.207 0 0 I [CSPL] crus_afe_port_close: 0xb039
11-10 23:01:37.207 0 0 D msm-dai-cdc-dma-dev soc: qcom,msm-dai-cdc-dma:qcom,msm-dai-tx-cdc-dma-4-tx: msm_dai_q6_cdc_dma_shutdown: dai_data->status_mask = 1
11-10 23:01:37.207 0 0 D wcd938x_codec wcd938x-codec: wcd938x_codec_enable_adc wname: ADC1 event: 8
11-10 23:01:37.208 0 0 D wcd938x_codec wcd938x-codec: wcd938x_tx_connect_port slv_ch_idx: 0, mstr_ch_type: 34
11-10 23:01:37.208 0 0 D wcd938x_codec wcd938x-codec: wcd938x_codec_enable_adc wname: ADC3 event: 8
11-10 23:01:37.209 0 0 D wcd938x_codec wcd938x-codec: wcd938x_tx_connect_port slv_ch_idx: 2, mstr_ch_type: 42
11-10 23:01:37.209 0 0 D wcd938x_codec wcd938x-codec: wcd938x_codec_enable_adc wname: ADC4 event: 8
11-10 23:01:37.209 0 0 D wcd938x_codec wcd938x-codec: wcd938x_tx_connect_port slv_ch_idx: 3, mstr_ch_type: 43
11-10 23:01:37.209 0 0 D wcd938x_codec wcd938x-codec: wcd938x_enable_req wname: ADC1 REQ event: 8
11-10 23:01:37.210 0 0 D wcd938x_codec wcd938x-codec: wcd938x_enable_req wname: ADC3 REQ event: 8
11-10 23:01:37.211 0 0 D wcd938x_codec wcd938x-codec: wcd938x_enable_req wname: ADC4 REQ event: 8
11-10 23:01:37.214 0 0 D wcd938x_codec wcd938x-codec: __wcd938x_codec_enable_micbias: wname: MIC BIAS3, event: 8
11-10 23:01:37.215 0 0 D wcd938x_codec wcd938x-codec: wcd938x_micbias_control: micb_num:3, micb_ref: 0, pullup_ref: 0
11-10 23:01:37.215 0 0 D wcd938x_codec wcd938x-codec: __wcd938x_codec_enable_micbias: wname: MIC BIAS1, event: 8
11-10 23:01:37.215 0 0 D wcd938x_codec wcd938x-codec: wcd938x_micbias_control: micb_num:1, micb_ref: 0, pullup_ref: 0
11-10 23:01:37.218 0 0 E elliptic_system_configuration_param_put: reg: 0 shift: 8 val: 0
11-10 23:01:37.218 0 0 E [ELUS] : (elliptic_system_configuration_param_put) : ELLIPTIC_SYSTEM_CONFIGURATION_CUSTOM_SETTING_XX csi:1
11-10 23:01:37.218 0 0 E [ELUS] : (elliptic_system_configuration_param_put) : ucontrol->value.integer.value[0]:0
11-10 23:01:37.218 0 0 E [ELUS] : (elliptic_system_configuration_param_put) : calling elliptic_data_write(custom_setting) csi:1
11-10 23:01:37.229 0 0 I tfa98xx 1-0034: tfa98xx_mute: state: 1
11-10 23:01:37.229 0 0 E tfa98xx_mute-1 mute:
11-10 23:01:37.231 0 0 I tfa98xx 1-0035: tfa98xx_mute: state: 1
11-10 23:01:37.231 0 0 E tfa98xx_mute-1 mute:
11-10 23:01:37.232 0 0 D msm-dai-q6-mi2s soc: qcom,msm-dai-mi2s:qcom,msm-dai-q6-mi2s-tert: msm_dai_q6_mi2s_hw_free: clear hwfree_status
11-10 23:01:37.232 0 0 D msm_mi2s_get_port_id: port_id = 0x1004
11-10 23:01:37.232 0 0 D msm-dai-q6-mi2s soc: qcom,msm-dai-mi2s:qcom,msm-dai-q6-mi2s-tert: msm_dai_q6_mi2s_shutdown: closing afe port id = 0x1004
11-10 23:01:37.234 0 0 I [CSPL] crus_afe_port_close: 0x1004
11-10 23:01:37.234 0 0 D msm_mi2s_snd_shutdown(): substream = subdevice #0 stream = 0
11-10 23:01:37.235 0 0 D msm-dai-q6-mi2s soc: qcom,msm-dai-mi2s:qcom,msm-dai-q6-mi2s-tert: msm_dai_q6_mi2s_hw_free: clear hwfree_status
11-10 23:01:37.235 0 0 D msm_mi2s_get_port_id: port_id = 0x1005
11-10 23:01:37.235 0 0 D msm-dai-q6-mi2s soc: qcom,msm-dai-mi2s:qcom,msm-dai-q6-mi2s-tert: msm_dai_q6_mi2s_shutdown: closing afe port id = 0x1005
11-10 23:01:37.237 0 0 I [CSPL] crus_afe_port_close: 0x1005
11-10 23:01:37.237 0 0 D msm_mi2s_snd_shutdown(): substream = subdevice #0 stream = 1
11-10 23:01:37.238 0 0 D : voice_dealloc_cal
11-10 23:01:37.238 0 0 I chatty : uid=0(root) logd identical 2 lines
11-10 23:01:37.238 0 0 D : voice_dealloc_cal
11-10 23:01:37.242 0 0 I binder : undelivered death notification, 00000000edd87b30 --------- beginning of main
11-10 23:01:37.284 18521 18521 I flags_health_ch: type=1400 audit(0.0:24587): avc: denied { map } for path="/dev/__properties__/u:object_r:vendor_bluetooth_prop:s0" dev="tmpfs" ino=27412 scontext=u:r:flags_health_check:s0 tcontext=u:object_r:vendor_bluetooth_prop:s0 tclass=file permissive=1
11-10 23:01:37.284 18521 18521 I flags_health_ch: type=1400 audit(0.0:24588): avc: denied { open } for path="/dev/__properties__/u:object_r:vendor_boot_mode_prop:s0" dev="tmpfs" ino=27413 scontext=u:r:flags_health_check:s0 tcontext=u:object_r:vendor_boot_mode_prop:s0 tclass=file permissive=1
11-10 23:01:37.284 18521 18521 I flags_health_ch: type=1400 audit(0.0:24589): avc: denied { getattr } for path="/dev/__properties__/u:object_r:vendor_boot_mode_prop:s0" dev="tmpfs" ino=27413 scontext=u:r:flags_health_check:s0 tcontext=u:object_r:vendor_boot_mode_prop:s0 tclass=file permissive=1
11-10 23:01:37.284 18521 18521 I flags_health_ch: type=1400 audit(0.0:24590): avc: denied { map } for path="/dev/__properties__/u:object_r:vendor_boot_mode_prop:s0" dev="tmpfs" ino=27413 scontext=u:r:flags_health_check:s0 tcontext=u:object_r:vendor_boot_mode_prop:s0 tclass=file permissive=1
11-10 23:01:37.284 18521 18521 I flags_health_ch: type=1400 audit(0.0:24591): avc: denied { open } for path="/dev/__properties__/u:object_r:vendor_bservice_prop:s0" dev="tmpfs" ino=27414 scontext=u:r:flags_health_check:s0 tcontext=u:object_r:vendor_bservice_prop:s0 tclass=file permissive=1
11-10 23:01:37.284 18521 18521 I flags_health_ch: type=1400 audit(0.0:24592): avc: denied { getattr } for path="/dev/__properties__/u:object_r:vendor_bservice_prop:s0" dev="tmpfs" ino=27414 scontext=u:r:flags_health_check:s0 tcontext=u:object_r:vendor_bservice_prop:s0 tclass=file permissive=1
11-10 23:01:37.284 18521 18521 I flags_health_ch: type=1400 audit(0.0:24593): avc: denied { map } for path="/dev/__properties__/u:object_r:vendor_bservice_prop:s0" dev="tmpfs" ino=27414 scontext=u:r:flags_health_check:s0 tcontext=u:object_r:vendor_bservice_prop:s0 tclass=file permissive=1
11-10 23:01:37.284 18521 18521 I flags_health_ch: type=1400 audit(0.0:24594): avc: denied { open } for path="/dev/__properties__/u:object_r:vendor_camera_prop:s0" dev="tmpfs" ino=27415 scontext=u:r:flags_health_check:s0 tcontext=u:object_r:vendor_camera_prop:s0 tclass=file permissive=1
11-10 23:01:37.288 0 0 W audit_log_start: 578 callbacks suppressed
11-10 23:01:37.288 0 0 W audit : audit_backlog=65 > audit_backlog_limit=64
11-10 23:01:37.288 0 0 W audit : audit_lost=6877 audit_rate_limit=0 audit_backlog_limit=64
11-10 23:01:37.288 0 0 E audit : backlog limit exceeded
11-10 23:01:37.288 0 0 W audit : audit_backlog=65 > audit_backlog_limit=64
11-10 23:01:37.288 0 0 W audit : audit_lost=6878 audit_rate_limit=0 audit_backlog_limit=64
11-10 23:01:37.288 0 0 E audit : backlog limit exceeded
11-10 23:01:37.288 0 0 W audit : audit_backlog=65 > audit_backlog_limit=64
11-10 23:01:37.288 0 0 W audit : audit_lost=6879 audit_rate_limit=0 audit_backlog_limit=64
11-10 23:01:37.288 0 0 E audit : backlog limit exceeded
11-10 23:01:37.288 0 0 W audit : audit_backlog=65 > audit_backlog_limit=64
11-10 23:01:38.371 0 0 D cnss : Runtime suspend start
11-10 23:01:38.372 0 0 I [kworke][0x156610fe5][23:01:38.371999] wlan: [5:I:PMO] pmo_core_is_wow_applicable: lpass enabled, enabling wow
11-10 23:01:38.372 0 0 I [kworke][0x156611467][23:01:38.372059] wlan: [5:I:PMO] pmo_core_enable_wow_in_fw: drv wow is enabled
11-10 23:01:38.372 0 0 I [kworke][0x1566114fe][23:01:38.372067] wlan: [5:I:PMO] pmo_core_enable_wow_in_fw: RTPM wow
11-10 23:01:38.384 0 0 D cnss : Setting MHI state: SUSPEND(6)
11-10 23:01:38.384 0 0 D cnss : Suspending PCI link
11-10 23:01:38.384 0 0 D cnss : Use PCIe DRV suspend
11-10 23:01:38.385 0 0 D cnss : Runtime suspend status: 0
11-10 23:01:38.882 0 0 I init : Created socket '/dev/socket/audio_hw_socket', mode 666, user 1000, group 1000
11-10 23:01:38.885 0 0 I init : starting service 'zygote'...
11-10 23:01:38.885 0 0 I init : Created socket '/dev/socket/zygote', mode 660, user 0, group 1000
11-10 23:01:38.886 0 0 I init : Created socket '/dev/socket/usap_pool_primary', mode 660, user 0, group 1000
11-10 23:01:38.889 0 0 I init : starting service 'zygote_secondary'...
11-10 23:01:38.889 0 0 I init : Created socket '/dev/socket/zygote_secondary', mode 660, user 0, group 1000
11-10 23:01:38.890 0 0 I init : Created socket '/dev/socket/usap_pool_secondary', mode 660, user 0, group 1000
11-10 23:01:38.892 0 0 I init : starting service 'audioserver'...
11-10 23:01:38.895 0 0 I init : starting service 'cameraserver'...
11-10 23:01:38.898 0 0 I init : starting service 'media'...
11-10 23:01:38.901 18522 18522 I chatty : uid=1041(audioserver) /vendor/bin/hw/android.hardware.audio.service expire 202 lines
11-10 23:01:38.917 18525 18525 I chatty : uid=1041(audioserver) /system/bin/audioserver expire 41 lines
11-10 23:01:38.934 1095 1955 W AudioAnalytics: (key=audio.flinger) Audioflinger constructor event detected
11-10 23:01:38.936 18526 18526 I cameraserver: ServiceManager: 0xec600930
11-10 23:01:38.936 0 0 D voc_get_session_id: Voice session has session id 0x10c01000
11-10 23:01:38.936 0 0 D voice_get_session: session_id 0x10c01000 session handle 0000000000000000
11-10 23:01:38.936 0 0 D voice_get_session: session_id 0x10c01000 session handle 0000000000000000
11-10 23:01:38.936 0 0 D voc_get_cvd_version: Returning the cached value 2.4
11-10 23:01:38.936 18526 18526 I CameraService: CameraService started (pid=18526)
11-10 23:01:38.936 18526 18526 I CameraService: CameraService process starting
11-10 23:01:38.937 18526 18526 W BatteryNotifier: batterystats service unavailable!
11-10 23:01:38.937 18526 18526 W BatteryNotifier: batterystats service unavailable!
11-10 23:01:38.938 18527 18527 I mediaserver: ServiceManager: 0xf6600750
11-10 23:01:38.938 18527 18527 D mediaserver: Time zone APEX ICU file found: /apex/com.android.tzdata/etc/icu/icu_tzdata.dat
11-10 23:01:38.939 18527 18527 D mediaserver: I18n APEX ICU file found: /apex/com.android.i18n/etc/icu/icudt66l.dat
11-10 23:01:38.939 18527 18527 W BatteryNotifier: batterystats service unavailable!
11-10 23:01:38.939 18527 18527 W BatteryNotifier: batterystats service unavailable!
11-10 23:01:38.939 18526 18526 I CameraProviderManager: Connecting to new camera provider: legacy/0, isRemote? 1
11-10 23:01:38.943 18522 18531 I chatty : uid=1041(audioserver) /vendor/bin/hw/android.hardware.audio.service expire 614 lines
11-10 23:01:38.944 18523 18523 I chatty : uid=0(root) expire 590 lines
11-10 23:01:38.945 18526 18526 I CameraProviderManager: Enumerating new camera device: device@3.5/legacy/0
11-10 23:01:38.946 18527 18541 D MediaCodecList: Allowing all OMX codecs
11-10 23:01:38.950 18527 18541 I Codec2Client: Available Codec2 services: "default" "software"
11-10 23:01:38.955 18527 18541 I MediaCodecsXmlParser: doesn't exist, using /apex/com.android.media.swcodec/etc/media_codecs.xml
11-10 23:01:38.955 18527 18541 D MediaCodecsXmlParser: parsing /apex/com.android.media.swcodec/etc/media_codecs.xml...
11-10 23:01:38.956 18527 18541 D MediaCodecsXmlParser: disabling c2.android.gsm.decoder
11-10 23:01:38.956 18527 18541 D MediaCodecsXmlParser: disabling c2.android.mpeg2.decoder
11-10 23:01:38.957 18527 18541 D MediaCodecsXmlParser: Cannot find
11-10 23:01:38.957 18527 18541 I chatty : uid=1013(media) /system/bin/mediaserver identical 1 line
11-10 23:01:38.957 18527 18541 D MediaCodecsXmlParser: Cannot find
11-10 23:01:38.957 18527 18541 I MediaCodecsXmlParser: getVendorXmlPath (/vendor/etc/media_codecs_lahaina_vendor.xml)
11-10 23:01:38.957 18527 18541 D MediaCodecsXmlParser: parsing /vendor/etc/media_codecs_lahaina_vendor.xml...
11-10 23:01:38.957 18527 18541 D MediaCodecsXmlParser: parsing /vendor/etc/media_codecs_system_default_lahaina.xml...
11-10 23:01:38.957 18527 18541 D MediaCodecsXmlParser: unable to open media codecs configuration xml file: /vendor/etc/media_codecs_system_default_lahaina.xml
11-10 23:01:38.958 18527 18541 D MediaCodecsXmlParser: parsing /vendor/etc/media_codecs_with_dolby_lahaina.xml...
11-10 23:01:38.958 18527 18541 D MediaCodecsXmlParser: unable to open media codecs configuration xml file: /vendor/etc/media_codecs_with_dolby_lahaina.xml
11-10 23:01:38.958 18527 18541 I MediaCodecsXmlParser: getVendorXmlPath (/vendor/etc/media_codecs_performance_lahaina_vendor.xml)
11-10 23:01:38.958 18527 18541 D MediaCodecsXmlParser: parsing /vendor/etc/media_codecs_performance_lahaina_vendor.xml...
11-10 23:01:38.958 18527 18541 D MediaCodecsXmlParser: MediaCodec: cannot update non-existing codec at line 28 of /vendor/etc/media_codecs_performance_lahaina_vendor.xml
11-10 23:01:38.958 18527 18541 D MediaCodecsXmlParser: MediaCodec: cannot update non-existing codec at line 34 of /vendor/etc/media_codecs_performance_lahaina_vendor.xml
11-10 23:01:38.958 18527 18541 D MediaCodecsXmlParser: MediaCodec: cannot update non-existing codec at line 40 of /vendor/etc/media_codecs_performance_lahaina_vendor.xml
11-10 23:01:38.958 18527 18541 D MediaCodecsXmlParser: MediaCodec: cannot update non-existing codec at line 47 of /vendor/etc/media_codecs_performance_lahaina_vendor.xml
11-10 23:01:38.958 18527 18541 D MediaCodecsXmlParser: MediaCodec: cannot update non-existing codec at line 54 of /vendor/etc/media_codecs_performance_lahaina_vendor.xml
11-10 23:01:38.958 18527 18541 D MediaCodecsXmlParser: MediaCodec: cannot update non-existing codec at line 108 of /vendor/etc/media_codecs_performance_lahaina_vendor.xml
11-10 23:01:38.959 18527 18541 D MediaCodecsXmlParser: MediaCodec: cannot update non-existing codec at line 114 of /vendor/etc/media_codecs_performance_lahaina_vendor.xml
11-10 23:01:38.959 18527 18541 D MediaCodecsXmlParser: MediaCodec: cannot update non-existing codec at line 121 of /vendor/etc/media_codecs_performance_lahaina_vendor.xml
11-10 23:01:38.961 865 865 E QConfig : failed to find module QModKey_Static_VppFilter
11-10 23:01:38.961 865 865 E QConfig : failed to find module QModKey_Static_VppFilter
11-10 23:01:38.962 865 865 E QConfig : failed to find module QModKey_Dynamic_VppFilter
11-10 23:01:38.962 865 865 E QConfig : failed to find module QModKey_Dynamic_VppFilter
11-10 23:01:38.962 18545 18545 I wificond: wificond is starting up...
11-10 23:01:38.964 18527 18541 D Codec2InfoBuilder: component 'c2.qti.avc.decoder' not found in xml
11-10 23:01:38.967 18545 18545 I HidlServiceManagement: Registered android.system.wifi.keystore@1.0::IKeystore/default
11-10 23:01:38.967 18527 18541 D Codec2InfoBuilder: component 'c2.qti.avc.decoder.low_latency' not found in xml
11-10 23:01:38.968 865 865 E QConfig : failed to find module QModKey_Static_VppFilter
11-10 23:01:38.968 865 865 E QConfig : failed to find module QModKey_Static_VppFilter
11-10 23:01:38.968 865 865 E QConfig : failed to find module QModKey_Dynamic_VppFilter
11-10 23:01:38.969 865 865 E QConfig : failed to find module QModKey_Dynamic_VppFilter
11-10 23:01:38.970 18527 18541 D Codec2InfoBuilder: component 'c2.qti.avc.decoder.secure' not found in xml
11-10 23:01:38.972 865 865 E QConfig : failed to find module QModKey_Static_VppFilter
11-10 23:01:38.972 888 888 I chatty : uid=1046(mediacodec) vendor.qti.medi expire 23 lines
11-10 23:01:38.972 865 865 E QConfig : failed to find module QModKey_Static_VppFilter
11-10 23:01:38.972 865 865 E QConfig : failed to find module QModKey_Dynamic_VppFilter
11-10 23:01:38.972 865 865 E QConfig : failed to find module QModKey_Dynamic_VppFilter
11-10 23:01:38.973 18544 18544 I chatty : uid=0(root) /system/bin/netd expire 24 lines
11-10 23:01:38.975 18527 18541 D Codec2InfoBuilder: component 'c2.qti.hevc.decoder' not found in xml
11-10 23:01:38.977 888 2478 I chatty : uid=1046(mediacodec) HwBinder:888_6 expire 2 lines
11-10 23:01:38.977 888 2478 I vendor.qti.media.c2@1.0-service: missing struct descriptor #Param::CoreIndex(-Vc01a) for field misr_info_bottom_field of struct #Param::CoreIndex(-Vc01b)
11-10 23:01:38.977 18524 18524 I chatty : uid=0(root) expire 584 lines
11-10 23:01:38.977 888 2478 I vendor.qti.media.c2@1.0-service: missing struct descriptor #Param::CoreIndex(--002) for field mastering of struct #Param::CoreIndex(--180a)
11-10 23:01:38.977 888 2478 E StandardCaps: Failed to read platform hdr value
11-10 23:01:38.978 888 2478 I QC2CompStore: Created interface(c2.qti.hevc.decoder.low_latency) id(788)
11-10 23:01:38.979 18527 18541 D Codec2InfoBuilder: component 'c2.qti.hevc.decoder.low_latency' not found in xml
11-10 23:01:38.980 0 0 D voc_get_session_id: Voice session has session id 0x10c01000
11-10 23:01:38.980 865 865 E QConfig : failed to find module QModKey_Static_VppFilter
11-10 23:01:38.980 0 0 D voice_get_session: session_id 0x10c01000 session handle 0000000000000000
11-10 23:01:38.980 0 0 D voice_get_session: session_id 0x10c01000 session handle 0000000000000000
11-10 23:01:38.980 0 0 D voc_get_cvd_version: Returning the cached value 2.4
11-10 23:01:38.981 888 997 E QC2VppFilterDeviceQuery: failed to getUserConfigValue
11-10 23:01:38.981 888 997 E QC2VppFilterCaps: failed to get user config, try default config
11-10 23:01:38.981 865 865 E QConfig : failed to find module QModKey_Static_VppFilter
11-10 23:01:38.981 888 997 E QC2VppFilterDeviceQuery: failed to getUserConfigValue
11-10 23:01:38.981 888 997 E QC2VppFilterCaps: failed to get preset
11-10 23:01:38.981 865 865 E QConfig : failed to find module QModKey_Dynamic_VppFilter
11-10 23:01:38.981 888 997 E QC2VppFilterDeviceQuery: failed to getUserConfigValue
11-10 23:01:38.981 888 997 E QC2VppFilterCaps: failed to get user config, try default config
11-10 23:01:38.981 865 865 E QConfig : failed to find module QModKey_Dynamic_VppFilter
11-10 23:01:38.983 888 997 E QC2VppFilterDeviceQuery: failed to getUserConfigValue
11-10 23:01:38.983 888 997 E QC2VppFilterCaps: failed to get preset
11-10 23:01:38.983 888 997 E QC2VppFilterCaps: preset size is zero
11-10 23:01:38.983 888 997 I vendor.qti.media.c2@1.0-service: missing struct descriptor #Param::CoreIndex(--002) for field mastering of struct #Param::CoreIndex(--180a)
11-10 23:01:38.983 888 997 I vendor.qti.media.c2@1.0-service: missing struct descriptor #Param::CoreIndex(-Vc010) for field window of struct #Param::CoreIndex(FV1c00d)
11-10 23:01:38.983 888 997 I vendor.qti.media.c2@1.0-service: missing struct descriptor #Param::CoreIndex(-Vc01a) for field misr_info_top_field of struct #Param::CoreIndex(-Vc01b)
11-10 23:01:38.983 888 997 I vendor.qti.media.c2@1.0-service: missing struct descriptor #Param::CoreIndex(-Vc01a) for field misr_info_bottom_field of struct #Param::CoreIndex(-Vc01b)
11-10 23:01:38.983 888 997 E QC2VppFilterCaps: VppPictureSizeOutputSetter: Setting resolution 640x480
11-10 23:01:38.983 888 997 E StandardCaps: Failed to read platform hdr value
11-10 23:01:38.983 888 997 I vendor.qti.media.c2@1.0-service: get enum 0 from HQV_MODE_OFF
11-10 23:01:38.983 888 997 I QC2VppFilterCaps: Seeting CNR is only allowed when mode is manual: mode=HQV_MODE_OFF
11-10 23:01:38.983 888 997 I QC2VppFilterCaps: Setting FRC is only allowed when mode is manual: mode=HQV_MODE_OFF
11-10 23:01:38.983 888 997 E QC2VppFilterExt: Setting AIS is not allowed when vpp mode is Not manual
11-10 23:01:38.983 888 997 I vendor.qti.media.c2@1.0-service: get enum 0 from PROCESS_LEFT
11-10 23:01:38.983 888 997 I QC2VppFilterCaps: Setting EAR is only allowed when mode is manual: mode=HQV_MODE_OFF
11-10 23:01:38.983 888 997 I QC2VppFilterCaps: Setting AIE is only allowed when mode is manual: mode=HQV_MODE_OFF
11-10 23:01:38.983 888 997 I QC2CompStore: Created interface(c2.qti.hevc.decoder.secure) id(789)
11-10 23:01:38.984 18527 18541 D Codec2InfoBuilder: component 'c2.qti.hevc.decoder.secure' not found in xml
11-10 23:01:38.985 865 865 E QConfig : failed to find module QModKey_Static_VppFilter
11-10 23:01:38.985 888 2777 E QC2VppFilterDeviceQuery: failed to getUserConfigValue
11-10 23:01:38.985 888 2777 E QC2VppFilterCaps: failed to get user config, try default config
11-10 23:01:38.985 865 865 E QConfig : failed to find module QModKey_Static_VppFilter
11-10 23:01:38.985 888 2777 E QC2VppFilterDeviceQuery: failed to getUserConfigValue
11-10 23:01:38.985 888 2777 E QC2VppFilterCaps: failed to get preset
11-10 23:01:38.985 865 865 E QConfig : failed to find module QModKey_Dynamic_VppFilter
11-10 23:01:38.985 888 2777 E QC2VppFilterDeviceQuery: failed to getUserConfigValue
11-10 23:01:38.985 888 2777 E QC2VppFilterCaps: failed to get user config, try default config
11-10 23:01:38.985 865 865 E QConfig : failed to find module QModKey_Dynamic_VppFilter
11-10 23:01:38.985 888 2777 E QC2VppFilterDeviceQuery: failed to getUserConfigValue
11-10 23:01:38.985 888 2777 E QC2VppFilterCaps: failed to get preset
11-10 23:01:38.985 888 2777 E QC2VppFilterCaps: preset size is zero
11-10 23:01:38.985 888 2777 I vendor.qti.media.c2@1.0-service: missing struct descriptor #Param::CoreIndex(--002) for field mastering of struct #Param::CoreIndex(--180a)
11-10 23:01:38.985 888 2777 I vendor.qti.media.c2@1.0-service: missing struct descriptor #Param::CoreIndex(-Vc010) for field window of struct #Param::CoreIndex(FV1c00d)
11-10 23:01:38.985 888 2777 I vendor.qti.media.c2@1.0-service: missing struct descriptor #Param::CoreIndex(-Vc01a) for field misr_info_top_field of struct #Param::CoreIndex(-Vc01b)
11-10 23:01:38.985 888 2777 I vendor.qti.media.c2@1.0-service: missing struct descriptor #Param::CoreIndex(-Vc01a) for field misr_info_bottom_field of struct #Param::CoreIndex(-Vc01b)
11-10 23:01:38.985 888 2777 E QC2VppFilterCaps: VppPictureSizeOutputSetter: Setting resolution 640x480
11-10 23:01:38.985 888 2777 E StandardCaps: Failed to read platform hdr value
11-10 23:01:38.985 888 2777 I vendor.qti.media.c2@1.0-service: get enum 0 from HQV_MODE_OFF
11-10 23:01:38.985 888 2777 I QC2VppFilterCaps: Seeting CNR is only allowed when mode is manual: mode=HQV_MODE_OFF
11-10 23:01:38.985 888 2777 I QC2VppFilterCaps: Setting FRC is only allowed when mode is manual: mode=HQV_MODE_OFF
11-10 23:01:38.985 888 2777 E QC2VppFilterExt: Setting AIS is not allowed when vpp mode is Not manual
11-10 23:01:38.986 888 2777 I vendor.qti.media.c2@1.0-service: get enum 0 from PROCESS_LEFT
11-10 23:01:38.986 888 2777 I QC2VppFilterCaps: Setting EAR is only allowed when mode is manual: mode=HQV_MODE_OFF
11-10 23:01:38.986 888 2777 I QC2VppFilterCaps: Setting AIE is only allowed when mode is manual: mode=HQV_MODE_OFF
11-10 23:01:38.986 888 2777 I QC2CompStore: Created interface(c2.qti.vp9.decoder) id(790)
11-10 23:01:38.986 18527 18541 D Codec2InfoBuilder: component 'c2.qti.vp9.decoder' not found in xml
11-10 23:01:38.986 865 865 E QConfig : failed to find module QModKey_Static_VppFilter
11-10 23:01:38.986 888 888 E QC2VppFilterDeviceQuery: failed to getUserConfigValue
11-10 23:01:38.986 888 888 E QC2VppFilterCaps: failed to get user config, try default config
11-10 23:01:38.987 865 865 E QConfig : failed to find module QModKey_Static_VppFilter
11-10 23:01:38.987 888 888 E QC2VppFilterDeviceQuery: failed to getUserConfigValue
11-10 23:01:38.987 888 888 E QC2VppFilterCaps: failed to get preset
11-10 23:01:38.987 865 865 E QConfig : failed to find module QModKey_Dynamic_VppFilter
11-10 23:01:38.987 888 888 E QC2VppFilterDeviceQuery: failed to getUserConfigValue
11-10 23:01:38.987 888 888 E QC2VppFilterCaps: failed to get user config, try default config
11-10 23:01:38.987 865 865 E QConfig : failed to find module QModKey_Dynamic_VppFilter
11-10 23:01:38.987 888 888 E QC2VppFilterDeviceQuery: failed to getUserConfigValue
11-10 23:01:38.987 888 888 E QC2VppFilterCaps: failed to get preset
11-10 23:01:38.987 888 888 E QC2VppFilterCaps: preset size is zero
11-10 23:01:38.987 888 888 I vendor.qti.media.c2@1.0-service: missing struct descriptor #Param::CoreIndex(--002) for field mastering of struct #Param::CoreIndex(--180a)
11-10 23:01:38.987 888 888 I vendor.qti.media.c2@1.0-service: missing struct descriptor #Param::CoreIndex(-Vc010) for field window of struct #Param::CoreIndex(FV1c00d)
11-10 23:01:38.987 888 888 I vendor.qti.media.c2@1.0-service: missing struct descriptor #Param::CoreIndex(-Vc01a) for field misr_info_top_field of struct #Param::CoreIndex(-Vc01b)
11-10 23:01:38.987 888 888 I vendor.qti.media.c2@1.0-service: missing struct descriptor #Param::CoreIndex(-Vc01a) for field misr_info_bottom_field of struct #Param::CoreIndex(-Vc01b)
11-10 23:01:38.987 888 888 E QC2VppFilterCaps: VppPictureSizeOutputSetter: Setting resolution 640x480
11-10 23:01:38.987 888 888 E StandardCaps: Failed to read platform hdr value
11-10 23:01:38.987 888 888 I vendor.qti.media.c2@1.0-service: get enum 0 from HQV_MODE_OFF
11-10 23:01:38.987 888 888 I QC2VppFilterCaps: Seeting CNR is only allowed when mode is manual: mode=HQV_MODE_OFF
11-10 23:01:38.987 888 888 I QC2VppFilterCaps: Setting FRC is only allowed when mode is manual: mode=HQV_MODE_OFF
11-10 23:01:38.987 888 888 E QC2VppFilterExt: Setting AIS is not allowed when vpp mode is Not manual
11-10 23:01:38.987 888 888 I vendor.qti.media.c2@1.0-service: get enum 0 from PROCESS_LEFT
11-10 23:01:38.987 888 888 I QC2VppFilterCaps: Setting EAR is only allowed when mode is manual: mode=HQV_MODE_OFF
11-10 23:01:38.987 888 888 I QC2VppFilterCaps: Setting AIE is only allowed when mode is manual: mode=HQV_MODE_OFF
11-10 23:01:38.987 888 888 I QC2CompStore: Created interface(c2.qti.vp9.decoder.secure) id(791)
11-10 23:01:38.988 18527 18541 D Codec2InfoBuilder: component 'c2.qti.vp9.decoder.secure' not found in xml
11-10 23:01:38.988 865 865 E QConfig : failed to find module QModKey_Static_VppFilter
11-10 23:01:38.988 888 997 E QC2VppFilterDeviceQuery: failed to getUserConfigValue
11-10 23:01:38.988 888 997 E QC2VppFilterCaps: failed to get user config, try default config
11-10 23:01:38.988 865 865 E QConfig : failed to find module QModKey_Static_VppFilter
11-10 23:01:38.988 888 997 E QC2VppFilterDeviceQuery: failed to getUserConfigValue
11-10 23:01:38.988 888 997 E QC2VppFilterCaps: failed to get preset
11-10 23:01:38.988 865 865 E QConfig : failed to find module QModKey_Dynamic_VppFilter
11-10 23:01:38.989 888 997 E QC2VppFilterDeviceQuery: failed to getUserConfigValue
11-10 23:01:38.989 888 997 E QC2VppFilterCaps: failed to get user config, try default config
11-10 23:01:38.989 865 865 E QConfig : failed to find module QModKey_Dynamic_VppFilter
11-10 23:01:38.989 888 997 E QC2VppFilterDeviceQuery: failed to getUserConfigValue
11-10 23:01:38.989 888 997 E QC2VppFilterCaps: failed to get preset
11-10 23:01:38.989 888 997 E QC2VppFilterCaps: preset size is zero
11-10 23:01:38.989 888 997 I vendor.qti.media.c2@1.0-service: missing struct descriptor #Param::CoreIndex(--002) for field mastering of struct #Param::CoreIndex(--180a)
11-10 23:01:38.989 888 997 I vendor.qti.media.c2@1.0-service: missing struct descriptor #Param::CoreIndex(-Vc010) for field window of struct #Param::CoreIndex(FV1c00d)
11-10 23:01:38.989 888 997 I vendor.qti.media.c2@1.0-service: missing struct descriptor #Param::CoreIndex(-Vc01a) for field misr_info_top_field of struct #Param::CoreIndex(-Vc01b)
11-10 23:01:38.989 888 997 I vendor.qti.media.c2@1.0-service: missing struct descriptor #Param::CoreIndex(-Vc01a) for field misr_info_bottom_field of struct #Param::CoreIndex(-Vc01b)
11-10 23:01:38.989 888 997 E QC2VppFilterCaps: VppPictureSizeOutputSetter: Setting resolution 640x480
11-10 23:01:38.989 888 997 E StandardCaps: Failed to read platform hdr value
11-10 23:01:38.989 888 997 I vendor.qti.media.c2@1.0-service: get enum 0 from HQV_MODE_OFF
11-10 23:01:38.989 888 997 I QC2VppFilterCaps: Seeting CNR is only allowed when mode is manual: mode=HQV_MODE_OFF
11-10 23:01:38.989 888 997 I QC2VppFilterCaps: Setting FRC is only allowed when mode is manual: mode=HQV_MODE_OFF
11-10 23:01:38.989 888 997 E QC2VppFilterExt: Setting AIS is not allowed when vpp mode is Not manual
11-10 23:01:38.989 888 997 I vendor.qti.media.c2@1.0-service: get enum 0 from PROCESS_LEFT
11-10 23:01:38.989 888 997 I QC2VppFilterCaps: Setting EAR is only allowed when mode is manual: mode=HQV_MODE_OFF
11-10 23:01:38.989 888 997 I QC2VppFilterCaps: Setting AIE is only allowed when mode is manual: mode=HQV_MODE_OFF
11-10 23:01:38.989 888 997 I QC2CompStore: Created interface(c2.qti.mpeg2.decoder) id(792)
11-10 23:01:38.990 18527 18541 D Codec2InfoBuilder: component 'c2.qti.mpeg2.decoder' not found in xml
11-10 23:01:38.990 888 2149 I vendor.qti.media.c2@1.0-service: missing struct descriptor #Param::CoreIndex(-Vc01f) for field ubwcStats of struct #Param::CoreIndex(-Vc020)
11-10 23:01:38.990 888 2149 I vendor.qti.media.c2@1.0-service: missing struct descriptor #Param::CoreIndex(--002) for field mastering of struct #Param::CoreIndex(--180a)
11-10 23:01:38.991 888 2149 I vendor.qti.media.c2@1.0-service: missing struct descriptor #Param::CoreIndex(--004) for field values of struct #Param::CoreIndex(F-12004)
11-10 23:01:38.991 888 2149 I QC2CompStore: Created interface(c2.qti.avc.encoder) id(793)
11-10 23:01:38.991 18527 18541 D Codec2InfoBuilder: component 'c2.qti.avc.encoder' not found in xml
11-10 23:01:38.992 888 888 I vendor.qti.media.c2@1.0-service: missing struct descriptor #Param::CoreIndex(-Vc01f) for field ubwcStats of struct #Param::CoreIndex(-Vc020)
11-10 23:01:38.992 888 888 I vendor.qti.media.c2@1.0-service: missing struct descriptor #Param::CoreIndex(--002) for field mastering of struct #Param::CoreIndex(--180a)
11-10 23:01:38.992 888 888 I vendor.qti.media.c2@1.0-service: missing struct descriptor #Param::CoreIndex(--004) for field values of struct #Param::CoreIndex(F-12004)
11-10 23:01:38.992 888 888 I QC2CompStore: Created interface(c2.qti.avc.encoder.secure) id(794)
11-10 23:01:38.992 18527 18541 D Codec2InfoBuilder: component 'c2.qti.avc.encoder.secure' not found in xml
11-10 23:01:38.993 888 2777 I vendor.qti.media.c2@1.0-service: missing struct descriptor #Param::CoreIndex(-Vc01f) for field ubwcStats of struct #Param::CoreIndex(-Vc020)
11-10 23:01:38.993 888 2777 I vendor.qti.media.c2@1.0-service: missing struct descriptor #Param::CoreIndex(--002) for field mastering of struct #Param::CoreIndex(--180a)
11-10 23:01:38.993 888 2777 I vendor.qti.media.c2@1.0-service: missing struct descriptor #Param::CoreIndex(--004) for field values of struct #Param::CoreIndex(F-12004)
11-10 23:01:38.994 888 2777 I QC2CompStore: Created interface(c2.qti.hevc.encoder) id(795)
11-10 23:01:38.994 18527 18541 D Codec2InfoBuilder: component 'c2.qti.hevc.encoder' not found in xml
11-10 23:01:38.995 888 2478 I vendor.qti.media.c2@1.0-service: missing struct descriptor #Param::CoreIndex(-Vc01f) for field ubwcStats of struct #Param::CoreIndex(-Vc020)
11-10 23:01:38.995 888 2478 I vendor.qti.media.c2@1.0-service: missing struct descriptor #Param::CoreIndex(--002) for field mastering of struct #Param::CoreIndex(--180a)
11-10 23:01:38.995 888 2478 I vendor.qti.media.c2@1.0-service: missing struct descriptor #Param::CoreIndex(--004) for field values of struct #Param::CoreIndex(F-12004)
11-10 23:01:38.995 888 2478 I QC2CompStore: Created interface(c2.qti.hevc.encoder.cq) id(796)
11-10 23:01:38.995 18527 18541 D Codec2InfoBuilder: component 'c2.qti.hevc.encoder.cq' not found in xml
11-10 23:01:38.996 888 2149 I vendor.qti.media.c2@1.0-service: missing struct descriptor #Param::CoreIndex(--002) for field mastering of struct #Param::CoreIndex(--180a)
11-10 23:01:38.996 888 2149 I vendor.qti.media.c2@1.0-service: missing struct descriptor #Param::CoreIndex(-Vc01f) for field ubwcStats of struct #Param::CoreIndex(-Vc020)
11-10 23:01:38.996 888 2149 E StandardCaps: requested height is not supported
11-10 23:01:38.996 888 2149 I vendor.qti.media.c2@1.0-service: missing struct descriptor #Param::CoreIndex(--004) for field values of struct #Param::CoreIndex(F-12004)
11-10 23:01:38.996 888 2149 W StandardCaps: Preconditions for b-frame didn't meet. Disabling b-frame!
11-10 23:01:38.996 888 2149 I QC2CompStore: Created interface(c2.qti.heic.encoder) id(797)
11-10 23:01:38.997 18527 18541 D Codec2InfoBuilder: component 'c2.qti.heic.encoder' not found in xml
11-10 23:01:38.997 888 2777 E QC2CompStore: Failed to locate interface with name c2.android.aac.decoder
11-10 23:01:38.997 1153 5457 V C2Store : in init
11-10 23:01:38.997 1153 5457 V C2Store : loading dll
11-10 23:01:38.998 18527 18541 I Codec2InfoBuilder: adding type 'audio/mp4a-latm'
11-10 23:01:39.001 888 2149 E QC2CompStore: Failed to locate interface with name c2.android.aac.encoder
11-10 23:01:39.001 1153 5457 V C2Store : in ~ComponentModule
11-10 23:01:39.001 1153 1153 V C2Store : in init
11-10 23:01:39.001 1153 5457 V C2Store : unloading dll
11-10 23:01:39.001 1153 1153 V C2Store : loading dll
11-10 23:01:39.004 18527 18541 I Codec2InfoBuilder: adding type 'audio/mp4a-latm'
11-10 23:01:39.005 888 2149 E QC2CompStore: Failed to locate interface with name c2.android.amrnb.decoder
11-10 23:01:39.005 1153 1153 V C2Store : in init
11-10 23:01:39.005 1153 1153 V C2Store : loading dll
11-10 23:01:39.005 1153 5457 V C2Store : in ~ComponentModule
11-10 23:01:39.005 1153 5457 V C2Store : unloading dll
11-10 23:01:39.006 18527 18541 I Codec2InfoBuilder: adding type 'audio/3gpp'
11-10 23:01:39.006 888 2149 E QC2CompStore: Failed to locate interface with name c2.android.amrnb.encoder
11-10 23:01:39.006 1153 1250 V C2Store : in init
11-10 23:01:39.006 1153 1250 V C2Store : loading dll
11-10 23:01:39.006 1153 1153 V C2Store : in ~ComponentModule
11-10 23:01:39.006 1153 1153 V C2Store : unloading dll
11-10 23:01:39.007 18527 18541 I Codec2InfoBuilder: adding type 'audio/3gpp'
11-10 23:01:39.007 888 2149 E QC2CompStore: Failed to locate interface with name c2.android.amrwb.decoder
11-10 23:01:39.007 1153 1250 V C2Store : in ~ComponentModule
11-10 23:01:39.007 1153 1650 V C2Store : in init
11-10 23:01:39.007 1153 1650 V C2Store : loading dll
11-10 23:01:39.007 1153 1250 V C2Store : unloading dll
11-10 23:01:39.008 18527 18541 I Codec2InfoBuilder: adding type 'audio/amr-wb'
11-10 23:01:39.008 888 2149 E QC2CompStore: Failed to locate interface with name c2.android.amrwb.encoder
11-10 23:01:39.008 1153 1250 V C2Store : in init
11-10 23:01:39.008 1153 1650 V C2Store : in ~ComponentModule
11-10 23:01:39.009 1153 1250 V C2Store : loading dll
11-10 23:01:39.009 1153 1650 V C2Store : unloading dll
11-10 23:01:39.009 18527 18541 I Codec2InfoBuilder: adding type 'audio/amr-wb'
11-10 23:01:39.009 888 2149 E QC2CompStore: Failed to locate interface with name c2.android.av1.decoder
11-10 23:01:39.009 1153 1250 V C2Store : in ~ComponentModule
11-10 23:01:39.009 1153 1250 V C2Store : unloading dll
11-10 23:01:39.009 1153 15597 V C2Store : in init
11-10 23:01:39.009 1153 15597 V C2Store : loading dll
11-10 23:01:39.012 18527 18541 I Codec2InfoBuilder: adding type 'video/av01'
11-10 23:01:39.013 888 2149 E QC2CompStore: Failed to locate interface with name c2.android.avc.decoder
11-10 23:01:39.013 1153 5457 V C2Store : in init
11-10 23:01:39.013 1153 5457 V C2Store : loading dll
11-10 23:01:39.013 1153 15597 V C2Store : in ~ComponentModule
11-10 23:01:39.013 1153 15597 V C2Store : unloading dll
11-10 23:01:39.014 18527 18541 I Codec2InfoBuilder: adding type 'video/avc'
11-10 23:01:39.015 888 2149 E QC2CompStore: Failed to locate interface with name c2.android.avc.encoder
11-10 23:01:39.015 1153 1650 V C2Store : in init
11-10 23:01:39.015 1153 1650 V C2Store : loading dll
11-10 23:01:39.015 1153 5457 V C2Store : in ~ComponentModule
11-10 23:01:39.015 1153 5457 V C2Store : unloading dll
11-10 23:01:39.016 1153 1650 I mediaswcodec: missing struct descriptor #Param::CoreIndex(--004) for field values of struct #Param::CoreIndex(F-12004)
11-10 23:01:39.016 1153 1650 I mediaswcodec: missing struct descriptor #Param::CoreIndex(--004) for field values of struct #Param::CoreIndex(F-12004)
11-10 23:01:39.016 18527 18541 I Codec2InfoBuilder: adding type 'video/avc'
11-10 23:01:39.017 888 2149 E QC2CompStore: Failed to locate interface with name c2.android.flac.decoder
11-10 23:01:39.017 1153 5457 V C2Store : in init
11-10 23:01:39.017 1153 5457 V C2Store : loading dll
11-10 23:01:39.017 1153 1650 V C2Store : in ~ComponentModule
11-10 23:01:39.017 1153 1650 V C2Store : unloading dll
11-10 23:01:39.018 18527 18541 I Codec2InfoBuilder: adding type 'audio/flac'
11-10 23:01:39.018 888 2149 E QC2CompStore: Failed to locate interface with name c2.android.flac.encoder
11-10 23:01:39.018 1153 5457 V C2Store : in ~ComponentModule
11-10 23:01:39.018 1153 1250 V C2Store : in init
11-10 23:01:39.018 1153 1250 V C2Store : loading dll
11-10 23:01:39.018 1153 5457 V C2Store : unloading dll
11-10 23:01:39.019 18527 18541 I Codec2InfoBuilder: adding type 'audio/flac'
11-10 23:01:39.019 888 2149 E QC2CompStore: Failed to locate interface with name c2.android.g711.alaw.decoder
11-10 23:01:39.019 1153 1250 V C2Store : in ~ComponentModule
11-10 23:01:39.019 1153 1650 V C2Store : in init
11-10 23:01:39.019 1153 1250 V C2Store : unloading dll
11-10 23:01:39.019 1153 1650 V C2Store : loading dll
11-10 23:01:39.020 18527 18541 I Codec2InfoBuilder: adding type 'audio/g711-alaw'
11-10 23:01:39.020 1153 1250 V C2Store : in ~ComponentModule
11-10 23:01:39.020 1153 1250 V C2Store : unloading dll
11-10 23:01:39.020 888 2149 E QC2CompStore: Failed to locate interface with name c2.android.g711.mlaw.decoder
11-10 23:01:39.020 1153 15597 V C2Store : in init
11-10 23:01:39.021 1153 15597 V C2Store : loading dll
11-10 23:01:39.021 18527 18541 I Codec2InfoBuilder: adding type 'audio/g711-mlaw'
11-10 23:01:39.021 888 2149 E QC2CompStore: Failed to locate interface with name c2.android.gsm.decoder
11-10 23:01:39.021 1153 15597 V C2Store : in ~ComponentModule
11-10 23:01:39.021 1153 1250 V C2Store : in init
11-10 23:01:39.021 1153 15597 V C2Store : unloading dll
11-10 23:01:39.021 1153 1250 V C2Store : loading dll
11-10 23:01:39.023 18527 18541 D Codec2InfoBuilder: codec entry for 'c2.android.gsm.decoder' is disabled
11-10 23:01:39.024 888 2149 E QC2CompStore: Failed to locate interface with name c2.android.h263.decoder
11-10 23:01:39.024 1153 15597 V C2Store : in ~ComponentModule
11-10 23:01:39.024 1153 15597 V C2Store : unloading dll
11-10 23:01:39.024 1153 5457 V C2Store : in init
11-10 23:01:39.024 1153 5457 V C2Store : loading dll
11-10 23:01:39.026 18527 18541 I Codec2InfoBuilder: adding type 'video/3gpp'
11-10 23:01:39.028 888 2149 E QC2CompStore: Failed to locate interface with name c2.android.h263.encoder
11-10 23:01:39.028 1153 5457 V C2Store : in ~ComponentModule
11-10 23:01:39.028 1153 5457 V C2Store : unloading dll
11-10 23:01:39.028 1153 1250 V C2Store : in init
11-10 23:01:39.028 1153 1250 V C2Store : loading dll
11-10 23:01:39.032 18527 18541 I Codec2InfoBuilder: adding type 'video/3gpp'
11-10 23:01:39.034 888 2149 E QC2CompStore: Failed to locate interface with name c2.android.hevc.decoder
11-10 23:01:39.034 1153 1250 V C2Store : in ~ComponentModule
11-10 23:01:39.034 1153 1250 V C2Store : unloading dll
11-10 23:01:39.034 1153 5457 V C2Store : in init
11-10 23:01:39.034 1153 5457 V C2Store : loading dll
11-10 23:01:39.036 18527 18541 I Codec2InfoBuilder: adding type 'video/hevc'
11-10 23:01:39.037 888 2149 E QC2CompStore: Failed to locate interface with name c2.android.hevc.encoder
11-10 23:01:39.037 1153 1650 V C2Store : in init
11-10 23:01:39.037 1153 1650 V C2Store : loading dll
11-10 23:01:39.037 1153 5457 V C2Store : in ~ComponentModule
11-10 23:01:39.037 1153 5457 V C2Store : unloading dll
11-10 23:01:39.038 1153 1650 I mediaswcodec: missing struct descriptor #Param::CoreIndex(--004) for field values of struct #Param::CoreIndex(F-12004)
11-10 23:01:39.038 1153 1650 D C2SoftHevcEnc: Given level 6000 does not cover current configuration: adjusting to 6001
11-10 23:01:39.039 1153 1650 I mediaswcodec: missing struct descriptor #Param::CoreIndex(--004) for field values of struct #Param::CoreIndex(F-12004)
11-10 23:01:39.039 1153 1650 D C2SoftHevcEnc: Given level 6000 does not cover current configuration: adjusting to 6001
11-10 23:01:39.039 18527 18541 I Codec2InfoBuilder: adding type 'video/hevc'
11-10 23:01:39.041 888 2149 E QC2CompStore: Failed to locate interface with name c2.android.mp3.decoder
11-10 23:01:39.041 1153 1650 V C2Store : in ~ComponentModule
11-10 23:01:39.041 1153 1650 V C2Store : unloading dll
11-10 23:01:39.041 1153 15597 V C2Store : in init
11-10 23:01:39.041 1153 15597 V C2Store : loading dll
11-10 23:01:39.043 18527 18541 I Codec2InfoBuilder: adding type 'audio/mpeg'
11-10 23:01:39.043 888 2149 E QC2CompStore: Failed to locate interface with name c2.android.mpeg2.decoder
11-10 23:01:39.043 1153 15597 V C2Store : in ~ComponentModule
11-10 23:01:39.043 1153 15597 V C2Store : unloading dll
11-10 23:01:39.043 1153 1250 V C2Store : in init
11-10 23:01:39.043 1153 1250 V C2Store : loading dll
11-10 23:01:39.045 18527 18541 D Codec2InfoBuilder: codec entry for 'c2.android.mpeg2.decoder' is disabled
11-10 23:01:39.046 888 2149 E QC2CompStore: Failed to locate interface with name c2.android.mpeg4.decoder
11-10 23:01:39.046 1153 1250 V C2Store : in ~ComponentModule
11-10 23:01:39.046 1153 15597 V C2Store : in init
11-10 23:01:39.046 1153 15597 V C2Store : loading dll
11-10 23:01:39.046 1153 1250 V C2Store : unloading dll
11-10 23:01:39.047 2418 2418 D wpa_supplicant: RTM_NEWLINK: ifi_index=82 ifname=ipsec_test operstate=2 linkmode=0 ifi_family=0 ifi_flags=0x80 ()
11-10 23:01:39.047 1194 1211 D LOWI-9.0.0.71: [LOWINetlinkSocketReceiver] unpackRTMLinkMessage: RTM_NEWLINK - ifname ipsec_test, flags 0x80 ()
11-10 23:01:39.048 18527 18541 I Codec2InfoBuilder: adding type 'video/mp4v-es'
11-10 23:01:39.049 2418 2418 D wpa_supplicant: RTM_DELLINK: ifi_index=82 ifname=ipsec_test operstate=2 linkmode=0 ifi_family=0 ifi_flags=0x80 ()
11-10 23:01:39.049 2418 2418 D wpa_supplicant: RTM_DELLINK: Interface 'ipsec_test' removed
11-10 23:01:39.049 1194 1211 D LOWI-9.0.0.71: [LOWINetlinkSocketReceiver] unpackRTMLinkMessage: RTM_DELLINK - ifname ipsec_test, flags 0x80 ()
11-10 23:01:39.049 888 2149 E QC2CompStore: Failed to locate interface with name c2.android.mpeg4.encoder
11-10 23:01:39.050 1153 1650 V C2Store : in init
11-10 23:01:39.050 1153 15597 V C2Store : in ~ComponentModule
11-10 23:01:39.050 1153 1650 V C2Store : loading dll
11-10 23:01:39.050 1153 15597 V C2Store : unloading dll
11-10 23:01:39.052 18527 18541 I Codec2InfoBuilder: adding type 'video/mp4v-es'
11-10 23:01:39.053 888 2149 E QC2CompStore: Failed to locate interface with name c2.android.opus.decoder
11-10 23:01:39.053 1153 1650 V C2Store : in ~ComponentModule
11-10 23:01:39.053 1153 1650 V C2Store : unloading dll
11-10 23:01:39.053 1153 1251 V C2Store : in init
11-10 23:01:39.053 1153 1251 V C2Store : loading dll
11-10 23:01:39.055 18527 18541 I Codec2InfoBuilder: adding type 'audio/opus'
11-10 23:01:39.055 888 2149 E QC2CompStore: Failed to locate interface with name c2.android.opus.encoder
11-10 23:01:39.055 1153 1251 V C2Store : in ~ComponentModule
11-10 23:01:39.055 1153 1251 V C2Store : unloading dll
11-10 23:01:39.055 1153 15597 V C2Store : in init
11-10 23:01:39.055 1153 15597 V C2Store : loading dll
11-10 23:01:39.057 18527 18541 I Codec2InfoBuilder: adding type 'audio/opus'
11-10 23:01:39.057 888 2149 E QC2CompStore: Failed to locate interface with name c2.android.raw.decoder
11-10 23:01:39.058 1153 15597 V C2Store : in ~ComponentModule
11-10 23:01:39.058 1153 15597 V C2Store : unloading dll
