11-10 23:01:50.439 0 0 D usb_audio_tx_sample_rate_get: usb_audio_tx_sample_rate = 48000
11-10 23:01:50.439 0 0 D msm_dai_q6_tdm_header_type_get: header_type = 0
11-10 23:01:50.439 0 0 D msm_dai_q6_tdm_header_get: header #0 = 0x0
11-10 23:01:50.439 0 0 D msm_dai_q6_tdm_header_get: header #1 = 0x0
11-10 23:01:50.439 0 0 D msm_dai_q6_tdm_header_get: header #2 = 0x0
11-10 23:01:50.439 0 0 D msm_dai_q6_tdm_header_get: header #3 = 0x0
11-10 23:01:50.439 0 0 D msm_dai_q6_tdm_header_get: header #4 = 0x0
11-10 23:01:50.439 0 0 D msm_dai_q6_tdm_header_get: header #5 = 0x0
11-10 23:01:50.439 0 0 D msm_dai_q6_tdm_header_get: header #6 = 0x0
11-10 23:01:50.439 0 0 D msm_dai_q6_tdm_header_get: header #7 = 0x0
11-10 23:01:50.439 0 0 D msm_dai_q6_tdm_data_format_get: data_format = 0
11-10 23:01:50.439 0 0 D tdm_rx_sample_rate_get: tdm_rx_sample_rate = 48000, item = 3
11-10 23:01:50.439 0 0 D msm_dai_q6_tdm_header_type_get: header_type = 0
11-10 23:01:50.440 0 0 D msm_dai_q6_tdm_header_get: header #0 = 0x0
11-10 23:01:50.440 0 0 D msm_dai_q6_tdm_header_get: header #1 = 0x0
11-10 23:01:50.440 0 0 D msm_dai_q6_tdm_header_get: header #2 = 0x0
11-10 23:01:50.440 0 0 D msm_dai_q6_tdm_header_get: header #3 = 0x0
11-10 23:01:50.440 0 0 D msm_dai_q6_tdm_header_get: header #4 = 0x0
11-10 23:01:50.440 0 0 D msm_dai_q6_tdm_header_get: header #5 = 0x0
11-10 23:01:50.440 0 0 D msm_dai_q6_tdm_header_get: header #6 = 0x0
11-10 23:01:50.440 0 0 D msm_dai_q6_tdm_header_get: header #7 = 0x0
11-10 23:01:50.440 0 0 D tdm_rx_sample_rate_get: tdm_rx_sample_rate = 48000, item = 3
11-10 23:01:50.440 0 0 D msm_dai_q6_tdm_data_format_get: data_format = 0
11-10 23:01:50.440 0 0 D msm_dai_q6_tdm_header_type_get: header_type = 0
11-10 23:01:50.440 0 0 D tdm_rx_sample_rate_get: tdm_rx_sample_rate = 48000, item = 3
11-10 23:01:50.440 0 0 D msm_dai_q6_tdm_header_get: header #0 = 0x0
11-10 23:01:50.440 0 0 D msm_dai_q6_tdm_header_get: header #1 = 0x0
11-10 23:01:50.440 0 0 D msm_dai_q6_tdm_header_get: header #2 = 0x0
11-10 23:01:50.440 0 0 D msm_dai_q6_tdm_header_get: header #3 = 0x0
11-10 23:01:50.440 0 0 D msm_dai_q6_tdm_header_get: header #4 = 0x0
11-10 23:01:50.440 0 0 D msm_dai_q6_tdm_header_get: header #5 = 0x0
11-10 23:01:50.440 0 0 D msm_dai_q6_tdm_header_get: header #6 = 0x0
11-10 23:01:50.440 0 0 D msm_dai_q6_tdm_header_get: header #7 = 0x0
11-10 23:01:50.440 0 0 D msm_dai_q6_tdm_data_format_get: data_format = 0
11-10 23:01:50.441 0 0 D tdm_rx_sample_rate_get: tdm_rx_sample_rate = 48000, item = 3
11-10 23:01:50.441 0 0 D msm_dai_q6_tdm_header_type_get: header_type = 0
11-10 23:01:50.441 0 0 D msm_dai_q6_tdm_header_get: header #0 = 0x0
11-10 23:01:50.441 0 0 D msm_dai_q6_tdm_header_get: header #1 = 0x0
11-10 23:01:50.441 0 0 D msm_dai_q6_tdm_header_get: header #2 = 0x0
11-10 23:01:50.441 0 0 D msm_dai_q6_tdm_header_get: header #3 = 0x0
11-10 23:01:50.441 0 0 D msm_dai_q6_tdm_header_get: header #4 = 0x0
11-10 23:01:50.441 0 0 D msm_dai_q6_tdm_header_get: header #5 = 0x0
11-10 23:01:50.441 0 0 D msm_dai_q6_tdm_header_get: header #6 = 0x0
11-10 23:01:50.441 0 0 D msm_dai_q6_tdm_header_get: header #7 = 0x0
11-10 23:01:50.441 0 0 D msm_dai_q6_tdm_data_format_get: data_format = 0
11-10 23:01:50.441 0 0 D tdm_rx_sample_rate_get: tdm_rx_sample_rate = 48000, item = 3
11-10 23:01:50.441 0 0 D msm_dai_q6_tdm_header_type_get: header_type = 0
11-10 23:01:50.441 0 0 D msm_dai_q6_tdm_header_get: header #0 = 0x0
11-10 23:01:50.441 0 0 D msm_dai_q6_tdm_header_get: header #1 = 0x0
11-10 23:01:50.441 0 0 D msm_dai_q6_tdm_header_get: header #2 = 0x0
11-10 23:01:50.441 0 0 D msm_dai_q6_tdm_header_get: header #3 = 0x0
11-10 23:01:50.441 0 0 D msm_dai_q6_tdm_header_get: header #4 = 0x0
11-10 23:01:50.441 0 0 D msm_dai_q6_tdm_header_get: header #5 = 0x0
11-10 23:01:50.441 0 0 D msm_dai_q6_tdm_header_get: header #6 = 0x0
11-10 23:01:50.441 0 0 D msm_dai_q6_tdm_header_get: header #7 = 0x0
11-10 23:01:50.442 0 0 D tdm_rx_sample_rate_get: tdm_rx_sample_rate = 48000, item = 3
11-10 23:01:50.442 0 0 D msm_dai_q6_tdm_data_format_get: data_format = 0
11-10 23:01:50.442 0 0 D msm_dai_q6_tdm_header_type_get: header_type = 0
11-10 23:01:50.442 0 0 D tdm_rx_sample_rate_get: tdm_rx_sample_rate = 48000, item = 3
11-10 23:01:50.442 0 0 D msm_dai_q6_tdm_header_get: header #0 = 0x0
11-10 23:01:50.442 0 0 D msm_dai_q6_tdm_header_get: header #1 = 0x0
11-10 23:01:50.442 0 0 D msm_dai_q6_tdm_header_get: header #2 = 0x0
11-10 23:01:50.442 0 0 D msm_dai_q6_tdm_header_get: header #3 = 0x0
11-10 23:01:50.442 0 0 D msm_dai_q6_tdm_header_get: header #4 = 0x0
11-10 23:01:50.442 0 0 D msm_dai_q6_tdm_header_get: header #5 = 0x0
11-10 23:01:50.442 0 0 D msm_dai_q6_tdm_header_get: header #6 = 0x0
11-10 23:01:50.442 0 0 D msm_dai_q6_tdm_header_get: header #7 = 0x0
11-10 23:01:50.442 0 0 D msm_dai_q6_tdm_data_format_get: data_format = 0
11-10 23:01:50.443 0 0 D tdm_tx_sample_rate_get: tdm_tx_sample_rate = 48000, item = 3
11-10 23:01:50.443 0 0 D msm_dai_q6_tdm_header_type_get: header_type = 0
11-10 23:01:50.443 0 0 D msm_dai_q6_tdm_header_get: header #0 = 0x0
11-10 23:01:50.443 0 0 D msm_dai_q6_tdm_header_get: header #1 = 0x0
11-10 23:01:50.444 19191 19191 D CompatibilityChangeReporter: Compat change id reported: 135549675; UID 10345; state: ENABLED
11-10 23:01:50.443 0 0 D msm_dai_q6_tdm_header_get: header #2 = 0x0
11-10 23:01:50.443 0 0 D msm_dai_q6_tdm_header_get: header #3 = 0x0
11-10 23:01:50.443 0 0 D msm_dai_q6_tdm_header_get: header #4 = 0x0
11-10 23:01:50.443 0 0 D msm_dai_q6_tdm_header_get: header #5 = 0x0
11-10 23:01:50.444 19191 19191 W android.permission.PermissionManager: Missing ActivityManager; assuming 1000 holds android.permission.READ_COMPAT_CHANGE_CONFIG
11-10 23:01:50.443 0 0 D msm_dai_q6_tdm_header_get: header #6 = 0x0
11-10 23:01:50.443 0 0 D msm_dai_q6_tdm_header_get: header #7 = 0x0
11-10 23:01:50.443 0 0 D tdm_tx_sample_rate_get: tdm_tx_sample_rate = 48000, item = 3
11-10 23:01:50.443 0 0 D msm_dai_q6_tdm_data_format_get: data_format = 0
11-10 23:01:50.443 0 0 D msm_dai_q6_tdm_header_type_get: header_type = 0
11-10 23:01:50.443 0 0 D msm_dai_q6_tdm_header_get: header #0 = 0x0
11-10 23:01:50.443 0 0 D msm_dai_q6_tdm_header_get: header #1 = 0x0
11-10 23:01:50.443 0 0 D msm_dai_q6_tdm_header_get: header #2 = 0x0
11-10 23:01:50.443 0 0 D msm_dai_q6_tdm_header_get: header #3 = 0x0
11-10 23:01:50.443 0 0 D msm_dai_q6_tdm_header_get: header #4 = 0x0
11-10 23:01:50.443 0 0 D msm_dai_q6_tdm_header_get: header #5 = 0x0
11-10 23:01:50.443 0 0 D msm_dai_q6_tdm_header_get: header #6 = 0x0
11-10 23:01:50.443 0 0 D msm_dai_q6_tdm_header_get: header #7 = 0x0
11-10 23:01:50.443 0 0 D tdm_tx_sample_rate_get: tdm_tx_sample_rate = 48000, item = 3
11-10 23:01:50.444 0 0 D msm_dai_q6_tdm_data_format_get: data_format = 0
11-10 23:01:50.444 0 0 D msm_dai_q6_tdm_header_type_get: header_type = 0
11-10 23:01:50.444 0 0 D tdm_tx_sample_rate_get: tdm_tx_sample_rate = 48000, item = 3
11-10 23:01:50.444 0 0 D msm_dai_q6_tdm_header_get: header #0 = 0x0
11-10 23:01:50.444 0 0 D msm_dai_q6_tdm_header_get: header #1 = 0x0
11-10 23:01:50.444 0 0 D msm_dai_q6_tdm_header_get: header #2 = 0x0
11-10 23:01:50.444 0 0 D msm_dai_q6_tdm_header_get: header #3 = 0x0
11-10 23:01:50.444 0 0 D msm_dai_q6_tdm_header_get: header #4 = 0x0
11-10 23:01:50.444 0 0 D msm_dai_q6_tdm_header_get: header #5 = 0x0
11-10 23:01:50.444 0 0 D msm_dai_q6_tdm_header_get: header #6 = 0x0
11-10 23:01:50.444 0 0 D msm_dai_q6_tdm_header_get: header #7 = 0x0
11-10 23:01:50.444 0 0 D msm_dai_q6_tdm_data_format_get: data_format = 0
11-10 23:01:50.444 0 0 D tdm_tx_sample_rate_get: tdm_tx_sample_rate = 48000, item = 3
11-10 23:01:50.445 0 0 D msm_dai_q6_tdm_header_type_get: header_type = 0
11-10 23:01:50.445 0 0 D msm_dai_q6_tdm_header_get: header #0 = 0x0
11-10 23:01:50.445 0 0 D msm_dai_q6_tdm_header_get: header #1 = 0x0
11-10 23:01:50.445 0 0 D msm_dai_q6_tdm_header_get: header #2 = 0x0
11-10 23:01:50.445 0 0 D msm_dai_q6_tdm_header_get: header #3 = 0x0
11-10 23:01:50.445 0 0 D msm_dai_q6_tdm_header_get: header #4 = 0x0
11-10 23:01:50.444 19191 19191 W android.permission.PermissionManager: Missing ActivityManager; assuming 1000 holds android.permission.LOG_COMPAT_CHANGE
11-10 23:01:50.445 0 0 D msm_dai_q6_tdm_header_get: header #5 = 0x0
11-10 23:01:50.445 0 0 D msm_dai_q6_tdm_header_get: header #6 = 0x0
11-10 23:01:50.445 0 0 D msm_dai_q6_tdm_header_get: header #7 = 0x0
11-10 23:01:50.445 0 0 D tdm_tx_sample_rate_get: tdm_tx_sample_rate = 48000, item = 3
11-10 23:01:50.445 0 0 D aux_pcm_rx_sample_rate_get: idx[0]_rx_sample_rate = 8000, item = 0
11-10 23:01:50.445 0 0 D aux_pcm_rx_sample_rate_get: idx[1]_rx_sample_rate = 8000, item = 0
11-10 23:01:50.446 0 0 D aux_pcm_rx_sample_rate_get: idx[2]_rx_sample_rate = 8000, item = 0
11-10 23:01:50.448 19191 19191 D CompatibilityChangeReporter: Compat change id reported: 135549675; UID 10346; state: ENABLED
11-10 23:01:50.449 19191 19191 W android.permission.PermissionManager: Missing ActivityManager; assuming 1000 holds android.permission.READ_COMPAT_CHANGE_CONFIG
11-10 23:01:50.449 19191 19191 W android.permission.PermissionManager: Missing ActivityManager; assuming 1000 holds android.permission.LOG_COMPAT_CHANGE
11-10 23:01:50.446 0 0 D aux_pcm_rx_sample_rate_get: idx[3]_rx_sample_rate = 8000, item = 0
11-10 23:01:50.446 0 0 D aux_pcm_rx_sample_rate_get: idx[4]_rx_sample_rate = 8000, item = 0
11-10 23:01:50.446 0 0 D aux_pcm_rx_sample_rate_get: idx[5]_rx_sample_rate = 8000, item = 0
11-10 23:01:50.446 0 0 D aux_pcm_tx_sample_rate_get: idx[0]_tx_sample_rate = 8000, item = 0
11-10 23:01:50.447 0 0 D aux_pcm_tx_sample_rate_get: idx[1]_tx_sample_rate = 8000, item = 0
11-10 23:01:50.447 0 0 D aux_pcm_tx_sample_rate_get: idx[2]_tx_sample_rate = 8000, item = 0
11-10 23:01:50.447 0 0 D aux_pcm_tx_sample_rate_get: idx[3]_tx_sample_rate = 8000, item = 0
11-10 23:01:50.447 0 0 D aux_pcm_tx_sample_rate_get: idx[4]_tx_sample_rate = 8000, item = 0
11-10 23:01:50.448 0 0 D aux_pcm_tx_sample_rate_get: idx[5]_tx_sample_rate = 8000, item = 0
11-10 23:01:50.448 0 0 D mi2s_rx_sample_rate_get: idx[0]_rx_sample_rate = 48000, item = 6
11-10 23:01:50.449 0 0 D mi2s_rx_sample_rate_get: idx[1]_rx_sample_rate = 48000, item = 6
11-10 23:01:50.450 19191 19191 W PackageManager: Skipping provider name com.evernote.provider (in package com.evernote): name already used by com.evernote
11-10 23:01:50.451 19191 19191 D CompatibilityChangeReporter: Compat change id reported: 135549675; UID 10347; state: DISABLED
11-10 23:01:50.451 19191 19191 W PackageManager: Relax SCAN_REQUIRE_KNOWN requirement for package com.felicanetworks.mfm.main
11-10 23:01:50.453 19191 19191 D CompatibilityChangeReporter: Compat change id reported: 135549675; UID 10198; state: ENABLED
11-10 23:01:50.454 19191 19191 W android.permission.PermissionManager: Missing ActivityManager; assuming 1000 holds android.permission.READ_COMPAT_CHANGE_CONFIG
11-10 23:01:50.450 0 0 D mi2s_rx_sample_rate_get: idx[2]_rx_sample_rate = 96000, item = 8
11-10 23:01:50.451 0 0 D mi2s_rx_sample_rate_get: idx[3]_rx_sample_rate = 48000, item = 6
11-10 23:01:50.451 0 0 D mi2s_rx_sample_rate_get: idx[4]_rx_sample_rate = 48000, item = 6
11-10 23:01:50.452 0 0 D mi2s_rx_sample_rate_get: idx[5]_rx_sample_rate = 48000, item = 6
11-10 23:01:50.453 0 0 D mi2s_tx_sample_rate_get: idx[0]_tx_sample_rate = 48000, item = 6
11-10 23:01:50.454 0 0 D mi2s_tx_sample_rate_get: idx[1]_tx_sample_rate = 48000, item = 6
11-10 23:01:50.454 0 0 D msm_dai_q6_afe_enc_cfg_get: encoder config for 0 format
11-10 23:01:50.454 0 0 D msm_dai_q6_afe_enc_cfg_get: unknown format = 0
11-10 23:01:50.454 0 0 D msm_dai_q6_afe_input_channel_get: afe input channel = 0
11-10 23:01:50.454 19191 19191 W android.permission.PermissionManager: Missing ActivityManager; assuming 1000 holds android.permission.LOG_COMPAT_CHANGE
11-10 23:01:50.455 19191 19191 D CompatibilityChangeReporter: Compat change id reported: 135549675; UID 10349; state: ENABLED
11-10 23:01:50.456 19191 19191 W android.permission.PermissionManager: Missing ActivityManager; assuming 1000 holds android.permission.READ_COMPAT_CHANGE_CONFIG
11-10 23:01:50.456 19191 19191 W android.permission.PermissionManager: Missing ActivityManager; assuming 1000 holds android.permission.LOG_COMPAT_CHANGE
11-10 23:01:50.454 0 0 D msm_dai_q6_afe_input_bit_format_get: afe input bit format : 0
11-10 23:01:50.454 0 0 D mi2s_tx_sample_rate_get: idx[2]_tx_sample_rate = 96000, item = 8
11-10 23:01:50.455 0 0 D msm_dai_q6_tws_channel_mode_get: tws channel mode = 0
11-10 23:01:50.455 0 0 D msm_dai_q6_afe_enc_cfg_get: encoder config for 0 format
11-10 23:01:50.455 0 0 D msm_dai_q6_afe_enc_cfg_get: unknown format = 0
11-10 23:01:50.455 0 0 D msm_dai_q6_lc3_channel_mode_get: lc3 channel mode = 0
11-10 23:01:50.455 0 0 D msm_dai_q6_slim_rx_drift_get: afe port not started. dai_data->status_mask = 0
11-10 23:01:50.455 0 0 D mi2s_tx_sample_rate_get: idx[3]_tx_sample_rate = 48000, item = 6
11-10 23:01:50.455 0 0 D msm_dai_q6_afe_feedback_dec_cfg_get: abr_dec_cfg for 0 format
11-10 23:01:50.455 0 0 D msm_dai_q6_afe_feedback_dec_cfg_get: no afe_dec_cfg for format 0
11-10 23:01:50.456 0 0 D mi2s_tx_sample_rate_get: idx[4]_tx_sample_rate = 48000, item = 6
11-10 23:01:50.457 0 0 D mi2s_tx_sample_rate_get: idx[5]_tx_sample_rate = 48000, item = 6
11-10 23:01:50.457 0 0 D usb_audio_rx_format_get: usb_audio_rx_format = 6, ucontrol value = 1
11-10 23:01:50.457 0 0 D usb_audio_tx_format_get: usb_audio_tx_format = 2, ucontrol value = 0
11-10 23:01:50.457 0 0 D tdm_rx_format_get: tdm_rx_bit_format = 2, item = 0
11-10 23:01:50.459 0 0 I chatty : uid=0(root) logd identical 5 lines
11-10 23:01:50.459 0 0 D tdm_rx_format_get: tdm_rx_bit_format = 2, item = 0
11-10 23:01:50.459 0 0 D tdm_tx_format_get: tdm_tx_bit_format = 2, item = 0
11-10 23:01:50.460 0 0 I chatty : uid=0(root) logd identical 4 lines
11-10 23:01:50.461 0 0 D tdm_tx_format_get: tdm_tx_bit_format = 2, item = 0
11-10 23:01:50.461 0 0 D msm_aux_pcm_rx_format_get: idx[0]_rx_format = 2, item = 0
11-10 23:01:50.461 0 0 D msm_aux_pcm_rx_format_get: idx[1]_rx_format = 2, item = 0
11-10 23:01:50.462 0 0 D msm_aux_pcm_rx_format_get: idx[2]_rx_format = 2, item = 0
11-10 23:01:50.462 0 0 D msm_aux_pcm_rx_format_get: idx[3]_rx_format = 2, item = 0
11-10 23:01:50.463 19191 19191 D CompatibilityChangeReporter: Compat change id reported: 135549675; UID 10348; state: ENABLED
11-10 23:01:50.463 19191 19191 W PackageManager: Relax SCAN_REQUIRE_KNOWN requirement for package com.felicanetworks.mfw.a.boot
11-10 23:01:50.462 0 0 D msm_aux_pcm_rx_format_get: idx[4]_rx_format = 2, item = 0
11-10 23:01:50.464 19191 19191 D CompatibilityChangeReporter: Compat change id reported: 135549675; UID 10214; state: ENABLED
11-10 23:01:50.463 0 0 D msm_aux_pcm_rx_format_get: idx[5]_rx_format = 2, item = 0
11-10 23:01:50.465 19191 19191 W PackageManager: Relax SCAN_REQUIRE_KNOWN requirement for package com.felicanetworks.mfs
11-10 23:01:50.463 0 0 D msm_aux_pcm_tx_format_get: idx[0]_tx_format = 2, item = 0
11-10 23:01:50.463 0 0 D msm_aux_pcm_tx_format_get: idx[1]_tx_format = 2, item = 0
11-10 23:01:50.464 0 0 D msm_aux_pcm_tx_format_get: idx[2]_tx_format = 2, item = 0
11-10 23:01:50.464 0 0 D msm_aux_pcm_tx_format_get: idx[3]_tx_format = 2, item = 0
11-10 23:01:50.464 0 0 D msm_aux_pcm_tx_format_get: idx[4]_tx_format = 2, item = 0
11-10 23:01:50.464 0 0 D msm_aux_pcm_tx_format_get: idx[5]_tx_format = 2, item = 0
11-10 23:01:50.465 0 0 D msm_mi2s_rx_format_get: idx[0]_rx_format = 2, item = 0
11-10 23:01:50.465 0 0 D msm_mi2s_rx_format_get: idx[1]_rx_format = 2, item = 0
11-10 23:01:50.465 0 0 D msm_mi2s_rx_format_get: idx[2]_rx_format = 6, item = 1
11-10 23:01:50.466 0 0 D msm_mi2s_rx_format_get: idx[3]_rx_format = 2, item = 0
11-10 23:01:50.466 19191 19191 D CompatibilityChangeReporter: Compat change id reported: 135549675; UID 10210; state: ENABLED
11-10 23:01:50.467 19191 19191 W android.permission.PermissionManager: Missing ActivityManager; assuming 1000 holds android.permission.READ_COMPAT_CHANGE_CONFIG
11-10 23:01:50.467 19191 19191 W android.permission.PermissionManager: Missing ActivityManager; assuming 1000 holds android.permission.LOG_COMPAT_CHANGE
11-10 23:01:50.466 0 0 D msm_mi2s_rx_format_get: idx[4]_rx_format = 2, item = 0
11-10 23:01:50.466 0 0 D msm_mi2s_rx_format_get: idx[5]_rx_format = 2, item = 0
11-10 23:01:50.467 0 0 D msm_mi2s_tx_format_get: idx[0]_tx_format = 2, item = 0
11-10 23:01:50.467 0 0 D msm_mi2s_tx_format_get: idx[1]_tx_format = 2, item = 0
11-10 23:01:50.467 0 0 D msm_mi2s_tx_format_get: idx[2]_tx_format = 6, item = 1
11-10 23:01:50.468 0 0 D msm_mi2s_tx_format_get: idx[3]_tx_format = 2, item = 0
11-10 23:01:50.468 0 0 D msm_mi2s_tx_format_get: idx[4]_tx_format = 2, item = 0
11-10 23:01:50.468 0 0 D msm_mi2s_tx_format_get: idx[5]_tx_format = 2, item = 0
11-10 23:01:50.469 0 0 D usb_audio_rx_ch_get: usb_audio_rx_ch = 2
11-10 23:01:50.469 0 0 D usb_audio_tx_ch_get: usb_audio_tx_ch = 1
11-10 23:01:50.469 0 0 D proxy_rx_ch_get: proxy_rx channels = 2
11-10 23:01:50.470 19191 19191 D CompatibilityChangeReporter: Compat change id reported: 135549675; UID 10290; state: ENABLED
11-10 23:01:50.470 19191 19191 I PackageManager: Finished scanning non-system apps. Time: 229 ms, packageCount: 78 , timePerPackage: 2 , cached: 78
11-10 23:01:50.471 19191 19191 E PackageManager: There should probably be exactly one setup wizard; found 0: matches=[]
11-10 23:01:50.472 19191 19191 E PackageManager: updateAllSharedLibrariesLPw failed: Package com.qti.service.colorservice requires unavailable shared library com.qti.snapdragon.sdk.display; failing!
11-10 23:01:50.472 19191 19191 E PackageManager: updateAllSharedLibrariesLPw failed: Package com.qti.snapdragon.qdcm_ff requires unavailable shared library vendor.display.color.V1_0.IDisplayColor; failing!
11-10 23:01:50.470 0 0 D tdm_rx_ch_get: tdm_rx_ch = 0, item = 0
11-10 23:01:50.473 0 0 I chatty : uid=0(root) logd identical 5 lines
11-10 23:01:50.473 0 0 D tdm_rx_ch_get: tdm_rx_ch = 0, item = 0
11-10 23:01:50.473 0 0 D tdm_tx_ch_get: tdm_tx_ch = 0, item = 0
11-10 23:01:50.474 19191 19191 I PackageManager: Time to scan packages: 0.472 seconds
11-10 23:01:50.475 19191 19191 I PackageManager: Permission ownership changed. Updating all permissions.
11-10 23:01:50.476 0 0 I chatty : uid=0(root) logd identical 4 lines
11-10 23:01:50.476 0 0 D tdm_tx_ch_get: tdm_tx_ch = 0, item = 0
11-10 23:01:50.477 0 0 D msm_mi2s_rx_ch_get: msm_mi2s_[0]_rx_ch = 2
11-10 23:01:50.477 0 0 D msm_mi2s_rx_ch_get: msm_mi2s_[1]_rx_ch = 2
11-10 23:01:50.477 0 0 D msm_mi2s_rx_ch_get: msm_mi2s_[2]_rx_ch = 2
11-10 23:01:50.478 0 0 D msm_mi2s_rx_ch_get: msm_mi2s_[3]_rx_ch = 2
11-10 23:01:50.478 0 0 D msm_mi2s_rx_ch_get: msm_mi2s_[4]_rx_ch = 2
11-10 23:01:50.479 0 0 D msm_mi2s_rx_ch_get: msm_mi2s_[5]_rx_ch = 2
11-10 23:01:50.479 0 0 D msm_mi2s_tx_ch_get: msm_mi2s_[0]_tx_ch = 1
11-10 23:01:50.480 0 0 E : msm_pcm_volume_ctl_get substream not found
11-10 23:01:50.480 0 0 D msm_mi2s_tx_ch_get: msm_mi2s_[1]_tx_ch = 1
11-10 23:01:50.480 0 0 D msm_mi2s_tx_ch_get: msm_mi2s_[2]_tx_ch = 2
11-10 23:01:50.481 0 0 D msm_mi2s_tx_ch_get: msm_mi2s_[3]_tx_ch = 1
11-10 23:01:50.481 0 0 D msm_mi2s_tx_ch_get: msm_mi2s_[4]_tx_ch = 1
11-10 23:01:50.485 19191 19191 W PackageManager: Privileged permission android.permission.OBSERVE_GRANT_REVOKE_PERMISSIONS for package com.google.android.gms (/data/app/~~HYWXSbwMou0XMBnINbkfxQ==/com.google.android.gms-9BPfNfcXeZtDULbEUBdVIg==) not in privapp-permissions whitelist
11-10 23:01:50.485 19191 19191 W PackageManager: Privileged permission android.permission.MANAGE_SOUND_TRIGGER for package com.google.android.gms (/data/app/~~HYWXSbwMou0XMBnINbkfxQ==/com.google.android.gms-9BPfNfcXeZtDULbEUBdVIg==) not in privapp-permissions whitelist
11-10 23:01:50.485 19191 19191 W PackageManager: Privileged permission android.permission.START_ACTIVITIES_FROM_BACKGROUND for package com.google.android.gms (/data/app/~~HYWXSbwMou0XMBnINbkfxQ==/com.google.android.gms-9BPfNfcXeZtDULbEUBdVIg==) not in privapp-permissions whitelist
11-10 23:01:50.485 19191 19191 W PackageManager: Privileged permission android.permission.INTERACT_ACROSS_USERS for package com.google.android.gms (/data/app/~~HYWXSbwMou0XMBnINbkfxQ==/com.google.android.gms-9BPfNfcXeZtDULbEUBdVIg==) not in privapp-permissions whitelist
11-10 23:01:50.482 0 0 D msm_mi2s_tx_ch_get: msm_mi2s_[5]_tx_ch = 1
11-10 23:01:50.485 19191 19191 W PackageManager: Privileged permission android.permission.CAPTURE_AUDIO_OUTPUT for package com.google.android.gms (/data/app/~~HYWXSbwMou0XMBnINbkfxQ==/com.google.android.gms-9BPfNfcXeZtDULbEUBdVIg==) not in privapp-permissions whitelist
11-10 23:01:50.485 19191 19191 W PackageManager: Privileged permission android.permission.REMOTE_DISPLAY_PROVIDER for package com.google.android.gms (/data/app/~~HYWXSbwMou0XMBnINbkfxQ==/com.google.android.gms-9BPfNfcXeZtDULbEUBdVIg==) not in privapp-permissions whitelist
11-10 23:01:50.485 19191 19191 W PackageManager: Privileged permission android.permission.RECOVERY for package com.google.android.gms (/data/app/~~HYWXSbwMou0XMBnINbkfxQ==/com.google.android.gms-9BPfNfcXeZtDULbEUBdVIg==) not in privapp-permissions whitelist
11-10 23:01:50.482 0 0 D ext_disp_rx_ch_get: ext_disp_rx[0].ch = 2
11-10 23:01:50.485 19191 19191 W PackageManager: Privileged permission android.permission.READ_DREAM_STATE for package com.google.android.gms (/data/app/~~HYWXSbwMou0XMBnINbkfxQ==/com.google.android.gms-9BPfNfcXeZtDULbEUBdVIg==) not in privapp-permissions whitelist
11-10 23:01:50.485 19191 19191 W PackageManager: Privileged permission android.permission.RECEIVE_DATA_ACTIVITY_CHANGE for package com.google.android.gms (/data/app/~~HYWXSbwMou0XMBnINbkfxQ==/com.google.android.gms-9BPfNfcXeZtDULbEUBdVIg==) not in privapp-permissions whitelist
11-10 23:01:50.483 0 0 D ext_disp_rx_format_get: ext_disp_rx[0].format = 2, ucontrol value = 0
11-10 23:01:50.485 19191 19191 W PackageManager: Privileged permission android.permission.PROVIDE_TRUST_AGENT for package com.google.android.gms (/data/app/~~HYWXSbwMou0XMBnINbkfxQ==/com.google.android.gms-9BPfNfcXeZtDULbEUBdVIg==) not in privapp-permissions whitelist
11-10 23:01:50.485 19191 19191 W PackageManager: Privileged permission android.permission.DISPATCH_PROVISIONING_MESSAGE for package com.google.android.gms (/data/app/~~HYWXSbwMou0XMBnINbkfxQ==/com.google.android.gms-9BPfNfcXeZtDULbEUBdVIg==) not in privapp-permissions whitelist
11-10 23:01:50.485 19191 19191 W PackageManager: Privileged permission android.permission.RECOVER_KEYSTORE for package com.google.android.gms (/data/app/~~HYWXSbwMou0XMBnINbkfxQ==/com.google.android.gms-9BPfNfcXeZtDULbEUBdVIg==) not in privapp-permissions whitelist
11-10 23:01:50.485 19191 19191 W PackageManager: Privileged permission android.permission.MANAGE_FACTORY_RESET_PROTECTION for package com.google.android.gms (/data/app/~~HYWXSbwMou0XMBnINbkfxQ==/com.google.android.gms-9BPfNfcXeZtDULbEUBdVIg==) not in privapp-permissions whitelist
11-10 23:01:50.485 19191 19191 W PackageManager: Privileged permission android.permission.READ_PRIVILEGED_PHONE_STATE for package com.google.android.gms (/data/app/~~HYWXSbwMou0XMBnINbkfxQ==/com.google.android.gms-9BPfNfcXeZtDULbEUBdVIg==) not in privapp-permissions whitelist
11-10 23:01:50.485 19191 19191 W PackageManager: Privileged permission android.permission.CONNECTIVITY_USE_RESTRICTED_NETWORKS for package com.google.android.gms (/data/app/~~HYWXSbwMou0XMBnINbkfxQ==/com.google.android.gms-9BPfNfcXeZtDULbEUBdVIg==) not in privapp-permissions whitelist
11-10 23:01:50.485 19191 19191 W PackageManager: Privileged permission android.permission.ALLOCATE_AGGRESSIVE for package com.google.android.gms (/data/app/~~HYWXSbwMou0XMBnINbkfxQ==/com.google.android.gms-9BPfNfcXeZtDULbEUBdVIg==) not in privapp-permissions whitelist
11-10 23:01:50.483 0 0 D ext_disp_rx_sample_rate_get: ext_disp_rx[0].sample_rate = 48000
11-10 23:01:50.486 19191 19191 W PackageManager: Privileged permission android.permission.SEND_SMS_NO_CONFIRMATION for package com.google.android.gms (/data/app/~~HYWXSbwMou0XMBnINbkfxQ==/com.google.android.gms-9BPfNfcXeZtDULbEUBdVIg==) not in privapp-permissions whitelist
11-10 23:01:50.486 19191 19191 W PackageManager: Privileged permission android.permission.PACKAGE_USAGE_STATS for package com.google.android.gms (/data/app/~~HYWXSbwMou0XMBnINbkfxQ==/com.google.android.gms-9BPfNfcXeZtDULbEUBdVIg==) not in privapp-permissions whitelist
11-10 23:01:50.486 19191 19191 W PackageManager: Privileged permission android.permission.ACCESS_CONTEXT_HUB for package com.google.android.gms (/data/app/~~HYWXSbwMou0XMBnINbkfxQ==/com.google.android.gms-9BPfNfcXeZtDULbEUBdVIg==) not in privapp-permissions whitelist
11-10 23:01:50.486 19191 19191 W PackageManager: Privileged permission android.permission.LOCATION_HARDWARE for package com.google.android.gms (/data/app/~~HYWXSbwMou0XMBnINbkfxQ==/com.google.android.gms-9BPfNfcXeZtDULbEUBdVIg==) not in privapp-permissions whitelist
11-10 23:01:50.486 19191 19191 W PackageManager: Privileged permission android.permission.GET_APP_OPS_STATS for package com.google.android.gms (/data/app/~~HYWXSbwMou0XMBnINbkfxQ==/com.google.android.gms-9BPfNfcXeZtDULbEUBdVIg==) not in privapp-permissions whitelist
11-10 23:01:50.486 19191 19191 W PackageManager: Privileged permission android.permission.UPDATE_APP_OPS_STATS for package com.google.android.gms (/data/app/~~HYWXSbwMou0XMBnINbkfxQ==/com.google.android.gms-9BPfNfcXeZtDULbEUBdVIg==) not in privapp-permissions whitelist
11-10 23:01:50.483 0 0 D ext_disp_rx_ch_get: ext_disp_rx[1].ch = 2
11-10 23:01:50.486 19191 19191 W PackageManager: Privileged permission android.permission.SUBSTITUTE_NOTIFICATION_APP_NAME for package com.google.android.gms (/data/app/~~HYWXSbwMou0XMBnINbkfxQ==/com.google.android.gms-9BPfNfcXeZtDULbEUBdVIg==) not in privapp-permissions whitelist
11-10 23:01:50.486 19191 19191 W PackageManager: Privileged permission android.permission.SUBSTITUTE_SHARE_TARGET_APP_NAME_AND_ICON for package com.google.android.gms (/data/app/~~HYWXSbwMou0XMBnINbkfxQ==/com.google.android.gms-9BPfNfcXeZtDULbEUBdVIg==) not in privapp-permissions whitelist
11-10 23:01:50.486 19191 19191 W PackageManager: Privileged permission android.permission.CAPTURE_AUDIO_HOTWORD for package com.google.android.gms (/data/app/~~HYWXSbwMou0XMBnINbkfxQ==/com.google.android.gms-9BPfNfcXeZtDULbEUBdVIg==) not in privapp-permissions whitelist
11-10 23:01:50.486 19191 19191 W PackageManager: Privileged permission android.permission.MANAGE_VOICE_KEYPHRASES for package com.google.android.gms (/data/app/~~HYWXSbwMou0XMBnINbkfxQ==/com.google.android.gms-9BPfNfcXeZtDULbEUBdVIg==) not in privapp-permissions whitelist
11-10 23:01:50.486 19191 19191 W PackageManager: Privileged permission android.permission.COMPANION_APPROVE_WIFI_CONNECTIONS for package com.google.android.gms (/data/app/~~HYWXSbwMou0XMBnINbkfxQ==/com.google.android.gms-9BPfNfcXeZtDULbEUBdVIg==) not in privapp-permissions whitelist
11-10 23:01:50.484 0 0 D ext_disp_rx_format_get: ext_disp_rx[1].format = 2, ucontrol value = 0
11-10 23:01:50.486 19191 19191 W PackageManager: Privileged permission android.permission.TETHER_PRIVILEGED for package com.google.android.gms (/data/app/~~HYWXSbwMou0XMBnINbkfxQ==/com.google.android.gms-9BPfNfcXeZtDULbEUBdVIg==) not in privapp-permissions whitelist
11-10 23:01:50.486 19191 19191 W PackageManager: Privileged permission android.permission.CONTROL_DISPLAY_SATURATION for package com.google.android.gms (/data/app/~~HYWXSbwMou0XMBnINbkfxQ==/com.google.android.gms-9BPfNfcXeZtDULbEUBdVIg==) not in privapp-permissions whitelist
11-10 23:01:50.486 19191 19191 W PackageManager: Privileged permission android.permission.SET_TIME_ZONE for package com.google.android.gms (/data/app/~~HYWXSbwMou0XMBnINbkfxQ==/com.google.android.gms-9BPfNfcXeZtDULbEUBdVIg==) not in privapp-permissions whitelist
11-10 23:01:50.484 0 0 D ext_disp_rx_sample_rate_get: ext_disp_rx[1].sample_rate = 48000
11-10 23:01:50.485 0 0 D msm_bt_sample_rate_get: sample rate = 8000
11-10 23:01:50.485 0 0 D msm_bt_sample_rate_rx_get: sample rate rx = 8000
11-10 23:01:50.485 0 0 D msm_bt_sample_rate_tx_get: sample rate tx = 8000
11-10 23:01:50.486 0 0 D afe_loopback_tx_ch_get: afe_loopback_tx_ch = 1
11-10 23:01:50.486 0 0 D msm_vi_feed_tx_ch_get: msm_vi_feed_tx_ch = 1
11-10 23:01:50.486 19191 19191 W PackageManager: Privileged permission android.permission.REAL_GET_TASKS for package com.google.android.gms (/data/app/~~HYWXSbwMou0XMBnINbkfxQ==/com.google.android.gms-9BPfNfcXeZtDULbEUBdVIg==) not in privapp-permissions whitelist
11-10 23:01:50.486 19191 19191 W PackageManager: Privileged permission android.permission.READ_OEM_UNLOCK_STATE for package com.google.android.gms (/data/app/~~HYWXSbwMou0XMBnINbkfxQ==/com.google.android.gms-9BPfNfcXeZtDULbEUBdVIg==) not in privapp-permissions whitelist
11-10 23:01:50.486 19191 19191 W PackageManager: Privileged permission android.permission.ACCESS_NETWORK_CONDITIONS for package com.google.android.gms (/data/app/~~HYWXSbwMou0XMBnINbkfxQ==/com.google.android.gms-9BPfNfcXeZtDULbEUBdVIg==) not in privapp-permissions whitelist
11-10 23:01:50.486 19191 19191 W PackageManager: Privileged permission android.permission.SCORE_NETWORKS for package com.google.android.gms (/data/app/~~HYWXSbwMou0XMBnINbkfxQ==/com.google.android.gms-9BPfNfcXeZtDULbEUBdVIg==) not in privapp-permissions whitelist
11-10 23:01:50.486 0 0 D cdc_dma_rx_format_get: cdc_dma_rx_format = 2, ucontrol value = 0
11-10 23:01:50.486 19191 19191 W PackageManager: Privileged permission android.permission.OVERRIDE_WIFI_CONFIG for package com.google.android.gms (/data/app/~~HYWXSbwMou0XMBnINbkfxQ==/com.google.android.gms-9BPfNfcXeZtDULbEUBdVIg==) not in privapp-permissions whitelist
11-10 23:01:50.486 19191 19191 W PackageManager: Privileged permission android.permission.MODIFY_PHONE_STATE for package com.google.android.gms (/data/app/~~HYWXSbwMou0XMBnINbkfxQ==/com.google.android.gms-9BPfNfcXeZtDULbEUBdVIg==) not in privapp-permissions whitelist
11-10 23:01:50.486 19191 19191 W PackageManager: Privileged permission android.permission.CONTROL_INCALL_EXPERIENCE for package com.google.android.gms (/data/app/~~HYWXSbwMou0XMBnINbkfxQ==/com.google.android.gms-9BPfNfcXeZtDULbEUBdVIg==) not in privapp-permissions whitelist
11-10 23:01:50.486 19191 19191 W PackageManager: Privileged permission android.permission.MANAGE_USB for package com.google.android.gms (/data/app/~~HYWXSbwMou0XMBnINbkfxQ==/com.google.android.gms-9BPfNfcXeZtDULbEUBdVIg==) not in privapp-permissions whitelist
11-10 23:01:50.486 19191 19191 W PackageManager: Privileged permission android.permission.CALL_PRIVILEGED for package com.google.android.gms (/data/app/~~HYWXSbwMou0XMBnINbkfxQ==/com.google.android.gms-9BPfNfcXeZtDULbEUBdVIg==) not in privapp-permissions whitelist
11-10 23:01:50.486 19191 19191 W PackageManager: Privileged permission android.permission.BLUETOOTH_PRIVILEGED for package com.google.android.gms (/data/app/~~HYWXSbwMou0XMBnINbkfxQ==/com.google.android.gms-9BPfNfcXeZtDULbEUBdVIg==) not in privapp-permissions whitelist
11-10 23:01:50.487 19191 19191 W PackageManager: Privileged permission android.permission.USER_ACTIVITY for package com.google.android.gms (/data/app/~~HYWXSbwMou0XMBnINbkfxQ==/com.google.android.gms-9BPfNfcXeZtDULbEUBdVIg==) not in privapp-permissions whitelist
11-10 23:01:50.487 19191 19191 W PackageManager: Privileged permission android.permission.MODIFY_AUDIO_ROUTING for package com.google.android.gms (/data/app/~~HYWXSbwMou0XMBnINbkfxQ==/com.google.android.gms-9BPfNfcXeZtDULbEUBdVIg==) not in privapp-permissions whitelist
11-10 23:01:50.487 19191 19191 W PackageManager: Privileged permission android.permission.MODIFY_DAY_NIGHT_MODE for package com.google.android.gms (/data/app/~~HYWXSbwMou0XMBnINbkfxQ==/com.google.android.gms-9BPfNfcXeZtDULbEUBdVIg==) not in privapp-permissions whitelist
11-10 23:01:50.487 19191 19191 W PackageManager: Privileged permission android.permission.START_TASKS_FROM_RECENTS for package com.google.android.gms (/data/app/~~HYWXSbwMou0XMBnINbkfxQ==/com.google.android.gms-9BPfNfcXeZtDULbEUBdVIg==) not in privapp-permissions whitelist
11-10 23:01:50.487 19191 19191 W PackageManager: Privileged permission android.permission.ACTIVITY_EMBEDDING for package com.google.android.gms (/data/app/~~HYWXSbwMou0XMBnINbkfxQ==/com.google.android.gms-9BPfNfcXeZtDULbEUBdVIg==) not in privapp-permissions whitelist
11-10 23:01:50.487 19191 19191 W PackageManager: Privileged permission android.permission.PROVIDE_RESOLVER_RANKER_SERVICE for package com.google.android.gms (/data/app/~~HYWXSbwMou0XMBnINbkfxQ==/com.google.android.gms-9BPfNfcXeZtDULbEUBdVIg==) not in privapp-permissions whitelist
11-10 23:01:50.487 19191 19191 W PackageManager: Privileged permission android.permission.READ_LOGS for package com.google.android.gms (/data/app/~~HYWXSbwMou0XMBnINbkfxQ==/com.google.android.gms-9BPfNfcXeZtDULbEUBdVIg==) not in privapp-permissions whitelist
11-10 23:01:50.487 19191 19191 W PackageManager: Privileged permission android.permission.MODIFY_NETWORK_ACCOUNTING for package com.google.android.gms (/data/app/~~HYWXSbwMou0XMBnINbkfxQ==/com.google.android.gms-9BPfNfcXeZtDULbEUBdVIg==) not in privapp-permissions whitelist
11-10 23:01:50.487 19191 19191 W PackageManager: Privileged permission android.permission.INTENT_FILTER_VERIFICATION_AGENT for package com.google.android.gms (/data/app/~~HYWXSbwMou0XMBnINbkfxQ==/com.google.android.gms-9BPfNfcXeZtDULbEUBdVIg==) not in privapp-permissions whitelist
11-10 23:01:50.487 19191 19191 W PackageManager: Privileged permission android.permission.LOCAL_MAC_ADDRESS for package com.google.android.gms (/data/app/~~HYWXSbwMou0XMBnINbkfxQ==/com.google.android.gms-9BPfNfcXeZtDULbEUBdVIg==) not in privapp-permissions whitelist
11-10 23:01:50.487 19191 19191 W PackageManager: Privileged permission android.permission.CHANGE_DEVICE_IDLE_TEMP_WHITELIST for package com.google.android.gms (/data/app/~~HYWXSbwMou0XMBnINbkfxQ==/com.google.android.gms-9BPfNfcXeZtDULbEUBdVIg==) not in privapp-permissions whitelist
11-10 23:01:50.487 19191 19191 W PackageManager: Privileged permission android.permission.READ_WIFI_CREDENTIAL for package com.google.android.gms (/data/app/~~HYWXSbwMou0XMBnINbkfxQ==/com.google.android.gms-9BPfNfcXeZtDULbEUBdVIg==) not in privapp-permissions whitelist
11-10 23:01:50.487 19191 19191 W PackageManager: Privileged permission android.permission.MANAGE_SUBSCRIPTION_PLANS for package com.google.android.gms (/data/app/~~HYWXSbwMou0XMBnINbkfxQ==/com.google.android.gms-9BPfNfcXeZtDULbEUBdVIg==) not in privapp-permissions whitelist
11-10 23:01:50.487 19191 19191 W PackageManager: Privileged permission android.permission.MANAGE_ROLLBACKS for package com.google.android.gms (/data/app/~~HYWXSbwMou0XMBnINbkfxQ==/com.google.android.gms-9BPfNfcXeZtDULbEUBdVIg==) not in privapp-permissions whitelist
11-10 23:01:50.487 19191 19191 W PackageManager: Privileged permission android.permission.BACKUP for package com.google.android.gms (/data/app/~~HYWXSbwMou0XMBnINbkfxQ==/com.google.android.gms-9BPfNfcXeZtDULbEUBdVIg==) not in privapp-permissions whitelist
11-10 23:01:50.487 19191 19191 W PackageManager: Privileged permission android.permission.NOTIFY_PENDING_SYSTEM_UPDATE for package com.google.android.gms (/data/app/~~HYWXSbwMou0XMBnINbkfxQ==/com.google.android.gms-9BPfNfcXeZtDULbEUBdVIg==) not in privapp-permissions whitelist
11-10 23:01:50.487 19191 19191 W PackageManager: Privileged permission android.permission.RESET_PASSWORD for package com.google.android.gms (/data/app/~~HYWXSbwMou0XMBnINbkfxQ==/com.google.android.gms-9BPfNfcXeZtDULbEUBdVIg==) not in privapp-permissions whitelist
11-10 23:01:50.487 19191 19191 W PackageManager: Privileged permission android.permission.LOCK_DEVICE for package com.google.android.gms (/data/app/~~HYWXSbwMou0XMBnINbkfxQ==/com.google.android.gms-9BPfNfcXeZtDULbEUBdVIg==) not in privapp-permissions whitelist
11-10 23:01:50.487 19191 19191 W PackageManager: Privileged permission android.permission.CONTROL_KEYGUARD_SECURE_NOTIFICATIONS for package com.google.android.gms (/data/app/~~HYWXSbwMou0XMBnINbkfxQ==/com.google.android.gms-9BPfNfcXeZtDULbEUBdVIg==) not in privapp-permissions whitelist
11-10 23:01:50.488 0 0 I chatty : uid=0(root) logd identical 4 lines
11-10 23:01:50.488 0 0 D cdc_dma_rx_format_get: cdc_dma_rx_format = 2, ucontrol value = 0
11-10 23:01:50.489 0 0 D cdc_dma_rx_sample_rate_get: cdc_dma_rx_sample_rate = 48000
11-10 23:01:50.492 19191 19191 V PackageManager: reconcileAppsData for null u0 0x1 migrateAppData=true
11-10 23:01:50.493 19112 19112 E audio_route: Control 'VA_AIF1_CAP Mixer DEC4' doesn't exist - skipping
11-10 23:01:50.493 19112 19112 E audio_route: Control 'VA_AIF1_CAP Mixer DEC5' doesn't exist - skipping
11-10 23:01:50.493 19112 19112 E audio_route: Control 'VA_AIF1_CAP Mixer DEC6' doesn't exist - skipping
11-10 23:01:50.493 19112 19112 E audio_route: Control 'VA_AIF1_CAP Mixer DEC7' doesn't exist - skipping
11-10 23:01:50.493 19112 19112 E audio_route: Control 'VA DEC4 MUX' doesn't exist - skipping
11-10 23:01:50.493 19112 19112 E audio_route: Control 'VA DEC5 MUX' doesn't exist - skipping
11-10 23:01:50.493 19112 19112 E audio_route: Control 'VA DEC6 MUX' doesn't exist - skipping
11-10 23:01:50.493 19112 19112 E audio_route: Control 'VA DEC7 MUX' doesn't exist - skipping
11-10 23:01:50.493 19112 19112 E audio_route: Control 'VA DMIC MUX4' doesn't exist - skipping
11-10 23:01:50.493 19112 19112 E audio_route: Control 'VA DMIC MUX5' doesn't exist - skipping
11-10 23:01:50.493 19112 19112 E audio_route: Control 'VA DMIC MUX6' doesn't exist - skipping
11-10 23:01:50.493 19112 19112 E audio_route: Control 'VA DMIC MUX7' doesn't exist - skipping
11-10 23:01:50.493 19112 19112 E audio_route: Control 'VA SMIC MUX4' doesn't exist - skipping
11-10 23:01:50.493 19112 19112 E audio_route: Control 'VA SMIC MUX5' doesn't exist - skipping
11-10 23:01:50.493 19112 19112 E audio_route: Control 'VA SMIC MUX6' doesn't exist - skipping
11-10 23:01:50.493 19112 19112 E audio_route: Control 'VA SMIC MUX7' doesn't exist - skipping
11-10 23:01:50.493 19112 19112 E audio_route: Control 'VA_DEC0 MODE' doesn't exist - skipping
11-10 23:01:50.493 19112 19112 E audio_route: Control 'VA_DEC1 MODE' doesn't exist - skipping
11-10 23:01:50.493 19112 19112 E audio_route: Control 'VA_DEC2 MODE' doesn't exist - skipping
11-10 23:01:50.493 19112 19112 E audio_route: Control 'VA_DEC3 MODE' doesn't exist - skipping
11-10 23:01:50.493 19112 19112 E audio_route: Control 'SWR_MIC0 HIFI PortMap' doesn't exist - skipping
11-10 23:01:50.494 19112 19112 E audio_route: Control 'SWR_MIC1 HIFI PortMap' doesn't exist - skipping
11-10 23:01:50.494 19112 19112 E audio_route: Control 'SWR_MIC2 HIFI PortMap' doesn't exist - skipping
11-10 23:01:50.494 19112 19112 E audio_route: Control 'SWR_MIC3 HIFI PortMap' doesn't exist - skipping
11-10 23:01:50.494 19112 19112 E audio_route: Control 'SWR_MIC0 SWR_DMIC_VA_MIXER Switch' doesn't exist - skipping
11-10 23:01:50.494 19112 19112 E audio_route: Control 'SWR_MIC1 SWR_DMIC_VA_MIXER Switch' doesn't exist - skipping
11-10 23:01:50.494 19112 19112 E audio_route: Control 'SWR_MIC2 SWR_DMIC_VA_MIXER Switch' doesn't exist - skipping
11-10 23:01:50.494 19112 19112 E audio_route: Control 'SWR_MIC3 SWR_DMIC_VA_MIXER Switch' doesn't exist - skipping
11-10 23:01:50.494 19112 19112 E audio_route: Control 'SWR_MIC0 LP PortMap' doesn't exist - skipping
11-10 23:01:50.494 19112 19112 E audio_route: Control 'SWR_MIC1 LP PortMap' doesn't exist - skipping
11-10 23:01:50.494 19112 19112 E audio_route: Control 'SWR_MIC2 LP PortMap' doesn't exist - skipping
11-10 23:01:50.494 19112 19112 E audio_route: Control 'SWR_MIC3 LP PortMap' doesn't exist - skipping
11-10 23:01:50.494 19112 19112 E audio_route: Control 'VA_DEC0 MODE' doesn't exist - skipping
11-10 23:01:50.494 19112 19112 E audio_route: Control 'VA_DEC0 MODE' doesn't exist - skipping
11-10 23:01:50.495 19112 19112 E audio_route: Control 'VA_DEC1 MODE' doesn't exist - skipping
11-10 23:01:50.495 19112 19112 E audio_route: Control 'SWR_MIC3 HIFI PortMap' doesn't exist - skipping
11-10 23:01:50.495 19112 19112 E audio_route: Control 'SWR_MIC0 HIFI PortMap' doesn't exist - skipping
11-10 23:01:50.495 19112 19112 E audio_route: Control 'SWR_MIC2 HIFI PortMap' doesn't exist - skipping
11-10 23:01:50.495 19112 19112 E audio_route: Control 'SWR_MIC3 SWR_DMIC_MIXER Switch' doesn't exist - skipping
11-10 23:01:50.495 19112 19112 E audio_route: Control 'SWR_MIC0 SWR_DMIC_MIXER Switch' doesn't exist - skipping
11-10 23:01:50.495 19112 19112 E audio_route: Control 'SWR_MIC2 SWR_DMIC_MIXER Switch' doesn't exist - skipping
11-10 23:01:50.495 19112 19112 E audio_route: Control 'SWR_MIC3 HIFI PortMap' doesn't exist - skipping
11-10 23:01:50.495 19112 19112 E audio_route: Control 'SWR_MIC0 HIFI PortMap' doesn't exist - skipping
11-10 23:01:50.495 19112 19112 E audio_route: Control 'SWR_MIC1 HIFI PortMap' doesn't exist - skipping
11-10 23:01:50.495 19112 19112 E audio_route: Control 'SWR_MIC2 HIFI PortMap' doesn't exist - skipping
11-10 23:01:50.495 19112 19112 E audio_route: Control 'SWR_MIC3 SWR_DMIC_MIXER Switch' doesn't exist - skipping
11-10 23:01:50.495 19112 19112 E audio_route: Control 'SWR_MIC0 SWR_DMIC_MIXER Switch' doesn't exist - skipping
11-10 23:01:50.495 19112 19112 E audio_route: Control 'SWR_MIC1 SWR_DMIC_MIXER Switch' doesn't exist - skipping
11-10 23:01:50.495 19112 19112 E audio_route: Control 'SWR_MIC2 SWR_DMIC_MIXER Switch' doesn't exist - skipping
11-10 23:01:50.495 19112 19112 E audio_route: Control 'VA_DEC0 MODE' doesn't exist - skipping
11-10 23:01:50.497 19112 19112 I audio_hw_extn: audio_extn_set_snd_card_split: snd_card_name(lahaina-shimaidp-snd-card) device(lahaina) snd_card(shimaidp) form_factor(snd)
11-10 23:01:50.497 19112 19112 E platform_info: param tag only supported with CONFIG_PARAMS section
11-10 23:01:50.497 19112 19112 I chatty : uid=1041(audioserver) /vendor/bin/hw/android.hardware.audio.service identical 7 lines
11-10 23:01:50.497 19112 19112 E platform_info: param tag only supported with CONFIG_PARAMS section
11-10 23:01:50.498 19112 19112 D ACDB-LOADER: ACDB: board_type = IDP
11-10 23:01:50.498 19112 19112 D ACDB-LOADER: ACDB -> Load file: /vendor/etc/acdbdata/adsp_avs_config.acdb
11-10 23:01:50.498 19112 19112 D ACDB-LOADER: ACDB -> found 1 form factor & soundcard independant files
11-10 23:01:50.498 19112 19112 D ACDB-LOADER: ACDB -> Load file: /vendor/etc/acdbdata/Forte/Forte_Global_cal.acdb
11-10 23:01:50.498 19112 19112 D ACDB-LOADER: ACDB -> Load file: /vendor/etc/acdbdata/Forte/Forte_workspaceFile.qwsp
11-10 23:01:50.498 19112 19112 D ACDB-LOADER: ACDB -> Load file: /vendor/etc/acdbdata/Forte/Forte_Headset_cal.acdb
11-10 23:01:50.498 19112 19112 D ACDB-LOADER: ACDB -> Load file: /vendor/etc/acdbdata/Forte/Forte_Hdmi_cal.acdb
11-10 23:01:50.498 19112 19112 D ACDB-LOADER: ACDB -> Load file: /vendor/etc/acdbdata/Forte/Forte_Handset_cal.acdb
11-10 23:01:50.498 19112 19112 D ACDB-LOADER: ACDB -> Load file: /vendor/etc/acdbdata/Forte/Forte_Speaker_cal.acdb
11-10 23:01:50.499 19112 19112 D ACDB-LOADER: ACDB -> Load file: /vendor/etc/acdbdata/Forte/Forte_General_cal.acdb
11-10 23:01:50.499 19112 19112 D ACDB-LOADER: ACDB -> Load file: /vendor/etc/acdbdata/Forte/Forte_Bluetooth_cal.acdb
11-10 23:01:50.499 19112 19112 I ACDB-LOADER: ACDB -> Info: Loaded ForteMedia ACDB!
11-10 23:01:50.499 19112 19112 D ACDB-LOADER: ACDB -> ACDB_CMD_INITIALIZE_V2
11-10 23:01:50.499 19112 19112 D android.hardware.audio.service: [ACDB Command]->SW Minor/Major/Revision version info for /vendor/etc/acdbdata/adsp_avs_config.acdb
11-10 23:01:50.499 19112 19112 D android.hardware.audio.service: [ACDB Command]->ACDB Sw Major = 10, ACDB Sw Minor = 0, ACDB Sw Revision = 17, ACDB Sw Cpl Number = 0
11-10 23:01:50.499 19112 19112 D android.hardware.audio.service: [ACDB Command]->ACDB File Major = 0, ACDB File Minor = 0, ACDB File Revision = 0
11-10 23:01:50.499 19112 19112 D android.hardware.audio.service: [ACDB Command]->SW Minor/Major/Revision version info for /vendor/etc/acdbdata/Forte/Forte_Global_cal.acdb
11-10 23:01:50.499 19112 19112 D android.hardware.audio.service: [ACDB Command]->ACDB Sw Major = 10, ACDB Sw Minor = 0, ACDB Sw Revision = 17, ACDB Sw Cpl Number = 0
11-10 23:01:50.499 19112 19112 D android.hardware.audio.service: [ACDB Command]->ACDB File Major = 12, ACDB File Minor = 0, ACDB File Revision = 4, ACDB File Cpl Number = 0
11-10 23:01:50.499 19112 19112 D android.hardware.audio.service: [ACDB Command]->SW Minor/Major/Revision version info for /vendor/etc/acdbdata/Forte/Forte_workspaceFile.qwsp
11-10 23:01:50.499 19112 19112 D android.hardware.audio.service: [ACDB Command]->ACDB Sw Major = 10, ACDB Sw Minor = 0, ACDB Sw Revision = 17, ACDB Sw Cpl Number = 0
11-10 23:01:50.499 19112 19112 D android.hardware.audio.service: [ACDB Command]->ACDB File Major = 0, ACDB File Minor = 0, ACDB File Revision = 0
11-10 23:01:50.499 19112 19112 D android.hardware.audio.service: [ACDB Command]->SW Minor/Major/Revision version info for /vendor/etc/acdbdata/Forte/Forte_Headset_cal.acdb
11-10 23:01:50.499 19112 19112 D android.hardware.audio.service: [ACDB Command]->ACDB Sw Major = 10, ACDB Sw Minor = 0, ACDB Sw Revision = 17, ACDB Sw Cpl Number = 0
11-10 23:01:50.499 19112 19112 D android.hardware.audio.service: [ACDB Command]->ACDB File Major = 12, ACDB File Minor = 0, ACDB File Revision = 4, ACDB File Cpl Number = 0
11-10 23:01:50.499 19112 19112 D android.hardware.audio.service: [ACDB Command]->SW Minor/Major/Revision version info for /vendor/etc/acdbdata/Forte/Forte_Hdmi_cal.acdb
11-10 23:01:50.499 19112 19112 D android.hardware.audio.service: [ACDB Command]->ACDB Sw Major = 10, ACDB Sw Minor = 0, ACDB Sw Revision = 17, ACDB Sw Cpl Number = 0
11-10 23:01:50.499 19112 19112 D android.hardware.audio.service: [ACDB Command]->ACDB File Major = 12, ACDB File Minor = 0, ACDB File Revision = 4, ACDB File Cpl Number = 0
11-10 23:01:50.491 0 0 I chatty : uid=0(root) logd identical 4 lines
11-10 23:01:50.492 0 0 D cdc_dma_rx_sample_rate_get: cdc_dma_rx_sample_rate = 48000
11-10 23:01:50.498 0 0 D voice_get_session: session_id 0x10c01000 session handle 0000000000000000
11-10 23:01:50.498 0 0 D voc_get_cvd_version: Returning the cached value 2.4
11-10 23:01:50.500 19112 19112 D android.hardware.audio.service: [ACDB Command]->SW Minor/Major/Revision version info for /vendor/etc/acdbdata/Forte/Forte_Handset_cal.acdb
11-10 23:01:50.500 19112 19112 D android.hardware.audio.service: [ACDB Command]->ACDB Sw Major = 10, ACDB Sw Minor = 0, ACDB Sw Revision = 17, ACDB Sw Cpl Number = 0
11-10 23:01:50.500 19112 19112 D android.hardware.audio.service: [ACDB Command]->ACDB File Major = 12, ACDB File Minor = 0, ACDB File Revision = 4, ACDB File Cpl Number = 0
11-10 23:01:50.500 19112 19112 D android.hardware.audio.service: [ACDB Command]->SW Minor/Major/Revision version info for /vendor/etc/acdbdata/Forte/Forte_Speaker_cal.acdb
11-10 23:01:50.500 19112 19112 D android.hardware.audio.service: [ACDB Command]->ACDB Sw Major = 10, ACDB Sw Minor = 0, ACDB Sw Revision = 17, ACDB Sw Cpl Number = 0
11-10 23:01:50.500 19112 19112 D android.hardware.audio.service: [ACDB Command]->ACDB File Major = 12, ACDB File Minor = 0, ACDB File Revision = 4, ACDB File Cpl Number = 0
11-10 23:01:50.500 19112 19112 D android.hardware.audio.service: [ACDB Command]->SW Minor/Major/Revision version info for /vendor/etc/acdbdata/Forte/Forte_General_cal.acdb
11-10 23:01:50.500 19112 19112 D android.hardware.audio.service: [ACDB Command]->ACDB Sw Major = 10, ACDB Sw Minor = 0, ACDB Sw Revision = 17, ACDB Sw Cpl Number = 0
11-10 23:01:50.500 19112 19112 D android.hardware.audio.service: [ACDB Command]->ACDB File Major = 12, ACDB File Minor = 0, ACDB File Revision = 4, ACDB File Cpl Number = 0
11-10 23:01:50.500 19112 19112 D android.hardware.audio.service: [ACDB Command]->SW Minor/Major/Revision version info for /vendor/etc/acdbdata/Forte/Forte_Bluetooth_cal.acdb
11-10 23:01:50.500 19112 19112 D android.hardware.audio.service: [ACDB Command]->ACDB Sw Major = 10, ACDB Sw Minor = 0, ACDB Sw Revision = 17, ACDB Sw Cpl Number = 0
11-10 23:01:50.500 19112 19112 D android.hardware.audio.service: [ACDB Command]->ACDB File Major = 12, ACDB File Minor = 0, ACDB File Revision = 4, ACDB File Cpl Number = 0
11-10 23:01:50.500 19112 19112 D ACDB-LOADER: get_acdb_sw_major_version: ACDB SW Major version: 10
11-10 23:01:50.500 19112 19112 D ACDB-LOADER: get_instance_id_support: ACDB file instance ID support info:1
11-10 23:01:50.500 19112 19112 D ACDB-LOADER: acdb_loader_init_v4: snd_card_name:lahaina-shimaidp-snd-card, cvd_version:2.4, instance_id_supported:1
11-10 23:01:50.500 19112 19112 D ACDB-LOADER: ACDB -> ACPH INIT
11-10 23:01:50.500 19112 19112 D android.hardware.audio.service: [ACPH]->Online service registered with ACPH
11-10 23:01:50.501 19112 19112 E Diag_Lib: diag:successfully connected to socket 12
11-10 23:01:50.502 19112 19112 D android.hardware.audio.service: [ACPH]->ACPH init success
11-10 23:01:50.502 19112 19112 D ACDB-LOADER: ACDB -> RTAC INIT
11-10 23:01:50.502 19112 19112 D android.hardware.audio.service: [ACPH]->DSP RTC service registered with ACPH
11-10 23:01:50.502 19112 19112 D ACDB-LOADER: ACDB -> MCS, FTS INIT
11-10 23:01:50.502 19112 19112 D android.hardware.audio.service: [ACPH]->MCS RTC service registered with ACPH
11-10 23:01:50.502 19112 19112 D android.hardware.audio.service: [ACPH]->FTS RTC service registered with ACPH
11-10 23:01:50.502 19112 19112 D ACDB-LOADER: ACDB -> ADIE RTAC INIT
11-10 23:01:50.502 19112 19112 D android.hardware.audio.service: [ACPH]->ADIE RTC service registered with ACPH
11-10 23:01:50.502 19112 19112 D ACDB-LOADER: ACDB -> ACDB_CMD_GET_VOC_PROC_DYNAMIC_TABLE_SIZE
11-10 23:01:50.506 19112 19112 E ion : ioctl c0044901 failed with code -1: Inappropriate ioctl for device
