11-10 23:01:50.937 19191 19191 I SystemServerTiming: StartIpSecService
11-10 23:01:50.938 19191 19191 I SystemServerTiming: StartTextServicesManager
11-10 23:01:50.938 19191 19191 I SystemServiceManager: Starting com.android.server.textservices.TextServicesManagerService$Lifecycle
11-10 23:01:50.938 19191 19191 I SystemServerTiming: StartTextClassificationManagerService
11-10 23:01:50.938 19191 19191 I SystemServiceManager: Starting com.android.server.textclassifier.TextClassificationManagerService$Lifecycle
11-10 23:01:50.939 19191 19191 I SystemServerTiming: StartNetworkScoreService
11-10 23:01:50.939 19191 19191 I SystemServiceManager: Starting com.android.server.NetworkScoreService$Lifecycle
11-10 23:01:50.939 19191 19191 I NetworkScoreService: Registering network_score
11-10 23:01:50.939 19191 19191 I SystemServerTiming: StartNetworkStatsService
11-10 23:01:50.940 19191 19191 I SystemServerTiming: StartNetworkPolicyManagerService
11-10 23:01:50.941 19114 19114 I zygote : Thread[1,tid=19114,Native,Thread*=0xebb00010,peer=0x12d001e8,"main"] recursive attempt to load library "libmedia_jni.so"
11-10 23:01:50.941 19114 19114 I zygote : Thread[1,tid=19114,Native,Thread*=0xebb00010,peer=0x12d001e8,"main"] recursive attempt to load library "libmedia_jni.so"
11-10 23:01:50.941 19114 19114 D MtpDeviceJNI: register_android_mtp_MtpDevice
11-10 23:01:50.941 19114 19114 I zygote : Thread[1,tid=19114,Native,Thread*=0xebb00010,peer=0x12d001e8,"main"] recursive attempt to load library "libmedia_jni.so"
11-10 23:01:50.942 19191 19191 I SystemServerTiming: StartWifi
11-10 23:01:50.943 19191 19191 I SystemServiceManager: Starting com.android.server.wifi.WifiService
11-10 23:01:50.942 19114 19114 I zygote : Thread[1,tid=19114,Native,Thread*=0xebb00010,peer=0x12d001e8,"main"] recursive attempt to load library "libmedia_jni.so"
11-10 23:01:50.945 19191 19191 V NetworkScoreManager: registerNetworkScoreCallback: callback=com.android.server.wifi.WifiNetworkScoreCache@89ed2, executor=com.android.wifi.x.android.os.HandlerExecutor@c7bcba3
11-10 23:01:50.945 19114 19114 W Zygote : Class not found for preloading: android.media.MediaRouter$Static$Client$1
11-10 23:01:50.946 19114 19114 W Zygote : Class not found for preloading: android.media.MediaRouter$Static$Client$2
11-10 23:01:50.949 19114 19114 W Zygote : Class not found for preloading: android.media.audiopolicy.-$$Lambda$AudioPolicy$-ztOT0FT3tzGMUr4lm1gv6dBE4c
11-10 23:01:50.949 19114 19114 W Zygote : Class not found for preloading: android.media.session.-$$Lambda$MediaSessionManager$IEuWPZ528guBgmyKPMUWhBwnMCE
11-10 23:01:50.949 19114 19114 W Zygote : Class not found for preloading: android.net.-$$Lambda$FpGXkd3pLxeXY58eJ_84mi1PLWQ
11-10 23:01:50.949 19114 19114 W Zygote : Class not found for preloading: android.net.-$$Lambda$Network$KD6DxaMRJIcajhj36TU1K7lJnHQ
11-10 23:01:50.950 19114 19114 W Zygote : Class not found for preloading: android.net.-$$Lambda$NetworkScoreManager$NetworkScoreCallbackProxy$PGkg1UrNyisY0wAts4zoVuYRgkw
11-10 23:01:50.950 19114 19114 W Zygote : Class not found for preloading: android.net.-$$Lambda$NetworkScoreManager$NetworkScoreCallbackProxy$TEOhIiY2C9y8yDWwRR6zm_12TGY
11-10 23:01:50.950 19114 19114 W Zygote : Class not found for preloading: android.net.-$$Lambda$p1_56lwnt1xBuY1muPblbN1Dtkw
11-10 23:01:50.954 19114 19114 W Zygote : Class not found for preloading: android.net.shared.Inet4AddressUtils
11-10 23:01:50.954 19114 19114 W Zygote : Class not found for preloading: android.net.shared.InetAddressUtils
11-10 23:01:50.954 19114 19114 W Zygote : Class not found for preloading: android.net.util.-$$Lambda$MultinetworkPolicyTracker$8YMQ0fPTKk7Fw-_gJjln0JT-g8E
11-10 23:01:50.955 19114 19114 W Zygote : Class not found for preloading: android.os.-$$Lambda$Binder$aNRcHb8WfLrWjcSlV42Wu5psFwU
11-10 23:01:50.955 19114 19114 W Zygote : Class not found for preloading: android.os.-$$Lambda$Binder$sHSgT14Q7D-inZx204V4-ect-uA
11-10 23:01:50.955 19114 19114 W Zygote : Class not found for preloading: android.os.-$$Lambda$Build$WrC6eL7oW2Zm9UDTcXXKr0DnOMw
11-10 23:01:50.955 19114 19114 W Zygote : Class not found for preloading: android.os.-$$Lambda$FileUtils$0SBPRWOXcbR9EMG_p-55sUuxJ_0
11-10 23:01:50.955 19114 19114 W Zygote : Class not found for preloading: android.os.-$$Lambda$FileUtils$TJeD9NeX5giO-5vlBrurGI-g4IY
11-10 23:01:50.955 19114 19114 W Zygote : Class not found for preloading: android.os.-$$Lambda$HidlSupport$CwwfmHPEvZaybUxpLzKdwrpQRfA
11-10 23:01:50.955 19114 19114 W Zygote : Class not found for preloading: android.os.-$$Lambda$HidlSupport$GHxmwrIWiKN83tl6aMQt_nV5hiw
11-10 23:01:50.955 19114 19114 W Zygote : Class not found for preloading: android.os.-$$Lambda$IncidentManager$mfBTEJgu7VPkoPMTQdf1KC7oi5g
11-10 23:01:50.955 19114 19114 W Zygote : Class not found for preloading: android.os.-$$Lambda$IyvVQC-0mKtsfXbnO0kDL64hrk0
11-10 23:01:50.955 19114 19114 W Zygote : Class not found for preloading: android.os.-$$Lambda$PowerManager$WakeLock$VvFzmRZ4ZGlXx7u3lSAJ_T-YUjw
11-10 23:01:50.955 19114 19114 W Zygote : Class not found for preloading: android.os.-$$Lambda$StrictMode$1yH8AK0bTwVwZOb9x8HoiSBdzr0
11-10 23:01:50.955 19114 19114 W Zygote : Class not found for preloading: android.os.-$$Lambda$StrictMode$AndroidBlockGuardPolicy$9nBulCQKaMajrWr41SB7f7YRT1I
11-10 23:01:50.955 19114 19114 W Zygote : Class not found for preloading: android.os.-$$Lambda$StrictMode$AndroidBlockGuardPolicy$FxZGA9KtfTewqdcxlUwvIe5Nx9I
11-10 23:01:50.955 19114 19114 W Zygote : Class not found for preloading: android.os.-$$Lambda$StrictMode$UFC_nI1x6u8ZwMQmA7bmj9NHZz4
11-10 23:01:50.956 19114 19114 W Zygote : Class not found for preloading: android.os.-$$Lambda$StrictMode$lu9ekkHJ2HMz0jd3F8K8MnhenxQ
11-10 23:01:50.956 19114 19114 W Zygote : Class not found for preloading: android.os.-$$Lambda$StrictMode$yZJXPvy2veRNA-xL_SWdXzX_OLg
11-10 23:01:50.956 19114 19114 W Zygote : Class not found for preloading: android.os.-$$Lambda$ThreadLocalWorkSource$IP9vRFCDG5YwbWbXAEGHH52B9IE
11-10 23:01:50.956 19114 19114 W Zygote : Class not found for preloading: android.os.-$$Lambda$q1UvBdLgHRZVzc68BxdksTmbuCw
11-10 23:01:50.959 19114 19114 W Zygote : Class not found for preloading: android.os.storage.-$$Lambda$StorageManager$StorageEventListenerDelegate$GoEFKT1rhv7KuSkGeH69DO738lA
11-10 23:01:50.959 19114 19114 W Zygote : Class not found for preloading: android.os.storage.-$$Lambda$StorageManager$StorageEventListenerDelegate$pyZP4UQS232-tqmtk5lSCyZx9qU
11-10 23:01:50.959 19114 19114 W Zygote : Class not found for preloading: android.permission.-$$Lambda$PermissionControllerManager$2gyb4miANgsuR_Cn3HPTnP6sL54
11-10 23:01:50.959 19114 19114 W Zygote : Class not found for preloading: android.permission.-$$Lambda$PermissionControllerManager$Iy-7wiKMCV-MFSPGyIJxP_DSf8E
11-10 23:01:50.959 19114 19114 W Zygote : Class not found for preloading: android.permission.-$$Lambda$PermissionControllerManager$eHuRmDpRAUfA3qanHHMVMV_C0lI
11-10 23:01:50.959 19114 19114 W Zygote : Class not found for preloading: android.permission.-$$Lambda$PermissionControllerManager$vBYanTuMAWBbfOp_XdHzQXYNpXY
11-10 23:01:50.959 19114 19114 W Zygote : Class not found for preloading: android.permission.-$$Lambda$PermissionControllerManager$wPNqW0yZff7KXoWmrKVyzMgY2jc
11-10 23:01:50.959 19114 19114 W Zygote : Class not found for preloading: android.permission.-$$Lambda$ViMr_PAGHrCLBQPYNzqdYUNU5zI
11-10 23:01:50.960 19114 19114 W Zygote : Class not found for preloading: android.provider.-$$Lambda$DeviceConfig$6U9gBH6h5Oab2DB_e83az4n_WEo
11-10 23:01:50.960 19114 19114 W Zygote : Class not found for preloading: android.provider.-$$Lambda$FontsContract$3FDNQd-WsglsyDhif-aHVbzkfrA
11-10 23:01:50.960 19114 19114 W Zygote : Class not found for preloading: android.provider.-$$Lambda$FontsContract$rqfIZKvP1frnI9vP1hVA8jQN_RE
11-10 23:01:50.960 19114 19114 W Zygote : Class not found for preloading: android.provider.-$$Lambda$Settings$NameValueCache$cLX_nUBDGp9SYpFxrABk-2ceeMI
11-10 23:01:50.960 19114 19114 W Zygote : Class not found for preloading: android.provider.-$$Lambda$Settings$NameValueCache$qSyMM6rUAHCa-5rsP-atfAqR3sA
11-10 23:01:50.963 19114 19114 W Zygote : Class not found for preloading: android.service.dreams.-$$Lambda$DreamService$DreamServiceWrapper$2R9T6zqLOUvx4z5eu1pSMWsejpU
11-10 23:01:50.963 19114 19114 W Zygote : Class not found for preloading: android.service.dreams.-$$Lambda$DreamService$DreamServiceWrapper$fKPQo1GZX03b5-nMg-IFcuuxhKs
11-10 23:01:50.963 19114 19114 W Zygote : Class not found for preloading: android.service.dreams.-$$Lambda$DreamService$DreamServiceWrapper$mm-Rh3xCTudFT-WRyQZatcwXBss
11-10 23:01:50.963 19114 19114 W Zygote : Class not found for preloading: android.service.dreams.-$$Lambda$DreamService$uqzqbrpptkCH_tc1jkx48W1A6vM
11-10 23:01:50.964 19114 19114 W Zygote : Class not found for preloading: android.service.wallpaper.-$$Lambda$87Do-TfJA3qVM7QF6F_6BpQlQTA
11-10 23:01:50.964 19114 19114 W Zygote : Class not found for preloading: android.service.wallpaper.-$$Lambda$vsWBQpiXExY07tlrSzTqh4pNQAQ
11-10 23:01:50.969 19114 19114 W Zygote : Class not found for preloading: android.sysprop.-$$Lambda$TelephonyProperties$0Zy6hglFVc-K9jiJWmuHmilIMkY
11-10 23:01:50.969 19114 19114 W Zygote : Class not found for preloading: android.sysprop.-$$Lambda$TelephonyProperties$2V_2ZQoGHfOIfKo_A8Ss547oL-c
11-10 23:01:50.969 19114 19114 W Zygote : Class not found for preloading: android.sysprop.-$$Lambda$TelephonyProperties$BfPaTA0e9gauJmR4vGNCDkGZ3uc
11-10 23:01:50.969 19114 19114 W Zygote : Class not found for preloading: android.sysprop.-$$Lambda$TelephonyProperties$EV4LSOwY7Dsh1rJalZDLmnGJw5I
11-10 23:01:50.969 19114 19114 W Zygote : Class not found for preloading: android.sysprop.-$$Lambda$TelephonyProperties$H4jN0VIBNpZQBeWYt6qS3DCe_M8
11-10 23:01:50.969 19114 19114 W Zygote : Class not found for preloading: android.sysprop.-$$Lambda$TelephonyProperties$JNTRmlscGaFlYo_3krOr_WWd2QI
11-10 23:01:50.969 19114 19114 W Zygote : Class not found for preloading: android.sysprop.-$$Lambda$TelephonyProperties$UKEfAuJVPm5cKR_UnPj1L66mN34
11-10 23:01:50.969 19114 19114 W Zygote : Class not found for preloading: android.sysprop.-$$Lambda$TelephonyProperties$VtSZ_Uto4bMa49ncgAfdWewMFOU
11-10 23:01:50.969 19114 19114 W Zygote : Class not found for preloading: android.sysprop.-$$Lambda$TelephonyProperties$dc-CgjsF3BtDxLSSKL5bQ9ullG0
11-10 23:01:50.969 19114 19114 W Zygote : Class not found for preloading: android.sysprop.-$$Lambda$TelephonyProperties$fdR0mRnJd3OymvjDc_MI1AHnMwc
11-10 23:01:50.969 19114 19114 W Zygote : Class not found for preloading: android.sysprop.-$$Lambda$TelephonyProperties$iJa3afMQmWbO1DX4jS9zkcOKZlY
11-10 23:01:50.969 19114 19114 W Zygote : Class not found for preloading: android.sysprop.-$$Lambda$TelephonyProperties$kCQNtMqtfi6MMlFLqtIufNXwOS8
11-10 23:01:50.969 19114 19114 W Zygote : Class not found for preloading: android.sysprop.-$$Lambda$TelephonyProperties$kemQbl44ndTqXdQVvnYppJuQboQ
11-10 23:01:50.969 19114 19114 W Zygote : Class not found for preloading: android.sysprop.-$$Lambda$TelephonyProperties$rKoNB08X7R8OCPq-VDCWDOm3lDM
11-10 23:01:50.969 19114 19114 W Zygote : Class not found for preloading: android.sysprop.-$$Lambda$TelephonyProperties$yK9cdPdkKXdcfM9Ey52BIE31a5M
11-10 23:01:50.970 19114 19114 W Zygote : Class not found for preloading: android.telecom.-$$Lambda$cyYWqCYT05eM23eLVm4oQ5DrYjw
11-10 23:01:50.970 19114 19114 W Zygote : Class not found for preloading: android.telecom.-$$Lambda$qa4s1Fm2YuohEunaJUJcmJXDXG0
11-10 23:01:50.970 19114 19114 W Zygote : Class not found for preloading: android.telecom.Logging.-$$Lambda$L5F_SL2jOCUETYvgdB36aGwY50E
11-10 23:01:50.970 19114 19114 W Zygote : Class not found for preloading: android.telecom.Logging.-$$Lambda$SessionManager$VyH2gT1EjIvzDy_C9JfTT60CISM
11-10 23:01:50.970 19114 19114 W Zygote : Class not found for preloading: android.telecom.Logging.-$$Lambda$SessionManager$hhtZwTEbvO-fLNlAvB6Do9_2gW4
11-10 23:01:50.971 19114 19114 W Zygote : Class not found for preloading: android.telephony.-$$Lambda$DataFailCause$djkZSxdG-s-w2L5rQKiGu6OudyY
11-10 23:01:50.971 19114 19114 W Zygote : Class not found for preloading: android.telephony.-$$Lambda$MLKtmRGKP3e0WU7x_KyS5-Vg8q4
11-10 23:01:50.971 19114 19114 W Zygote : Class not found for preloading: android.telephony.-$$Lambda$NetworkRegistrationInfo$1JuZmO5PoYGZY8bHhZYwvmqwOB0
11-10 23:01:50.971 19114 19114 W Zygote : Class not found for preloading: android.telephony.-$$Lambda$PhoneStateListener$IPhoneStateListenerStub$1M3m0i6211i2YjWyTDT7l0bJm3I
11-10 23:01:50.971 19114 19114 W Zygote : Class not found for preloading: android.telephony.-$$Lambda$PhoneStateListener$IPhoneStateListenerStub$2XBMUIj05jt4Xm08XAsE57q5gCc
11-10 23:01:50.971 19114 19114 W Zygote : Class not found for preloading: android.telephony.-$$Lambda$PhoneStateListener$IPhoneStateListenerStub$2cMrwdqnKBpixpApeIX38rmRLak
11-10 23:01:50.971 19114 19114 W Zygote : Class not found for preloading: android.telephony.-$$Lambda$PhoneStateListener$IPhoneStateListenerStub$4NHt5Shg_DHV-T1IxfcQLHP5-j0
11-10 23:01:50.971 19114 19114 W Zygote : Class not found for preloading: android.telephony.-$$Lambda$PhoneStateListener$IPhoneStateListenerStub$5J-sdvem6pUpdVwRdm8IbDhvuv8
11-10 23:01:50.971 19114 19114 W Zygote : Class not found for preloading: android.telephony.-$$Lambda$PhoneStateListener$IPhoneStateListenerStub$5Uf5OZWCyPD0lZtySzbYw18FWhU
11-10 23:01:50.971 19114 19114 W Zygote : Class not found for preloading: android.telephony.-$$Lambda$PhoneStateListener$IPhoneStateListenerStub$5rF2IFj8mrb7uZc0HMKiuCodUn0
11-10 23:01:50.971 19114 19114 W Zygote : Class not found for preloading: android.telephony.-$$Lambda$PhoneStateListener$IPhoneStateListenerStub$5uu-05j4ojTh9mEHkN-ynQqQRGM
11-10 23:01:50.971 19114 19114 W Zygote : Class not found for preloading: android.telephony.-$$Lambda$PhoneStateListener$IPhoneStateListenerStub$6czWSGzxct0CXPVO54T0aq05qls
11-10 23:01:50.971 19114 19114 W Zygote : Class not found for preloading: android.telephony.-$$Lambda$PhoneStateListener$IPhoneStateListenerStub$FBJGFGXoSvidKfm50cEzC3i9rVk
11-10 23:01:50.971 19114 19114 W Zygote : Class not found for preloading: android.telephony.-$$Lambda$PhoneStateListener$IPhoneStateListenerStub$GJ2YJ4ARy5-u2bWutnqrYMAsLYA
11-10 23:01:50.971 19114 19114 W Zygote : Class not found for preloading: android.telephony.-$$Lambda$PhoneStateListener$IPhoneStateListenerStub$HEcWn-J1WRb0wLERu2qoMIZDfjY
11-10 23:01:50.971 19114 19114 W Zygote : Class not found for preloading: android.telephony.-$$Lambda$PhoneStateListener$IPhoneStateListenerStub$Hbn6-eZxY2p3rjOfStodI04A8E8
11-10 23:01:50.971 19114 19114 W Zygote : Class not found for preloading: android.telephony.-$$Lambda$PhoneStateListener$IPhoneStateListenerStub$IU278K5QbmReF-mbpcNVAvVlhFI
11-10 23:01:50.972 19114 19114 W Zygote : Class not found for preloading: android.telephony.-$$Lambda$PhoneStateListener$IPhoneStateListenerStub$M39is_Zyt8D7Camw2NS4EGTDn-s
11-10 23:01:50.972 19114 19114 W Zygote : Class not found for preloading: android.telephony.-$$Lambda$PhoneStateListener$IPhoneStateListenerStub$NjMtWvO8dQakD688KRREWiYI4JI
11-10 23:01:50.972 19114 19114 W Zygote : Class not found for preloading: android.telephony.-$$Lambda$PhoneStateListener$IPhoneStateListenerStub$OfwFKKtcQHRmtv70FCopw6FDAAU
11-10 23:01:50.972 19114 19114 W Zygote : Class not found for preloading: android.telephony.-$$Lambda$PhoneStateListener$IPhoneStateListenerStub$Q2A8FgYlU8_D6PD78tThGut_rTc
11-10 23:01:50.972 19114 19114 W Zygote : Class not found for preloading: android.telephony.-$$Lambda$PhoneStateListener$IPhoneStateListenerStub$RC2x2ijetA-pQrLa4QakzMBjh_k
11-10 23:01:50.972 19114 19114 W Zygote : Class not found for preloading: android.telephony.-$$Lambda$PhoneStateListener$IPhoneStateListenerStub$SLDsZb_RTXJpIvKJwCENgXrSXcU
11-10 23:01:50.972 19114 19114 W Zygote : Class not found for preloading: android.telephony.-$$Lambda$PhoneStateListener$IPhoneStateListenerStub$TqrkuLPlaG_ucU7VbLS4tnf8hG8
11-10 23:01:50.972 19114 19114 W Zygote : Class not found for preloading: android.telephony.-$$Lambda$PhoneStateListener$IPhoneStateListenerStub$VCD7izkh9A_sRz9zMUPYy-TktLo
11-10 23:01:50.972 19114 19114 W Zygote : Class not found for preloading: android.telephony.-$$Lambda$PhoneStateListener$IPhoneStateListenerStub$W65ui1dCCc-JnQa7gon1I7Bz7Sk
11-10 23:01:50.972 19114 19114 W Zygote : Class not found for preloading: android.telephony.-$$Lambda$PhoneStateListener$IPhoneStateListenerStub$WYWtWHdkZDxBd9anjoxyZozPWHc
11-10 23:01:50.972 19114 19114 W Zygote : Class not found for preloading: android.telephony.-$$Lambda$PhoneStateListener$IPhoneStateListenerStub$bELzxgwsPigyVKYkAXBO2BjcSm8
11-10 23:01:50.972 19114 19114 W Zygote : Class not found for preloading: android.telephony.-$$Lambda$PhoneStateListener$IPhoneStateListenerStub$hxq77a5O_MUfoptHg15ipzFvMkI
11-10 23:01:50.972 19114 19114 W Zygote : Class not found for preloading: android.telephony.-$$Lambda$PhoneStateListener$IPhoneStateListenerStub$icX71zgNszuMfnDaCmahcqWacFM
11-10 23:01:50.972 19114 19114 W Zygote : Class not found for preloading: android.telephony.-$$Lambda$PhoneStateListener$IPhoneStateListenerStub$j6NpsS_PE3VHutxIDEmwFHop7Yc
11-10 23:01:50.972 19114 19114 W Zygote : Class not found for preloading: android.telephony.-$$Lambda$PhoneStateListener$IPhoneStateListenerStub$l57DgyMDrONq3sajd_dBE967ClU
11-10 23:01:50.972 19114 19114 W Zygote : Class not found for preloading: android.telephony.-$$Lambda$PhoneStateListener$IPhoneStateListenerStub$lP7_Xy6P82nXGbUQ_ZUY6rZR4bI
11-10 23:01:50.972 19114 19114 W Zygote : Class not found for preloading: android.telephony.-$$Lambda$PhoneStateListener$IPhoneStateListenerStub$nR7W5ox6SCgPxtH9IRcENwKeFI4
11-10 23:01:50.972 19114 19114 W Zygote : Class not found for preloading: android.telephony.-$$Lambda$PhoneStateListener$IPhoneStateListenerStub$nrGqSRBJrc3_EwotCDNwfKeizIo
11-10 23:01:50.972 19114 19114 W Zygote : Class not found for preloading: android.telephony.-$$Lambda$PhoneStateListener$IPhoneStateListenerStub$oDAZqs8paeefe_3k_uRKV5plQW4
11-10 23:01:50.972 19114 19114 W Zygote : Class not found for preloading: android.telephony.-$$Lambda$PhoneStateListener$IPhoneStateListenerStub$okPCYOx4UxYuvUHlM2iS425QGIg
11-10 23:01:50.972 19114 19114 W Zygote : Class not found for preloading: android.telephony.-$$Lambda$PhoneStateListener$IPhoneStateListenerStub$pLr-IfJJu1u_YG6I5LI0iHTuBi0
11-10 23:01:50.972 19114 19114 W Zygote : Class not found for preloading: android.telephony.-$$Lambda$PhoneStateListener$IPhoneStateListenerStub$t2gWJ_jA36kAdNXSmlzw85aU-tM
11-10 23:01:50.972 19114 19114 W Zygote : Class not found for preloading: android.telephony.-$$Lambda$PhoneStateListener$IPhoneStateListenerStub$uC5syhzl229gIpaK7Jfs__OCJxQ
11-10 23:01:50.972 19114 19114 W Zygote : Class not found for preloading: android.telephony.-$$Lambda$PhoneStateListener$IPhoneStateListenerStub$y-tK7my_uXPo_oQ7AytfnekGEbU
11-10 23:01:50.972 19114 19114 W Zygote : Class not found for preloading: android.telephony.-$$Lambda$PhoneStateListener$IPhoneStateListenerStub$ygzOWFRiY4sZQ4WYUPIefqgiGvM
11-10 23:01:50.972 19114 19114 W Zygote : Class not found for preloading: android.telephony.-$$Lambda$PhoneStateListener$IPhoneStateListenerStub$yvQnAlFGg5EWDG2vcA9X-4xnalA
11-10 23:01:50.972 19114 19114 W Zygote : Class not found for preloading: android.telephony.-$$Lambda$TelephonyFrameworkInitializer$3Kis6wL1IbLustWe9A2o4-2YpGo
11-10 23:01:50.972 19114 19114 W Zygote : Class not found for preloading: android.telephony.-$$Lambda$TelephonyFrameworkInitializer$MLDtRnX1dj1RKFdjgIsOvcQxhA0
11-10 23:01:50.972 19114 19114 W Zygote : Class not found for preloading: android.telephony.-$$Lambda$TelephonyFrameworkInitializer$b_92_3ZijRrdEa9yLyFA5xu19OM
11-10 23:01:50.972 19114 19114 W Zygote : Class not found for preloading: android.telephony.-$$Lambda$TelephonyFrameworkInitializer$mpe0Kh92VEQmEtmo60oqykdvnBE
11-10 23:01:50.972 19114 19114 W Zygote : Class not found for preloading: android.telephony.-$$Lambda$TelephonyFrameworkInitializer$o3geRfUaRT9tnqKKZbu1EbUxw4Q
11-10 23:01:50.972 19114 19114 W Zygote : Class not found for preloading: android.telephony.-$$Lambda$TelephonyFrameworkInitializer$sQClc4rjc9ydh0nXpY79gr33av4
11-10 23:01:50.972 19114 19114 W Zygote : Class not found for preloading: android.telephony.-$$Lambda$TelephonyManager$1$scMPky6lOZrCjFC3d4STbtLfpHE
11-10 23:01:50.972 19114 19114 W Zygote : Class not found for preloading: android.telephony.-$$Lambda$TelephonyManager$2$l6Pazxfi7QghMr2Z0MpduhNe6yc
11-10 23:01:50.972 19114 19114 W Zygote : Class not found for preloading: android.telephony.-$$Lambda$TelephonyRegistryManager$1$cLzLZB4oGnI-HG_-4MhxcXoHys8
11-10 23:01:50.973 19114 19114 W Zygote : Class not found for preloading: android.telephony.ims.-$$Lambda$ImsMmTelManager$CapabilityCallback$CapabilityBinder$4YNlUy9HsD02E7Sbv2VeVtbao08
11-10 23:01:50.974 19114 19114 W Zygote : Class not found for preloading: android.telephony.ims.-$$Lambda$ProvisioningManager$Callback$CallbackBinder$R_8jXQuOM7aV7dIwYBzcWwV-YpM
11-10 23:01:50.974 19114 19114 W Zygote : Class not found for preloading: android.telephony.ims.-$$Lambda$RegistrationManager$RegistrationCallback$RegistrationBinder$APeqso3VzZZ0eUf5slP1k5xoCME
11-10 23:01:50.974 19114 19114 W Zygote : Class not found for preloading: android.telephony.ims.-$$Lambda$RegistrationManager$RegistrationCallback$RegistrationBinder$DX_-dWIBwwX2oqDoRnq49RndG7s
11-10 23:01:50.974 19114 19114 W Zygote : Class not found for preloading: android.telephony.ims.-$$Lambda$RegistrationManager$RegistrationCallback$RegistrationBinder$uTxkp6C02qJxic1W_dkZRCQ6aRw
11-10 23:01:50.974 19114 19114 W Zygote : Class not found for preloading: android.telephony.ims.feature.-$$Lambda$ImsFeature$9bLETU1BeS-dFzQnbBBs3kwaz-8
11-10 23:01:50.974 19114 19114 W Zygote : Class not found for preloading: android.telephony.ims.feature.-$$Lambda$ImsFeature$rPSMsRhoup9jfT6nt1MV2qhomrM
11-10 23:01:50.974 19114 19114 W Zygote : Class not found for preloading: android.telephony.ims.stub.-$$Lambda$ImsConfigImplBase$yL4863k-FoQyqg_FX2mWsLMqbyA
11-10 23:01:50.974 19114 19114 W Zygote : Class not found for preloading: android.telephony.ims.stub.-$$Lambda$ImsRegistrationImplBase$cWwTXSDsk-bWPbsDJYI--DUBMnE
11-10 23:01:50.974 19114 19114 W Zygote : Class not found for preloading: android.telephony.ims.stub.-$$Lambda$ImsRegistrationImplBase$s7PspXVbCf1Q_WSzodP2glP9TjI
11-10 23:01:50.974 19114 19114 W Zygote : Class not found for preloading: android.telephony.ims.stub.-$$Lambda$ImsRegistrationImplBase$sbjuTvW-brOSWMR74UInSZEIQB0
11-10 23:01:50.974 19114 19114 W Zygote : Class not found for preloading: android.telephony.ims.stub.-$$Lambda$ImsRegistrationImplBase$wwtkoeOtGwMjG5I0-ZTfjNpGU-s
11-10 23:01:50.974 19114 19114 W Zygote : Class not found for preloading: android.text.-$$Lambda$Layout$MzjK2UE2G8VG0asK8_KWY3gHAmY
11-10 23:01:50.975 19114 19114 W Zygote : Class not found for preloading: android.text.util.-$$Lambda$Linkify$7J_-cMhIF2bcttjkxA2jDFP8sKw
11-10 23:01:50.979 19114 19114 W Zygote : Class not found for preloading: android.view.-$$Lambda$9vBfnQOmNnsc9WU80IIatZHQGKc
11-10 23:01:50.979 19114 19114 W Zygote : Class not found for preloading: android.view.-$$Lambda$CompositionSamplingListener$hrbPutjnKRv7VkkiY9eg32N6QA8
11-10 23:01:50.979 19114 19114 W Zygote : Class not found for preloading: android.view.-$$Lambda$FocusFinder$FocusSorter$h0f2ZYL6peSaaEeCCkAoYs_YZvU
11-10 23:01:50.979 19114 19114 W Zygote : Class not found for preloading: android.view.-$$Lambda$FocusFinder$FocusSorter$kW7K1t9q7Y62V38r-7g6xRzqqq8
11-10 23:01:50.979 19114 19114 W Zygote : Class not found for preloading: android.view.-$$Lambda$FocusFinder$P8rLvOJhymJH5ALAgUjGaM5gxKA
11-10 23:01:50.979 19114 19114 W Zygote : Class not found for preloading: android.view.-$$Lambda$FocusFinder$Pgx6IETuqCkrhJYdiBes48tolG4
11-10 23:01:50.979 19114 19114 W Zygote : Class not found for preloading: android.view.-$$Lambda$InsetsController$6uoSHBPvxV1C0JOZKhH1AyuNXmo
11-10 23:01:50.979 19114 19114 W Zygote : Class not found for preloading: android.view.-$$Lambda$InsetsController$Cj7UJrCkdHvJAZ_cYKrXuTMsjz8
11-10 23:01:50.979 19114 19114 W Zygote : Class not found for preloading: android.view.-$$Lambda$InsetsController$InternalAnimationControlListener$SInf91MjJKDQFXwrp7C-HBi0xaQ
11-10 23:01:50.979 19114 19114 W Zygote : Class not found for preloading: android.view.-$$Lambda$InsetsController$RZT3QkL9zMFTeHtZbfcaHIzvlsc
11-10 23:01:50.980 19114 19114 W Zygote : Class not found for preloading: android.view.-$$Lambda$InsetsController$zpmOxHfTFV_3me2u3C8YaXSUauQ
11-10 23:01:50.980 19114 19114 W Zygote : Class not found for preloading: android.view.-$$Lambda$PYGleuqIeCxjTD1pJqqx1opFv1g
11-10 23:01:50.980 19114 19114 W Zygote : Class not found for preloading: android.view.-$$Lambda$QI1s392qW8l6mC24bcy9050SkuY
11-10 23:01:50.980 19114 19114 W Zygote : Class not found for preloading: android.view.-$$Lambda$Rl1VZmNJ0VZDLK0BAbaVGis0rrA
11-10 23:01:50.980 19114 19114 W Zygote : Class not found for preloading: android.view.-$$Lambda$SurfaceView$SyyzxOgxKwZMRgiiTGcRYbOU5JY
11-10 23:01:50.980 19114 19114 W Zygote : Class not found for preloading: android.view.-$$Lambda$SurfaceView$TWz4D2u33ZlAmRtgKzbqqDue3iM
11-10 23:01:50.980 19114 19114 W Zygote : Class not found for preloading: android.view.-$$Lambda$SurfaceView$w68OV7dB_zKVNsA-r0IrAUtyWas
11-10 23:01:50.980 19114 19114 W Zygote : Class not found for preloading: android.view.-$$Lambda$TextureView$WAq1rgfoZeDSt6cBQga7iQDymYk
11-10 23:01:50.980 19114 19114 W Zygote : Class not found for preloading: android.view.-$$Lambda$ThreadedRenderer$ydBD-R1iP5u-97XYakm-jKvC1b4
11-10 23:01:50.980 19114 19114 W Zygote : Class not found for preloading: android.view.-$$Lambda$View$bhR1vB5ZYp3dv-Kth4jtLSS0KEs
11-10 23:01:50.980 19114 19114 W Zygote : Class not found for preloading: android.view.-$$Lambda$View$llq76MkPXP4bNcb9oJt_msw0fnQ
11-10 23:01:50.980 19114 19114 W Zygote : Class not found for preloading: android.view.-$$Lambda$ViewGroup$ViewLocationHolder$AjKvqdj7SGGIzA5qrlZUuu71jl8
11-10 23:01:50.980 19114 19114 W Zygote : Class not found for preloading: android.view.-$$Lambda$ViewGroup$ViewLocationHolder$QbO7cM0ULKe25a7bfXG3VH6DB0c
11-10 23:01:50.980 19114 19114 W Zygote : Class not found for preloading: android.view.-$$Lambda$ViewRootImpl$DJd0VUYJgsebcnSohO6h8zc_ONI
11-10 23:01:50.980 19114 19114 W Zygote : Class not found for preloading: android.view.-$$Lambda$ViewRootImpl$IReiNMSbDakZSGbIZuL_ifaFWn8
11-10 23:01:50.980 19114 19114 W Zygote : Class not found for preloading: android.view.-$$Lambda$ViewRootImpl$dznxCZGM2R1fsBljsJKomLjBRoM
11-10 23:01:50.980 19114 19114 W Zygote : Class not found for preloading: android.view.-$$Lambda$ViewRootImpl$vBfxngTfPtkwcFoa96FB0CWn5ZI
11-10 23:01:50.980 19114 19114 W Zygote : Class not found for preloading: android.view.-$$Lambda$WindowManagerGlobal$2bR3FsEm4EdRwuXfttH0wA2xOW4
11-10 23:01:50.980 19114 19114 W Zygote : Class not found for preloading: android.view.-$$Lambda$WlJa6OPA72p3gYtA3nVKC7Z1tGY
11-10 23:01:50.980 19114 19114 W Zygote : Class not found for preloading: android.view.-$$Lambda$Y3lG3v_J32-xL0IjMGgNorZjESw
11-10 23:01:50.980 19114 19114 W Zygote : Class not found for preloading: android.view.-$$Lambda$cZhmLzK8aetUdx4VlP9w5jR7En0
11-10 23:01:50.980 19114 19114 W Zygote : Class not found for preloading: android.view.-$$Lambda$dj1hfDQd0iEp_uBDBPEUMMYJJwk
11-10 23:01:50.983 19191 19191 D WifiCountryCode: mDefaultCountryCode null
11-10 23:01:50.984 19114 19114 W Zygote : Class not found for preloading: android.view.accessibility.-$$Lambda$AccessibilityManager$1$o7fCplskH9NlBwJvkl6NoZ0L_BA
11-10 23:01:50.984 19191 19191 I WifiContext: Found Wifi Resources APK at: com.android.wifi.resources
11-10 23:01:50.984 19114 19114 W Zygote : Class not found for preloading: android.view.accessibility.-$$Lambda$AccessibilityManager$yzw5NYY7_MfAQ9gLy3mVllchaXo
11-10 23:01:50.985 19114 19114 W Zygote : Class not found for preloading: android.view.autofill.-$$Lambda$AutofillManager$AutofillManagerClient$qH36EJk2Hkdja9ZZmTxqYPyr0YA
11-10 23:01:50.985 19114 19114 W Zygote : Class not found for preloading: android.view.autofill.-$$Lambda$AutofillManager$AutofillManagerClient$vxNm6RuuD-r5pkiSxNSBBd1w_Qc
11-10 23:01:50.985 19114 19114 W Zygote : Class not found for preloading: android.view.autofill.-$$Lambda$AutofillManager$V76JiQu509LCUz3-ckpb-nB3JhA
11-10 23:01:50.985 19114 19114 W Zygote : Class not found for preloading: android.view.autofill.-$$Lambda$AutofillManager$YfpJNFodEuj5lbXfPlc77fsEvC8
11-10 23:01:50.985 19114 19114 W Zygote : Class not found for preloading: android.view.contentcapture.-$$Lambda$MainContentCaptureSession$1$JPRO-nNGZpgXrKr4QC_iQiTbQx0
11-10 23:01:50.985 19114 19114 W Zygote : Class not found for preloading: android.view.contentcapture.-$$Lambda$MainContentCaptureSession$1$Xhq3WJibbalS1G_W3PRC2m7muhM
11-10 23:01:50.985 19114 19114 W Zygote : Class not found for preloading: android.view.contentcapture.-$$Lambda$MainContentCaptureSession$49zT7C2BXrEdkyggyGk1Qs4d46k
11-10 23:01:50.985 19114 19114 W Zygote : Class not found for preloading: android.view.contentcapture.-$$Lambda$MainContentCaptureSession$HTmdDf687TPcaTnLyPp3wo0gI60
11-10 23:01:50.985 19114 19114 W Zygote : Class not found for preloading: android.view.contentcapture.-$$Lambda$MainContentCaptureSession$UWslDbWedtPhv49PtRsvG4TlYWw
11-10 23:01:50.985 19114 19114 W Zygote : Class not found for preloading: android.view.contentcapture.MainContentCaptureSession$1
11-10 23:01:50.985 19114 19114 W Zygote : Class not found for preloading: android.view.inputmethod.-$$Lambda$InputMethodManager$DelegateImpl$r2X8PLo_YIORJTYJGDfinf_IvK4
11-10 23:01:50.985 19114 19114 W Zygote : Class not found for preloading: android.view.inputmethod.-$$Lambda$InputMethodManager$dfnCauFoZCf-HfXs1QavrkwWDf0
11-10 23:01:50.985 19114 19114 W Zygote : Class not found for preloading: android.view.inputmethod.-$$Lambda$InputMethodManager$iDWn3IGSUFqIcs8Py42UhfrshxI
11-10 23:01:50.986 19114 19114 W Zygote : Class not found for preloading: android.view.textclassifier.-$$Lambda$EntityConfidence$YPh8hwgSYYK8OyQ1kFlQngc71Q0
11-10 23:01:50.986 19114 19114 W Zygote : Class not found for preloading: android.view.textclassifier.-$$Lambda$TextClassification$ysasaE5ZkXkkzjVWIJ06GTV92-g
11-10 23:01:50.986 19114 19114 W Zygote : Class not found for preloading: android.view.textclassifier.-$$Lambda$TextClassificationManager$JIaezIJbMig_-kVzN6oArzkTsJE
11-10 23:01:50.988 19114 19114 W Zygote : Class not found for preloading: android.widget.-$$Lambda$DZXn7FbDDFyBvNjI-iG9_hfa7kw
11-10 23:01:50.988 19114 19114 W Zygote : Class not found for preloading: android.widget.-$$Lambda$DateTimeView$ReceiverInfo$AVLnX7U5lTcE9jLnlKKNAT1GUeI
11-10 23:01:50.988 19114 19114 W Zygote : Class not found for preloading: android.widget.-$$Lambda$Editor$MagnifierMotionAnimator$E-RaelOMgCHAzvKgSSZE-hDYeIg
11-10 23:01:50.988 19114 19114 W Zygote : Class not found for preloading: android.widget.-$$Lambda$IfzAW5fP9thoftErKAjo9SLZufw
11-10 23:01:50.988 19114 19114 W Zygote : Class not found for preloading: android.widget.-$$Lambda$PopupWindow$8Gc2stI5cSJZbuKX7X4Qr_vU2nI
11-10 23:01:50.988 19114 19114 W Zygote : Class not found for preloading: android.widget.-$$Lambda$PopupWindow$PopupDecorView$T99WKEnQefOCXbbKvW95WY38p_I
11-10 23:01:50.988 19114 19114 W Zygote : Class not found for preloading: android.widget.-$$Lambda$PopupWindow$nV1HS3Nc6Ck5JRIbIHe3mkyHWzc
11-10 23:01:50.988 19114 19114 W Zygote : Class not found for preloading: android.widget.-$$Lambda$RemoteViews$FAOkoZgPKPkiYdtkDxAhkeoykww
11-10 23:01:50.988 19114 19114 W Zygote : Class not found for preloading: android.widget.-$$Lambda$RemoteViews$Ld8XNSMwygf42608Zln-rjTyHy0
11-10 23:01:50.988 19114 19114 W Zygote : Class not found for preloading: android.widget.-$$Lambda$RemoteViews$SetOnClickResponse$9rKnU2QqCzJhBC39ZrKYXob0-MA
11-10 23:01:50.988 19114 19114 W Zygote : Class not found for preloading: android.widget.-$$Lambda$SmartSelectSprite$c8eqlh2kO_X0luLU2BexwK921WA
11-10 23:01:50.988 19114 19114 W Zygote : Class not found for preloading: android.widget.-$$Lambda$SmartSelectSprite$mdkXIT1_UNlJQMaziE_E815aIKE
11-10 23:01:50.993 19114 19114 W Zygote : Class not found for preloading: com.android.ims.-$$Lambda$ImsManager$CwzXIbVJZNvgdV2t7LH2gUKL7AA
11-10 23:01:50.993 19114 19114 W Zygote : Class not found for preloading: com.android.ims.-$$Lambda$ImsManager$D1JuJ3ba2jMHWDKlSpm03meBR1c
11-10 23:01:50.993 19114 19114 W Zygote : Class not found for preloading: com.android.ims.-$$Lambda$ImsManager$LiW49wt0wLMYHjgtAwL8NLIATfs
11-10 23:01:50.993 19114 19114 W Zygote : Class not found for preloading: com.android.ims.-$$Lambda$ImsManager$YhRaDrc3t9_7beNiU5gQcqZilOw
11-10 23:01:50.993 19114 19114 W Zygote : Class not found for preloading: com.android.ims.-$$Lambda$szO0o3matefQqo-6NB-dzsr9eCw
11-10 23:01:50.993 19114 19114 W Zygote : Class not found for preloading: com.android.internal.app.procstats.-$$Lambda$AssociationState$kgfxYpOOyQWCFPwGaRqRz0N4-zg
11-10 23:01:50.993 19114 19114 W Zygote : Class not found for preloading: com.android.internal.app.procstats.-$$Lambda$ProcessStats$6CxEiT4FvK_P75G9LzEfE1zL88Q
11-10 23:01:50.994 19114 19114 W Zygote : Class not found for preloading: com.android.internal.colorextraction.drawable.-$$Lambda$ScrimDrawable$UWtyAZ9Ss5P5TukFNvAyvh0pNf0
11-10 23:01:50.994 19114 19114 W Zygote : Class not found for preloading: com.android.internal.content.om.-$$Lambda$8ZY6dnO1FkDIliprAt8K651mwFE
11-10 23:01:50.994 19114 19114 W Zygote : Class not found for preloading: com.android.internal.content.om.-$$Lambda$OverlayConfig$2-NucNRcrJn4xnLpjFKSY7827lQ
11-10 23:01:50.994 19114 19114 W Zygote : Class not found for preloading: com.android.internal.content.om.-$$Lambda$OverlayConfig$bPcIgkiZP3FiPOvGMosWxnh9KGA
11-10 23:01:50.994 19114 19114 W Zygote : Class not found for preloading: com.android.internal.content.om.-$$Lambda$TnMimLdK-xwmEZLrRzFg7LG1Yfg
11-10 23:01:50.994 19114 19114 W Zygote : Class not found for preloading: com.android.internal.graphics.-$$Lambda$ColorUtils$zbDH-52c8D9XBeqmvTHi3Boxl14
11-10 23:01:50.994 19114 19114 W Zygote : Class not found for preloading: com.android.internal.infra.-$$Lambda$7-CJJfrUZBVuXZyYFEWBNh8Mky8
11-10 23:01:50.994 19114 19114 W Zygote : Class not found for preloading: com.android.internal.infra.-$$Lambda$AbstractRemoteService$6FcEKfZ-7TXLg6dcCU8EMuMNAy4
11-10 23:01:50.994 19114 19114 W Zygote : Class not found for preloading: com.android.internal.infra.-$$Lambda$AbstractRemoteService$9IBVTCLLZgndvH7fu1P14PW1_1o
11-10 23:01:50.994 19114 19114 W Zygote : Class not found for preloading: com.android.internal.infra.-$$Lambda$AbstractRemoteService$MDW40b8CzodE5xRowI9wDEyXEnw
11-10 23:01:50.994 19114 19114 W Zygote : Class not found for preloading: com.android.internal.infra.-$$Lambda$AbstractRemoteService$PendingRequest$IBoaBGXZQEXJr69u3aJF-LCJ42Y
11-10 23:01:50.994 19114 19114 W Zygote : Class not found for preloading: com.android.internal.infra.-$$Lambda$AbstractRemoteService$YSUzqqi1Pbrg2dlwMGMtKWbGXck
11-10 23:01:50.994 19114 19114 W Zygote : Class not found for preloading: com.android.internal.infra.-$$Lambda$AbstractRemoteService$ocrHd68Md9x6FfAzVQ6w8MAjFqY
11-10 23:01:50.994 19114 19114 W Zygote : Class not found for preloading: com.android.internal.infra.-$$Lambda$AndroidFuture$dkSvpmqaFOFKPCZgb7C7XLP_QpE
11-10 23:01:50.994 19114 19114 W Zygote : Class not found for preloading: com.android.internal.infra.-$$Lambda$EbzSql2RHkXox5Myj8A-7kLC4_A
11-10 23:01:50.994 19114 19114 W Zygote : Class not found for preloading: com.android.internal.infra.-$$Lambda$ServiceConnector$Impl$3vLWxkP1Z6JyExzdZboFFp1zM20
11-10 23:01:50.994 19114 19114 W Zygote : Class not found for preloading: com.android.internal.infra.-$$Lambda$T7zIZMFnvwrmtbuTMXLaZHHp-9s
11-10 23:01:50.994 19114 19114 W Zygote : Class not found for preloading: com.android.internal.infra.-$$Lambda$XuWfs8-IsKaNygi8YjlVGjedkIw
11-10 23:01:50.994 19114 19114 W Zygote : Class not found for preloading: com.android.internal.infra.-$$Lambda$aeiZbEpH6rq4kD9vJrlAnboJGDM
11-10 23:01:50.994 19114 19114 W Zygote : Class not found for preloading: com.android.internal.infra.-$$Lambda$qN_gooelzsUiBhYWznXKzb-8_wA
11-10 23:01:50.994 19114 19114 W Zygote : Class not found for preloading: com.android.internal.infra.-$$Lambda$rAXGjry3wPGKviARzTYfDiY7xrs
11-10 23:01:50.996 19114 19114 W Zygote : Class not found for preloading: com.android.internal.os.-$$Lambda$6-ytl6NLMGWt_iQr4_PfakNWUKQ
11-10 23:01:50.996 19114 19114 W Zygote : Class not found for preloading: com.android.internal.os.-$$Lambda$BatteryStatsImpl$7bfIWpn8X2h-hSzLD6dcuK4Ljuw
11-10 23:01:50.996 19114 19114 W Zygote : Class not found for preloading: com.android.internal.os.-$$Lambda$BatteryStatsImpl$B-TmZhQb712ePnuJTxvMe7P-YwQ
11-10 23:01:50.996 19114 19114 W Zygote : Class not found for preloading: com.android.internal.os.-$$Lambda$BatteryStatsImpl$Xvt9xdVPtevMWGIjcbxXf0_mr_c
11-10 23:01:50.996 19114 19114 W Zygote : Class not found for preloading: com.android.internal.os.-$$Lambda$BatteryStatsImpl$_l2oiaRDRhjCXI_PwXPsAhrgegI
11-10 23:01:50.996 19114 19114 W Zygote : Class not found for preloading: com.android.internal.os.-$$Lambda$BinderCallsStats$-YP-7pwoNn8TN0iTmo5Q1r2lQz0
11-10 23:01:50.996 19114 19114 W Zygote : Class not found for preloading: com.android.internal.os.-$$Lambda$BinderCallsStats$233x_Qux4c_AiqShYaWwvFplEXs
11-10 23:01:50.996 19114 19114 W Zygote : Class not found for preloading: com.android.internal.os.-$$Lambda$BinderCallsStats$Vota0PqfoPWckjXH35wE48myGdk
11-10 23:01:50.996 19114 19114 W Zygote : Class not found for preloading: com.android.internal.os.-$$Lambda$BinderCallsStats$iPOmTqbqUiHzgsAugINuZgf9tls
11-10 23:01:50.996 19114 19114 W Zygote : Class not found for preloading: com.android.internal.os.-$$Lambda$BinderCallsStats$sqXweH5BoxhmZvI188ctqYiACRk
11-10 23:01:50.996 19114 19114 W Zygote : Class not found for preloading: com.android.internal.os.-$$Lambda$BinderCallsStats$xI0E0RpviGYsokEB7ojNx8LEbUc
11-10 23:01:50.996 19114 19114 W Zygote : Class not found for preloading: com.android.internal.os.-$$Lambda$RuntimeInit$ep4ioD9YINkHI5Q1wZ0N_7VFAOg
11-10 23:01:50.996 19114 19114 W Zygote : Class not found for preloading: com.android.internal.os.-$$Lambda$ZygoteConnection$KxVsZ-s4KsanePOHCU5JcuypPik
11-10 23:01:50.996 19114 19114 W Zygote : Class not found for preloading: com.android.internal.os.-$$Lambda$ZygoteConnection$xjqM7qW7vAjTqh2tR5XRF5Vn5mk
11-10 23:01:50.996 19114 19114 W Zygote : Class not found for preloading: com.android.internal.os.-$$Lambda$sHtqZgGVjxOf9IJdAdZO6gwD_Do
11-10 23:01:50.999 19114 19114 W Zygote : Class not found for preloading: com.android.internal.policy.-$$Lambda$PhoneWindow$F9lizKYeW8CQHD_8FLjKaBpUfBQ
11-10 23:01:51.000 19114 19114 W Zygote : Class not found for preloading: com.android.internal.telephony.-$$Lambda$CarrierAppUtils$oAca0vwfzY3MLxvgrejL5_ugnfc
11-10 23:01:51.000 19114 19114 W Zygote : Class not found for preloading: com.android.internal.telephony.-$$Lambda$MultiSimSettingController$55347QtGjuukX-px3jYZkJd_z3U
11-10 23:01:51.000 19114 19114 W Zygote : Class not found for preloading: com.android.internal.telephony.-$$Lambda$MultiSimSettingController$DcLtrTEtdlCd4WOev4Zk79vrSko
11-10 23:01:51.000 19114 19114 W Zygote : Class not found for preloading: com.android.internal.telephony.-$$Lambda$MultiSimSettingController$WtGtOenjqxSBoW5BUjT-VlNoSTM
11-10 23:01:51.000 19114 19114 W Zygote : Class not found for preloading: com.android.internal.telephony.-$$Lambda$PhoneSubInfoController$1zkPy06BwndFkKrGCUI1ORIPJcI
11-10 23:01:51.000 19114 19114 W Zygote : Class not found for preloading: com.android.internal.telephony.-$$Lambda$PhoneSubInfoController$2WGP2Bp11k7_Xwi1N4YefElOUuM
11-10 23:01:51.000 19114 19114 W Zygote : Class not found for preloading: com.android.internal.telephony.-$$Lambda$PhoneSubInfoController$2xgrYNleR8FFzFT8hEQx3mDtZ8g
11-10 23:01:51.000 19114 19114 W Zygote : Class not found for preloading: com.android.internal.telephony.-$$Lambda$PhoneSubInfoController$AjZFvwh3Ujx5W3fleFNksc6bLf0
11-10 23:01:51.000 19114 19114 W Zygote : Class not found for preloading: com.android.internal.telephony.-$$Lambda$PhoneSubInfoController$Ja9yTBcEYPqTRBIP-hL0otixVeE
11-10 23:01:51.000 19114 19114 W Zygote : Class not found for preloading: com.android.internal.telephony.-$$Lambda$PhoneSubInfoController$P0j9hvO3e-UE9_1i1QM_ujl8Bpo
11-10 23:01:51.000 19114 19114 W Zygote : Class not found for preloading: com.android.internal.telephony.-$$Lambda$PhoneSubInfoController$ZOtVAnuhxrXl2L906I6eTOentP0
11-10 23:01:51.000 19114 19114 W Zygote : Class not found for preloading: com.android.internal.telephony.-$$Lambda$PhoneSubInfoController$bWluhZvk2X-dQ0UidKfdpd0kwuw
11-10 23:01:51.000 19114 19114 W Zygote : Class not found for preloading: com.android.internal.telephony.-$$Lambda$PhoneSubInfoController$hh4N6_N4-PPm_vWjCdCRvS8--Cw
11-10 23:01:51.000 19114 19114 W Zygote : Class not found for preloading: com.android.internal.telephony.-$$Lambda$PhoneSubInfoController$knEK4mNNOqbx_h4hWVcDSbY5kHE
11-10 23:01:51.000 19114 19114 W Zygote : Class not found for preloading: com.android.internal.telephony.-$$Lambda$PhoneSubInfoController$rpyQeO7zACcc5v4krwU9_qRMHL8
11-10 23:01:51.000 19114 19114 W Zygote : Class not found for preloading: com.android.internal.telephony.-$$Lambda$RIL$803u4JiCud_JSoDndvAhT13ZZqU
11-10 23:01:51.000 19114 19114 W Zygote : Class not found for preloading: com.android.internal.telephony.-$$Lambda$RIL$Ir4pOMTf7R0Jtw4O3F7JgMVtXO4
11-10 23:01:51.000 19114 19114 W Zygote : Class not found for preloading: com.android.internal.telephony.-$$Lambda$RIL$ZGWeCQ9boMO1_J1_yQ82l_jK-Nc
11-10 23:01:51.000 19114 19114 W Zygote : Class not found for preloading: com.android.internal.telephony.-$$Lambda$RIL$zYsQZAc3z9bM5fCaq_J0dn5kjjo
11-10 23:01:51.000 19114 19114 W Zygote : Class not found for preloading: com.android.internal.telephony.-$$Lambda$RILConstants$ODSbRKyUeaOFMcez-ZudOmaKCBw
11-10 23:01:51.000 19114 19114 W Zygote : Class not found for preloading: com.android.internal.telephony.-$$Lambda$RILConstants$zIAjDPNpW8a5C22QbMmMwM64vD8
11-10 23:01:51.000 19114 19114 W Zygote : Class not found for preloading: com.android.internal.telephony.-$$Lambda$RILRequest$VaC9ddQXT8qxCl7rcNKtUadFQoI
11-10 23:01:51.000 19114 19114 W Zygote : Class not found for preloading: com.android.internal.telephony.-$$Lambda$RadioIndication$GND6XxOOm1d_Ro76zEUFjA9OrEA
11-10 23:01:51.000 19114 19114 W Zygote : Class not found for preloading: com.android.internal.telephony.-$$Lambda$SmsApplication$5KAxbm71Dll9xmT5zeXi0i27A10
11-10 23:01:51.000 19114 19114 W Zygote : Class not found for preloading: com.android.internal.telephony.-$$Lambda$SmsApplication$gDx3W-UsTeTFaBSPU-Y_LFPZ9dE
11-10 23:01:51.000 19114 19114 W Zygote : Class not found for preloading: com.android.internal.telephony.-$$Lambda$SubscriptionController$Nt_ojdeqo4C2mbuwymYLvwgOLGo
11-10 23:01:51.000 19114 19114 W Zygote : Class not found for preloading: com.android.internal.telephony.-$$Lambda$SubscriptionController$VCQsMNqRHpN3RyoXYzh2YUwA2yc
11-10 23:01:51.000 19114 19114 W Zygote : Class not found for preloading: com.android.internal.telephony.-$$Lambda$SubscriptionController$u5xE-urXR6ElZ50305_6guo20Fc
11-10 23:01:51.000 19114 19114 W Zygote : Class not found for preloading: com.android.internal.telephony.-$$Lambda$SubscriptionInfoUpdater$DY4i_CG7hrAeejGLeh3hMUZySnw
11-10 23:01:51.000 19114 19114 W Zygote : Class not found for preloading: com.android.internal.telephony.-$$Lambda$SubscriptionInfoUpdater$Y5woGfEDKrozRViLH7WF93qPEno
11-10 23:01:51.001 19114 19114 W Zygote : Class not found for preloading: com.android.internal.telephony.-$$Lambda$SubscriptionInfoUpdater$ZTY4uxKw17CHcHQzbBUF7m-dN-E
11-10 23:01:51.001 19114 19114 W Zygote : Class not found for preloading: com.android.internal.telephony.-$$Lambda$SubscriptionInfoUpdater$ecTEeMEIjOEa2z5W3wjqiicibbY
11-10 23:01:51.001 19114 19114 W Zygote : Class not found for preloading: com.android.internal.telephony.-$$Lambda$SubscriptionInfoUpdater$qyDxq2AWyReUxdc6HttVGQeDD3Y
11-10 23:01:51.001 19114 19114 W Zygote : Class not found for preloading: com.android.internal.telephony.-$$Lambda$TelephonyComponentFactory$InjectedComponents$09rMKC8001jAR0zFrzzlPx26Xjs
11-10 23:01:51.001 19114 19114 W Zygote : Class not found for preloading: com.android.internal.telephony.-$$Lambda$TelephonyComponentFactory$InjectedComponents$DKjB_mCxFOHomOyKLPFU9-9Dywc
11-10 23:01:51.001 19114 19114 W Zygote : Class not found for preloading: com.android.internal.telephony.-$$Lambda$TelephonyComponentFactory$InjectedComponents$UYUq9z2WZwxqOLXquU0tTNN9wAs
11-10 23:01:51.001 19114 19114 W Zygote : Class not found for preloading: com.android.internal.telephony.-$$Lambda$TelephonyComponentFactory$InjectedComponents$eUdIxJOKoyVP5UmFJtWXBUO93Qk
11-10 23:01:51.001 19114 19114 W Zygote : Class not found for preloading: com.android.internal.telephony.-$$Lambda$TelephonyComponentFactory$InjectedComponents$nLdppNQT1Bv7QyIU3LwAwVD2K60
11-10 23:01:51.001 19114 19114 W Zygote : Class not found for preloading: com.android.internal.telephony.-$$Lambda$UV1wDVoVlbcxpr8zevj_aMFtUGw
11-10 23:01:51.001 19114 19114 W Zygote : Class not found for preloading: com.android.internal.telephony.-$$Lambda$WWHOcG5P4-jgjzPPgLwm-wN15OM
11-10 23:01:51.001 19114 19114 W Zygote : Class not found for preloading: com.android.internal.telephony.-$$Lambda$_14QHG018Z6p13d3hzJuGTWnNeo
11-10 23:01:51.006 19191 19191 D WifiOpenNetworkNotifier: Settings toggle enabled=true
11-10 23:01:51.014 19191 19191 W HalDevMgr: isWifiStarted called but mWifi is null!?
11-10 23:01:51.014 19191 19191 W HalDevMgr: isWifiStarted called but mWifi is null!?
11-10 23:01:51.015 19191 19191 D WakeupController: WifiWake enabled
11-10 23:01:51.015 19191 19191 E HistoricalRegistry: Interaction before persistence initialized
11-10 23:01:51.016 19191 19191 E WifiClientModeImpl: getWifiLinkLayerStats called without an interface
11-10 23:01:51.023 19191 19191 I WifiService: Registering wifi
11-10 23:01:51.023 19191 19191 I SystemServerTiming: StartWifiScanning
11-10 23:01:51.023 19191 19191 I SystemServiceManager: Starting com.android.server.wifi.scanner.WifiScanningService
11-10 23:01:51.023 19191 19191 I WifiScanningService: Creating wifiscanner
11-10 23:01:51.024 19191 19191 I WifiScanningService: Publishing wifiscanner
11-10 23:01:51.025 19191 19191 I SystemServerTiming: StartRttService
11-10 23:01:51.025 19191 19191 I SystemServiceManager: Starting com.android.server.wifi.rtt.RttService
11-10 23:01:51.026 19191 19191 I RttService: Registering wifirtt
11-10 23:01:51.026 19191 19191 I SystemServerTiming: StartWifiAware
11-10 23:01:51.026 19191 19191 I SystemServiceManager: Starting com.android.server.wifi.aware.WifiAwareService
11-10 23:01:51.027 19191 19191 I WifiAwareService: Registering wifiaware
11-10 23:01:51.027 19191 19191 I SystemServerTiming: StartWifiP2P
11-10 23:01:51.027 19191 19191 I SystemServiceManager: Starting com.android.server.wifi.p2p.WifiP2pService
11-10 23:01:51.033 568 568 I servicemanager: Notifying apexservice they have clients: 1
11-10 23:01:51.033 568 568 I servicemanager: Notifying apexservice they have clients: 0
11-10 23:01:51.033 0 0 I AidlLazyServiceRegistrar: Process has 1 (of 1 available) client(s) in use after notification android.apex.IApexService has clients: 1
11-10 23:01:51.033 0 0 I AidlLazyServiceRegistrar: Process has 0 (of 1 available) client(s) in use after notification android.apex.IApexService has clients: 0
11-10 23:01:51.033 0 0 I AidlLazyServiceRegistrar: Shutdown prevented by forcePersist override flag.
11-10 23:01:51.034 19191 19191 W HalDevMgr: isWifiStarted called but mWifi is null!?
11-10 23:01:51.034 19191 19191 I WifiP2pService: Registering wifip2p
11-10 23:01:51.034 19191 19191 I SystemServerTiming: StartEthernet
11-10 23:01:51.034 19191 19191 I SystemServiceManager: Starting com.android.server.ethernet.EthernetService
11-10 23:01:51.034 19191 19191 I EthernetService: Registering service ethernet
11-10 23:01:51.035 19191 19191 I SystemServerTiming: StartConnectivityService
11-10 23:01:51.043 19191 19191 D ConnectivityService: ConnectivityService starting up
11-10 23:01:51.045 19191 19191 D ConnectivityService: wifiOnly=false
11-10 23:01:51.045 19191 19191 E ConnectivityService: Error in networkAttributes - ignoring attempt to define type 30
11-10 23:01:51.045 19191 19191 E ConnectivityService: Ignoring protectedNetwork 14
11-10 23:01:51.046 19191 19191 D CompatibilityChangeReporter: Compat change id reported: 147600208; UID 1000; state: ENABLED
11-10 23:01:51.049 19191 19191 I SystemServerTiming: StartNsdService
11-10 23:01:51.049 19191 19191 D NsdService: Network service discovery is enabled
11-10 23:01:51.050 19191 19191 I SystemServerTiming: StartSystemUpdateManagerService
11-10 23:01:51.050 19191 19191 I SystemUpdateManagerService: No existing info file /data/system/system-update-info.xml
11-10 23:01:51.050 19191 19191 I SystemServerTiming: StartUpdateLockService
11-10 23:01:51.051 19191 19191 I SystemServerTiming: StartNotificationManager
11-10 23:01:51.051 19191 19191 I SystemServiceManager: Starting com.android.server.notification.NotificationManagerService
11-10 23:01:51.056 19114 19114 W Zygote : Class not found for preloading: com.android.internal.telephony.IccSmsInterfaceManager$2
11-10 23:01:51.059 19114 19114 W Zygote : Class not found for preloading: com.android.internal.telephony.cdma.-$$Lambda$CdmaInboundSmsHandler$sD3UQ6e4SE9ZbPjDZ9bEr_XRoaA
11-10 23:01:51.059 19114 19114 W Zygote : Class not found for preloading: com.android.internal.telephony.dataconnection.-$$Lambda$DataConnection$-tFSpFGzTv_UdpzJlTMOvg8VO98
11-10 23:01:51.059 19191 19191 D ConditionProviders.SCP: new ScheduleConditionProvider()
